The Swift Package Index logo.Swift Package Index

Build Information

Failed to build node-swift, reference 1.5.2 (979eca), with Swift 6.3 for Linux on 11 Jul 2026 19:04:31 UTC.

Build Command

bash -c docker run --pull=always --rm -v "checkouts-53886769-0":/host -w "$PWD" -e JAVA_HOME="/root/.sdkman/candidates/java/current" -e SPI_BUILD="1" -e SPI_PROCESSING="1" registry.gitlab.com/saguaro1/spi-images:basic-6.3-latest swift build --triple x86_64-unknown-linux-gnu 2>&1

Build Log

========================================
RunAll
========================================
Builder version: 0e64495ecc1688c3b3e031a5ef1348b5c05091ae
Interrupt handler set up.
========================================
Checkout
========================================
Clone URL: https://github.com/kabiroberai/node-swift.git
Reference: 1.5.2
Initialized empty Git repository in /host/spi-builder-workspace/.git/
hint: Using 'master' as the name for the initial branch. This default branch name
hint: is subject to change. To configure the initial branch name to use in all
hint: of your new repositories, which will suppress this warning, call:
hint:
hint: 	git config --global init.defaultBranch <name>
hint:
hint: Names commonly chosen instead of 'master' are 'main', 'trunk' and
hint: 'development'. The just-created branch can be renamed via this command:
hint:
hint: 	git branch -m <name>
From https://github.com/kabiroberai/node-swift
 * tag               1.5.2      -> FETCH_HEAD
HEAD is now at 979eca4 Drop the explicit engine requirement
Cloned https://github.com/kabiroberai/node-swift.git
Revision (git rev-parse @):
979eca443bbc7c81c4c7c1c24f3fc6aa2be92bbd
SUCCESS checkout https://github.com/kabiroberai/node-swift.git at 1.5.2
========================================
Build
========================================
Selected platform:         linux
Swift version:             6.3
Building package at path:  $PWD
https://github.com/kabiroberai/node-swift.git
Running build ...
bash -c docker run --pull=always --rm -v "checkouts-53886769-0":/host -w "$PWD" -e JAVA_HOME="/root/.sdkman/candidates/java/current" -e SPI_BUILD="1" -e SPI_PROCESSING="1" registry.gitlab.com/saguaro1/spi-images:basic-6.3-latest swift build --triple x86_64-unknown-linux-gnu 2>&1
basic-6.3-latest: Pulling from saguaro1/spi-images
Digest: sha256:518d581a7f3cc0f988d8921e0dce92c3361f942cd4cc7d944cb46f8707e06c63
Status: Image is up to date for registry.gitlab.com/saguaro1/spi-images:basic-6.3-latest
Fetching https://github.com/swiftlang/swift-syntax.git
Fetching https://github.com/pointfreeco/swift-macro-testing.git
[1/961] Fetching swift-macro-testing
Fetched https://github.com/pointfreeco/swift-macro-testing.git from cache (0.42s)
[1/75917] Fetching swift-syntax
Fetched https://github.com/swiftlang/swift-syntax.git from cache (2.61s)
Computing version for https://github.com/pointfreeco/swift-macro-testing.git
Computed https://github.com/pointfreeco/swift-macro-testing.git at 0.6.5 (2.77s)
Fetching https://github.com/pointfreeco/swift-snapshot-testing
[1/16216] Fetching swift-snapshot-testing
Fetched https://github.com/pointfreeco/swift-snapshot-testing from cache (2.26s)
Computing version for https://github.com/swiftlang/swift-syntax.git
Computed https://github.com/swiftlang/swift-syntax.git at 603.0.2 (3.24s)
Computing version for https://github.com/pointfreeco/swift-snapshot-testing
Computed https://github.com/pointfreeco/swift-snapshot-testing at 1.19.3 (0.16s)
Fetching https://github.com/pointfreeco/swift-custom-dump
[1/5631] Fetching swift-custom-dump
Fetched https://github.com/pointfreeco/swift-custom-dump from cache (0.48s)
Computing version for https://github.com/pointfreeco/swift-custom-dump
Computed https://github.com/pointfreeco/swift-custom-dump at 1.6.1 (0.65s)
Fetching https://github.com/pointfreeco/xctest-dynamic-overlay
[1/2578] Fetching xctest-dynamic-overlay
Fetched https://github.com/pointfreeco/xctest-dynamic-overlay from cache (0.62s)
Computing version for https://github.com/pointfreeco/xctest-dynamic-overlay
Computed https://github.com/pointfreeco/xctest-dynamic-overlay at 1.11.0 (0.84s)
Creating working copy for https://github.com/pointfreeco/xctest-dynamic-overlay
Working copy of https://github.com/pointfreeco/xctest-dynamic-overlay resolved at 1.11.0
Creating working copy for https://github.com/pointfreeco/swift-macro-testing.git
Working copy of https://github.com/pointfreeco/swift-macro-testing.git resolved at 0.6.5
Creating working copy for https://github.com/swiftlang/swift-syntax.git
Working copy of https://github.com/swiftlang/swift-syntax.git resolved at 603.0.2
Creating working copy for https://github.com/pointfreeco/swift-custom-dump
Working copy of https://github.com/pointfreeco/swift-custom-dump resolved at 1.6.1
Creating working copy for https://github.com/pointfreeco/swift-snapshot-testing
Working copy of https://github.com/pointfreeco/swift-snapshot-testing resolved at 1.19.3
Downloading package prebuilt https://download.swift.org/prebuilts/swift-syntax/603.0.2/swift-6.3.2-RELEASE-ubuntu_jammy_x86_64-MacroSupport.tar.gz
Downloaded https://download.swift.org/prebuilts/swift-syntax/603.0.2/swift-6.3.2-RELEASE-ubuntu_jammy_x86_64-MacroSupport.tar.gz (0.18s)
Building for debugging...
[0/15] Write sources
[4/15] Compiling NodeModuleSupport win_delay_load_hook.cc
[5/15] Write sources
[6/15] Compiling CNodeAPISupport node_context.c
[8/15] Compiling NodeModuleSupport register.c
[9/15] Write swift-version-24593BA9C3E375BF.txt
In file included from /host/spi-builder-workspace/Sources/CNodeJSC/js_native_api_javascriptcore.cc:5:
/host/spi-builder-workspace/Sources/CNodeJSC/include/embedder.h:3:10: fatal error: 'JavaScriptCore/JavaScriptCore.h' file not found
    3 | #include <JavaScriptCore/JavaScriptCore.h>
      |          ^~~~~~~~~~~~~~~~~~~~~~~~~~~~~~~~~
1 error generated.
[10/23] Compiling CNodeJSC js_native_api_javascriptcore.cc
In file included from /host/spi-builder-workspace/Sources/CNodeJSC/js_native_api_javascriptcore.cc:5:
/host/spi-builder-workspace/Sources/CNodeJSC/include/embedder.h:3:10: fatal error: 'JavaScriptCore/JavaScriptCore.h' file not found
    3 | #include <JavaScriptCore/JavaScriptCore.h>
      |          ^~~~~~~~~~~~~~~~~~~~~~~~~~~~~~~~~
1 error generated.
BUILD FAILURE 6.3 linux