Build Information
Failed to build AlertMaster, reference master (9a8f40), with Swift 6.2 for watchOS using Xcode 26.3 on 11 Aug 2026 15:15:30 UTC.
Build Command
env DEVELOPER_DIR=/Applications/Xcode-26.3.0.app xcrun xcodebuild -IDEClonedSourcePackagesDirPathOverride=$PWD/.dependencies -skipMacroValidation -skipPackagePluginValidation -derivedDataPath $PWD/.derivedData build -scheme AlertMaster -destination generic/platform=watchOSBuild Log
========================================
RunAll
========================================
Builder version: undefined version: run 'make version' to update
Interrupt handler set up.
========================================
Checkout
========================================
Clone URL: https://github.com/moslienko/AlertMaster.git
Reference: master
Initialized empty Git repository in /Users/admin/builder/spi-builder-workspace/.git/
From https://github.com/moslienko/AlertMaster
* branch master -> FETCH_HEAD
* [new branch] master -> origin/master
HEAD is now at 9a8f40c Merge pull request #6 from moslienko/develop
Cloned https://github.com/moslienko/AlertMaster.git
Revision (git rev-parse @):
9a8f40c17143b24ba32c3866f7f9445a807f3023
SUCCESS checkout https://github.com/moslienko/AlertMaster.git at master
========================================
Build
========================================
Selected platform: watchOS
Swift version: 6.2
Building package at path: $PWD
https://github.com/moslienko/AlertMaster.git
Command line invocation:
/Applications/Xcode-26.3.0.app/Contents/Developer/usr/bin/xcodebuild -IDEClonedSourcePackagesDirPathOverride=/Users/admin/builder/spi-builder-workspace/.dependencies -resolvePackageDependencies
Resolve Package Graph
Fetching from https://github.com/moslienko/AppViewUtilits.git
Fetching from https://github.com/apple/swift-docc-plugin
Fetching from https://github.com/swiftlang/swift-docc-symbolkit
Creating working copy of package ‘swift-docc-symbolkit’
Checking out 1.0.0 of package ‘swift-docc-symbolkit’
Creating working copy of package ‘AppViewUtilits’
Checking out 1.3.1 of package ‘AppViewUtilits’
Creating working copy of package ‘swift-docc-plugin’
Checking out 1.5.0 of package ‘swift-docc-plugin’
Resolve Package Graph
Resolved source packages:
SymbolKit: https://github.com/swiftlang/swift-docc-symbolkit @ 1.0.0
AlertMaster: /Users/admin/builder/spi-builder-workspace
SwiftDocCPlugin: https://github.com/apple/swift-docc-plugin @ 1.5.0
AppViewUtilits: https://github.com/moslienko/AppViewUtilits.git @ 1.3.1
resolved source packages: SymbolKit, AlertMaster, SwiftDocCPlugin, AppViewUtilits
2026-08-11 11:14:23.437 xcodebuild[537:3099] [MT] IDERunDestination: Supported platforms for the buildables in the current scheme is empty.
{
"dependencies" : [
{
"identity" : "swift-docc-plugin",
"requirement" : {
"range" : [
{
"lower_bound" : "1.0.0",
"upper_bound" : "2.0.0"
}
]
},
"type" : "sourceControl",
"url" : "https://github.com/apple/swift-docc-plugin"
},
{
"identity" : "appviewutilits",
"requirement" : {
"range" : [
{
"lower_bound" : "1.2.6",
"upper_bound" : "2.0.0"
}
]
},
"type" : "sourceControl",
"url" : "https://github.com/moslienko/AppViewUtilits.git"
}
],
"manifest_display_name" : "AlertMaster",
"name" : "AlertMaster",
"path" : "/Users/admin/builder/spi-builder-workspace",
"platforms" : [
{
"name" : "ios",
"version" : "12.0"
}
],
"products" : [
{
"name" : "AlertMaster",
"targets" : [
"AlertMaster"
],
"type" : {
"library" : [
"automatic"
]
}
}
],
"targets" : [
{
"c99name" : "AlertMasterTests",
"module_type" : "SwiftTarget",
"name" : "AlertMasterTests",
"path" : "Tests/AlertMasterTests",
"sources" : [
"AlertMasterTests.swift"
],
"target_dependencies" : [
"AlertMaster"
],
"type" : "test"
},
{
"c99name" : "AlertMaster",
"module_type" : "SwiftTarget",
"name" : "AlertMaster",
"path" : "Sources/AlertMaster",
"product_dependencies" : [
"AppViewUtilits"
],
"product_memberships" : [
"AlertMaster"
],
"sources" : [
"Data/AlertButtonsGroup.swift",
"Data/Config/AlertBackgroundConfig.swift",
"Data/Config/AlertButtonsConfig.swift",
"Data/Config/AlertCloseButtonConfig.swift",
"Data/Config/AlertConfig.swift",
"Data/Config/AlertContainerConfig.swift",
"Data/Config/AlertSwipeConfig.swift",
"Data/Enum/AlertPosition.swift",
"Data/Enum/ButtonLayout.swift",
"Data/Enum/ButtonPosition.swift",
"Services/AlertMasterService.swift",
"Services/AlertScreenPresentation.swift",
"Views/AlertScreen/AlertScreenViewController.swift",
"Views/AlertScreen/AlertScreenViewModel.swift",
"Views/AlertScrollableStackView.swift",
"Views/Components/AlertComponents.swift",
"Views/Components/AlertDatePicker.swift",
"Views/Components/AlertTextField.swift",
"Views/Components/AlertTextView.swift",
"Views/FooterButtonsView.swift"
],
"type" : "library"
}
],
"tools_version" : "5.9"
}
{
"workspace" : {
"name" : "spi-builder-workspace",
"schemes" : [
"AlertMaster"
]
}
}
2026-08-11 11:14:52.043 xcodebuild[914:5481] [MT] IDERunDestination: Supported platforms for the buildables in the current scheme is empty.
Running build ...
env DEVELOPER_DIR=/Applications/Xcode-26.3.0.app xcrun xcodebuild -IDEClonedSourcePackagesDirPathOverride=$PWD/.dependencies -skipMacroValidation -skipPackagePluginValidation -derivedDataPath $PWD/.derivedData build -scheme AlertMaster -destination generic/platform=watchOS
Command line invocation:
/Applications/Xcode-26.3.0.app/Contents/Developer/usr/bin/xcodebuild -IDEClonedSourcePackagesDirPathOverride=/Users/admin/builder/spi-builder-workspace/.dependencies -skipMacroValidation -skipPackagePluginValidation -derivedDataPath /Users/admin/builder/spi-builder-workspace/.derivedData build -scheme AlertMaster -destination generic/platform=watchOS
Resolve Package Graph
Resolve Package Graph
Resolved source packages:
AppViewUtilits: https://github.com/moslienko/AppViewUtilits.git @ 1.3.1
AlertMaster: /Users/admin/builder/spi-builder-workspace
SwiftDocCPlugin: https://github.com/apple/swift-docc-plugin @ 1.5.0
SymbolKit: https://github.com/swiftlang/swift-docc-symbolkit @ 1.0.0
ComputePackagePrebuildTargetDependencyGraph
Prepare packages
CreateBuildRequest
SendProjectDescription
CreateBuildOperation
ComputeTargetDependencyGraph
note: Building targets in dependency order
note: Target dependency graph (4 targets)
Target 'AlertMaster' in project 'AlertMaster'
➜ Explicit dependency on target 'AlertMaster' in project 'AlertMaster'
➜ Explicit dependency on target 'AppViewUtilits' in project 'AppViewUtilits'
Target 'AlertMaster' in project 'AlertMaster'
➜ Explicit dependency on target 'AppViewUtilits' in project 'AppViewUtilits'
Target 'AppViewUtilits' in project 'AppViewUtilits'
➜ Explicit dependency on target 'AppViewUtilits' in project 'AppViewUtilits'
Target 'AppViewUtilits' in project 'AppViewUtilits' (no dependencies)
GatherProvisioningInputs
CreateBuildDescription
ExecuteExternalTool /Applications/Xcode-26.3.0.app/Contents/Developer/Toolchains/XcodeDefault.xctoolchain/usr/bin/clang -v -E -dM -isysroot /Applications/Xcode-26.3.0.app/Contents/Developer/Platforms/WatchOS.platform/Developer/SDKs/WatchOS26.2.sdk -x c -c /dev/null
ExecuteExternalTool /Applications/Xcode-26.3.0.app/Contents/Developer/Toolchains/XcodeDefault.xctoolchain/usr/bin/swiftc --version
ExecuteExternalTool /Applications/Xcode-26.3.0.app/Contents/Developer/Toolchains/XcodeDefault.xctoolchain/usr/bin/ld -version_details
Build description signature: 8f31d45fd009d427a0ac2b50f3c3432b
Build description path: /Users/admin/builder/spi-builder-workspace/.derivedData/Build/Intermediates.noindex/XCBuildData/8f31d45fd009d427a0ac2b50f3c3432b.xcbuilddata
ClangStatCache /Applications/Xcode-26.3.0.app/Contents/Developer/Toolchains/XcodeDefault.xctoolchain/usr/bin/clang-stat-cache /Applications/Xcode-26.3.0.app/Contents/Developer/Platforms/WatchOS.platform/Developer/SDKs/WatchOS26.2.sdk /Users/admin/builder/spi-builder-workspace/.derivedData/SDKStatCaches.noindex/watchos26.2-23S303-dc75598d0054f22ec865fa860f139d721753b489057de6bda919edfa1c59a62b.sdkstatcache
cd /Users/admin/builder/spi-builder-workspace/.swiftpm/xcode
/Applications/Xcode-26.3.0.app/Contents/Developer/Toolchains/XcodeDefault.xctoolchain/usr/bin/clang-stat-cache /Applications/Xcode-26.3.0.app/Contents/Developer/Platforms/WatchOS.platform/Developer/SDKs/WatchOS26.2.sdk -o /Users/admin/builder/spi-builder-workspace/.derivedData/SDKStatCaches.noindex/watchos26.2-23S303-dc75598d0054f22ec865fa860f139d721753b489057de6bda919edfa1c59a62b.sdkstatcache
CreateBuildDirectory /Users/admin/builder/spi-builder-workspace/.derivedData/Build/Products
cd /Users/admin/builder/spi-builder-workspace/.swiftpm/xcode
builtin-create-build-directory /Users/admin/builder/spi-builder-workspace/.derivedData/Build/Products
CreateBuildDirectory /Users/admin/builder/spi-builder-workspace/.derivedData/Build/Intermediates.noindex
cd /Users/admin/builder/spi-builder-workspace/.swiftpm/xcode
builtin-create-build-directory /Users/admin/builder/spi-builder-workspace/.derivedData/Build/Intermediates.noindex
CreateBuildDirectory /Users/admin/builder/spi-builder-workspace/.derivedData/Build/Intermediates.noindex/SwiftExplicitPrecompiledModules
cd /Users/admin/builder/spi-builder-workspace/.swiftpm/xcode
builtin-create-build-directory /Users/admin/builder/spi-builder-workspace/.derivedData/Build/Intermediates.noindex/SwiftExplicitPrecompiledModules
CreateBuildDirectory /Users/admin/builder/spi-builder-workspace/.derivedData/Build/Products/Debug-watchos
cd /Users/admin/builder/spi-builder-workspace/.swiftpm/xcode
builtin-create-build-directory /Users/admin/builder/spi-builder-workspace/.derivedData/Build/Products/Debug-watchos
CreateBuildDirectory /Users/admin/builder/spi-builder-workspace/.derivedData/Build/Intermediates.noindex/ExplicitPrecompiledModules
cd /Users/admin/builder/spi-builder-workspace/.swiftpm/xcode
builtin-create-build-directory /Users/admin/builder/spi-builder-workspace/.derivedData/Build/Intermediates.noindex/ExplicitPrecompiledModules
CreateBuildDirectory /Users/admin/builder/spi-builder-workspace/.derivedData/Build/Intermediates.noindex/EagerLinkingTBDs/Debug-watchos
cd /Users/admin/builder/spi-builder-workspace/.swiftpm/xcode
builtin-create-build-directory /Users/admin/builder/spi-builder-workspace/.derivedData/Build/Intermediates.noindex/EagerLinkingTBDs/Debug-watchos
CreateBuildDirectory /Users/admin/builder/spi-builder-workspace/.derivedData/Build/Products/Debug-watchos/PackageFrameworks
cd /Users/admin/builder/spi-builder-workspace/.swiftpm/xcode
builtin-create-build-directory /Users/admin/builder/spi-builder-workspace/.derivedData/Build/Products/Debug-watchos/PackageFrameworks
WriteAuxiliaryFile /Users/admin/builder/spi-builder-workspace/.derivedData/Build/Intermediates.noindex/AppViewUtilits.build/Debug-watchos/AppViewUtilits.build/AppViewUtilits.modulemap (in target 'AppViewUtilits' from project 'AppViewUtilits')
cd /Users/admin/builder/spi-builder-workspace/.dependencies/checkouts/AppViewUtilits
write-file /Users/admin/builder/spi-builder-workspace/.derivedData/Build/Intermediates.noindex/AppViewUtilits.build/Debug-watchos/AppViewUtilits.build/AppViewUtilits.modulemap
WriteAuxiliaryFile /Users/admin/builder/spi-builder-workspace/.derivedData/Build/Intermediates.noindex/AppViewUtilits.build/Debug-watchos/AppViewUtilits.build/Objects-normal/arm64/AppViewUtilits_const_extract_protocols.json (in target 'AppViewUtilits' from project 'AppViewUtilits')
cd /Users/admin/builder/spi-builder-workspace/.dependencies/checkouts/AppViewUtilits
write-file /Users/admin/builder/spi-builder-workspace/.derivedData/Build/Intermediates.noindex/AppViewUtilits.build/Debug-watchos/AppViewUtilits.build/Objects-normal/arm64/AppViewUtilits_const_extract_protocols.json
WriteAuxiliaryFile /Users/admin/builder/spi-builder-workspace/.derivedData/Build/Intermediates.noindex/AppViewUtilits.build/Debug-watchos/AppViewUtilits.build/Objects-normal/armv7k/AppViewUtilits.LinkFileList (in target 'AppViewUtilits' from project 'AppViewUtilits')
cd /Users/admin/builder/spi-builder-workspace/.dependencies/checkouts/AppViewUtilits
write-file /Users/admin/builder/spi-builder-workspace/.derivedData/Build/Intermediates.noindex/AppViewUtilits.build/Debug-watchos/AppViewUtilits.build/Objects-normal/armv7k/AppViewUtilits.LinkFileList
WriteAuxiliaryFile /Users/admin/builder/spi-builder-workspace/.derivedData/Build/Intermediates.noindex/AppViewUtilits.build/Debug-watchos/AppViewUtilits.build/Objects-normal/armv7k/AppViewUtilits_const_extract_protocols.json (in target 'AppViewUtilits' from project 'AppViewUtilits')
cd /Users/admin/builder/spi-builder-workspace/.dependencies/checkouts/AppViewUtilits
write-file /Users/admin/builder/spi-builder-workspace/.derivedData/Build/Intermediates.noindex/AppViewUtilits.build/Debug-watchos/AppViewUtilits.build/Objects-normal/armv7k/AppViewUtilits_const_extract_protocols.json
WriteAuxiliaryFile /Users/admin/builder/spi-builder-workspace/.derivedData/Build/Intermediates.noindex/AppViewUtilits.build/Debug-watchos/AppViewUtilits.build/Objects-normal/armv7k/AppViewUtilits.SwiftFileList (in target 'AppViewUtilits' from project 'AppViewUtilits')
cd /Users/admin/builder/spi-builder-workspace/.dependencies/checkouts/AppViewUtilits
write-file /Users/admin/builder/spi-builder-workspace/.derivedData/Build/Intermediates.noindex/AppViewUtilits.build/Debug-watchos/AppViewUtilits.build/Objects-normal/armv7k/AppViewUtilits.SwiftFileList
WriteAuxiliaryFile /Users/admin/builder/spi-builder-workspace/.derivedData/Build/Intermediates.noindex/AppViewUtilits.build/Debug-watchos/AppViewUtilits.build/Objects-normal/armv7k/AppViewUtilits-OutputFileMap.json (in target 'AppViewUtilits' from project 'AppViewUtilits')
cd /Users/admin/builder/spi-builder-workspace/.dependencies/checkouts/AppViewUtilits
write-file /Users/admin/builder/spi-builder-workspace/.derivedData/Build/Intermediates.noindex/AppViewUtilits.build/Debug-watchos/AppViewUtilits.build/Objects-normal/armv7k/AppViewUtilits-OutputFileMap.json
WriteAuxiliaryFile /Users/admin/builder/spi-builder-workspace/.derivedData/Build/Intermediates.noindex/AppViewUtilits.build/Debug-watchos/AppViewUtilits.build/Objects-normal/armv7k/AppViewUtilits.SwiftConstValuesFileList (in target 'AppViewUtilits' from project 'AppViewUtilits')
cd /Users/admin/builder/spi-builder-workspace/.dependencies/checkouts/AppViewUtilits
write-file /Users/admin/builder/spi-builder-workspace/.derivedData/Build/Intermediates.noindex/AppViewUtilits.build/Debug-watchos/AppViewUtilits.build/Objects-normal/armv7k/AppViewUtilits.SwiftConstValuesFileList
WriteAuxiliaryFile /Users/admin/builder/spi-builder-workspace/.derivedData/Build/Intermediates.noindex/AppViewUtilits.build/Debug-watchos/AppViewUtilits.build/Objects-normal/arm64_32/AppViewUtilits_const_extract_protocols.json (in target 'AppViewUtilits' from project 'AppViewUtilits')
cd /Users/admin/builder/spi-builder-workspace/.dependencies/checkouts/AppViewUtilits
write-file /Users/admin/builder/spi-builder-workspace/.derivedData/Build/Intermediates.noindex/AppViewUtilits.build/Debug-watchos/AppViewUtilits.build/Objects-normal/arm64_32/AppViewUtilits_const_extract_protocols.json
WriteAuxiliaryFile /Users/admin/builder/spi-builder-workspace/.derivedData/Build/Intermediates.noindex/AppViewUtilits.build/Debug-watchos/AppViewUtilits.build/Objects-normal/arm64_32/AppViewUtilits-OutputFileMap.json (in target 'AppViewUtilits' from project 'AppViewUtilits')
cd /Users/admin/builder/spi-builder-workspace/.dependencies/checkouts/AppViewUtilits
write-file /Users/admin/builder/spi-builder-workspace/.derivedData/Build/Intermediates.noindex/AppViewUtilits.build/Debug-watchos/AppViewUtilits.build/Objects-normal/arm64_32/AppViewUtilits-OutputFileMap.json
WriteAuxiliaryFile /Users/admin/builder/spi-builder-workspace/.derivedData/Build/Intermediates.noindex/AppViewUtilits.build/Debug-watchos/AppViewUtilits.build/Objects-normal/arm64_32/AppViewUtilits.SwiftFileList (in target 'AppViewUtilits' from project 'AppViewUtilits')
cd /Users/admin/builder/spi-builder-workspace/.dependencies/checkouts/AppViewUtilits
write-file /Users/admin/builder/spi-builder-workspace/.derivedData/Build/Intermediates.noindex/AppViewUtilits.build/Debug-watchos/AppViewUtilits.build/Objects-normal/arm64_32/AppViewUtilits.SwiftFileList
WriteAuxiliaryFile /Users/admin/builder/spi-builder-workspace/.derivedData/Build/Intermediates.noindex/AppViewUtilits.build/Debug-watchos/AppViewUtilits.build/Objects-normal/arm64_32/AppViewUtilits.SwiftConstValuesFileList (in target 'AppViewUtilits' from project 'AppViewUtilits')
cd /Users/admin/builder/spi-builder-workspace/.dependencies/checkouts/AppViewUtilits
write-file /Users/admin/builder/spi-builder-workspace/.derivedData/Build/Intermediates.noindex/AppViewUtilits.build/Debug-watchos/AppViewUtilits.build/Objects-normal/arm64_32/AppViewUtilits.SwiftConstValuesFileList
WriteAuxiliaryFile /Users/admin/builder/spi-builder-workspace/.derivedData/Build/Intermediates.noindex/AppViewUtilits.build/Debug-watchos/AppViewUtilits.build/Objects-normal/arm64_32/AppViewUtilits.LinkFileList (in target 'AppViewUtilits' from project 'AppViewUtilits')
cd /Users/admin/builder/spi-builder-workspace/.dependencies/checkouts/AppViewUtilits
write-file /Users/admin/builder/spi-builder-workspace/.derivedData/Build/Intermediates.noindex/AppViewUtilits.build/Debug-watchos/AppViewUtilits.build/Objects-normal/arm64_32/AppViewUtilits.LinkFileList
WriteAuxiliaryFile /Users/admin/builder/spi-builder-workspace/.derivedData/Build/Intermediates.noindex/AppViewUtilits.build/Debug-watchos/AppViewUtilits.build/Objects-normal/arm64/AppViewUtilits.SwiftFileList (in target 'AppViewUtilits' from project 'AppViewUtilits')
cd /Users/admin/builder/spi-builder-workspace/.dependencies/checkouts/AppViewUtilits
write-file /Users/admin/builder/spi-builder-workspace/.derivedData/Build/Intermediates.noindex/AppViewUtilits.build/Debug-watchos/AppViewUtilits.build/Objects-normal/arm64/AppViewUtilits.SwiftFileList
WriteAuxiliaryFile /Users/admin/builder/spi-builder-workspace/.derivedData/Build/Intermediates.noindex/AppViewUtilits.build/Debug-watchos/AppViewUtilits.build/Objects-normal/arm64/AppViewUtilits.SwiftConstValuesFileList (in target 'AppViewUtilits' from project 'AppViewUtilits')
cd /Users/admin/builder/spi-builder-workspace/.dependencies/checkouts/AppViewUtilits
write-file /Users/admin/builder/spi-builder-workspace/.derivedData/Build/Intermediates.noindex/AppViewUtilits.build/Debug-watchos/AppViewUtilits.build/Objects-normal/arm64/AppViewUtilits.SwiftConstValuesFileList
WriteAuxiliaryFile /Users/admin/builder/spi-builder-workspace/.derivedData/Build/Intermediates.noindex/AppViewUtilits.build/Debug-watchos/AppViewUtilits.build/Objects-normal/arm64/AppViewUtilits.LinkFileList (in target 'AppViewUtilits' from project 'AppViewUtilits')
cd /Users/admin/builder/spi-builder-workspace/.dependencies/checkouts/AppViewUtilits
write-file /Users/admin/builder/spi-builder-workspace/.derivedData/Build/Intermediates.noindex/AppViewUtilits.build/Debug-watchos/AppViewUtilits.build/Objects-normal/arm64/AppViewUtilits.LinkFileList
WriteAuxiliaryFile /Users/admin/builder/spi-builder-workspace/.derivedData/Build/Intermediates.noindex/AppViewUtilits.build/Debug-watchos/AppViewUtilits.build/Objects-normal/arm64/AppViewUtilits-OutputFileMap.json (in target 'AppViewUtilits' from project 'AppViewUtilits')
cd /Users/admin/builder/spi-builder-workspace/.dependencies/checkouts/AppViewUtilits
write-file /Users/admin/builder/spi-builder-workspace/.derivedData/Build/Intermediates.noindex/AppViewUtilits.build/Debug-watchos/AppViewUtilits.build/Objects-normal/arm64/AppViewUtilits-OutputFileMap.json
WriteAuxiliaryFile /Users/admin/builder/spi-builder-workspace/.derivedData/Build/Intermediates.noindex/AppViewUtilits.build/Debug-watchos/AppViewUtilits.build/AppViewUtilits.DependencyStaticMetadataFileList (in target 'AppViewUtilits' from project 'AppViewUtilits')
cd /Users/admin/builder/spi-builder-workspace/.dependencies/checkouts/AppViewUtilits
write-file /Users/admin/builder/spi-builder-workspace/.derivedData/Build/Intermediates.noindex/AppViewUtilits.build/Debug-watchos/AppViewUtilits.build/AppViewUtilits.DependencyStaticMetadataFileList
WriteAuxiliaryFile /Users/admin/builder/spi-builder-workspace/.derivedData/Build/Intermediates.noindex/AppViewUtilits.build/Debug-watchos/AppViewUtilits.build/AppViewUtilits.DependencyMetadataFileList (in target 'AppViewUtilits' from project 'AppViewUtilits')
cd /Users/admin/builder/spi-builder-workspace/.dependencies/checkouts/AppViewUtilits
write-file /Users/admin/builder/spi-builder-workspace/.derivedData/Build/Intermediates.noindex/AppViewUtilits.build/Debug-watchos/AppViewUtilits.build/AppViewUtilits.DependencyMetadataFileList
Copy /Users/admin/builder/spi-builder-workspace/.derivedData/Build/Intermediates.noindex/GeneratedModuleMaps-watchos/AppViewUtilits.modulemap /Users/admin/builder/spi-builder-workspace/.derivedData/Build/Intermediates.noindex/AppViewUtilits.build/Debug-watchos/AppViewUtilits.build/AppViewUtilits.modulemap (in target 'AppViewUtilits' from project 'AppViewUtilits')
cd /Users/admin/builder/spi-builder-workspace/.dependencies/checkouts/AppViewUtilits
builtin-copy -exclude .DS_Store -exclude CVS -exclude .svn -exclude .git -exclude .hg -resolve-src-symlinks /Users/admin/builder/spi-builder-workspace/.derivedData/Build/Intermediates.noindex/AppViewUtilits.build/Debug-watchos/AppViewUtilits.build/AppViewUtilits.modulemap /Users/admin/builder/spi-builder-workspace/.derivedData/Build/Intermediates.noindex/GeneratedModuleMaps-watchos
WriteAuxiliaryFile /Users/admin/builder/spi-builder-workspace/.derivedData/Build/Intermediates.noindex/AlertMaster.build/Debug-watchos/AlertMaster.build/Objects-normal/armv7k/AlertMaster-OutputFileMap.json (in target 'AlertMaster' from project 'AlertMaster')
cd /Users/admin/builder/spi-builder-workspace
write-file /Users/admin/builder/spi-builder-workspace/.derivedData/Build/Intermediates.noindex/AlertMaster.build/Debug-watchos/AlertMaster.build/Objects-normal/armv7k/AlertMaster-OutputFileMap.json
WriteAuxiliaryFile /Users/admin/builder/spi-builder-workspace/.derivedData/Build/Intermediates.noindex/AlertMaster.build/Debug-watchos/AlertMaster.build/Objects-normal/armv7k/AlertMaster.LinkFileList (in target 'AlertMaster' from project 'AlertMaster')
cd /Users/admin/builder/spi-builder-workspace
write-file /Users/admin/builder/spi-builder-workspace/.derivedData/Build/Intermediates.noindex/AlertMaster.build/Debug-watchos/AlertMaster.build/Objects-normal/armv7k/AlertMaster.LinkFileList
WriteAuxiliaryFile /Users/admin/builder/spi-builder-workspace/.derivedData/Build/Intermediates.noindex/AlertMaster.build/Debug-watchos/AlertMaster.build/Objects-normal/armv7k/AlertMaster.SwiftFileList (in target 'AlertMaster' from project 'AlertMaster')
cd /Users/admin/builder/spi-builder-workspace
write-file /Users/admin/builder/spi-builder-workspace/.derivedData/Build/Intermediates.noindex/AlertMaster.build/Debug-watchos/AlertMaster.build/Objects-normal/armv7k/AlertMaster.SwiftFileList
WriteAuxiliaryFile /Users/admin/builder/spi-builder-workspace/.derivedData/Build/Intermediates.noindex/AlertMaster.build/Debug-watchos/AlertMaster.build/Objects-normal/arm64_32/AlertMaster.SwiftFileList (in target 'AlertMaster' from project 'AlertMaster')
cd /Users/admin/builder/spi-builder-workspace
write-file /Users/admin/builder/spi-builder-workspace/.derivedData/Build/Intermediates.noindex/AlertMaster.build/Debug-watchos/AlertMaster.build/Objects-normal/arm64_32/AlertMaster.SwiftFileList
WriteAuxiliaryFile /Users/admin/builder/spi-builder-workspace/.derivedData/Build/Intermediates.noindex/AlertMaster.build/Debug-watchos/AlertMaster.build/Objects-normal/armv7k/AlertMaster_const_extract_protocols.json (in target 'AlertMaster' from project 'AlertMaster')
cd /Users/admin/builder/spi-builder-workspace
write-file /Users/admin/builder/spi-builder-workspace/.derivedData/Build/Intermediates.noindex/AlertMaster.build/Debug-watchos/AlertMaster.build/Objects-normal/armv7k/AlertMaster_const_extract_protocols.json
WriteAuxiliaryFile /Users/admin/builder/spi-builder-workspace/.derivedData/Build/Intermediates.noindex/AlertMaster.build/Debug-watchos/AlertMaster.build/Objects-normal/arm64_32/AlertMaster_const_extract_protocols.json (in target 'AlertMaster' from project 'AlertMaster')
cd /Users/admin/builder/spi-builder-workspace
write-file /Users/admin/builder/spi-builder-workspace/.derivedData/Build/Intermediates.noindex/AlertMaster.build/Debug-watchos/AlertMaster.build/Objects-normal/arm64_32/AlertMaster_const_extract_protocols.json
WriteAuxiliaryFile /Users/admin/builder/spi-builder-workspace/.derivedData/Build/Intermediates.noindex/AlertMaster.build/Debug-watchos/AlertMaster.build/Objects-normal/armv7k/AlertMaster.SwiftConstValuesFileList (in target 'AlertMaster' from project 'AlertMaster')
cd /Users/admin/builder/spi-builder-workspace
write-file /Users/admin/builder/spi-builder-workspace/.derivedData/Build/Intermediates.noindex/AlertMaster.build/Debug-watchos/AlertMaster.build/Objects-normal/armv7k/AlertMaster.SwiftConstValuesFileList
WriteAuxiliaryFile /Users/admin/builder/spi-builder-workspace/.derivedData/Build/Intermediates.noindex/AlertMaster.build/Debug-watchos/AlertMaster.build/Objects-normal/arm64_32/AlertMaster.SwiftConstValuesFileList (in target 'AlertMaster' from project 'AlertMaster')
cd /Users/admin/builder/spi-builder-workspace
write-file /Users/admin/builder/spi-builder-workspace/.derivedData/Build/Intermediates.noindex/AlertMaster.build/Debug-watchos/AlertMaster.build/Objects-normal/arm64_32/AlertMaster.SwiftConstValuesFileList
WriteAuxiliaryFile /Users/admin/builder/spi-builder-workspace/.derivedData/Build/Intermediates.noindex/AlertMaster.build/Debug-watchos/AlertMaster.build/Objects-normal/arm64_32/AlertMaster.LinkFileList (in target 'AlertMaster' from project 'AlertMaster')
cd /Users/admin/builder/spi-builder-workspace
write-file /Users/admin/builder/spi-builder-workspace/.derivedData/Build/Intermediates.noindex/AlertMaster.build/Debug-watchos/AlertMaster.build/Objects-normal/arm64_32/AlertMaster.LinkFileList
WriteAuxiliaryFile /Users/admin/builder/spi-builder-workspace/.derivedData/Build/Intermediates.noindex/AlertMaster.build/Debug-watchos/AlertMaster.build/Objects-normal/arm64_32/AlertMaster-OutputFileMap.json (in target 'AlertMaster' from project 'AlertMaster')
cd /Users/admin/builder/spi-builder-workspace
write-file /Users/admin/builder/spi-builder-workspace/.derivedData/Build/Intermediates.noindex/AlertMaster.build/Debug-watchos/AlertMaster.build/Objects-normal/arm64_32/AlertMaster-OutputFileMap.json
WriteAuxiliaryFile /Users/admin/builder/spi-builder-workspace/.derivedData/Build/Intermediates.noindex/AlertMaster.build/Debug-watchos/AlertMaster.build/Objects-normal/arm64/AlertMaster_const_extract_protocols.json (in target 'AlertMaster' from project 'AlertMaster')
cd /Users/admin/builder/spi-builder-workspace
write-file /Users/admin/builder/spi-builder-workspace/.derivedData/Build/Intermediates.noindex/AlertMaster.build/Debug-watchos/AlertMaster.build/Objects-normal/arm64/AlertMaster_const_extract_protocols.json
WriteAuxiliaryFile /Users/admin/builder/spi-builder-workspace/.derivedData/Build/Intermediates.noindex/AlertMaster.build/Debug-watchos/AlertMaster.build/Objects-normal/arm64/AlertMaster.SwiftFileList (in target 'AlertMaster' from project 'AlertMaster')
cd /Users/admin/builder/spi-builder-workspace
write-file /Users/admin/builder/spi-builder-workspace/.derivedData/Build/Intermediates.noindex/AlertMaster.build/Debug-watchos/AlertMaster.build/Objects-normal/arm64/AlertMaster.SwiftFileList
WriteAuxiliaryFile /Users/admin/builder/spi-builder-workspace/.derivedData/Build/Intermediates.noindex/AlertMaster.build/Debug-watchos/AlertMaster.build/Objects-normal/arm64/AlertMaster.SwiftConstValuesFileList (in target 'AlertMaster' from project 'AlertMaster')
cd /Users/admin/builder/spi-builder-workspace
write-file /Users/admin/builder/spi-builder-workspace/.derivedData/Build/Intermediates.noindex/AlertMaster.build/Debug-watchos/AlertMaster.build/Objects-normal/arm64/AlertMaster.SwiftConstValuesFileList
WriteAuxiliaryFile /Users/admin/builder/spi-builder-workspace/.derivedData/Build/Intermediates.noindex/AlertMaster.build/Debug-watchos/AlertMaster.build/Objects-normal/arm64/AlertMaster.LinkFileList (in target 'AlertMaster' from project 'AlertMaster')
cd /Users/admin/builder/spi-builder-workspace
write-file /Users/admin/builder/spi-builder-workspace/.derivedData/Build/Intermediates.noindex/AlertMaster.build/Debug-watchos/AlertMaster.build/Objects-normal/arm64/AlertMaster.LinkFileList
WriteAuxiliaryFile /Users/admin/builder/spi-builder-workspace/.derivedData/Build/Intermediates.noindex/AlertMaster.build/Debug-watchos/AlertMaster.build/Objects-normal/arm64/AlertMaster-OutputFileMap.json (in target 'AlertMaster' from project 'AlertMaster')
cd /Users/admin/builder/spi-builder-workspace
write-file /Users/admin/builder/spi-builder-workspace/.derivedData/Build/Intermediates.noindex/AlertMaster.build/Debug-watchos/AlertMaster.build/Objects-normal/arm64/AlertMaster-OutputFileMap.json
WriteAuxiliaryFile /Users/admin/builder/spi-builder-workspace/.derivedData/Build/Intermediates.noindex/AlertMaster.build/Debug-watchos/AlertMaster.build/AlertMaster.modulemap (in target 'AlertMaster' from project 'AlertMaster')
cd /Users/admin/builder/spi-builder-workspace
write-file /Users/admin/builder/spi-builder-workspace/.derivedData/Build/Intermediates.noindex/AlertMaster.build/Debug-watchos/AlertMaster.build/AlertMaster.modulemap
WriteAuxiliaryFile /Users/admin/builder/spi-builder-workspace/.derivedData/Build/Intermediates.noindex/AlertMaster.build/Debug-watchos/AlertMaster.build/AlertMaster.DependencyStaticMetadataFileList (in target 'AlertMaster' from project 'AlertMaster')
cd /Users/admin/builder/spi-builder-workspace
write-file /Users/admin/builder/spi-builder-workspace/.derivedData/Build/Intermediates.noindex/AlertMaster.build/Debug-watchos/AlertMaster.build/AlertMaster.DependencyStaticMetadataFileList
WriteAuxiliaryFile /Users/admin/builder/spi-builder-workspace/.derivedData/Build/Intermediates.noindex/AlertMaster.build/Debug-watchos/AlertMaster.build/AlertMaster.DependencyMetadataFileList (in target 'AlertMaster' from project 'AlertMaster')
cd /Users/admin/builder/spi-builder-workspace
write-file /Users/admin/builder/spi-builder-workspace/.derivedData/Build/Intermediates.noindex/AlertMaster.build/Debug-watchos/AlertMaster.build/AlertMaster.DependencyMetadataFileList
Copy /Users/admin/builder/spi-builder-workspace/.derivedData/Build/Intermediates.noindex/GeneratedModuleMaps-watchos/AlertMaster.modulemap /Users/admin/builder/spi-builder-workspace/.derivedData/Build/Intermediates.noindex/AlertMaster.build/Debug-watchos/AlertMaster.build/AlertMaster.modulemap (in target 'AlertMaster' from project 'AlertMaster')
cd /Users/admin/builder/spi-builder-workspace
builtin-copy -exclude .DS_Store -exclude CVS -exclude .svn -exclude .git -exclude .hg -resolve-src-symlinks /Users/admin/builder/spi-builder-workspace/.derivedData/Build/Intermediates.noindex/AlertMaster.build/Debug-watchos/AlertMaster.build/AlertMaster.modulemap /Users/admin/builder/spi-builder-workspace/.derivedData/Build/Intermediates.noindex/GeneratedModuleMaps-watchos
SwiftDriver AppViewUtilits normal arm64_32 com.apple.xcode.tools.swift.compiler (in target 'AppViewUtilits' from project 'AppViewUtilits')
cd /Users/admin/builder/spi-builder-workspace/.swiftpm/xcode
builtin-SwiftDriver -- /Applications/Xcode-26.3.0.app/Contents/Developer/Toolchains/XcodeDefault.xctoolchain/usr/bin/swiftc -module-name AppViewUtilits -Onone -enforce-exclusivity\=checked @/Users/admin/builder/spi-builder-workspace/.derivedData/Build/Intermediates.noindex/AppViewUtilits.build/Debug-watchos/AppViewUtilits.build/Objects-normal/arm64_32/AppViewUtilits.SwiftFileList -DSWIFT_PACKAGE -DDEBUG -DSWIFT_MODULE_RESOURCE_BUNDLE_UNAVAILABLE -DXcode -plugin-path /Applications/Xcode-26.3.0.app/Contents/Developer/Toolchains/XcodeDefault.xctoolchain/usr/lib/swift/host/plugins/testing -enable-experimental-feature DebugDescriptionMacro -sdk /Applications/Xcode-26.3.0.app/Contents/Developer/Platforms/WatchOS.platform/Developer/SDKs/WatchOS26.2.sdk -target arm64_32-apple-watchos5.0 -g -module-cache-path /Users/admin/builder/spi-builder-workspace/.derivedData/ModuleCache.noindex -Xfrontend -serialize-debugging-options -profile-coverage-mapping -profile-generate -enable-testing -suppress-warnings -index-store-path /Users/admin/builder/spi-builder-workspace/.derivedData/Index.noindex/DataStore -Xcc -D_LIBCPP_HARDENING_MODE\=_LIBCPP_HARDENING_MODE_DEBUG -swift-version 5 -I /Users/admin/builder/spi-builder-workspace/.derivedData/Build/Products/Debug-watchos -Isystem /Applications/Xcode-26.3.0.app/Contents/Developer/Platforms/WatchOS.platform/Developer/usr/lib -F /Users/admin/builder/spi-builder-workspace/.derivedData/Build/Products/Debug-watchos -F /Applications/Xcode-26.3.0.app/Contents/Developer/Platforms/WatchOS.platform/Developer/Library/Frameworks -F /Applications/Xcode-26.3.0.app/Contents/Developer/Platforms/WatchOS.platform/Developer/SDKs/WatchOS26.2.sdk/Developer/Library/Frameworks -c -j10 -enable-batch-mode -incremental -Xcc -ivfsstatcache -Xcc /Users/admin/builder/spi-builder-workspace/.derivedData/SDKStatCaches.noindex/watchos26.2-23S303-dc75598d0054f22ec865fa860f139d721753b489057de6bda919edfa1c59a62b.sdkstatcache -output-file-map /Users/admin/builder/spi-builder-workspace/.derivedData/Build/Intermediates.noindex/AppViewUtilits.build/Debug-watchos/AppViewUtilits.build/Objects-normal/arm64_32/AppViewUtilits-OutputFileMap.json -use-frontend-parseable-output -save-temps -no-color-diagnostics -explicit-module-build -module-cache-path /Users/admin/builder/spi-builder-workspace/.derivedData/Build/Intermediates.noindex/SwiftExplicitPrecompiledModules -clang-scanner-module-cache-path /Users/admin/builder/spi-builder-workspace/.derivedData/ModuleCache.noindex -sdk-module-cache-path /Users/admin/builder/spi-builder-workspace/.derivedData/ModuleCache.noindex -serialize-diagnostics -emit-dependencies -emit-module -emit-module-path /Users/admin/builder/spi-builder-workspace/.derivedData/Build/Intermediates.noindex/AppViewUtilits.build/Debug-watchos/AppViewUtilits.build/Objects-normal/arm64_32/AppViewUtilits.swiftmodule -validate-clang-modules-once -clang-build-session-file /Users/admin/builder/spi-builder-workspace/.derivedData/ModuleCache.noindex/Session.modulevalidation -Xcc -I/Users/admin/builder/spi-builder-workspace/.derivedData/Build/Intermediates.noindex/AppViewUtilits.build/Debug-watchos/AppViewUtilits.build/swift-overrides.hmap -emit-const-values -Xfrontend -const-gather-protocols-file -Xfrontend /Users/admin/builder/spi-builder-workspace/.derivedData/Build/Intermediates.noindex/AppViewUtilits.build/Debug-watchos/AppViewUtilits.build/Objects-normal/arm64_32/AppViewUtilits_const_extract_protocols.json -Xcc -I/Users/admin/builder/spi-builder-workspace/.derivedData/Build/Products/Debug-watchos/include -Xcc -I/Users/admin/builder/spi-builder-workspace/.derivedData/Build/Intermediates.noindex/AppViewUtilits.build/Debug-watchos/AppViewUtilits.build/DerivedSources-normal/arm64_32 -Xcc -I/Users/admin/builder/spi-builder-workspace/.derivedData/Build/Intermediates.noindex/AppViewUtilits.build/Debug-watchos/AppViewUtilits.build/DerivedSources/arm64_32 -Xcc -I/Users/admin/builder/spi-builder-workspace/.derivedData/Build/Intermediates.noindex/AppViewUtilits.build/Debug-watchos/AppViewUtilits.build/DerivedSources -Xcc -DSWIFT_PACKAGE -Xcc -DDEBUG\=1 -emit-objc-header -emit-objc-header-path /Users/admin/builder/spi-builder-workspace/.derivedData/Build/Intermediates.noindex/AppViewUtilits.build/Debug-watchos/AppViewUtilits.build/Objects-normal/arm64_32/AppViewUtilits-Swift.h -working-directory /Users/admin/builder/spi-builder-workspace/.swiftpm/xcode -experimental-emit-module-separately -disable-cmo
/Users/admin/builder/spi-builder-workspace/.dependencies/checkouts/AppViewUtilits/Sources/AppViewUtilits/Helpers/Reachability.swift:8:8: error: Unable to find module dependency: 'SystemConfiguration'
import SystemConfiguration
^ (in target 'AppViewUtilits' from project 'AppViewUtilits')
/Users/admin/builder/spi-builder-workspace/.dependencies/checkouts/AppViewUtilits/Sources/AppViewUtilits/Helpers/Reachability.swift:8:8: note: A dependency of main module 'AppViewUtilits'
import SystemConfiguration
^ (in target 'AppViewUtilits' from project 'AppViewUtilits')
SwiftDriver AppViewUtilits normal arm64 com.apple.xcode.tools.swift.compiler (in target 'AppViewUtilits' from project 'AppViewUtilits')
cd /Users/admin/builder/spi-builder-workspace/.swiftpm/xcode
builtin-SwiftDriver -- /Applications/Xcode-26.3.0.app/Contents/Developer/Toolchains/XcodeDefault.xctoolchain/usr/bin/swiftc -module-name AppViewUtilits -Onone -enforce-exclusivity\=checked @/Users/admin/builder/spi-builder-workspace/.derivedData/Build/Intermediates.noindex/AppViewUtilits.build/Debug-watchos/AppViewUtilits.build/Objects-normal/arm64/AppViewUtilits.SwiftFileList -DSWIFT_PACKAGE -DDEBUG -DSWIFT_MODULE_RESOURCE_BUNDLE_UNAVAILABLE -DXcode -plugin-path /Applications/Xcode-26.3.0.app/Contents/Developer/Toolchains/XcodeDefault.xctoolchain/usr/lib/swift/host/plugins/testing -enable-experimental-feature DebugDescriptionMacro -sdk /Applications/Xcode-26.3.0.app/Contents/Developer/Platforms/WatchOS.platform/Developer/SDKs/WatchOS26.2.sdk -target arm64-apple-watchos5.0 -g -module-cache-path /Users/admin/builder/spi-builder-workspace/.derivedData/ModuleCache.noindex -Xfrontend -serialize-debugging-options -profile-coverage-mapping -profile-generate -enable-testing -suppress-warnings -index-store-path /Users/admin/builder/spi-builder-workspace/.derivedData/Index.noindex/DataStore -Xcc -D_LIBCPP_HARDENING_MODE\=_LIBCPP_HARDENING_MODE_DEBUG -swift-version 5 -I /Users/admin/builder/spi-builder-workspace/.derivedData/Build/Products/Debug-watchos -Isystem /Applications/Xcode-26.3.0.app/Contents/Developer/Platforms/WatchOS.platform/Developer/usr/lib -F /Users/admin/builder/spi-builder-workspace/.derivedData/Build/Products/Debug-watchos -F /Applications/Xcode-26.3.0.app/Contents/Developer/Platforms/WatchOS.platform/Developer/Library/Frameworks -F /Applications/Xcode-26.3.0.app/Contents/Developer/Platforms/WatchOS.platform/Developer/SDKs/WatchOS26.2.sdk/Developer/Library/Frameworks -c -j10 -enable-batch-mode -incremental -Xcc -ivfsstatcache -Xcc /Users/admin/builder/spi-builder-workspace/.derivedData/SDKStatCaches.noindex/watchos26.2-23S303-dc75598d0054f22ec865fa860f139d721753b489057de6bda919edfa1c59a62b.sdkstatcache -output-file-map /Users/admin/builder/spi-builder-workspace/.derivedData/Build/Intermediates.noindex/AppViewUtilits.build/Debug-watchos/AppViewUtilits.build/Objects-normal/arm64/AppViewUtilits-OutputFileMap.json -use-frontend-parseable-output -save-temps -no-color-diagnostics -explicit-module-build -module-cache-path /Users/admin/builder/spi-builder-workspace/.derivedData/Build/Intermediates.noindex/SwiftExplicitPrecompiledModules -clang-scanner-module-cache-path /Users/admin/builder/spi-builder-workspace/.derivedData/ModuleCache.noindex -sdk-module-cache-path /Users/admin/builder/spi-builder-workspace/.derivedData/ModuleCache.noindex -serialize-diagnostics -emit-dependencies -emit-module -emit-module-path /Users/admin/builder/spi-builder-workspace/.derivedData/Build/Intermediates.noindex/AppViewUtilits.build/Debug-watchos/AppViewUtilits.build/Objects-normal/arm64/AppViewUtilits.swiftmodule -validate-clang-modules-once -clang-build-session-file /Users/admin/builder/spi-builder-workspace/.derivedData/ModuleCache.noindex/Session.modulevalidation -Xcc -I/Users/admin/builder/spi-builder-workspace/.derivedData/Build/Intermediates.noindex/AppViewUtilits.build/Debug-watchos/AppViewUtilits.build/swift-overrides.hmap -emit-const-values -Xfrontend -const-gather-protocols-file -Xfrontend /Users/admin/builder/spi-builder-workspace/.derivedData/Build/Intermediates.noindex/AppViewUtilits.build/Debug-watchos/AppViewUtilits.build/Objects-normal/arm64/AppViewUtilits_const_extract_protocols.json -Xcc -I/Users/admin/builder/spi-builder-workspace/.derivedData/Build/Products/Debug-watchos/include -Xcc -I/Users/admin/builder/spi-builder-workspace/.derivedData/Build/Intermediates.noindex/AppViewUtilits.build/Debug-watchos/AppViewUtilits.build/DerivedSources-normal/arm64 -Xcc -I/Users/admin/builder/spi-builder-workspace/.derivedData/Build/Intermediates.noindex/AppViewUtilits.build/Debug-watchos/AppViewUtilits.build/DerivedSources/arm64 -Xcc -I/Users/admin/builder/spi-builder-workspace/.derivedData/Build/Intermediates.noindex/AppViewUtilits.build/Debug-watchos/AppViewUtilits.build/DerivedSources -Xcc -DSWIFT_PACKAGE -Xcc -DDEBUG\=1 -emit-objc-header -emit-objc-header-path /Users/admin/builder/spi-builder-workspace/.derivedData/Build/Intermediates.noindex/AppViewUtilits.build/Debug-watchos/AppViewUtilits.build/Objects-normal/arm64/AppViewUtilits-Swift.h -working-directory /Users/admin/builder/spi-builder-workspace/.swiftpm/xcode -experimental-emit-module-separately -disable-cmo
/Users/admin/builder/spi-builder-workspace/.dependencies/checkouts/AppViewUtilits/Sources/AppViewUtilits/Helpers/Reachability.swift:8:8: error: Unable to find module dependency: 'SystemConfiguration'
import SystemConfiguration
^ (in target 'AppViewUtilits' from project 'AppViewUtilits')
/Users/admin/builder/spi-builder-workspace/.dependencies/checkouts/AppViewUtilits/Sources/AppViewUtilits/Helpers/Reachability.swift:8:8: note: A dependency of main module 'AppViewUtilits'
import SystemConfiguration
^ (in target 'AppViewUtilits' from project 'AppViewUtilits')
SwiftDriver AppViewUtilits normal armv7k com.apple.xcode.tools.swift.compiler (in target 'AppViewUtilits' from project 'AppViewUtilits')
cd /Users/admin/builder/spi-builder-workspace/.swiftpm/xcode
builtin-SwiftDriver -- /Applications/Xcode-26.3.0.app/Contents/Developer/Toolchains/XcodeDefault.xctoolchain/usr/bin/swiftc -module-name AppViewUtilits -Onone -enforce-exclusivity\=checked @/Users/admin/builder/spi-builder-workspace/.derivedData/Build/Intermediates.noindex/AppViewUtilits.build/Debug-watchos/AppViewUtilits.build/Objects-normal/armv7k/AppViewUtilits.SwiftFileList -DSWIFT_PACKAGE -DDEBUG -DSWIFT_MODULE_RESOURCE_BUNDLE_UNAVAILABLE -DXcode -plugin-path /Applications/Xcode-26.3.0.app/Contents/Developer/Toolchains/XcodeDefault.xctoolchain/usr/lib/swift/host/plugins/testing -enable-experimental-feature DebugDescriptionMacro -sdk /Applications/Xcode-26.3.0.app/Contents/Developer/Platforms/WatchOS.platform/Developer/SDKs/WatchOS26.2.sdk -target armv7k-apple-watchos5.0 -g -module-cache-path /Users/admin/builder/spi-builder-workspace/.derivedData/ModuleCache.noindex -Xfrontend -serialize-debugging-options -profile-coverage-mapping -profile-generate -enable-testing -suppress-warnings -index-store-path /Users/admin/builder/spi-builder-workspace/.derivedData/Index.noindex/DataStore -Xcc -D_LIBCPP_HARDENING_MODE\=_LIBCPP_HARDENING_MODE_DEBUG -swift-version 5 -I /Users/admin/builder/spi-builder-workspace/.derivedData/Build/Products/Debug-watchos -Isystem /Applications/Xcode-26.3.0.app/Contents/Developer/Platforms/WatchOS.platform/Developer/usr/lib -F /Users/admin/builder/spi-builder-workspace/.derivedData/Build/Products/Debug-watchos -F /Applications/Xcode-26.3.0.app/Contents/Developer/Platforms/WatchOS.platform/Developer/Library/Frameworks -F /Applications/Xcode-26.3.0.app/Contents/Developer/Platforms/WatchOS.platform/Developer/SDKs/WatchOS26.2.sdk/Developer/Library/Frameworks -c -j10 -enable-batch-mode -incremental -Xcc -ivfsstatcache -Xcc /Users/admin/builder/spi-builder-workspace/.derivedData/SDKStatCaches.noindex/watchos26.2-23S303-dc75598d0054f22ec865fa860f139d721753b489057de6bda919edfa1c59a62b.sdkstatcache -output-file-map /Users/admin/builder/spi-builder-workspace/.derivedData/Build/Intermediates.noindex/AppViewUtilits.build/Debug-watchos/AppViewUtilits.build/Objects-normal/armv7k/AppViewUtilits-OutputFileMap.json -use-frontend-parseable-output -save-temps -no-color-diagnostics -explicit-module-build -module-cache-path /Users/admin/builder/spi-builder-workspace/.derivedData/Build/Intermediates.noindex/SwiftExplicitPrecompiledModules -clang-scanner-module-cache-path /Users/admin/builder/spi-builder-workspace/.derivedData/ModuleCache.noindex -sdk-module-cache-path /Users/admin/builder/spi-builder-workspace/.derivedData/ModuleCache.noindex -serialize-diagnostics -emit-dependencies -emit-module -emit-module-path /Users/admin/builder/spi-builder-workspace/.derivedData/Build/Intermediates.noindex/AppViewUtilits.build/Debug-watchos/AppViewUtilits.build/Objects-normal/armv7k/AppViewUtilits.swiftmodule -validate-clang-modules-once -clang-build-session-file /Users/admin/builder/spi-builder-workspace/.derivedData/ModuleCache.noindex/Session.modulevalidation -Xcc -I/Users/admin/builder/spi-builder-workspace/.derivedData/Build/Intermediates.noindex/AppViewUtilits.build/Debug-watchos/AppViewUtilits.build/swift-overrides.hmap -emit-const-values -Xfrontend -const-gather-protocols-file -Xfrontend /Users/admin/builder/spi-builder-workspace/.derivedData/Build/Intermediates.noindex/AppViewUtilits.build/Debug-watchos/AppViewUtilits.build/Objects-normal/armv7k/AppViewUtilits_const_extract_protocols.json -Xcc -I/Users/admin/builder/spi-builder-workspace/.derivedData/Build/Products/Debug-watchos/include -Xcc -I/Users/admin/builder/spi-builder-workspace/.derivedData/Build/Intermediates.noindex/AppViewUtilits.build/Debug-watchos/AppViewUtilits.build/DerivedSources-normal/armv7k -Xcc -I/Users/admin/builder/spi-builder-workspace/.derivedData/Build/Intermediates.noindex/AppViewUtilits.build/Debug-watchos/AppViewUtilits.build/DerivedSources/armv7k -Xcc -I/Users/admin/builder/spi-builder-workspace/.derivedData/Build/Intermediates.noindex/AppViewUtilits.build/Debug-watchos/AppViewUtilits.build/DerivedSources -Xcc -DSWIFT_PACKAGE -Xcc -DDEBUG\=1 -emit-objc-header -emit-objc-header-path /Users/admin/builder/spi-builder-workspace/.derivedData/Build/Intermediates.noindex/AppViewUtilits.build/Debug-watchos/AppViewUtilits.build/Objects-normal/armv7k/AppViewUtilits-Swift.h -working-directory /Users/admin/builder/spi-builder-workspace/.swiftpm/xcode -experimental-emit-module-separately -disable-cmo
/Users/admin/builder/spi-builder-workspace/.dependencies/checkouts/AppViewUtilits/Sources/AppViewUtilits/Helpers/Reachability.swift:8:8: error: Unable to find module dependency: 'SystemConfiguration'
import SystemConfiguration
^ (in target 'AppViewUtilits' from project 'AppViewUtilits')
/Users/admin/builder/spi-builder-workspace/.dependencies/checkouts/AppViewUtilits/Sources/AppViewUtilits/Helpers/Reachability.swift:8:8: note: A dependency of main module 'AppViewUtilits'
import SystemConfiguration
^ (in target 'AppViewUtilits' from project 'AppViewUtilits')
2026-08-11 11:15:00.390 xcodebuild[966:5843] [MT] IDERunDestination: Supported platforms for the buildables in the current scheme is empty.
/Users/admin/builder/spi-builder-workspace/.dependencies/checkouts/AppViewUtilits/Sources/AppViewUtilits/Helpers/Reachability.swift:8:8: error: Unable to find module dependency: 'SystemConfiguration'
import SystemConfiguration
^
/Users/admin/builder/spi-builder-workspace/.dependencies/checkouts/AppViewUtilits/Sources/AppViewUtilits/Helpers/Reachability.swift:8:8: note: a dependency of main module 'AppViewUtilits'
import SystemConfiguration
^
/Users/admin/builder/spi-builder-workspace/.dependencies/checkouts/AppViewUtilits/Sources/AppViewUtilits/Helpers/Reachability.swift:8:8: error: Unable to find module dependency: 'SystemConfiguration'
import SystemConfiguration
^
/Users/admin/builder/spi-builder-workspace/.dependencies/checkouts/AppViewUtilits/Sources/AppViewUtilits/Helpers/Reachability.swift:8:8: note: a dependency of main module 'AppViewUtilits'
import SystemConfiguration
^
/Users/admin/builder/spi-builder-workspace/.dependencies/checkouts/AppViewUtilits/Sources/AppViewUtilits/Helpers/Reachability.swift:8:8: error: Unable to find module dependency: 'SystemConfiguration'
import SystemConfiguration
^
/Users/admin/builder/spi-builder-workspace/.dependencies/checkouts/AppViewUtilits/Sources/AppViewUtilits/Helpers/Reachability.swift:8:8: note: a dependency of main module 'AppViewUtilits'
import SystemConfiguration
^
** BUILD FAILED **
The following build commands failed:
SwiftDriver AppViewUtilits normal arm64_32 com.apple.xcode.tools.swift.compiler (in target 'AppViewUtilits' from project 'AppViewUtilits')
SwiftDriver AppViewUtilits normal arm64 com.apple.xcode.tools.swift.compiler (in target 'AppViewUtilits' from project 'AppViewUtilits')
SwiftDriver AppViewUtilits normal armv7k com.apple.xcode.tools.swift.compiler (in target 'AppViewUtilits' from project 'AppViewUtilits')
Building workspace spi-builder-workspace with scheme AlertMaster
(4 failures)
Command line invocation:
/Applications/Xcode-26.3.0.app/Contents/Developer/usr/bin/xcodebuild -IDEClonedSourcePackagesDirPathOverride=/Users/admin/builder/spi-builder-workspace/.dependencies -resolvePackageDependencies
Resolve Package Graph
Resolved source packages:
SymbolKit: https://github.com/swiftlang/swift-docc-symbolkit @ 1.0.0
AppViewUtilits: https://github.com/moslienko/AppViewUtilits.git @ 1.3.1
AlertMaster: /Users/admin/builder/spi-builder-workspace
SwiftDocCPlugin: https://github.com/apple/swift-docc-plugin @ 1.5.0
resolved source packages: SymbolKit, AppViewUtilits, AlertMaster, SwiftDocCPlugin
2026-08-11 11:15:16.237 xcodebuild[1106:6979] [MT] IDERunDestination: Supported platforms for the buildables in the current scheme is empty.
{
"dependencies" : [
{
"identity" : "swift-docc-plugin",
"requirement" : {
"range" : [
{
"lower_bound" : "1.0.0",
"upper_bound" : "2.0.0"
}
]
},
"type" : "sourceControl",
"url" : "https://github.com/apple/swift-docc-plugin"
},
{
"identity" : "appviewutilits",
"requirement" : {
"range" : [
{
"lower_bound" : "1.2.6",
"upper_bound" : "2.0.0"
}
]
},
"type" : "sourceControl",
"url" : "https://github.com/moslienko/AppViewUtilits.git"
}
],
"manifest_display_name" : "AlertMaster",
"name" : "AlertMaster",
"path" : "/Users/admin/builder/spi-builder-workspace",
"platforms" : [
{
"name" : "ios",
"version" : "12.0"
}
],
"products" : [
{
"name" : "AlertMaster",
"targets" : [
"AlertMaster"
],
"type" : {
"library" : [
"automatic"
]
}
}
],
"targets" : [
{
"c99name" : "AlertMasterTests",
"module_type" : "SwiftTarget",
"name" : "AlertMasterTests",
"path" : "Tests/AlertMasterTests",
"sources" : [
"AlertMasterTests.swift"
],
"target_dependencies" : [
"AlertMaster"
],
"type" : "test"
},
{
"c99name" : "AlertMaster",
"module_type" : "SwiftTarget",
"name" : "AlertMaster",
"path" : "Sources/AlertMaster",
"product_dependencies" : [
"AppViewUtilits"
],
"product_memberships" : [
"AlertMaster"
],
"sources" : [
"Data/AlertButtonsGroup.swift",
"Data/Config/AlertBackgroundConfig.swift",
"Data/Config/AlertButtonsConfig.swift",
"Data/Config/AlertCloseButtonConfig.swift",
"Data/Config/AlertConfig.swift",
"Data/Config/AlertContainerConfig.swift",
"Data/Config/AlertSwipeConfig.swift",
"Data/Enum/AlertPosition.swift",
"Data/Enum/ButtonLayout.swift",
"Data/Enum/ButtonPosition.swift",
"Services/AlertMasterService.swift",
"Services/AlertScreenPresentation.swift",
"Views/AlertScreen/AlertScreenViewController.swift",
"Views/AlertScreen/AlertScreenViewModel.swift",
"Views/AlertScrollableStackView.swift",
"Views/Components/AlertComponents.swift",
"Views/Components/AlertDatePicker.swift",
"Views/Components/AlertTextField.swift",
"Views/Components/AlertTextView.swift",
"Views/FooterButtonsView.swift"
],
"type" : "library"
}
],
"tools_version" : "5.9"
}
{
"workspace" : {
"name" : "spi-builder-workspace",
"schemes" : [
"AlertMaster"
]
}
}
2026-08-11 11:15:22.694 xcodebuild[1164:7373] [MT] IDERunDestination: Supported platforms for the buildables in the current scheme is empty.
Running build ...
env DEVELOPER_DIR=/Applications/Xcode-26.3.0.app xcrun xcodebuild -IDEClonedSourcePackagesDirPathOverride=$PWD/.dependencies -skipMacroValidation -skipPackagePluginValidation -derivedDataPath $PWD/.derivedData build -scheme AlertMaster -destination generic/platform=watchOS
Command line invocation:
/Applications/Xcode-26.3.0.app/Contents/Developer/usr/bin/xcodebuild -IDEClonedSourcePackagesDirPathOverride=/Users/admin/builder/spi-builder-workspace/.dependencies -skipMacroValidation -skipPackagePluginValidation -derivedDataPath /Users/admin/builder/spi-builder-workspace/.derivedData build -scheme AlertMaster -destination generic/platform=watchOS
Resolve Package Graph
Resolved source packages:
SwiftDocCPlugin: https://github.com/apple/swift-docc-plugin @ 1.5.0
SymbolKit: https://github.com/swiftlang/swift-docc-symbolkit @ 1.0.0
AppViewUtilits: https://github.com/moslienko/AppViewUtilits.git @ 1.3.1
AlertMaster: /Users/admin/builder/spi-builder-workspace
ComputePackagePrebuildTargetDependencyGraph
Prepare packages
CreateBuildRequest
SendProjectDescription
CreateBuildOperation
ComputeTargetDependencyGraph
note: Building targets in dependency order
note: Target dependency graph (4 targets)
Target 'AlertMaster' in project 'AlertMaster'
➜ Explicit dependency on target 'AlertMaster' in project 'AlertMaster'
➜ Explicit dependency on target 'AppViewUtilits' in project 'AppViewUtilits'
Target 'AlertMaster' in project 'AlertMaster'
➜ Explicit dependency on target 'AppViewUtilits' in project 'AppViewUtilits'
Target 'AppViewUtilits' in project 'AppViewUtilits'
➜ Explicit dependency on target 'AppViewUtilits' in project 'AppViewUtilits'
Target 'AppViewUtilits' in project 'AppViewUtilits' (no dependencies)
GatherProvisioningInputs
CreateBuildDescription
ClangStatCache /Applications/Xcode-26.3.0.app/Contents/Developer/Toolchains/XcodeDefault.xctoolchain/usr/bin/clang-stat-cache /Applications/Xcode-26.3.0.app/Contents/Developer/Platforms/WatchOS.platform/Developer/SDKs/WatchOS26.2.sdk /Users/admin/builder/spi-builder-workspace/.derivedData/SDKStatCaches.noindex/watchos26.2-23S303-dc75598d0054f22ec865fa860f139d721753b489057de6bda919edfa1c59a62b.sdkstatcache
cd /Users/admin/builder/spi-builder-workspace/.swiftpm/xcode
/Applications/Xcode-26.3.0.app/Contents/Developer/Toolchains/XcodeDefault.xctoolchain/usr/bin/clang-stat-cache /Applications/Xcode-26.3.0.app/Contents/Developer/Platforms/WatchOS.platform/Developer/SDKs/WatchOS26.2.sdk -o /Users/admin/builder/spi-builder-workspace/.derivedData/SDKStatCaches.noindex/watchos26.2-23S303-dc75598d0054f22ec865fa860f139d721753b489057de6bda919edfa1c59a62b.sdkstatcache
SwiftDriver AppViewUtilits normal armv7k com.apple.xcode.tools.swift.compiler (in target 'AppViewUtilits' from project 'AppViewUtilits')
cd /Users/admin/builder/spi-builder-workspace/.swiftpm/xcode
builtin-SwiftDriver -- /Applications/Xcode-26.3.0.app/Contents/Developer/Toolchains/XcodeDefault.xctoolchain/usr/bin/swiftc -module-name AppViewUtilits -Onone -enforce-exclusivity\=checked @/Users/admin/builder/spi-builder-workspace/.derivedData/Build/Intermediates.noindex/AppViewUtilits.build/Debug-watchos/AppViewUtilits.build/Objects-normal/armv7k/AppViewUtilits.SwiftFileList -DSWIFT_PACKAGE -DDEBUG -DSWIFT_MODULE_RESOURCE_BUNDLE_UNAVAILABLE -DXcode -plugin-path /Applications/Xcode-26.3.0.app/Contents/Developer/Toolchains/XcodeDefault.xctoolchain/usr/lib/swift/host/plugins/testing -enable-experimental-feature DebugDescriptionMacro -sdk /Applications/Xcode-26.3.0.app/Contents/Developer/Platforms/WatchOS.platform/Developer/SDKs/WatchOS26.2.sdk -target armv7k-apple-watchos5.0 -g -module-cache-path /Users/admin/builder/spi-builder-workspace/.derivedData/ModuleCache.noindex -Xfrontend -serialize-debugging-options -profile-coverage-mapping -profile-generate -enable-testing -suppress-warnings -index-store-path /Users/admin/builder/spi-builder-workspace/.derivedData/Index.noindex/DataStore -Xcc -D_LIBCPP_HARDENING_MODE\=_LIBCPP_HARDENING_MODE_DEBUG -swift-version 5 -I /Users/admin/builder/spi-builder-workspace/.derivedData/Build/Products/Debug-watchos -Isystem /Applications/Xcode-26.3.0.app/Contents/Developer/Platforms/WatchOS.platform/Developer/usr/lib -F /Users/admin/builder/spi-builder-workspace/.derivedData/Build/Products/Debug-watchos -F /Applications/Xcode-26.3.0.app/Contents/Developer/Platforms/WatchOS.platform/Developer/Library/Frameworks -F /Applications/Xcode-26.3.0.app/Contents/Developer/Platforms/WatchOS.platform/Developer/SDKs/WatchOS26.2.sdk/Developer/Library/Frameworks -c -j10 -enable-batch-mode -incremental -Xcc -ivfsstatcache -Xcc /Users/admin/builder/spi-builder-workspace/.derivedData/SDKStatCaches.noindex/watchos26.2-23S303-dc75598d0054f22ec865fa860f139d721753b489057de6bda919edfa1c59a62b.sdkstatcache -output-file-map /Users/admin/builder/spi-builder-workspace/.derivedData/Build/Intermediates.noindex/AppViewUtilits.build/Debug-watchos/AppViewUtilits.build/Objects-normal/armv7k/AppViewUtilits-OutputFileMap.json -use-frontend-parseable-output -save-temps -no-color-diagnostics -explicit-module-build -module-cache-path /Users/admin/builder/spi-builder-workspace/.derivedData/Build/Intermediates.noindex/SwiftExplicitPrecompiledModules -clang-scanner-module-cache-path /Users/admin/builder/spi-builder-workspace/.derivedData/ModuleCache.noindex -sdk-module-cache-path /Users/admin/builder/spi-builder-workspace/.derivedData/ModuleCache.noindex -serialize-diagnostics -emit-dependencies -emit-module -emit-module-path /Users/admin/builder/spi-builder-workspace/.derivedData/Build/Intermediates.noindex/AppViewUtilits.build/Debug-watchos/AppViewUtilits.build/Objects-normal/armv7k/AppViewUtilits.swiftmodule -validate-clang-modules-once -clang-build-session-file /Users/admin/builder/spi-builder-workspace/.derivedData/ModuleCache.noindex/Session.modulevalidation -Xcc -I/Users/admin/builder/spi-builder-workspace/.derivedData/Build/Intermediates.noindex/AppViewUtilits.build/Debug-watchos/AppViewUtilits.build/swift-overrides.hmap -emit-const-values -Xfrontend -const-gather-protocols-file -Xfrontend /Users/admin/builder/spi-builder-workspace/.derivedData/Build/Intermediates.noindex/AppViewUtilits.build/Debug-watchos/AppViewUtilits.build/Objects-normal/armv7k/AppViewUtilits_const_extract_protocols.json -Xcc -I/Users/admin/builder/spi-builder-workspace/.derivedData/Build/Products/Debug-watchos/include -Xcc -I/Users/admin/builder/spi-builder-workspace/.derivedData/Build/Intermediates.noindex/AppViewUtilits.build/Debug-watchos/AppViewUtilits.build/DerivedSources-normal/armv7k -Xcc -I/Users/admin/builder/spi-builder-workspace/.derivedData/Build/Intermediates.noindex/AppViewUtilits.build/Debug-watchos/AppViewUtilits.build/DerivedSources/armv7k -Xcc -I/Users/admin/builder/spi-builder-workspace/.derivedData/Build/Intermediates.noindex/AppViewUtilits.build/Debug-watchos/AppViewUtilits.build/DerivedSources -Xcc -DSWIFT_PACKAGE -Xcc -DDEBUG\=1 -emit-objc-header -emit-objc-header-path /Users/admin/builder/spi-builder-workspace/.derivedData/Build/Intermediates.noindex/AppViewUtilits.build/Debug-watchos/AppViewUtilits.build/Objects-normal/armv7k/AppViewUtilits-Swift.h -working-directory /Users/admin/builder/spi-builder-workspace/.swiftpm/xcode -experimental-emit-module-separately -disable-cmo
/Users/admin/builder/spi-builder-workspace/.dependencies/checkouts/AppViewUtilits/Sources/AppViewUtilits/Helpers/Reachability.swift:8:8: error: Unable to find module dependency: 'SystemConfiguration'
import SystemConfiguration
^ (in target 'AppViewUtilits' from project 'AppViewUtilits')
/Users/admin/builder/spi-builder-workspace/.dependencies/checkouts/AppViewUtilits/Sources/AppViewUtilits/Helpers/Reachability.swift:8:8: note: A dependency of main module 'AppViewUtilits'
import SystemConfiguration
^ (in target 'AppViewUtilits' from project 'AppViewUtilits')
SwiftDriver AppViewUtilits normal arm64_32 com.apple.xcode.tools.swift.compiler (in target 'AppViewUtilits' from project 'AppViewUtilits')
cd /Users/admin/builder/spi-builder-workspace/.swiftpm/xcode
builtin-SwiftDriver -- /Applications/Xcode-26.3.0.app/Contents/Developer/Toolchains/XcodeDefault.xctoolchain/usr/bin/swiftc -module-name AppViewUtilits -Onone -enforce-exclusivity\=checked @/Users/admin/builder/spi-builder-workspace/.derivedData/Build/Intermediates.noindex/AppViewUtilits.build/Debug-watchos/AppViewUtilits.build/Objects-normal/arm64_32/AppViewUtilits.SwiftFileList -DSWIFT_PACKAGE -DDEBUG -DSWIFT_MODULE_RESOURCE_BUNDLE_UNAVAILABLE -DXcode -plugin-path /Applications/Xcode-26.3.0.app/Contents/Developer/Toolchains/XcodeDefault.xctoolchain/usr/lib/swift/host/plugins/testing -enable-experimental-feature DebugDescriptionMacro -sdk /Applications/Xcode-26.3.0.app/Contents/Developer/Platforms/WatchOS.platform/Developer/SDKs/WatchOS26.2.sdk -target arm64_32-apple-watchos5.0 -g -module-cache-path /Users/admin/builder/spi-builder-workspace/.derivedData/ModuleCache.noindex -Xfrontend -serialize-debugging-options -profile-coverage-mapping -profile-generate -enable-testing -suppress-warnings -index-store-path /Users/admin/builder/spi-builder-workspace/.derivedData/Index.noindex/DataStore -Xcc -D_LIBCPP_HARDENING_MODE\=_LIBCPP_HARDENING_MODE_DEBUG -swift-version 5 -I /Users/admin/builder/spi-builder-workspace/.derivedData/Build/Products/Debug-watchos -Isystem /Applications/Xcode-26.3.0.app/Contents/Developer/Platforms/WatchOS.platform/Developer/usr/lib -F /Users/admin/builder/spi-builder-workspace/.derivedData/Build/Products/Debug-watchos -F /Applications/Xcode-26.3.0.app/Contents/Developer/Platforms/WatchOS.platform/Developer/Library/Frameworks -F /Applications/Xcode-26.3.0.app/Contents/Developer/Platforms/WatchOS.platform/Developer/SDKs/WatchOS26.2.sdk/Developer/Library/Frameworks -c -j10 -enable-batch-mode -incremental -Xcc -ivfsstatcache -Xcc /Users/admin/builder/spi-builder-workspace/.derivedData/SDKStatCaches.noindex/watchos26.2-23S303-dc75598d0054f22ec865fa860f139d721753b489057de6bda919edfa1c59a62b.sdkstatcache -output-file-map /Users/admin/builder/spi-builder-workspace/.derivedData/Build/Intermediates.noindex/AppViewUtilits.build/Debug-watchos/AppViewUtilits.build/Objects-normal/arm64_32/AppViewUtilits-OutputFileMap.json -use-frontend-parseable-output -save-temps -no-color-diagnostics -explicit-module-build -module-cache-path /Users/admin/builder/spi-builder-workspace/.derivedData/Build/Intermediates.noindex/SwiftExplicitPrecompiledModules -clang-scanner-module-cache-path /Users/admin/builder/spi-builder-workspace/.derivedData/ModuleCache.noindex -sdk-module-cache-path /Users/admin/builder/spi-builder-workspace/.derivedData/ModuleCache.noindex -serialize-diagnostics -emit-dependencies -emit-module -emit-module-path /Users/admin/builder/spi-builder-workspace/.derivedData/Build/Intermediates.noindex/AppViewUtilits.build/Debug-watchos/AppViewUtilits.build/Objects-normal/arm64_32/AppViewUtilits.swiftmodule -validate-clang-modules-once -clang-build-session-file /Users/admin/builder/spi-builder-workspace/.derivedData/ModuleCache.noindex/Session.modulevalidation -Xcc -I/Users/admin/builder/spi-builder-workspace/.derivedData/Build/Intermediates.noindex/AppViewUtilits.build/Debug-watchos/AppViewUtilits.build/swift-overrides.hmap -emit-const-values -Xfrontend -const-gather-protocols-file -Xfrontend /Users/admin/builder/spi-builder-workspace/.derivedData/Build/Intermediates.noindex/AppViewUtilits.build/Debug-watchos/AppViewUtilits.build/Objects-normal/arm64_32/AppViewUtilits_const_extract_protocols.json -Xcc -I/Users/admin/builder/spi-builder-workspace/.derivedData/Build/Products/Debug-watchos/include -Xcc -I/Users/admin/builder/spi-builder-workspace/.derivedData/Build/Intermediates.noindex/AppViewUtilits.build/Debug-watchos/AppViewUtilits.build/DerivedSources-normal/arm64_32 -Xcc -I/Users/admin/builder/spi-builder-workspace/.derivedData/Build/Intermediates.noindex/AppViewUtilits.build/Debug-watchos/AppViewUtilits.build/DerivedSources/arm64_32 -Xcc -I/Users/admin/builder/spi-builder-workspace/.derivedData/Build/Intermediates.noindex/AppViewUtilits.build/Debug-watchos/AppViewUtilits.build/DerivedSources -Xcc -DSWIFT_PACKAGE -Xcc -DDEBUG\=1 -emit-objc-header -emit-objc-header-path /Users/admin/builder/spi-builder-workspace/.derivedData/Build/Intermediates.noindex/AppViewUtilits.build/Debug-watchos/AppViewUtilits.build/Objects-normal/arm64_32/AppViewUtilits-Swift.h -working-directory /Users/admin/builder/spi-builder-workspace/.swiftpm/xcode -experimental-emit-module-separately -disable-cmo
/Users/admin/builder/spi-builder-workspace/.dependencies/checkouts/AppViewUtilits/Sources/AppViewUtilits/Helpers/Reachability.swift:8:8: error: Unable to find module dependency: 'SystemConfiguration'
import SystemConfiguration
^ (in target 'AppViewUtilits' from project 'AppViewUtilits')
/Users/admin/builder/spi-builder-workspace/.dependencies/checkouts/AppViewUtilits/Sources/AppViewUtilits/Helpers/Reachability.swift:8:8: note: A dependency of main module 'AppViewUtilits'
import SystemConfiguration
^ (in target 'AppViewUtilits' from project 'AppViewUtilits')
SwiftDriver AppViewUtilits normal arm64 com.apple.xcode.tools.swift.compiler (in target 'AppViewUtilits' from project 'AppViewUtilits')
cd /Users/admin/builder/spi-builder-workspace/.swiftpm/xcode
builtin-SwiftDriver -- /Applications/Xcode-26.3.0.app/Contents/Developer/Toolchains/XcodeDefault.xctoolchain/usr/bin/swiftc -module-name AppViewUtilits -Onone -enforce-exclusivity\=checked @/Users/admin/builder/spi-builder-workspace/.derivedData/Build/Intermediates.noindex/AppViewUtilits.build/Debug-watchos/AppViewUtilits.build/Objects-normal/arm64/AppViewUtilits.SwiftFileList -DSWIFT_PACKAGE -DDEBUG -DSWIFT_MODULE_RESOURCE_BUNDLE_UNAVAILABLE -DXcode -plugin-path /Applications/Xcode-26.3.0.app/Contents/Developer/Toolchains/XcodeDefault.xctoolchain/usr/lib/swift/host/plugins/testing -enable-experimental-feature DebugDescriptionMacro -sdk /Applications/Xcode-26.3.0.app/Contents/Developer/Platforms/WatchOS.platform/Developer/SDKs/WatchOS26.2.sdk -target arm64-apple-watchos5.0 -g -module-cache-path /Users/admin/builder/spi-builder-workspace/.derivedData/ModuleCache.noindex -Xfrontend -serialize-debugging-options -profile-coverage-mapping -profile-generate -enable-testing -suppress-warnings -index-store-path /Users/admin/builder/spi-builder-workspace/.derivedData/Index.noindex/DataStore -Xcc -D_LIBCPP_HARDENING_MODE\=_LIBCPP_HARDENING_MODE_DEBUG -swift-version 5 -I /Users/admin/builder/spi-builder-workspace/.derivedData/Build/Products/Debug-watchos -Isystem /Applications/Xcode-26.3.0.app/Contents/Developer/Platforms/WatchOS.platform/Developer/usr/lib -F /Users/admin/builder/spi-builder-workspace/.derivedData/Build/Products/Debug-watchos -F /Applications/Xcode-26.3.0.app/Contents/Developer/Platforms/WatchOS.platform/Developer/Library/Frameworks -F /Applications/Xcode-26.3.0.app/Contents/Developer/Platforms/WatchOS.platform/Developer/SDKs/WatchOS26.2.sdk/Developer/Library/Frameworks -c -j10 -enable-batch-mode -incremental -Xcc -ivfsstatcache -Xcc /Users/admin/builder/spi-builder-workspace/.derivedData/SDKStatCaches.noindex/watchos26.2-23S303-dc75598d0054f22ec865fa860f139d721753b489057de6bda919edfa1c59a62b.sdkstatcache -output-file-map /Users/admin/builder/spi-builder-workspace/.derivedData/Build/Intermediates.noindex/AppViewUtilits.build/Debug-watchos/AppViewUtilits.build/Objects-normal/arm64/AppViewUtilits-OutputFileMap.json -use-frontend-parseable-output -save-temps -no-color-diagnostics -explicit-module-build -module-cache-path /Users/admin/builder/spi-builder-workspace/.derivedData/Build/Intermediates.noindex/SwiftExplicitPrecompiledModules -clang-scanner-module-cache-path /Users/admin/builder/spi-builder-workspace/.derivedData/ModuleCache.noindex -sdk-module-cache-path /Users/admin/builder/spi-builder-workspace/.derivedData/ModuleCache.noindex -serialize-diagnostics -emit-dependencies -emit-module -emit-module-path /Users/admin/builder/spi-builder-workspace/.derivedData/Build/Intermediates.noindex/AppViewUtilits.build/Debug-watchos/AppViewUtilits.build/Objects-normal/arm64/AppViewUtilits.swiftmodule -validate-clang-modules-once -clang-build-session-file /Users/admin/builder/spi-builder-workspace/.derivedData/ModuleCache.noindex/Session.modulevalidation -Xcc -I/Users/admin/builder/spi-builder-workspace/.derivedData/Build/Intermediates.noindex/AppViewUtilits.build/Debug-watchos/AppViewUtilits.build/swift-overrides.hmap -emit-const-values -Xfrontend -const-gather-protocols-file -Xfrontend /Users/admin/builder/spi-builder-workspace/.derivedData/Build/Intermediates.noindex/AppViewUtilits.build/Debug-watchos/AppViewUtilits.build/Objects-normal/arm64/AppViewUtilits_const_extract_protocols.json -Xcc -I/Users/admin/builder/spi-builder-workspace/.derivedData/Build/Products/Debug-watchos/include -Xcc -I/Users/admin/builder/spi-builder-workspace/.derivedData/Build/Intermediates.noindex/AppViewUtilits.build/Debug-watchos/AppViewUtilits.build/DerivedSources-normal/arm64 -Xcc -I/Users/admin/builder/spi-builder-workspace/.derivedData/Build/Intermediates.noindex/AppViewUtilits.build/Debug-watchos/AppViewUtilits.build/DerivedSources/arm64 -Xcc -I/Users/admin/builder/spi-builder-workspace/.derivedData/Build/Intermediates.noindex/AppViewUtilits.build/Debug-watchos/AppViewUtilits.build/DerivedSources -Xcc -DSWIFT_PACKAGE -Xcc -DDEBUG\=1 -emit-objc-header -emit-objc-header-path /Users/admin/builder/spi-builder-workspace/.derivedData/Build/Intermediates.noindex/AppViewUtilits.build/Debug-watchos/AppViewUtilits.build/Objects-normal/arm64/AppViewUtilits-Swift.h -working-directory /Users/admin/builder/spi-builder-workspace/.swiftpm/xcode -experimental-emit-module-separately -disable-cmo
/Users/admin/builder/spi-builder-workspace/.dependencies/checkouts/AppViewUtilits/Sources/AppViewUtilits/Helpers/Reachability.swift:8:8: error: Unable to find module dependency: 'SystemConfiguration'
import SystemConfiguration
^ (in target 'AppViewUtilits' from project 'AppViewUtilits')
/Users/admin/builder/spi-builder-workspace/.dependencies/checkouts/AppViewUtilits/Sources/AppViewUtilits/Helpers/Reachability.swift:8:8: note: A dependency of main module 'AppViewUtilits'
import SystemConfiguration
^ (in target 'AppViewUtilits' from project 'AppViewUtilits')
2026-08-11 11:15:28.919 xcodebuild[1216:7738] [MT] IDERunDestination: Supported platforms for the buildables in the current scheme is empty.
/Users/admin/builder/spi-builder-workspace/.dependencies/checkouts/AppViewUtilits/Sources/AppViewUtilits/Helpers/Reachability.swift:8:8: error: Unable to find module dependency: 'SystemConfiguration'
import SystemConfiguration
^
/Users/admin/builder/spi-builder-workspace/.dependencies/checkouts/AppViewUtilits/Sources/AppViewUtilits/Helpers/Reachability.swift:8:8: note: a dependency of main module 'AppViewUtilits'
import SystemConfiguration
^
/Users/admin/builder/spi-builder-workspace/.dependencies/checkouts/AppViewUtilits/Sources/AppViewUtilits/Helpers/Reachability.swift:8:8: error: Unable to find module dependency: 'SystemConfiguration'
import SystemConfiguration
^
/Users/admin/builder/spi-builder-workspace/.dependencies/checkouts/AppViewUtilits/Sources/AppViewUtilits/Helpers/Reachability.swift:8:8: note: a dependency of main module 'AppViewUtilits'
import SystemConfiguration
^
/Users/admin/builder/spi-builder-workspace/.dependencies/checkouts/AppViewUtilits/Sources/AppViewUtilits/Helpers/Reachability.swift:8:8: error: Unable to find module dependency: 'SystemConfiguration'
import SystemConfiguration
^
/Users/admin/builder/spi-builder-workspace/.dependencies/checkouts/AppViewUtilits/Sources/AppViewUtilits/Helpers/Reachability.swift:8:8: note: a dependency of main module 'AppViewUtilits'
import SystemConfiguration
^
** BUILD FAILED **
The following build commands failed:
SwiftDriver AppViewUtilits normal armv7k com.apple.xcode.tools.swift.compiler (in target 'AppViewUtilits' from project 'AppViewUtilits')
SwiftDriver AppViewUtilits normal arm64_32 com.apple.xcode.tools.swift.compiler (in target 'AppViewUtilits' from project 'AppViewUtilits')
SwiftDriver AppViewUtilits normal arm64 com.apple.xcode.tools.swift.compiler (in target 'AppViewUtilits' from project 'AppViewUtilits')
Building workspace spi-builder-workspace with scheme AlertMaster
(4 failures)
BUILD FAILURE 6.2 watchOS