Build Information
Failed to build OpenCoreGraphics, reference main (df5ab4), with Swift 6.4 for watchOS using Xcode 27.0 on 23 Sep 2026 17:02:23 UTC.
Build Command
env DEVELOPER_DIR=/Applications/Xcode-27.0.0-Release.Candidate.app xcrun xcodebuild -IDEClonedSourcePackagesDirPathOverride=$PWD/.dependencies -skipMacroValidation -skipPackagePluginValidation -derivedDataPath $PWD/.derivedData build -scheme OpenCoreGraphics-Package -destination generic/platform=watchOSBuild Log
cd /Users/admin/builder/spi-builder-workspace/.swiftpm/xcode
builtin-SwiftPerFileCompile CGPoint+Extension.swift
SwiftCompile normal arm64 Compiling\ CGSize+Extension.swift /Users/admin/builder/spi-builder-workspace/Sources/OpenCoreGraphics/CGSize+Extension.swift (in target 'OpenCoreGraphics' from project 'OpenCoreGraphics')
SwiftCompile normal arm64 /Users/admin/builder/spi-builder-workspace/Sources/OpenCoreGraphics/CGSize+Extension.swift (in target 'OpenCoreGraphics' from project 'OpenCoreGraphics')
cd /Users/admin/builder/spi-builder-workspace/.swiftpm/xcode
builtin-SwiftPerFileCompile CGSize+Extension.swift
SwiftCompile normal arm64 Compiling\ CGRect+Extension.swift /Users/admin/builder/spi-builder-workspace/Sources/OpenCoreGraphics/CGRect+Extension.swift (in target 'OpenCoreGraphics' from project 'OpenCoreGraphics')
SwiftCompile normal arm64 /Users/admin/builder/spi-builder-workspace/Sources/OpenCoreGraphics/CGRect+Extension.swift (in target 'OpenCoreGraphics' from project 'OpenCoreGraphics')
cd /Users/admin/builder/spi-builder-workspace/.swiftpm/xcode
builtin-SwiftPerFileCompile CGRect+Extension.swift
SwiftCompile normal arm64 Compiling\ Export.swift /Users/admin/builder/spi-builder-workspace/Sources/OpenCoreGraphicsShims/Export.swift (in target 'OpenCoreGraphicsShims' from project 'OpenCoreGraphics')
SwiftCompile normal arm64 /Users/admin/builder/spi-builder-workspace/Sources/OpenCoreGraphicsShims/Export.swift (in target 'OpenCoreGraphicsShims' from project 'OpenCoreGraphics')
cd /Users/admin/builder/spi-builder-workspace/.swiftpm/xcode
builtin-SwiftPerFileCompile Export.swift
SwiftCompile normal arm64 Compiling\ CGPath.swift /Users/admin/builder/spi-builder-workspace/Sources/OpenCoreGraphics/CGPath.swift (in target 'OpenCoreGraphics' from project 'OpenCoreGraphics')
SwiftCompile normal arm64 /Users/admin/builder/spi-builder-workspace/Sources/OpenCoreGraphics/CGPath.swift (in target 'OpenCoreGraphics' from project 'OpenCoreGraphics')
cd /Users/admin/builder/spi-builder-workspace/.swiftpm/xcode
builtin-SwiftPerFileCompile CGPath.swift
SwiftEmitModule normal arm64_32 Emitting\ module\ for\ OpenCoreGraphicsShims (in target 'OpenCoreGraphicsShims' from project 'OpenCoreGraphics')
SwiftCompile normal arm64_32 (in target 'OpenCoreGraphicsShims' from project 'OpenCoreGraphics')
cd /Users/admin/builder/spi-builder-workspace/.swiftpm/xcode
SwiftDriverJobDiscovery normal arm64 Emitting module for OpenCoreGraphicsShims (in target 'OpenCoreGraphicsShims' from project 'OpenCoreGraphics')
SwiftDriver\ Compilation\ Requirements OpenCoreGraphicsShims normal arm64 com.apple.xcode.tools.swift.compiler (in target 'OpenCoreGraphicsShims' from project 'OpenCoreGraphics')
cd /Users/admin/builder/spi-builder-workspace/.swiftpm/xcode
builtin-Swift-Compilation-Requirements -- /Applications/Xcode-27.0.0-Release.Candidate.app/Contents/Developer/Toolchains/XcodeDefault.xctoolchain/usr/bin/swiftc -parse-as-library -module-name OpenCoreGraphicsShims -Onone @/Users/admin/builder/spi-builder-workspace/.derivedData/Build/Intermediates.noindex/OpenCoreGraphics.build/Debug-watchos/OpenCoreGraphicsShims-t.build/Objects-normal/arm64/OpenCoreGraphicsShims.SwiftFileList -DSWIFT_PACKAGE -DDEBUG -DSWIFT_MODULE_RESOURCE_BUNDLE_UNAVAILABLE -DOPENCOREGRAPHICS_COREGRAPHICS -DXcode -enable-upcoming-feature InternalImportsByDefault -enable-library-evolution -no-verify-emitted-module-interface -plugin-path /Applications/Xcode-27.0.0-Release.Candidate.app/Contents/Developer/Toolchains/XcodeDefault.xctoolchain/usr/lib/swift/host/plugins/testing -enable-experimental-feature DebugDescriptionMacro -sdk /Applications/Xcode-27.0.0-Release.Candidate.app/Contents/Developer/Platforms/WatchOS.platform/Developer/SDKs/WatchOS27.0.sdk -target arm64-apple-watchos9.0 -g -module-cache-path /Users/admin/builder/spi-builder-workspace/.derivedData/ModuleCache.noindex -Xfrontend -serialize-debugging-options -profile-coverage-mapping -profile-generate -enable-testing -index-store-path /Users/admin/builder/spi-builder-workspace/.derivedData/Index.noindex/DataStore -Xcc -D_LIBCPP_HARDENING_MODE\=_LIBCPP_HARDENING_MODE_DEBUG -swift-version 6 -I /Users/admin/builder/spi-builder-workspace/.derivedData/Build/Products/Debug-watchos -Isystem /Applications/Xcode-27.0.0-Release.Candidate.app/Contents/Developer/Platforms/WatchOS.platform/Developer/usr/lib -F /Users/admin/builder/spi-builder-workspace/.derivedData/Build/Products/Debug-watchos -F /Applications/Xcode-27.0.0-Release.Candidate.app/Contents/Developer/Platforms/WatchOS.platform/Developer/Library/Frameworks -F /Applications/Xcode-27.0.0-Release.Candidate.app/Contents/Developer/Platforms/WatchOS.platform/Developer/SDKs/WatchOS27.0.sdk/Developer/Library/Frameworks -c -j10 -enable-batch-mode -incremental -Xcc -ivfsstatcache -Xcc /Users/admin/builder/spi-builder-workspace/.derivedData/SDKStatCaches.noindex/watchos27.0-24R360-e829b21a6f8c9b70876ba0858053c04477534ef55a1706bf4c1112bbb242f0a2.sdkstatcache -output-file-map /Users/admin/builder/spi-builder-workspace/.derivedData/Build/Intermediates.noindex/OpenCoreGraphics.build/Debug-watchos/OpenCoreGraphicsShims-t.build/Objects-normal/arm64/OpenCoreGraphicsShims-OutputFileMap.json -save-temps -no-color-diagnostics -explicit-module-build -module-cache-path /Users/admin/builder/spi-builder-workspace/.derivedData/Build/Intermediates.noindex/SwiftExplicitPrecompiledModules -clang-scanner-module-cache-path /Users/admin/builder/spi-builder-workspace/.derivedData/ModuleCache.noindex -sdk-module-cache-path /Users/admin/builder/spi-builder-workspace/.derivedData/SDKExplicitPrecompiledModules -emit-dependencies -emit-module -emit-module-path /Users/admin/builder/spi-builder-workspace/.derivedData/Build/Intermediates.noindex/OpenCoreGraphics.build/Debug-watchos/OpenCoreGraphicsShims-t.build/Objects-normal/arm64/OpenCoreGraphicsShims.swiftmodule -serialize-diagnostics -dependency-scan-serialize-diagnostics-path /Users/admin/builder/spi-builder-workspace/.derivedData/Build/Intermediates.noindex/OpenCoreGraphics.build/Debug-watchos/OpenCoreGraphicsShims-t.build/Objects-normal/arm64/OpenCoreGraphicsShims-dependency-scan.dia -validate-clang-modules-once -clang-build-session-file /Users/admin/builder/spi-builder-workspace/.derivedData/ModuleCache.noindex/Session.modulevalidation -Xcc -fmodules-prune-interval\=86400 -Xcc -fmodules-prune-after\=345600 -package-name spi_builder_workspace -emit-const-values -const-gather-protocols-list /Users/admin/builder/spi-builder-workspace/.derivedData/Build/Intermediates.noindex/OpenCoreGraphics.build/Debug-watchos/OpenCoreGraphicsShims-t.build/Objects-normal/arm64/OpenCoreGraphicsShims_const_extract_protocols.json -Xcc -I/Users/admin/builder/spi-builder-workspace/.derivedData/Build/Products/Debug-watchos/include -Xcc -I/Users/admin/builder/spi-builder-workspace/.derivedData/Build/Intermediates.noindex/OpenCoreGraphics.build/Debug-watchos/OpenCoreGraphicsShims-t.build/DerivedSources-normal/arm64 -Xcc -I/Users/admin/builder/spi-builder-workspace/.derivedData/Build/Intermediates.noindex/OpenCoreGraphics.build/Debug-watchos/OpenCoreGraphicsShims-t.build/DerivedSources/arm64 -Xcc -I/Users/admin/builder/spi-builder-workspace/.derivedData/Build/Intermediates.noindex/OpenCoreGraphics.build/Debug-watchos/OpenCoreGraphicsShims-t.build/DerivedSources -Xcc -DSWIFT_PACKAGE -Xcc -DDEBUG\=1 -emit-objc-header -emit-objc-header-path /Users/admin/builder/spi-builder-workspace/.derivedData/Build/Intermediates.noindex/OpenCoreGraphics.build/Debug-watchos/OpenCoreGraphicsShims-t.build/Objects-normal/arm64/OpenCoreGraphicsShims-Swift.h -working-directory /Users/admin/builder/spi-builder-workspace/.swiftpm/xcode -experimental-emit-module-separately -disable-cmo
SwiftEmitModule normal arm64 Emitting\ module\ for\ OpenQuartzCoreShims (in target 'OpenQuartzCoreShims' from project 'OpenCoreGraphics')
SwiftCompile normal arm64 (in target 'OpenQuartzCoreShims' from project 'OpenCoreGraphics')
cd /Users/admin/builder/spi-builder-workspace/.swiftpm/xcode
SwiftDriverJobDiscovery normal arm64 Emitting module for OpenCoreGraphics (in target 'OpenCoreGraphics' from project 'OpenCoreGraphics')
Copy /Users/admin/builder/spi-builder-workspace/.derivedData/Build/Products/Debug-watchos/OpenCoreGraphicsShims.swiftmodule/arm64-apple-watchos.swiftmodule /Users/admin/builder/spi-builder-workspace/.derivedData/Build/Intermediates.noindex/OpenCoreGraphics.build/Debug-watchos/OpenCoreGraphicsShims-t.build/Objects-normal/arm64/OpenCoreGraphicsShims.swiftmodule (in target 'OpenCoreGraphicsShims' from project 'OpenCoreGraphics')
cd /Users/admin/builder/spi-builder-workspace
builtin-copy -exclude .DS_Store -exclude CVS -exclude .svn -exclude .git -exclude .hg -resolve-src-symlinks -rename /Users/admin/builder/spi-builder-workspace/.derivedData/Build/Intermediates.noindex/OpenCoreGraphics.build/Debug-watchos/OpenCoreGraphicsShims-t.build/Objects-normal/arm64/OpenCoreGraphicsShims.swiftmodule /Users/admin/builder/spi-builder-workspace/.derivedData/Build/Products/Debug-watchos/OpenCoreGraphicsShims.swiftmodule/arm64-apple-watchos.swiftmodule
Copy /Users/admin/builder/spi-builder-workspace/.derivedData/Build/Products/Debug-watchos/OpenCoreGraphicsShims.swiftmodule/arm64-apple-watchos.swiftdoc /Users/admin/builder/spi-builder-workspace/.derivedData/Build/Intermediates.noindex/OpenCoreGraphics.build/Debug-watchos/OpenCoreGraphicsShims-t.build/Objects-normal/arm64/OpenCoreGraphicsShims.swiftdoc (in target 'OpenCoreGraphicsShims' from project 'OpenCoreGraphics')
cd /Users/admin/builder/spi-builder-workspace
builtin-copy -exclude .DS_Store -exclude CVS -exclude .svn -exclude .git -exclude .hg -resolve-src-symlinks -rename /Users/admin/builder/spi-builder-workspace/.derivedData/Build/Intermediates.noindex/OpenCoreGraphics.build/Debug-watchos/OpenCoreGraphicsShims-t.build/Objects-normal/arm64/OpenCoreGraphicsShims.swiftdoc /Users/admin/builder/spi-builder-workspace/.derivedData/Build/Products/Debug-watchos/OpenCoreGraphicsShims.swiftmodule/arm64-apple-watchos.swiftdoc
SwiftDriverJobDiscovery normal arm64_32 Emitting module for OpenCoreGraphicsShims (in target 'OpenCoreGraphicsShims' from project 'OpenCoreGraphics')
SwiftDriver\ Compilation\ Requirements OpenCoreGraphicsShims normal arm64_32 com.apple.xcode.tools.swift.compiler (in target 'OpenCoreGraphicsShims' from project 'OpenCoreGraphics')
cd /Users/admin/builder/spi-builder-workspace/.swiftpm/xcode
builtin-Swift-Compilation-Requirements -- /Applications/Xcode-27.0.0-Release.Candidate.app/Contents/Developer/Toolchains/XcodeDefault.xctoolchain/usr/bin/swiftc -parse-as-library -module-name OpenCoreGraphicsShims -Onone @/Users/admin/builder/spi-builder-workspace/.derivedData/Build/Intermediates.noindex/OpenCoreGraphics.build/Debug-watchos/OpenCoreGraphicsShims-t.build/Objects-normal/arm64_32/OpenCoreGraphicsShims.SwiftFileList -DSWIFT_PACKAGE -DDEBUG -DSWIFT_MODULE_RESOURCE_BUNDLE_UNAVAILABLE -DOPENCOREGRAPHICS_COREGRAPHICS -DXcode -enable-upcoming-feature InternalImportsByDefault -enable-library-evolution -no-verify-emitted-module-interface -plugin-path /Applications/Xcode-27.0.0-Release.Candidate.app/Contents/Developer/Toolchains/XcodeDefault.xctoolchain/usr/lib/swift/host/plugins/testing -enable-experimental-feature DebugDescriptionMacro -sdk /Applications/Xcode-27.0.0-Release.Candidate.app/Contents/Developer/Platforms/WatchOS.platform/Developer/SDKs/WatchOS27.0.sdk -target arm64_32-apple-watchos9.0 -g -module-cache-path /Users/admin/builder/spi-builder-workspace/.derivedData/ModuleCache.noindex -Xfrontend -serialize-debugging-options -profile-coverage-mapping -profile-generate -enable-testing -index-store-path /Users/admin/builder/spi-builder-workspace/.derivedData/Index.noindex/DataStore -Xcc -D_LIBCPP_HARDENING_MODE\=_LIBCPP_HARDENING_MODE_DEBUG -swift-version 6 -I /Users/admin/builder/spi-builder-workspace/.derivedData/Build/Products/Debug-watchos -Isystem /Applications/Xcode-27.0.0-Release.Candidate.app/Contents/Developer/Platforms/WatchOS.platform/Developer/usr/lib -F /Users/admin/builder/spi-builder-workspace/.derivedData/Build/Products/Debug-watchos -F /Applications/Xcode-27.0.0-Release.Candidate.app/Contents/Developer/Platforms/WatchOS.platform/Developer/Library/Frameworks -F /Applications/Xcode-27.0.0-Release.Candidate.app/Contents/Developer/Platforms/WatchOS.platform/Developer/SDKs/WatchOS27.0.sdk/Developer/Library/Frameworks -c -j10 -enable-batch-mode -incremental -Xcc -ivfsstatcache -Xcc /Users/admin/builder/spi-builder-workspace/.derivedData/SDKStatCaches.noindex/watchos27.0-24R360-e829b21a6f8c9b70876ba0858053c04477534ef55a1706bf4c1112bbb242f0a2.sdkstatcache -output-file-map /Users/admin/builder/spi-builder-workspace/.derivedData/Build/Intermediates.noindex/OpenCoreGraphics.build/Debug-watchos/OpenCoreGraphicsShims-t.build/Objects-normal/arm64_32/OpenCoreGraphicsShims-OutputFileMap.json -save-temps -no-color-diagnostics -explicit-module-build -module-cache-path /Users/admin/builder/spi-builder-workspace/.derivedData/Build/Intermediates.noindex/SwiftExplicitPrecompiledModules -clang-scanner-module-cache-path /Users/admin/builder/spi-builder-workspace/.derivedData/ModuleCache.noindex -sdk-module-cache-path /Users/admin/builder/spi-builder-workspace/.derivedData/SDKExplicitPrecompiledModules -emit-dependencies -emit-module -emit-module-path /Users/admin/builder/spi-builder-workspace/.derivedData/Build/Intermediates.noindex/OpenCoreGraphics.build/Debug-watchos/OpenCoreGraphicsShims-t.build/Objects-normal/arm64_32/OpenCoreGraphicsShims.swiftmodule -serialize-diagnostics -dependency-scan-serialize-diagnostics-path /Users/admin/builder/spi-builder-workspace/.derivedData/Build/Intermediates.noindex/OpenCoreGraphics.build/Debug-watchos/OpenCoreGraphicsShims-t.build/Objects-normal/arm64_32/OpenCoreGraphicsShims-dependency-scan.dia -validate-clang-modules-once -clang-build-session-file /Users/admin/builder/spi-builder-workspace/.derivedData/ModuleCache.noindex/Session.modulevalidation -Xcc -fmodules-prune-interval\=86400 -Xcc -fmodules-prune-after\=345600 -package-name spi_builder_workspace -emit-const-values -const-gather-protocols-list /Users/admin/builder/spi-builder-workspace/.derivedData/Build/Intermediates.noindex/OpenCoreGraphics.build/Debug-watchos/OpenCoreGraphicsShims-t.build/Objects-normal/arm64_32/OpenCoreGraphicsShims_const_extract_protocols.json -Xcc -I/Users/admin/builder/spi-builder-workspace/.derivedData/Build/Products/Debug-watchos/include -Xcc -I/Users/admin/builder/spi-builder-workspace/.derivedData/Build/Intermediates.noindex/OpenCoreGraphics.build/Debug-watchos/OpenCoreGraphicsShims-t.build/DerivedSources-normal/arm64_32 -Xcc -I/Users/admin/builder/spi-builder-workspace/.derivedData/Build/Intermediates.noindex/OpenCoreGraphics.build/Debug-watchos/OpenCoreGraphicsShims-t.build/DerivedSources/arm64_32 -Xcc -I/Users/admin/builder/spi-builder-workspace/.derivedData/Build/Intermediates.noindex/OpenCoreGraphics.build/Debug-watchos/OpenCoreGraphicsShims-t.build/DerivedSources -Xcc -DSWIFT_PACKAGE -Xcc -DDEBUG\=1 -emit-objc-header -emit-objc-header-path /Users/admin/builder/spi-builder-workspace/.derivedData/Build/Intermediates.noindex/OpenCoreGraphics.build/Debug-watchos/OpenCoreGraphicsShims-t.build/Objects-normal/arm64_32/OpenCoreGraphicsShims-Swift.h -working-directory /Users/admin/builder/spi-builder-workspace/.swiftpm/xcode -experimental-emit-module-separately -disable-cmo
Copy /Users/admin/builder/spi-builder-workspace/.derivedData/Build/Products/Debug-watchos/OpenCoreGraphicsShims.swiftmodule/arm64-apple-watchos.abi.json /Users/admin/builder/spi-builder-workspace/.derivedData/Build/Intermediates.noindex/OpenCoreGraphics.build/Debug-watchos/OpenCoreGraphicsShims-t.build/Objects-normal/arm64/OpenCoreGraphicsShims.abi.json (in target 'OpenCoreGraphicsShims' from project 'OpenCoreGraphics')
cd /Users/admin/builder/spi-builder-workspace
builtin-copy -exclude .DS_Store -exclude CVS -exclude .svn -exclude .git -exclude .hg -resolve-src-symlinks -rename /Users/admin/builder/spi-builder-workspace/.derivedData/Build/Intermediates.noindex/OpenCoreGraphics.build/Debug-watchos/OpenCoreGraphicsShims-t.build/Objects-normal/arm64/OpenCoreGraphicsShims.abi.json /Users/admin/builder/spi-builder-workspace/.derivedData/Build/Products/Debug-watchos/OpenCoreGraphicsShims.swiftmodule/arm64-apple-watchos.abi.json
Copy /Users/admin/builder/spi-builder-workspace/.derivedData/Build/Products/Debug-watchos/OpenCoreGraphicsShims.swiftmodule/Project/arm64-apple-watchos.swiftsourceinfo /Users/admin/builder/spi-builder-workspace/.derivedData/Build/Intermediates.noindex/OpenCoreGraphics.build/Debug-watchos/OpenCoreGraphicsShims-t.build/Objects-normal/arm64/OpenCoreGraphicsShims.swiftsourceinfo (in target 'OpenCoreGraphicsShims' from project 'OpenCoreGraphics')
cd /Users/admin/builder/spi-builder-workspace
builtin-copy -exclude .DS_Store -exclude CVS -exclude .svn -exclude .git -exclude .hg -resolve-src-symlinks -rename /Users/admin/builder/spi-builder-workspace/.derivedData/Build/Intermediates.noindex/OpenCoreGraphics.build/Debug-watchos/OpenCoreGraphicsShims-t.build/Objects-normal/arm64/OpenCoreGraphicsShims.swiftsourceinfo /Users/admin/builder/spi-builder-workspace/.derivedData/Build/Products/Debug-watchos/OpenCoreGraphicsShims.swiftmodule/Project/arm64-apple-watchos.swiftsourceinfo
SwiftMergeGeneratedHeaders /Users/admin/builder/spi-builder-workspace/.derivedData/Build/Intermediates.noindex/GeneratedModuleMaps-watchos/OpenCoreGraphicsShims-Swift.h /Users/admin/builder/spi-builder-workspace/.derivedData/Build/Intermediates.noindex/OpenCoreGraphics.build/Debug-watchos/OpenCoreGraphicsShims-t.build/Objects-normal/arm64/OpenCoreGraphicsShims-Swift.h /Users/admin/builder/spi-builder-workspace/.derivedData/Build/Intermediates.noindex/OpenCoreGraphics.build/Debug-watchos/OpenCoreGraphicsShims-t.build/Objects-normal/arm64_32/OpenCoreGraphicsShims-Swift.h (in target 'OpenCoreGraphicsShims' from project 'OpenCoreGraphics')
cd /Users/admin/builder/spi-builder-workspace
builtin-swiftHeaderTool -arch arm64 /Users/admin/builder/spi-builder-workspace/.derivedData/Build/Intermediates.noindex/OpenCoreGraphics.build/Debug-watchos/OpenCoreGraphicsShims-t.build/Objects-normal/arm64/OpenCoreGraphicsShims-Swift.h -arch arm64_32 /Users/admin/builder/spi-builder-workspace/.derivedData/Build/Intermediates.noindex/OpenCoreGraphics.build/Debug-watchos/OpenCoreGraphicsShims-t.build/Objects-normal/arm64_32/OpenCoreGraphicsShims-Swift.h -o /Users/admin/builder/spi-builder-workspace/.derivedData/Build/Intermediates.noindex/GeneratedModuleMaps-watchos/OpenCoreGraphicsShims-Swift.h
Copy /Users/admin/builder/spi-builder-workspace/.derivedData/Build/Products/Debug-watchos/OpenCoreGraphicsShims.swiftmodule/arm64_32-apple-watchos.swiftmodule /Users/admin/builder/spi-builder-workspace/.derivedData/Build/Intermediates.noindex/OpenCoreGraphics.build/Debug-watchos/OpenCoreGraphicsShims-t.build/Objects-normal/arm64_32/OpenCoreGraphicsShims.swiftmodule (in target 'OpenCoreGraphicsShims' from project 'OpenCoreGraphics')
cd /Users/admin/builder/spi-builder-workspace
builtin-copy -exclude .DS_Store -exclude CVS -exclude .svn -exclude .git -exclude .hg -resolve-src-symlinks -rename /Users/admin/builder/spi-builder-workspace/.derivedData/Build/Intermediates.noindex/OpenCoreGraphics.build/Debug-watchos/OpenCoreGraphicsShims-t.build/Objects-normal/arm64_32/OpenCoreGraphicsShims.swiftmodule /Users/admin/builder/spi-builder-workspace/.derivedData/Build/Products/Debug-watchos/OpenCoreGraphicsShims.swiftmodule/arm64_32-apple-watchos.swiftmodule
Copy /Users/admin/builder/spi-builder-workspace/.derivedData/Build/Products/Debug-watchos/OpenCoreGraphicsShims.swiftmodule/arm64_32-apple-watchos.swiftdoc /Users/admin/builder/spi-builder-workspace/.derivedData/Build/Intermediates.noindex/OpenCoreGraphics.build/Debug-watchos/OpenCoreGraphicsShims-t.build/Objects-normal/arm64_32/OpenCoreGraphicsShims.swiftdoc (in target 'OpenCoreGraphicsShims' from project 'OpenCoreGraphics')
cd /Users/admin/builder/spi-builder-workspace
builtin-copy -exclude .DS_Store -exclude CVS -exclude .svn -exclude .git -exclude .hg -resolve-src-symlinks -rename /Users/admin/builder/spi-builder-workspace/.derivedData/Build/Intermediates.noindex/OpenCoreGraphics.build/Debug-watchos/OpenCoreGraphicsShims-t.build/Objects-normal/arm64_32/OpenCoreGraphicsShims.swiftdoc /Users/admin/builder/spi-builder-workspace/.derivedData/Build/Products/Debug-watchos/OpenCoreGraphicsShims.swiftmodule/arm64_32-apple-watchos.swiftdoc
Copy /Users/admin/builder/spi-builder-workspace/.derivedData/Build/Products/Debug-watchos/OpenCoreGraphicsShims.swiftmodule/arm64_32-apple-watchos.abi.json /Users/admin/builder/spi-builder-workspace/.derivedData/Build/Intermediates.noindex/OpenCoreGraphics.build/Debug-watchos/OpenCoreGraphicsShims-t.build/Objects-normal/arm64_32/OpenCoreGraphicsShims.abi.json (in target 'OpenCoreGraphicsShims' from project 'OpenCoreGraphics')
cd /Users/admin/builder/spi-builder-workspace
builtin-copy -exclude .DS_Store -exclude CVS -exclude .svn -exclude .git -exclude .hg -resolve-src-symlinks -rename /Users/admin/builder/spi-builder-workspace/.derivedData/Build/Intermediates.noindex/OpenCoreGraphics.build/Debug-watchos/OpenCoreGraphicsShims-t.build/Objects-normal/arm64_32/OpenCoreGraphicsShims.abi.json /Users/admin/builder/spi-builder-workspace/.derivedData/Build/Products/Debug-watchos/OpenCoreGraphicsShims.swiftmodule/arm64_32-apple-watchos.abi.json
Copy /Users/admin/builder/spi-builder-workspace/.derivedData/Build/Products/Debug-watchos/OpenCoreGraphicsShims.swiftmodule/Project/arm64_32-apple-watchos.swiftsourceinfo /Users/admin/builder/spi-builder-workspace/.derivedData/Build/Intermediates.noindex/OpenCoreGraphics.build/Debug-watchos/OpenCoreGraphicsShims-t.build/Objects-normal/arm64_32/OpenCoreGraphicsShims.swiftsourceinfo (in target 'OpenCoreGraphicsShims' from project 'OpenCoreGraphics')
cd /Users/admin/builder/spi-builder-workspace
builtin-copy -exclude .DS_Store -exclude CVS -exclude .svn -exclude .git -exclude .hg -resolve-src-symlinks -rename /Users/admin/builder/spi-builder-workspace/.derivedData/Build/Intermediates.noindex/OpenCoreGraphics.build/Debug-watchos/OpenCoreGraphicsShims-t.build/Objects-normal/arm64_32/OpenCoreGraphicsShims.swiftsourceinfo /Users/admin/builder/spi-builder-workspace/.derivedData/Build/Products/Debug-watchos/OpenCoreGraphicsShims.swiftmodule/Project/arm64_32-apple-watchos.swiftsourceinfo
SwiftDriver\ Compilation\ Requirements OpenCoreGraphics normal arm64 com.apple.xcode.tools.swift.compiler (in target 'OpenCoreGraphics' from project 'OpenCoreGraphics')
cd /Users/admin/builder/spi-builder-workspace/.swiftpm/xcode
builtin-Swift-Compilation-Requirements -- /Applications/Xcode-27.0.0-Release.Candidate.app/Contents/Developer/Toolchains/XcodeDefault.xctoolchain/usr/bin/swiftc -parse-as-library -module-name OpenCoreGraphics -Onone @/Users/admin/builder/spi-builder-workspace/.derivedData/Build/Intermediates.noindex/OpenCoreGraphics.build/Debug-watchos/OpenCoreGraphics-t.build/Objects-normal/arm64/OpenCoreGraphics.SwiftFileList -DSWIFT_PACKAGE -DDEBUG -DSWIFT_MODULE_RESOURCE_BUNDLE_UNAVAILABLE -DOPENCOREGRAPHICS_COREGRAPHICS -DXcode -enable-upcoming-feature InternalImportsByDefault -enable-library-evolution -no-verify-emitted-module-interface -plugin-path /Applications/Xcode-27.0.0-Release.Candidate.app/Contents/Developer/Toolchains/XcodeDefault.xctoolchain/usr/lib/swift/host/plugins/testing -enable-experimental-feature DebugDescriptionMacro -sdk /Applications/Xcode-27.0.0-Release.Candidate.app/Contents/Developer/Platforms/WatchOS.platform/Developer/SDKs/WatchOS27.0.sdk -target arm64-apple-watchos9.0 -g -module-cache-path /Users/admin/builder/spi-builder-workspace/.derivedData/ModuleCache.noindex -Xfrontend -serialize-debugging-options -profile-coverage-mapping -profile-generate -enable-testing -index-store-path /Users/admin/builder/spi-builder-workspace/.derivedData/Index.noindex/DataStore -Xcc -D_LIBCPP_HARDENING_MODE\=_LIBCPP_HARDENING_MODE_DEBUG -swift-version 6 -I /Users/admin/builder/spi-builder-workspace/.derivedData/Build/Products/Debug-watchos -Isystem /Applications/Xcode-27.0.0-Release.Candidate.app/Contents/Developer/Platforms/WatchOS.platform/Developer/usr/lib -F /Users/admin/builder/spi-builder-workspace/.derivedData/Build/Products/Debug-watchos -F /Applications/Xcode-27.0.0-Release.Candidate.app/Contents/Developer/Platforms/WatchOS.platform/Developer/Library/Frameworks -F /Applications/Xcode-27.0.0-Release.Candidate.app/Contents/Developer/Platforms/WatchOS.platform/Developer/SDKs/WatchOS27.0.sdk/Developer/Library/Frameworks -c -j10 -enable-batch-mode -incremental -Xcc -ivfsstatcache -Xcc /Users/admin/builder/spi-builder-workspace/.derivedData/SDKStatCaches.noindex/watchos27.0-24R360-e829b21a6f8c9b70876ba0858053c04477534ef55a1706bf4c1112bbb242f0a2.sdkstatcache -output-file-map /Users/admin/builder/spi-builder-workspace/.derivedData/Build/Intermediates.noindex/OpenCoreGraphics.build/Debug-watchos/OpenCoreGraphics-t.build/Objects-normal/arm64/OpenCoreGraphics-OutputFileMap.json -save-temps -no-color-diagnostics -explicit-module-build -module-cache-path /Users/admin/builder/spi-builder-workspace/.derivedData/Build/Intermediates.noindex/SwiftExplicitPrecompiledModules -clang-scanner-module-cache-path /Users/admin/builder/spi-builder-workspace/.derivedData/ModuleCache.noindex -sdk-module-cache-path /Users/admin/builder/spi-builder-workspace/.derivedData/SDKExplicitPrecompiledModules -emit-dependencies -emit-module -emit-module-path /Users/admin/builder/spi-builder-workspace/.derivedData/Build/Intermediates.noindex/OpenCoreGraphics.build/Debug-watchos/OpenCoreGraphics-t.build/Objects-normal/arm64/OpenCoreGraphics.swiftmodule -serialize-diagnostics -dependency-scan-serialize-diagnostics-path /Users/admin/builder/spi-builder-workspace/.derivedData/Build/Intermediates.noindex/OpenCoreGraphics.build/Debug-watchos/OpenCoreGraphics-t.build/Objects-normal/arm64/OpenCoreGraphics-dependency-scan.dia -validate-clang-modules-once -clang-build-session-file /Users/admin/builder/spi-builder-workspace/.derivedData/ModuleCache.noindex/Session.modulevalidation -Xcc -fmodules-prune-interval\=86400 -Xcc -fmodules-prune-after\=345600 -package-name spi_builder_workspace -emit-const-values -const-gather-protocols-list /Users/admin/builder/spi-builder-workspace/.derivedData/Build/Intermediates.noindex/OpenCoreGraphics.build/Debug-watchos/OpenCoreGraphics-t.build/Objects-normal/arm64/OpenCoreGraphics_const_extract_protocols.json -Xcc -I/Users/admin/builder/spi-builder-workspace/.derivedData/Build/Products/Debug-watchos/include -Xcc -I/Users/admin/builder/spi-builder-workspace/.derivedData/Build/Intermediates.noindex/OpenCoreGraphics.build/Debug-watchos/OpenCoreGraphics-t.build/DerivedSources-normal/arm64 -Xcc -I/Users/admin/builder/spi-builder-workspace/.derivedData/Build/Intermediates.noindex/OpenCoreGraphics.build/Debug-watchos/OpenCoreGraphics-t.build/DerivedSources/arm64 -Xcc -I/Users/admin/builder/spi-builder-workspace/.derivedData/Build/Intermediates.noindex/OpenCoreGraphics.build/Debug-watchos/OpenCoreGraphics-t.build/DerivedSources -Xcc -DSWIFT_PACKAGE -Xcc -DDEBUG\=1 -emit-objc-header -emit-objc-header-path /Users/admin/builder/spi-builder-workspace/.derivedData/Build/Intermediates.noindex/OpenCoreGraphics.build/Debug-watchos/OpenCoreGraphics-t.build/Objects-normal/arm64/OpenCoreGraphics-Swift.h -working-directory /Users/admin/builder/spi-builder-workspace/.swiftpm/xcode -experimental-emit-module-separately -disable-cmo
SwiftEmitModule normal arm64_32 Emitting\ module\ for\ OpenCoreGraphics (in target 'OpenCoreGraphics' from project 'OpenCoreGraphics')
SwiftCompile normal arm64_32 (in target 'OpenCoreGraphics' from project 'OpenCoreGraphics')
cd /Users/admin/builder/spi-builder-workspace/.swiftpm/xcode
SwiftExplicitDependencyGeneratePcm arm64_32 /Users/admin/builder/spi-builder-workspace/.derivedData/SDKExplicitPrecompiledModules/QuartzCore-72UYR37X0O2APTD1XMSJ20X5X.pcm
SwiftDriverJobDiscovery normal arm64 Emitting module for OpenQuartzCoreShims (in target 'OpenQuartzCoreShims' from project 'OpenCoreGraphics')
Copy /Users/admin/builder/spi-builder-workspace/.derivedData/Build/Products/Debug-watchos/OpenCoreGraphics.swiftmodule/arm64-apple-watchos.swiftmodule /Users/admin/builder/spi-builder-workspace/.derivedData/Build/Intermediates.noindex/OpenCoreGraphics.build/Debug-watchos/OpenCoreGraphics-t.build/Objects-normal/arm64/OpenCoreGraphics.swiftmodule (in target 'OpenCoreGraphics' from project 'OpenCoreGraphics')
cd /Users/admin/builder/spi-builder-workspace
builtin-copy -exclude .DS_Store -exclude CVS -exclude .svn -exclude .git -exclude .hg -resolve-src-symlinks -rename /Users/admin/builder/spi-builder-workspace/.derivedData/Build/Intermediates.noindex/OpenCoreGraphics.build/Debug-watchos/OpenCoreGraphics-t.build/Objects-normal/arm64/OpenCoreGraphics.swiftmodule /Users/admin/builder/spi-builder-workspace/.derivedData/Build/Products/Debug-watchos/OpenCoreGraphics.swiftmodule/arm64-apple-watchos.swiftmodule
SwiftDriver\ Compilation\ Requirements OpenQuartzCoreShims normal arm64 com.apple.xcode.tools.swift.compiler (in target 'OpenQuartzCoreShims' from project 'OpenCoreGraphics')
cd /Users/admin/builder/spi-builder-workspace/.swiftpm/xcode
builtin-Swift-Compilation-Requirements -- /Applications/Xcode-27.0.0-Release.Candidate.app/Contents/Developer/Toolchains/XcodeDefault.xctoolchain/usr/bin/swiftc -parse-as-library -module-name OpenQuartzCoreShims -Onone @/Users/admin/builder/spi-builder-workspace/.derivedData/Build/Intermediates.noindex/OpenCoreGraphics.build/Debug-watchos/OpenQuartzCoreShims-t.build/Objects-normal/arm64/OpenQuartzCoreShims.SwiftFileList -DSWIFT_PACKAGE -DDEBUG -DSWIFT_MODULE_RESOURCE_BUNDLE_UNAVAILABLE -DOPENCOREGRAPHICS_COREGRAPHICS -DXcode -enable-upcoming-feature InternalImportsByDefault -enable-library-evolution -no-verify-emitted-module-interface -plugin-path /Applications/Xcode-27.0.0-Release.Candidate.app/Contents/Developer/Toolchains/XcodeDefault.xctoolchain/usr/lib/swift/host/plugins/testing -enable-experimental-feature DebugDescriptionMacro -sdk /Applications/Xcode-27.0.0-Release.Candidate.app/Contents/Developer/Platforms/WatchOS.platform/Developer/SDKs/WatchOS27.0.sdk -target arm64-apple-watchos9.0 -g -module-cache-path /Users/admin/builder/spi-builder-workspace/.derivedData/ModuleCache.noindex -Xfrontend -serialize-debugging-options -profile-coverage-mapping -profile-generate -enable-testing -index-store-path /Users/admin/builder/spi-builder-workspace/.derivedData/Index.noindex/DataStore -Xcc -D_LIBCPP_HARDENING_MODE\=_LIBCPP_HARDENING_MODE_DEBUG -swift-version 6 -I /Users/admin/builder/spi-builder-workspace/.derivedData/Build/Products/Debug-watchos -Isystem /Applications/Xcode-27.0.0-Release.Candidate.app/Contents/Developer/Platforms/WatchOS.platform/Developer/usr/lib -F /Users/admin/builder/spi-builder-workspace/.derivedData/Build/Products/Debug-watchos -F /Applications/Xcode-27.0.0-Release.Candidate.app/Contents/Developer/Platforms/WatchOS.platform/Developer/Library/Frameworks -F /Applications/Xcode-27.0.0-Release.Candidate.app/Contents/Developer/Platforms/WatchOS.platform/Developer/SDKs/WatchOS27.0.sdk/Developer/Library/Frameworks -c -j10 -enable-batch-mode -incremental -Xcc -ivfsstatcache -Xcc /Users/admin/builder/spi-builder-workspace/.derivedData/SDKStatCaches.noindex/watchos27.0-24R360-e829b21a6f8c9b70876ba0858053c04477534ef55a1706bf4c1112bbb242f0a2.sdkstatcache -output-file-map /Users/admin/builder/spi-builder-workspace/.derivedData/Build/Intermediates.noindex/OpenCoreGraphics.build/Debug-watchos/OpenQuartzCoreShims-t.build/Objects-normal/arm64/OpenQuartzCoreShims-OutputFileMap.json -save-temps -no-color-diagnostics -explicit-module-build -module-cache-path /Users/admin/builder/spi-builder-workspace/.derivedData/Build/Intermediates.noindex/SwiftExplicitPrecompiledModules -clang-scanner-module-cache-path /Users/admin/builder/spi-builder-workspace/.derivedData/ModuleCache.noindex -sdk-module-cache-path /Users/admin/builder/spi-builder-workspace/.derivedData/SDKExplicitPrecompiledModules -emit-dependencies -emit-module -emit-module-path /Users/admin/builder/spi-builder-workspace/.derivedData/Build/Intermediates.noindex/OpenCoreGraphics.build/Debug-watchos/OpenQuartzCoreShims-t.build/Objects-normal/arm64/OpenQuartzCoreShims.swiftmodule -serialize-diagnostics -dependency-scan-serialize-diagnostics-path /Users/admin/builder/spi-builder-workspace/.derivedData/Build/Intermediates.noindex/OpenCoreGraphics.build/Debug-watchos/OpenQuartzCoreShims-t.build/Objects-normal/arm64/OpenQuartzCoreShims-dependency-scan.dia -validate-clang-modules-once -clang-build-session-file /Users/admin/builder/spi-builder-workspace/.derivedData/ModuleCache.noindex/Session.modulevalidation -Xcc -fmodules-prune-interval\=86400 -Xcc -fmodules-prune-after\=345600 -package-name spi_builder_workspace -emit-const-values -const-gather-protocols-list /Users/admin/builder/spi-builder-workspace/.derivedData/Build/Intermediates.noindex/OpenCoreGraphics.build/Debug-watchos/OpenQuartzCoreShims-t.build/Objects-normal/arm64/OpenQuartzCoreShims_const_extract_protocols.json -Xcc -I/Users/admin/builder/spi-builder-workspace/.derivedData/Build/Products/Debug-watchos/include -Xcc -I/Users/admin/builder/spi-builder-workspace/.derivedData/Build/Intermediates.noindex/OpenCoreGraphics.build/Debug-watchos/OpenQuartzCoreShims-t.build/DerivedSources-normal/arm64 -Xcc -I/Users/admin/builder/spi-builder-workspace/.derivedData/Build/Intermediates.noindex/OpenCoreGraphics.build/Debug-watchos/OpenQuartzCoreShims-t.build/DerivedSources/arm64 -Xcc -I/Users/admin/builder/spi-builder-workspace/.derivedData/Build/Intermediates.noindex/OpenCoreGraphics.build/Debug-watchos/OpenQuartzCoreShims-t.build/DerivedSources -Xcc -DSWIFT_PACKAGE -Xcc -DDEBUG\=1 -emit-objc-header -emit-objc-header-path /Users/admin/builder/spi-builder-workspace/.derivedData/Build/Intermediates.noindex/OpenCoreGraphics.build/Debug-watchos/OpenQuartzCoreShims-t.build/Objects-normal/arm64/OpenQuartzCoreShims-Swift.h -working-directory /Users/admin/builder/spi-builder-workspace/.swiftpm/xcode -experimental-emit-module-separately -disable-cmo
Copy /Users/admin/builder/spi-builder-workspace/.derivedData/Build/Products/Debug-watchos/OpenCoreGraphics.swiftmodule/arm64-apple-watchos.swiftdoc /Users/admin/builder/spi-builder-workspace/.derivedData/Build/Intermediates.noindex/OpenCoreGraphics.build/Debug-watchos/OpenCoreGraphics-t.build/Objects-normal/arm64/OpenCoreGraphics.swiftdoc (in target 'OpenCoreGraphics' from project 'OpenCoreGraphics')
cd /Users/admin/builder/spi-builder-workspace
builtin-copy -exclude .DS_Store -exclude CVS -exclude .svn -exclude .git -exclude .hg -resolve-src-symlinks -rename /Users/admin/builder/spi-builder-workspace/.derivedData/Build/Intermediates.noindex/OpenCoreGraphics.build/Debug-watchos/OpenCoreGraphics-t.build/Objects-normal/arm64/OpenCoreGraphics.swiftdoc /Users/admin/builder/spi-builder-workspace/.derivedData/Build/Products/Debug-watchos/OpenCoreGraphics.swiftmodule/arm64-apple-watchos.swiftdoc
Copy /Users/admin/builder/spi-builder-workspace/.derivedData/Build/Products/Debug-watchos/OpenQuartzCoreShims.swiftmodule/arm64-apple-watchos.swiftmodule /Users/admin/builder/spi-builder-workspace/.derivedData/Build/Intermediates.noindex/OpenCoreGraphics.build/Debug-watchos/OpenQuartzCoreShims-t.build/Objects-normal/arm64/OpenQuartzCoreShims.swiftmodule (in target 'OpenQuartzCoreShims' from project 'OpenCoreGraphics')
cd /Users/admin/builder/spi-builder-workspace
builtin-copy -exclude .DS_Store -exclude CVS -exclude .svn -exclude .git -exclude .hg -resolve-src-symlinks -rename /Users/admin/builder/spi-builder-workspace/.derivedData/Build/Intermediates.noindex/OpenCoreGraphics.build/Debug-watchos/OpenQuartzCoreShims-t.build/Objects-normal/arm64/OpenQuartzCoreShims.swiftmodule /Users/admin/builder/spi-builder-workspace/.derivedData/Build/Products/Debug-watchos/OpenQuartzCoreShims.swiftmodule/arm64-apple-watchos.swiftmodule
Copy /Users/admin/builder/spi-builder-workspace/.derivedData/Build/Products/Debug-watchos/OpenQuartzCoreShims.swiftmodule/arm64-apple-watchos.swiftdoc /Users/admin/builder/spi-builder-workspace/.derivedData/Build/Intermediates.noindex/OpenCoreGraphics.build/Debug-watchos/OpenQuartzCoreShims-t.build/Objects-normal/arm64/OpenQuartzCoreShims.swiftdoc (in target 'OpenQuartzCoreShims' from project 'OpenCoreGraphics')
cd /Users/admin/builder/spi-builder-workspace
builtin-copy -exclude .DS_Store -exclude CVS -exclude .svn -exclude .git -exclude .hg -resolve-src-symlinks -rename /Users/admin/builder/spi-builder-workspace/.derivedData/Build/Intermediates.noindex/OpenCoreGraphics.build/Debug-watchos/OpenQuartzCoreShims-t.build/Objects-normal/arm64/OpenQuartzCoreShims.swiftdoc /Users/admin/builder/spi-builder-workspace/.derivedData/Build/Products/Debug-watchos/OpenQuartzCoreShims.swiftmodule/arm64-apple-watchos.swiftdoc
Copy /Users/admin/builder/spi-builder-workspace/.derivedData/Build/Products/Debug-watchos/OpenQuartzCoreShims.swiftmodule/arm64-apple-watchos.abi.json /Users/admin/builder/spi-builder-workspace/.derivedData/Build/Intermediates.noindex/OpenCoreGraphics.build/Debug-watchos/OpenQuartzCoreShims-t.build/Objects-normal/arm64/OpenQuartzCoreShims.abi.json (in target 'OpenQuartzCoreShims' from project 'OpenCoreGraphics')
cd /Users/admin/builder/spi-builder-workspace
builtin-copy -exclude .DS_Store -exclude CVS -exclude .svn -exclude .git -exclude .hg -resolve-src-symlinks -rename /Users/admin/builder/spi-builder-workspace/.derivedData/Build/Intermediates.noindex/OpenCoreGraphics.build/Debug-watchos/OpenQuartzCoreShims-t.build/Objects-normal/arm64/OpenQuartzCoreShims.abi.json /Users/admin/builder/spi-builder-workspace/.derivedData/Build/Products/Debug-watchos/OpenQuartzCoreShims.swiftmodule/arm64-apple-watchos.abi.json
Copy /Users/admin/builder/spi-builder-workspace/.derivedData/Build/Products/Debug-watchos/OpenQuartzCoreShims.swiftmodule/Project/arm64-apple-watchos.swiftsourceinfo /Users/admin/builder/spi-builder-workspace/.derivedData/Build/Intermediates.noindex/OpenCoreGraphics.build/Debug-watchos/OpenQuartzCoreShims-t.build/Objects-normal/arm64/OpenQuartzCoreShims.swiftsourceinfo (in target 'OpenQuartzCoreShims' from project 'OpenCoreGraphics')
cd /Users/admin/builder/spi-builder-workspace
builtin-copy -exclude .DS_Store -exclude CVS -exclude .svn -exclude .git -exclude .hg -resolve-src-symlinks -rename /Users/admin/builder/spi-builder-workspace/.derivedData/Build/Intermediates.noindex/OpenCoreGraphics.build/Debug-watchos/OpenQuartzCoreShims-t.build/Objects-normal/arm64/OpenQuartzCoreShims.swiftsourceinfo /Users/admin/builder/spi-builder-workspace/.derivedData/Build/Products/Debug-watchos/OpenQuartzCoreShims.swiftmodule/Project/arm64-apple-watchos.swiftsourceinfo
Copy /Users/admin/builder/spi-builder-workspace/.derivedData/Build/Products/Debug-watchos/OpenCoreGraphics.swiftmodule/arm64-apple-watchos.abi.json /Users/admin/builder/spi-builder-workspace/.derivedData/Build/Intermediates.noindex/OpenCoreGraphics.build/Debug-watchos/OpenCoreGraphics-t.build/Objects-normal/arm64/OpenCoreGraphics.abi.json (in target 'OpenCoreGraphics' from project 'OpenCoreGraphics')
cd /Users/admin/builder/spi-builder-workspace
builtin-copy -exclude .DS_Store -exclude CVS -exclude .svn -exclude .git -exclude .hg -resolve-src-symlinks -rename /Users/admin/builder/spi-builder-workspace/.derivedData/Build/Intermediates.noindex/OpenCoreGraphics.build/Debug-watchos/OpenCoreGraphics-t.build/Objects-normal/arm64/OpenCoreGraphics.abi.json /Users/admin/builder/spi-builder-workspace/.derivedData/Build/Products/Debug-watchos/OpenCoreGraphics.swiftmodule/arm64-apple-watchos.abi.json
Copy /Users/admin/builder/spi-builder-workspace/.derivedData/Build/Products/Debug-watchos/OpenCoreGraphics.swiftmodule/Project/arm64-apple-watchos.swiftsourceinfo /Users/admin/builder/spi-builder-workspace/.derivedData/Build/Intermediates.noindex/OpenCoreGraphics.build/Debug-watchos/OpenCoreGraphics-t.build/Objects-normal/arm64/OpenCoreGraphics.swiftsourceinfo (in target 'OpenCoreGraphics' from project 'OpenCoreGraphics')
cd /Users/admin/builder/spi-builder-workspace
builtin-copy -exclude .DS_Store -exclude CVS -exclude .svn -exclude .git -exclude .hg -resolve-src-symlinks -rename /Users/admin/builder/spi-builder-workspace/.derivedData/Build/Intermediates.noindex/OpenCoreGraphics.build/Debug-watchos/OpenCoreGraphics-t.build/Objects-normal/arm64/OpenCoreGraphics.swiftsourceinfo /Users/admin/builder/spi-builder-workspace/.derivedData/Build/Products/Debug-watchos/OpenCoreGraphics.swiftmodule/Project/arm64-apple-watchos.swiftsourceinfo
SwiftCompile normal arm64 Compiling\ Export.swift /Users/admin/builder/spi-builder-workspace/Sources/OpenQuartzCoreShims/Export.swift (in target 'OpenQuartzCoreShims' from project 'OpenCoreGraphics')
SwiftCompile normal arm64 /Users/admin/builder/spi-builder-workspace/Sources/OpenQuartzCoreShims/Export.swift (in target 'OpenQuartzCoreShims' from project 'OpenCoreGraphics')
cd /Users/admin/builder/spi-builder-workspace/.swiftpm/xcode
builtin-SwiftPerFileCompile Export.swift
SwiftEmitModule normal arm64_32 Emitting\ module\ for\ OpenQuartzCoreShims (in target 'OpenQuartzCoreShims' from project 'OpenCoreGraphics')
SwiftCompile normal arm64_32 (in target 'OpenQuartzCoreShims' from project 'OpenCoreGraphics')
cd /Users/admin/builder/spi-builder-workspace/.swiftpm/xcode
SwiftCompile normal arm64_32 Compiling\ Export.swift /Users/admin/builder/spi-builder-workspace/Sources/OpenQuartzCoreShims/Export.swift (in target 'OpenQuartzCoreShims' from project 'OpenCoreGraphics')
SwiftCompile normal arm64_32 /Users/admin/builder/spi-builder-workspace/Sources/OpenQuartzCoreShims/Export.swift (in target 'OpenQuartzCoreShims' from project 'OpenCoreGraphics')
cd /Users/admin/builder/spi-builder-workspace/.swiftpm/xcode
builtin-SwiftPerFileCompile Export.swift
SwiftDriverJobDiscovery normal arm64_32 Emitting module for OpenQuartzCoreShims (in target 'OpenQuartzCoreShims' from project 'OpenCoreGraphics')
SwiftDriver\ Compilation\ Requirements OpenQuartzCoreShims normal arm64_32 com.apple.xcode.tools.swift.compiler (in target 'OpenQuartzCoreShims' from project 'OpenCoreGraphics')
cd /Users/admin/builder/spi-builder-workspace/.swiftpm/xcode
builtin-Swift-Compilation-Requirements -- /Applications/Xcode-27.0.0-Release.Candidate.app/Contents/Developer/Toolchains/XcodeDefault.xctoolchain/usr/bin/swiftc -parse-as-library -module-name OpenQuartzCoreShims -Onone @/Users/admin/builder/spi-builder-workspace/.derivedData/Build/Intermediates.noindex/OpenCoreGraphics.build/Debug-watchos/OpenQuartzCoreShims-t.build/Objects-normal/arm64_32/OpenQuartzCoreShims.SwiftFileList -DSWIFT_PACKAGE -DDEBUG -DSWIFT_MODULE_RESOURCE_BUNDLE_UNAVAILABLE -DOPENCOREGRAPHICS_COREGRAPHICS -DXcode -enable-upcoming-feature InternalImportsByDefault -enable-library-evolution -no-verify-emitted-module-interface -plugin-path /Applications/Xcode-27.0.0-Release.Candidate.app/Contents/Developer/Toolchains/XcodeDefault.xctoolchain/usr/lib/swift/host/plugins/testing -enable-experimental-feature DebugDescriptionMacro -sdk /Applications/Xcode-27.0.0-Release.Candidate.app/Contents/Developer/Platforms/WatchOS.platform/Developer/SDKs/WatchOS27.0.sdk -target arm64_32-apple-watchos9.0 -g -module-cache-path /Users/admin/builder/spi-builder-workspace/.derivedData/ModuleCache.noindex -Xfrontend -serialize-debugging-options -profile-coverage-mapping -profile-generate -enable-testing -index-store-path /Users/admin/builder/spi-builder-workspace/.derivedData/Index.noindex/DataStore -Xcc -D_LIBCPP_HARDENING_MODE\=_LIBCPP_HARDENING_MODE_DEBUG -swift-version 6 -I /Users/admin/builder/spi-builder-workspace/.derivedData/Build/Products/Debug-watchos -Isystem /Applications/Xcode-27.0.0-Release.Candidate.app/Contents/Developer/Platforms/WatchOS.platform/Developer/usr/lib -F /Users/admin/builder/spi-builder-workspace/.derivedData/Build/Products/Debug-watchos -F /Applications/Xcode-27.0.0-Release.Candidate.app/Contents/Developer/Platforms/WatchOS.platform/Developer/Library/Frameworks -F /Applications/Xcode-27.0.0-Release.Candidate.app/Contents/Developer/Platforms/WatchOS.platform/Developer/SDKs/WatchOS27.0.sdk/Developer/Library/Frameworks -c -j10 -enable-batch-mode -incremental -Xcc -ivfsstatcache -Xcc /Users/admin/builder/spi-builder-workspace/.derivedData/SDKStatCaches.noindex/watchos27.0-24R360-e829b21a6f8c9b70876ba0858053c04477534ef55a1706bf4c1112bbb242f0a2.sdkstatcache -output-file-map /Users/admin/builder/spi-builder-workspace/.derivedData/Build/Intermediates.noindex/OpenCoreGraphics.build/Debug-watchos/OpenQuartzCoreShims-t.build/Objects-normal/arm64_32/OpenQuartzCoreShims-OutputFileMap.json -save-temps -no-color-diagnostics -explicit-module-build -module-cache-path /Users/admin/builder/spi-builder-workspace/.derivedData/Build/Intermediates.noindex/SwiftExplicitPrecompiledModules -clang-scanner-module-cache-path /Users/admin/builder/spi-builder-workspace/.derivedData/ModuleCache.noindex -sdk-module-cache-path /Users/admin/builder/spi-builder-workspace/.derivedData/SDKExplicitPrecompiledModules -emit-dependencies -emit-module -emit-module-path /Users/admin/builder/spi-builder-workspace/.derivedData/Build/Intermediates.noindex/OpenCoreGraphics.build/Debug-watchos/OpenQuartzCoreShims-t.build/Objects-normal/arm64_32/OpenQuartzCoreShims.swiftmodule -serialize-diagnostics -dependency-scan-serialize-diagnostics-path /Users/admin/builder/spi-builder-workspace/.derivedData/Build/Intermediates.noindex/OpenCoreGraphics.build/Debug-watchos/OpenQuartzCoreShims-t.build/Objects-normal/arm64_32/OpenQuartzCoreShims-dependency-scan.dia -validate-clang-modules-once -clang-build-session-file /Users/admin/builder/spi-builder-workspace/.derivedData/ModuleCache.noindex/Session.modulevalidation -Xcc -fmodules-prune-interval\=86400 -Xcc -fmodules-prune-after\=345600 -package-name spi_builder_workspace -emit-const-values -const-gather-protocols-list /Users/admin/builder/spi-builder-workspace/.derivedData/Build/Intermediates.noindex/OpenCoreGraphics.build/Debug-watchos/OpenQuartzCoreShims-t.build/Objects-normal/arm64_32/OpenQuartzCoreShims_const_extract_protocols.json -Xcc -I/Users/admin/builder/spi-builder-workspace/.derivedData/Build/Products/Debug-watchos/include -Xcc -I/Users/admin/builder/spi-builder-workspace/.derivedData/Build/Intermediates.noindex/OpenCoreGraphics.build/Debug-watchos/OpenQuartzCoreShims-t.build/DerivedSources-normal/arm64_32 -Xcc -I/Users/admin/builder/spi-builder-workspace/.derivedData/Build/Intermediates.noindex/OpenCoreGraphics.build/Debug-watchos/OpenQuartzCoreShims-t.build/DerivedSources/arm64_32 -Xcc -I/Users/admin/builder/spi-builder-workspace/.derivedData/Build/Intermediates.noindex/OpenCoreGraphics.build/Debug-watchos/OpenQuartzCoreShims-t.build/DerivedSources -Xcc -DSWIFT_PACKAGE -Xcc -DDEBUG\=1 -emit-objc-header -emit-objc-header-path /Users/admin/builder/spi-builder-workspace/.derivedData/Build/Intermediates.noindex/OpenCoreGraphics.build/Debug-watchos/OpenQuartzCoreShims-t.build/Objects-normal/arm64_32/OpenQuartzCoreShims-Swift.h -working-directory /Users/admin/builder/spi-builder-workspace/.swiftpm/xcode -experimental-emit-module-separately -disable-cmo
SwiftDriverJobDiscovery normal arm64_32 Emitting module for OpenCoreGraphics (in target 'OpenCoreGraphics' from project 'OpenCoreGraphics')
SwiftDriver\ Compilation\ Requirements OpenCoreGraphics normal arm64_32 com.apple.xcode.tools.swift.compiler (in target 'OpenCoreGraphics' from project 'OpenCoreGraphics')
cd /Users/admin/builder/spi-builder-workspace/.swiftpm/xcode
builtin-Swift-Compilation-Requirements -- /Applications/Xcode-27.0.0-Release.Candidate.app/Contents/Developer/Toolchains/XcodeDefault.xctoolchain/usr/bin/swiftc -parse-as-library -module-name OpenCoreGraphics -Onone @/Users/admin/builder/spi-builder-workspace/.derivedData/Build/Intermediates.noindex/OpenCoreGraphics.build/Debug-watchos/OpenCoreGraphics-t.build/Objects-normal/arm64_32/OpenCoreGraphics.SwiftFileList -DSWIFT_PACKAGE -DDEBUG -DSWIFT_MODULE_RESOURCE_BUNDLE_UNAVAILABLE -DOPENCOREGRAPHICS_COREGRAPHICS -DXcode -enable-upcoming-feature InternalImportsByDefault -enable-library-evolution -no-verify-emitted-module-interface -plugin-path /Applications/Xcode-27.0.0-Release.Candidate.app/Contents/Developer/Toolchains/XcodeDefault.xctoolchain/usr/lib/swift/host/plugins/testing -enable-experimental-feature DebugDescriptionMacro -sdk /Applications/Xcode-27.0.0-Release.Candidate.app/Contents/Developer/Platforms/WatchOS.platform/Developer/SDKs/WatchOS27.0.sdk -target arm64_32-apple-watchos9.0 -g -module-cache-path /Users/admin/builder/spi-builder-workspace/.derivedData/ModuleCache.noindex -Xfrontend -serialize-debugging-options -profile-coverage-mapping -profile-generate -enable-testing -index-store-path /Users/admin/builder/spi-builder-workspace/.derivedData/Index.noindex/DataStore -Xcc -D_LIBCPP_HARDENING_MODE\=_LIBCPP_HARDENING_MODE_DEBUG -swift-version 6 -I /Users/admin/builder/spi-builder-workspace/.derivedData/Build/Products/Debug-watchos -Isystem /Applications/Xcode-27.0.0-Release.Candidate.app/Contents/Developer/Platforms/WatchOS.platform/Developer/usr/lib -F /Users/admin/builder/spi-builder-workspace/.derivedData/Build/Products/Debug-watchos -F /Applications/Xcode-27.0.0-Release.Candidate.app/Contents/Developer/Platforms/WatchOS.platform/Developer/Library/Frameworks -F /Applications/Xcode-27.0.0-Release.Candidate.app/Contents/Developer/Platforms/WatchOS.platform/Developer/SDKs/WatchOS27.0.sdk/Developer/Library/Frameworks -c -j10 -enable-batch-mode -incremental -Xcc -ivfsstatcache -Xcc /Users/admin/builder/spi-builder-workspace/.derivedData/SDKStatCaches.noindex/watchos27.0-24R360-e829b21a6f8c9b70876ba0858053c04477534ef55a1706bf4c1112bbb242f0a2.sdkstatcache -output-file-map /Users/admin/builder/spi-builder-workspace/.derivedData/Build/Intermediates.noindex/OpenCoreGraphics.build/Debug-watchos/OpenCoreGraphics-t.build/Objects-normal/arm64_32/OpenCoreGraphics-OutputFileMap.json -save-temps -no-color-diagnostics -explicit-module-build -module-cache-path /Users/admin/builder/spi-builder-workspace/.derivedData/Build/Intermediates.noindex/SwiftExplicitPrecompiledModules -clang-scanner-module-cache-path /Users/admin/builder/spi-builder-workspace/.derivedData/ModuleCache.noindex -sdk-module-cache-path /Users/admin/builder/spi-builder-workspace/.derivedData/SDKExplicitPrecompiledModules -emit-dependencies -emit-module -emit-module-path /Users/admin/builder/spi-builder-workspace/.derivedData/Build/Intermediates.noindex/OpenCoreGraphics.build/Debug-watchos/OpenCoreGraphics-t.build/Objects-normal/arm64_32/OpenCoreGraphics.swiftmodule -serialize-diagnostics -dependency-scan-serialize-diagnostics-path /Users/admin/builder/spi-builder-workspace/.derivedData/Build/Intermediates.noindex/OpenCoreGraphics.build/Debug-watchos/OpenCoreGraphics-t.build/Objects-normal/arm64_32/OpenCoreGraphics-dependency-scan.dia -validate-clang-modules-once -clang-build-session-file /Users/admin/builder/spi-builder-workspace/.derivedData/ModuleCache.noindex/Session.modulevalidation -Xcc -fmodules-prune-interval\=86400 -Xcc -fmodules-prune-after\=345600 -package-name spi_builder_workspace -emit-const-values -const-gather-protocols-list /Users/admin/builder/spi-builder-workspace/.derivedData/Build/Intermediates.noindex/OpenCoreGraphics.build/Debug-watchos/OpenCoreGraphics-t.build/Objects-normal/arm64_32/OpenCoreGraphics_const_extract_protocols.json -Xcc -I/Users/admin/builder/spi-builder-workspace/.derivedData/Build/Products/Debug-watchos/include -Xcc -I/Users/admin/builder/spi-builder-workspace/.derivedData/Build/Intermediates.noindex/OpenCoreGraphics.build/Debug-watchos/OpenCoreGraphics-t.build/DerivedSources-normal/arm64_32 -Xcc -I/Users/admin/builder/spi-builder-workspace/.derivedData/Build/Intermediates.noindex/OpenCoreGraphics.build/Debug-watchos/OpenCoreGraphics-t.build/DerivedSources/arm64_32 -Xcc -I/Users/admin/builder/spi-builder-workspace/.derivedData/Build/Intermediates.noindex/OpenCoreGraphics.build/Debug-watchos/OpenCoreGraphics-t.build/DerivedSources -Xcc -DSWIFT_PACKAGE -Xcc -DDEBUG\=1 -emit-objc-header -emit-objc-header-path /Users/admin/builder/spi-builder-workspace/.derivedData/Build/Intermediates.noindex/OpenCoreGraphics.build/Debug-watchos/OpenCoreGraphics-t.build/Objects-normal/arm64_32/OpenCoreGraphics-Swift.h -working-directory /Users/admin/builder/spi-builder-workspace/.swiftpm/xcode -experimental-emit-module-separately -disable-cmo
SwiftMergeGeneratedHeaders /Users/admin/builder/spi-builder-workspace/.derivedData/Build/Intermediates.noindex/GeneratedModuleMaps-watchos/OpenQuartzCoreShims-Swift.h /Users/admin/builder/spi-builder-workspace/.derivedData/Build/Intermediates.noindex/OpenCoreGraphics.build/Debug-watchos/OpenQuartzCoreShims-t.build/Objects-normal/arm64/OpenQuartzCoreShims-Swift.h /Users/admin/builder/spi-builder-workspace/.derivedData/Build/Intermediates.noindex/OpenCoreGraphics.build/Debug-watchos/OpenQuartzCoreShims-t.build/Objects-normal/arm64_32/OpenQuartzCoreShims-Swift.h (in target 'OpenQuartzCoreShims' from project 'OpenCoreGraphics')
cd /Users/admin/builder/spi-builder-workspace
builtin-swiftHeaderTool -arch arm64 /Users/admin/builder/spi-builder-workspace/.derivedData/Build/Intermediates.noindex/OpenCoreGraphics.build/Debug-watchos/OpenQuartzCoreShims-t.build/Objects-normal/arm64/OpenQuartzCoreShims-Swift.h -arch arm64_32 /Users/admin/builder/spi-builder-workspace/.derivedData/Build/Intermediates.noindex/OpenCoreGraphics.build/Debug-watchos/OpenQuartzCoreShims-t.build/Objects-normal/arm64_32/OpenQuartzCoreShims-Swift.h -o /Users/admin/builder/spi-builder-workspace/.derivedData/Build/Intermediates.noindex/GeneratedModuleMaps-watchos/OpenQuartzCoreShims-Swift.h
Copy /Users/admin/builder/spi-builder-workspace/.derivedData/Build/Products/Debug-watchos/OpenQuartzCoreShims.swiftmodule/arm64_32-apple-watchos.swiftmodule /Users/admin/builder/spi-builder-workspace/.derivedData/Build/Intermediates.noindex/OpenCoreGraphics.build/Debug-watchos/OpenQuartzCoreShims-t.build/Objects-normal/arm64_32/OpenQuartzCoreShims.swiftmodule (in target 'OpenQuartzCoreShims' from project 'OpenCoreGraphics')
cd /Users/admin/builder/spi-builder-workspace
builtin-copy -exclude .DS_Store -exclude CVS -exclude .svn -exclude .git -exclude .hg -resolve-src-symlinks -rename /Users/admin/builder/spi-builder-workspace/.derivedData/Build/Intermediates.noindex/OpenCoreGraphics.build/Debug-watchos/OpenQuartzCoreShims-t.build/Objects-normal/arm64_32/OpenQuartzCoreShims.swiftmodule /Users/admin/builder/spi-builder-workspace/.derivedData/Build/Products/Debug-watchos/OpenQuartzCoreShims.swiftmodule/arm64_32-apple-watchos.swiftmodule
Copy /Users/admin/builder/spi-builder-workspace/.derivedData/Build/Products/Debug-watchos/OpenQuartzCoreShims.swiftmodule/arm64_32-apple-watchos.swiftdoc /Users/admin/builder/spi-builder-workspace/.derivedData/Build/Intermediates.noindex/OpenCoreGraphics.build/Debug-watchos/OpenQuartzCoreShims-t.build/Objects-normal/arm64_32/OpenQuartzCoreShims.swiftdoc (in target 'OpenQuartzCoreShims' from project 'OpenCoreGraphics')
cd /Users/admin/builder/spi-builder-workspace
builtin-copy -exclude .DS_Store -exclude CVS -exclude .svn -exclude .git -exclude .hg -resolve-src-symlinks -rename /Users/admin/builder/spi-builder-workspace/.derivedData/Build/Intermediates.noindex/OpenCoreGraphics.build/Debug-watchos/OpenQuartzCoreShims-t.build/Objects-normal/arm64_32/OpenQuartzCoreShims.swiftdoc /Users/admin/builder/spi-builder-workspace/.derivedData/Build/Products/Debug-watchos/OpenQuartzCoreShims.swiftmodule/arm64_32-apple-watchos.swiftdoc
Copy /Users/admin/builder/spi-builder-workspace/.derivedData/Build/Products/Debug-watchos/OpenQuartzCoreShims.swiftmodule/arm64_32-apple-watchos.abi.json /Users/admin/builder/spi-builder-workspace/.derivedData/Build/Intermediates.noindex/OpenCoreGraphics.build/Debug-watchos/OpenQuartzCoreShims-t.build/Objects-normal/arm64_32/OpenQuartzCoreShims.abi.json (in target 'OpenQuartzCoreShims' from project 'OpenCoreGraphics')
cd /Users/admin/builder/spi-builder-workspace
builtin-copy -exclude .DS_Store -exclude CVS -exclude .svn -exclude .git -exclude .hg -resolve-src-symlinks -rename /Users/admin/builder/spi-builder-workspace/.derivedData/Build/Intermediates.noindex/OpenCoreGraphics.build/Debug-watchos/OpenQuartzCoreShims-t.build/Objects-normal/arm64_32/OpenQuartzCoreShims.abi.json /Users/admin/builder/spi-builder-workspace/.derivedData/Build/Products/Debug-watchos/OpenQuartzCoreShims.swiftmodule/arm64_32-apple-watchos.abi.json
Copy /Users/admin/builder/spi-builder-workspace/.derivedData/Build/Products/Debug-watchos/OpenQuartzCoreShims.swiftmodule/Project/arm64_32-apple-watchos.swiftsourceinfo /Users/admin/builder/spi-builder-workspace/.derivedData/Build/Intermediates.noindex/OpenCoreGraphics.build/Debug-watchos/OpenQuartzCoreShims-t.build/Objects-normal/arm64_32/OpenQuartzCoreShims.swiftsourceinfo (in target 'OpenQuartzCoreShims' from project 'OpenCoreGraphics')
cd /Users/admin/builder/spi-builder-workspace
builtin-copy -exclude .DS_Store -exclude CVS -exclude .svn -exclude .git -exclude .hg -resolve-src-symlinks -rename /Users/admin/builder/spi-builder-workspace/.derivedData/Build/Intermediates.noindex/OpenCoreGraphics.build/Debug-watchos/OpenQuartzCoreShims-t.build/Objects-normal/arm64_32/OpenQuartzCoreShims.swiftsourceinfo /Users/admin/builder/spi-builder-workspace/.derivedData/Build/Products/Debug-watchos/OpenQuartzCoreShims.swiftmodule/Project/arm64_32-apple-watchos.swiftsourceinfo
SwiftMergeGeneratedHeaders /Users/admin/builder/spi-builder-workspace/.derivedData/Build/Intermediates.noindex/GeneratedModuleMaps-watchos/OpenCoreGraphics-Swift.h /Users/admin/builder/spi-builder-workspace/.derivedData/Build/Intermediates.noindex/OpenCoreGraphics.build/Debug-watchos/OpenCoreGraphics-t.build/Objects-normal/arm64/OpenCoreGraphics-Swift.h /Users/admin/builder/spi-builder-workspace/.derivedData/Build/Intermediates.noindex/OpenCoreGraphics.build/Debug-watchos/OpenCoreGraphics-t.build/Objects-normal/arm64_32/OpenCoreGraphics-Swift.h (in target 'OpenCoreGraphics' from project 'OpenCoreGraphics')
cd /Users/admin/builder/spi-builder-workspace
builtin-swiftHeaderTool -arch arm64 /Users/admin/builder/spi-builder-workspace/.derivedData/Build/Intermediates.noindex/OpenCoreGraphics.build/Debug-watchos/OpenCoreGraphics-t.build/Objects-normal/arm64/OpenCoreGraphics-Swift.h -arch arm64_32 /Users/admin/builder/spi-builder-workspace/.derivedData/Build/Intermediates.noindex/OpenCoreGraphics.build/Debug-watchos/OpenCoreGraphics-t.build/Objects-normal/arm64_32/OpenCoreGraphics-Swift.h -o /Users/admin/builder/spi-builder-workspace/.derivedData/Build/Intermediates.noindex/GeneratedModuleMaps-watchos/OpenCoreGraphics-Swift.h
Copy /Users/admin/builder/spi-builder-workspace/.derivedData/Build/Products/Debug-watchos/OpenCoreGraphics.swiftmodule/arm64_32-apple-watchos.swiftmodule /Users/admin/builder/spi-builder-workspace/.derivedData/Build/Intermediates.noindex/OpenCoreGraphics.build/Debug-watchos/OpenCoreGraphics-t.build/Objects-normal/arm64_32/OpenCoreGraphics.swiftmodule (in target 'OpenCoreGraphics' from project 'OpenCoreGraphics')
cd /Users/admin/builder/spi-builder-workspace
builtin-copy -exclude .DS_Store -exclude CVS -exclude .svn -exclude .git -exclude .hg -resolve-src-symlinks -rename /Users/admin/builder/spi-builder-workspace/.derivedData/Build/Intermediates.noindex/OpenCoreGraphics.build/Debug-watchos/OpenCoreGraphics-t.build/Objects-normal/arm64_32/OpenCoreGraphics.swiftmodule /Users/admin/builder/spi-builder-workspace/.derivedData/Build/Products/Debug-watchos/OpenCoreGraphics.swiftmodule/arm64_32-apple-watchos.swiftmodule
Copy /Users/admin/builder/spi-builder-workspace/.derivedData/Build/Products/Debug-watchos/OpenCoreGraphics.swiftmodule/arm64_32-apple-watchos.swiftdoc /Users/admin/builder/spi-builder-workspace/.derivedData/Build/Intermediates.noindex/OpenCoreGraphics.build/Debug-watchos/OpenCoreGraphics-t.build/Objects-normal/arm64_32/OpenCoreGraphics.swiftdoc (in target 'OpenCoreGraphics' from project 'OpenCoreGraphics')
cd /Users/admin/builder/spi-builder-workspace
builtin-copy -exclude .DS_Store -exclude CVS -exclude .svn -exclude .git -exclude .hg -resolve-src-symlinks -rename /Users/admin/builder/spi-builder-workspace/.derivedData/Build/Intermediates.noindex/OpenCoreGraphics.build/Debug-watchos/OpenCoreGraphics-t.build/Objects-normal/arm64_32/OpenCoreGraphics.swiftdoc /Users/admin/builder/spi-builder-workspace/.derivedData/Build/Products/Debug-watchos/OpenCoreGraphics.swiftmodule/arm64_32-apple-watchos.swiftdoc
Copy /Users/admin/builder/spi-builder-workspace/.derivedData/Build/Products/Debug-watchos/OpenCoreGraphics.swiftmodule/arm64_32-apple-watchos.abi.json /Users/admin/builder/spi-builder-workspace/.derivedData/Build/Intermediates.noindex/OpenCoreGraphics.build/Debug-watchos/OpenCoreGraphics-t.build/Objects-normal/arm64_32/OpenCoreGraphics.abi.json (in target 'OpenCoreGraphics' from project 'OpenCoreGraphics')
cd /Users/admin/builder/spi-builder-workspace
builtin-copy -exclude .DS_Store -exclude CVS -exclude .svn -exclude .git -exclude .hg -resolve-src-symlinks -rename /Users/admin/builder/spi-builder-workspace/.derivedData/Build/Intermediates.noindex/OpenCoreGraphics.build/Debug-watchos/OpenCoreGraphics-t.build/Objects-normal/arm64_32/OpenCoreGraphics.abi.json /Users/admin/builder/spi-builder-workspace/.derivedData/Build/Products/Debug-watchos/OpenCoreGraphics.swiftmodule/arm64_32-apple-watchos.abi.json
Copy /Users/admin/builder/spi-builder-workspace/.derivedData/Build/Products/Debug-watchos/OpenCoreGraphics.swiftmodule/Project/arm64_32-apple-watchos.swiftsourceinfo /Users/admin/builder/spi-builder-workspace/.derivedData/Build/Intermediates.noindex/OpenCoreGraphics.build/Debug-watchos/OpenCoreGraphics-t.build/Objects-normal/arm64_32/OpenCoreGraphics.swiftsourceinfo (in target 'OpenCoreGraphics' from project 'OpenCoreGraphics')
cd /Users/admin/builder/spi-builder-workspace
builtin-copy -exclude .DS_Store -exclude CVS -exclude .svn -exclude .git -exclude .hg -resolve-src-symlinks -rename /Users/admin/builder/spi-builder-workspace/.derivedData/Build/Intermediates.noindex/OpenCoreGraphics.build/Debug-watchos/OpenCoreGraphics-t.build/Objects-normal/arm64_32/OpenCoreGraphics.swiftsourceinfo /Users/admin/builder/spi-builder-workspace/.derivedData/Build/Products/Debug-watchos/OpenCoreGraphics.swiftmodule/Project/arm64_32-apple-watchos.swiftsourceinfo
SwiftCompile normal arm64_32 Compiling\ Export.swift /Users/admin/builder/spi-builder-workspace/Sources/OpenCoreGraphicsShims/Export.swift (in target 'OpenCoreGraphicsShims' from project 'OpenCoreGraphics')
SwiftCompile normal arm64_32 /Users/admin/builder/spi-builder-workspace/Sources/OpenCoreGraphicsShims/Export.swift (in target 'OpenCoreGraphicsShims' from project 'OpenCoreGraphics')
cd /Users/admin/builder/spi-builder-workspace/.swiftpm/xcode
builtin-SwiftPerFileCompile Export.swift
SwiftCompile normal arm64_32 Compiling\ IOSurface.swift /Users/admin/builder/spi-builder-workspace/Sources/OpenCoreGraphics/IOSurface.swift (in target 'OpenCoreGraphics' from project 'OpenCoreGraphics')
SwiftCompile normal arm64_32 /Users/admin/builder/spi-builder-workspace/Sources/OpenCoreGraphics/IOSurface.swift (in target 'OpenCoreGraphics' from project 'OpenCoreGraphics')
cd /Users/admin/builder/spi-builder-workspace/.swiftpm/xcode
builtin-SwiftPerFileCompile IOSurface.swift
SwiftDriverJobDiscovery normal arm64 Compiling CGLine.swift (in target 'OpenCoreGraphics' from project 'OpenCoreGraphics')
SwiftCompile normal arm64_32 Compiling\ CGAffineTransform.swift,\ CGContext.swift /Users/admin/builder/spi-builder-workspace/Sources/OpenCoreGraphics/CGAffineTransform.swift /Users/admin/builder/spi-builder-workspace/Sources/OpenCoreGraphics/CGContext.swift (in target 'OpenCoreGraphics' from project 'OpenCoreGraphics')
SwiftCompile normal arm64_32 /Users/admin/builder/spi-builder-workspace/Sources/OpenCoreGraphics/CGAffineTransform.swift (in target 'OpenCoreGraphics' from project 'OpenCoreGraphics')
cd /Users/admin/builder/spi-builder-workspace/.swiftpm/xcode
builtin-SwiftPerFileCompile CGAffineTransform.swift
SwiftCompile normal arm64_32 /Users/admin/builder/spi-builder-workspace/Sources/OpenCoreGraphics/CGContext.swift (in target 'OpenCoreGraphics' from project 'OpenCoreGraphics')
cd /Users/admin/builder/spi-builder-workspace/.swiftpm/xcode
builtin-SwiftPerFileCompile CGContext.swift
SwiftDriverJobDiscovery normal arm64_32 Compiling IOSurface.swift (in target 'OpenCoreGraphics' from project 'OpenCoreGraphics')
SwiftCompile normal arm64_32 Compiling\ CGPoint+Extension.swift /Users/admin/builder/spi-builder-workspace/Sources/OpenCoreGraphics/CGPoint+Extension.swift (in target 'OpenCoreGraphics' from project 'OpenCoreGraphics')
SwiftCompile normal arm64_32 /Users/admin/builder/spi-builder-workspace/Sources/OpenCoreGraphics/CGPoint+Extension.swift (in target 'OpenCoreGraphics' from project 'OpenCoreGraphics')
cd /Users/admin/builder/spi-builder-workspace/.swiftpm/xcode
builtin-SwiftPerFileCompile CGPoint+Extension.swift
SwiftDriverJobDiscovery normal arm64 Compiling CGPoint+Extension.swift (in target 'OpenCoreGraphics' from project 'OpenCoreGraphics')
SwiftCompile normal arm64_32 Compiling\ CGRect+Extension.swift /Users/admin/builder/spi-builder-workspace/Sources/OpenCoreGraphics/CGRect+Extension.swift (in target 'OpenCoreGraphics' from project 'OpenCoreGraphics')
/Users/admin/builder/spi-builder-workspace/Sources/OpenCoreGraphics/CGRect+Extension.swift:10:38: error: cannot convert value of type 'CGFloat' to expected argument type 'Float'
8 | extension CGRect {
9 | public init(x: CGFloat, y: CGFloat, width: CGFloat, height: CGFloat) {
10 | self.init(origin: CGPoint(x: x, y: y), size: CGSize(width: width, height: height))
| `- error: cannot convert value of type 'CGFloat' to expected argument type 'Float'
11 | }
12 |
/Users/admin/builder/spi-builder-workspace/Sources/OpenCoreGraphics/CGRect+Extension.swift:10:44: error: cannot convert value of type 'CGFloat' to expected argument type 'Float'
8 | extension CGRect {
9 | public init(x: CGFloat, y: CGFloat, width: CGFloat, height: CGFloat) {
10 | self.init(origin: CGPoint(x: x, y: y), size: CGSize(width: width, height: height))
| `- error: cannot convert value of type 'CGFloat' to expected argument type 'Float'
11 | }
12 |
/Users/admin/builder/spi-builder-workspace/Sources/OpenCoreGraphics/CGRect+Extension.swift:10:68: error: cannot convert value of type 'CGFloat' to expected argument type 'Float'
8 | extension CGRect {
9 | public init(x: CGFloat, y: CGFloat, width: CGFloat, height: CGFloat) {
10 | self.init(origin: CGPoint(x: x, y: y), size: CGSize(width: width, height: height))
| `- error: cannot convert value of type 'CGFloat' to expected argument type 'Float'
11 | }
12 |
/Users/admin/builder/spi-builder-workspace/Sources/OpenCoreGraphics/CGRect+Extension.swift:10:83: error: cannot convert value of type 'CGFloat' to expected argument type 'Float'
8 | extension CGRect {
9 | public init(x: CGFloat, y: CGFloat, width: CGFloat, height: CGFloat) {
10 | self.init(origin: CGPoint(x: x, y: y), size: CGSize(width: width, height: height))
| `- error: cannot convert value of type 'CGFloat' to expected argument type 'Float'
11 | }
12 |
/Users/admin/builder/spi-builder-workspace/Sources/OpenCoreGraphics/CGRect+Extension.swift:14:21: error: cannot convert return expression of type 'Float' to return type 'CGFloat'
12 |
13 | public var width: CGFloat {
14 | return size.width
| `- error: cannot convert return expression of type 'Float' to return type 'CGFloat'
15 | }
16 |
/Users/admin/builder/spi-builder-workspace/Sources/OpenCoreGraphics/CGRect+Extension.swift:18:21: error: cannot convert return expression of type 'Float' to return type 'CGFloat'
16 |
17 | public var height: CGFloat {
18 | return size.height
| `- error: cannot convert return expression of type 'Float' to return type 'CGFloat'
19 | }
20 |
/Users/admin/builder/spi-builder-workspace/Sources/OpenCoreGraphics/CGRect+Extension.swift:22:23: error: cannot convert return expression of type 'Float' to return type 'CGFloat'
20 |
21 | public var minX: CGFloat {
22 | return origin.x
| `- error: cannot convert return expression of type 'Float' to return type 'CGFloat'
23 | }
24 |
/Users/admin/builder/spi-builder-workspace/Sources/OpenCoreGraphics/CGRect+Extension.swift:26:23: error: cannot convert return expression of type 'Float' to return type 'CGFloat'
24 |
25 | public var minY: CGFloat {
26 | return origin.y
| `- error: cannot convert return expression of type 'Float' to return type 'CGFloat'
27 | }
28 |
/Users/admin/builder/spi-builder-workspace/Sources/OpenCoreGraphics/CGRect+Extension.swift:30:25: error: cannot convert return expression of type 'Float' to return type 'CGFloat'
28 |
29 | public var maxX: CGFloat {
30 | return origin.x + size.width
| `- error: cannot convert return expression of type 'Float' to return type 'CGFloat'
31 | }
32 |
/Users/admin/builder/spi-builder-workspace/Sources/OpenCoreGraphics/CGRect+Extension.swift:34:25: error: cannot convert return expression of type 'Float' to return type 'CGFloat'
32 |
33 | public var maxY: CGFloat {
34 | return origin.y + size.height
| `- error: cannot convert return expression of type 'Float' to return type 'CGFloat'
35 | }
36 |
Failed frontend command:
/Applications/Xcode-27.0.0-Release.Candidate.app/Contents/Developer/Toolchains/XcodeDefault.xctoolchain/usr/bin/swift-frontend -frontend -c /Users/admin/builder/spi-builder-workspace/Sources/OpenCoreGraphics/CGAffineTransform.swift /Users/admin/builder/spi-builder-workspace/Sources/OpenCoreGraphics/CGContext.swift /Users/admin/builder/spi-builder-workspace/Sources/OpenCoreGraphics/CGGeometry+Hashable.swift /Users/admin/builder/spi-builder-workspace/Sources/OpenCoreGraphics/CGImage.swift /Users/admin/builder/spi-builder-workspace/Sources/OpenCoreGraphics/CGLine.swift /Users/admin/builder/spi-builder-workspace/Sources/OpenCoreGraphics/CGPath.swift /Users/admin/builder/spi-builder-workspace/Sources/OpenCoreGraphics/CGPoint+Extension.swift -primary-file /Users/admin/builder/spi-builder-workspace/Sources/OpenCoreGraphics/CGRect+Extension.swift /Users/admin/builder/spi-builder-workspace/Sources/OpenCoreGraphics/CGSize+Extension.swift /Users/admin/builder/spi-builder-workspace/Sources/OpenCoreGraphics/CGVector.swift /Users/admin/builder/spi-builder-workspace/Sources/OpenCoreGraphics/Export.swift /Users/admin/builder/spi-builder-workspace/Sources/OpenCoreGraphics/IOSurface.swift -emit-dependencies-path /Users/admin/builder/spi-builder-workspace/.derivedData/Build/Intermediates.noindex/OpenCoreGraphics.build/Debug-watchos/OpenCoreGraphics-t.build/Objects-normal/arm64_32/CGRect+Extension.d -emit-const-values-path /Users/admin/builder/spi-builder-workspace/.derivedData/Build/Intermediates.noindex/OpenCoreGraphics.build/Debug-watchos/OpenCoreGraphics-t.build/Objects-normal/arm64_32/CGRect+Extension.swiftconstvalues -emit-reference-dependencies-path /Users/admin/builder/spi-builder-workspace/.derivedData/Build/Intermediates.noindex/OpenCoreGraphics.build/Debug-watchos/OpenCoreGraphics-t.build/Objects-normal/arm64_32/CGRect+Extension.swiftdeps -serialize-diagnostics-path /Users/admin/builder/spi-builder-workspace/.derivedData/Build/Intermediates.noindex/OpenCoreGraphics.build/Debug-watchos/OpenCoreGraphics-t.build/Objects-normal/arm64_32/CGRect+Extension.dia -target arm64_32-apple-watchos9.0 -module-can-import-version Darwin 428.0.10 0 -disable-cross-import-overlay-search -load-resolved-plugin /Applications/Xcode-27.0.0-Release.Candidate.app/Contents/Developer/Platforms/WatchOS.platform/Developer/usr/lib/swift/host/plugins/libFoundationMacros.dylib\#/Applications/Xcode-27.0.0-Release.Candidate.app/Contents/Developer/Platforms/WatchOS.platform/Developer/usr/bin/swift-plugin-server\#FoundationMacros -load-resolved-plugin /Applications/Xcode-27.0.0-Release.Candidate.app/Contents/Developer/Platforms/WatchOS.platform/Developer/usr/lib/swift/host/plugins/libObservationMacros.dylib\#/Applications/Xcode-27.0.0-Release.Candidate.app/Contents/Developer/Platforms/WatchOS.platform/Developer/usr/bin/swift-plugin-server\#ObservationMacros -load-resolved-plugin /Applications/Xcode-27.0.0-Release.Candidate.app/Contents/Developer/Platforms/WatchOS.platform/Developer/usr/lib/swift/host/plugins/libSwiftMacros.dylib\#/Applications/Xcode-27.0.0-Release.Candidate.app/Contents/Developer/Platforms/WatchOS.platform/Developer/usr/bin/swift-plugin-server\#SwiftMacros -disable-implicit-swift-modules -Xcc -fno-implicit-modules -Xcc -fno-implicit-module-maps -explicit-swift-module-map-file /Users/admin/builder/spi-builder-workspace/.derivedData/Build/Intermediates.noindex/OpenCoreGraphics.build/Debug-watchos/OpenCoreGraphics-t.build/Objects-normal/arm64_32/OpenCoreGraphics-dependencies-1.json -enable-objc-interop -sdk /Applications/Xcode-27.0.0-Release.Candidate.app/Contents/Developer/Platforms/WatchOS.platform/Developer/SDKs/WatchOS27.0.sdk -I /Users/admin/builder/spi-builder-workspace/.derivedData/Build/Products/Debug-watchos -Isystem /Applications/Xcode-27.0.0-Release.Candidate.app/Contents/Developer/Platforms/WatchOS.platform/Developer/usr/lib -F /Users/admin/builder/spi-builder-workspace/.derivedData/Build/Products/Debug-watchos -F /Applications/Xcode-27.0.0-Release.Candidate.app/Contents/Developer/Platforms/WatchOS.platform/Developer/Library/Frameworks -F /Applications/Xcode-27.0.0-Release.Candidate.app/Contents/Developer/Platforms/WatchOS.platform/Developer/SDKs/WatchOS27.0.sdk/Developer/Library/Frameworks -module-cache-path /Users/admin/builder/spi-builder-workspace/.derivedData/Build/Intermediates.noindex/SwiftExplicitPrecompiledModules -no-color-diagnostics -Xcc -fno-color-diagnostics -enable-library-evolution -enable-testing -g -debug-info-format\=dwarf -dwarf-version\=4 -profile-generate -profile-coverage-mapping -swift-version 6 -Onone -D SWIFT_PACKAGE -D DEBUG -D SWIFT_MODULE_RESOURCE_BUNDLE_UNAVAILABLE -D OPENCOREGRAPHICS_COREGRAPHICS -D Xcode -serialize-debugging-options -enable-upcoming-feature InternalImportsByDefault -enable-experimental-feature DebugDescriptionMacro -validate-clang-modules-once -clang-build-session-file /Users/admin/builder/spi-builder-workspace/.derivedData/ModuleCache.noindex/Session.modulevalidation -Xcc -working-directory -Xcc /Users/admin/builder/spi-builder-workspace/.swiftpm/xcode -enable-anonymous-context-mangled-names -file-compilation-dir /Users/admin/builder/spi-builder-workspace/.swiftpm/xcode -Xcc -D_LIBCPP_HARDENING_MODE\=_LIBCPP_HARDENING_MODE_DEBUG -Xcc -ivfsstatcache -Xcc /Users/admin/builder/spi-builder-workspace/.derivedData/SDKStatCaches.noindex/watchos27.0-24R360-e829b21a6f8c9b70876ba0858053c04477534ef55a1706bf4c1112bbb242f0a2.sdkstatcache -Xcc -fmodules-prune-interval\=86400 -Xcc -fmodules-prune-after\=345600 -Xcc -I/Users/admin/builder/spi-builder-workspace/.derivedData/Build/Products/Debug-watchos/include -Xcc -I/Users/admin/builder/spi-builder-workspace/.derivedData/Build/Intermediates.noindex/OpenCoreGraphics.build/Debug-watchos/OpenCoreGraphics-t.build/DerivedSources-normal/arm64_32 -Xcc -I/Users/admin/builder/spi-builder-workspace/.derivedData/Build/Intermediates.noindex/OpenCoreGraphics.build/Debug-watchos/OpenCoreGraphics-t.build/DerivedSources/arm64_32 -Xcc -I/Users/admin/builder/spi-builder-workspace/.derivedData/Build/Intermediates.noindex/OpenCoreGraphics.build/Debug-watchos/OpenCoreGraphics-t.build/DerivedSources -Xcc -DSWIFT_PACKAGE -Xcc -DDEBUG\=1 -no-auto-bridging-header-chaining -no-verify-emitted-module-interface -module-name OpenCoreGraphics -package-name spi_builder_workspace -const-gather-protocols-file /Users/admin/builder/spi-builder-workspace/.derivedData/Build/Intermediates.noindex/OpenCoreGraphics.build/Debug-watchos/OpenCoreGraphics-t.build/Objects-normal/arm64_32/OpenCoreGraphics_const_extract_protocols.json -disable-clang-spi -clang-target arm64_32-apple-watchos27.0 -target-sdk-version 27.0 -target-sdk-name watchos27.0 -in-process-plugin-server-path /Applications/Xcode-27.0.0-Release.Candidate.app/Contents/Developer/Toolchains/XcodeDefault.xctoolchain/usr/lib/swift/host/libSwiftInProcPluginServer.dylib -parse-as-library -o /Users/admin/builder/spi-builder-workspace/.derivedData/Build/Intermediates.noindex/OpenCoreGraphics.build/Debug-watchos/OpenCoreGraphics-t.build/Objects-normal/arm64_32/CGRect+Extension.o -debug-module-path /Users/admin/builder/spi-builder-workspace/.derivedData/Build/Intermediates.noindex/OpenCoreGraphics.build/Debug-watchos/OpenCoreGraphics-t.build/Objects-normal/arm64_32/OpenCoreGraphics.swiftmodule -index-unit-output-path /OpenCoreGraphics.build/Debug-watchos/OpenCoreGraphics-t.build/Objects-normal/arm64_32/CGRect+Extension.o -index-store-path /Users/admin/builder/spi-builder-workspace/.derivedData/Index.noindex/DataStore -index-system-modules
SwiftCompile normal arm64_32 /Users/admin/builder/spi-builder-workspace/Sources/OpenCoreGraphics/CGRect+Extension.swift (in target 'OpenCoreGraphics' from project 'OpenCoreGraphics')
cd /Users/admin/builder/spi-builder-workspace/.swiftpm/xcode
builtin-SwiftPerFileCompile CGRect+Extension.swift
SwiftDriverJobDiscovery normal arm64 Compiling CGSize+Extension.swift (in target 'OpenCoreGraphics' from project 'OpenCoreGraphics')
SwiftDriverJobDiscovery normal arm64 Compiling CGVector.swift (in target 'OpenCoreGraphics' from project 'OpenCoreGraphics')
SwiftCompile normal arm64_32 Compiling\ CGLine.swift /Users/admin/builder/spi-builder-workspace/Sources/OpenCoreGraphics/CGLine.swift (in target 'OpenCoreGraphics' from project 'OpenCoreGraphics')
SwiftCompile normal arm64_32 /Users/admin/builder/spi-builder-workspace/Sources/OpenCoreGraphics/CGLine.swift (in target 'OpenCoreGraphics' from project 'OpenCoreGraphics')
cd /Users/admin/builder/spi-builder-workspace/.swiftpm/xcode
builtin-SwiftPerFileCompile CGLine.swift
SwiftCompile normal arm64_32 Compiling\ CGVector.swift /Users/admin/builder/spi-builder-workspace/Sources/OpenCoreGraphics/CGVector.swift (in target 'OpenCoreGraphics' from project 'OpenCoreGraphics')
SwiftCompile normal arm64_32 /Users/admin/builder/spi-builder-workspace/Sources/OpenCoreGraphics/CGVector.swift (in target 'OpenCoreGraphics' from project 'OpenCoreGraphics')
cd /Users/admin/builder/spi-builder-workspace/.swiftpm/xcode
builtin-SwiftPerFileCompile CGVector.swift
SwiftDriverJobDiscovery normal arm64 Compiling CGRect+Extension.swift (in target 'OpenCoreGraphics' from project 'OpenCoreGraphics')
SwiftDriverJobDiscovery normal arm64 Compiling Export.swift (in target 'OpenQuartzCoreShims' from project 'OpenCoreGraphics')
SwiftCompile normal arm64_32 Compiling\ Export.swift /Users/admin/builder/spi-builder-workspace/Sources/OpenCoreGraphics/Export.swift (in target 'OpenCoreGraphics' from project 'OpenCoreGraphics')
SwiftCompile normal arm64_32 /Users/admin/builder/spi-builder-workspace/Sources/OpenCoreGraphics/Export.swift (in target 'OpenCoreGraphics' from project 'OpenCoreGraphics')
cd /Users/admin/builder/spi-builder-workspace/.swiftpm/xcode
builtin-SwiftPerFileCompile Export.swift
SwiftDriver\ Compilation OpenQuartzCoreShims normal arm64 com.apple.xcode.tools.swift.compiler (in target 'OpenQuartzCoreShims' from project 'OpenCoreGraphics')
cd /Users/admin/builder/spi-builder-workspace/.swiftpm/xcode
builtin-Swift-Compilation -- /Applications/Xcode-27.0.0-Release.Candidate.app/Contents/Developer/Toolchains/XcodeDefault.xctoolchain/usr/bin/swiftc -parse-as-library -module-name OpenQuartzCoreShims -Onone @/Users/admin/builder/spi-builder-workspace/.derivedData/Build/Intermediates.noindex/OpenCoreGraphics.build/Debug-watchos/OpenQuartzCoreShims-t.build/Objects-normal/arm64/OpenQuartzCoreShims.SwiftFileList -DSWIFT_PACKAGE -DDEBUG -DSWIFT_MODULE_RESOURCE_BUNDLE_UNAVAILABLE -DOPENCOREGRAPHICS_COREGRAPHICS -DXcode -enable-upcoming-feature InternalImportsByDefault -enable-library-evolution -no-verify-emitted-module-interface -plugin-path /Applications/Xcode-27.0.0-Release.Candidate.app/Contents/Developer/Toolchains/XcodeDefault.xctoolchain/usr/lib/swift/host/plugins/testing -enable-experimental-feature DebugDescriptionMacro -sdk /Applications/Xcode-27.0.0-Release.Candidate.app/Contents/Developer/Platforms/WatchOS.platform/Developer/SDKs/WatchOS27.0.sdk -target arm64-apple-watchos9.0 -g -module-cache-path /Users/admin/builder/spi-builder-workspace/.derivedData/ModuleCache.noindex -Xfrontend -serialize-debugging-options -profile-coverage-mapping -profile-generate -enable-testing -index-store-path /Users/admin/builder/spi-builder-workspace/.derivedData/Index.noindex/DataStore -Xcc -D_LIBCPP_HARDENING_MODE\=_LIBCPP_HARDENING_MODE_DEBUG -swift-version 6 -I /Users/admin/builder/spi-builder-workspace/.derivedData/Build/Products/Debug-watchos -Isystem /Applications/Xcode-27.0.0-Release.Candidate.app/Contents/Developer/Platforms/WatchOS.platform/Developer/usr/lib -F /Users/admin/builder/spi-builder-workspace/.derivedData/Build/Products/Debug-watchos -F /Applications/Xcode-27.0.0-Release.Candidate.app/Contents/Developer/Platforms/WatchOS.platform/Developer/Library/Frameworks -F /Applications/Xcode-27.0.0-Release.Candidate.app/Contents/Developer/Platforms/WatchOS.platform/Developer/SDKs/WatchOS27.0.sdk/Developer/Library/Frameworks -c -j10 -enable-batch-mode -incremental -Xcc -ivfsstatcache -Xcc /Users/admin/builder/spi-builder-workspace/.derivedData/SDKStatCaches.noindex/watchos27.0-24R360-e829b21a6f8c9b70876ba0858053c04477534ef55a1706bf4c1112bbb242f0a2.sdkstatcache -output-file-map /Users/admin/builder/spi-builder-workspace/.derivedData/Build/Intermediates.noindex/OpenCoreGraphics.build/Debug-watchos/OpenQuartzCoreShims-t.build/Objects-normal/arm64/OpenQuartzCoreShims-OutputFileMap.json -save-temps -no-color-diagnostics -explicit-module-build -module-cache-path /Users/admin/builder/spi-builder-workspace/.derivedData/Build/Intermediates.noindex/SwiftExplicitPrecompiledModules -clang-scanner-module-cache-path /Users/admin/builder/spi-builder-workspace/.derivedData/ModuleCache.noindex -sdk-module-cache-path /Users/admin/builder/spi-builder-workspace/.derivedData/SDKExplicitPrecompiledModules -emit-dependencies -emit-module -emit-module-path /Users/admin/builder/spi-builder-workspace/.derivedData/Build/Intermediates.noindex/OpenCoreGraphics.build/Debug-watchos/OpenQuartzCoreShims-t.build/Objects-normal/arm64/OpenQuartzCoreShims.swiftmodule -serialize-diagnostics -dependency-scan-serialize-diagnostics-path /Users/admin/builder/spi-builder-workspace/.derivedData/Build/Intermediates.noindex/OpenCoreGraphics.build/Debug-watchos/OpenQuartzCoreShims-t.build/Objects-normal/arm64/OpenQuartzCoreShims-dependency-scan.dia -validate-clang-modules-once -clang-build-session-file /Users/admin/builder/spi-builder-workspace/.derivedData/ModuleCache.noindex/Session.modulevalidation -Xcc -fmodules-prune-interval\=86400 -Xcc -fmodules-prune-after\=345600 -package-name spi_builder_workspace -emit-const-values -const-gather-protocols-list /Users/admin/builder/spi-builder-workspace/.derivedData/Build/Intermediates.noindex/OpenCoreGraphics.build/Debug-watchos/OpenQuartzCoreShims-t.build/Objects-normal/arm64/OpenQuartzCoreShims_const_extract_protocols.json -Xcc -I/Users/admin/builder/spi-builder-workspace/.derivedData/Build/Products/Debug-watchos/include -Xcc -I/Users/admin/builder/spi-builder-workspace/.derivedData/Build/Intermediates.noindex/OpenCoreGraphics.build/Debug-watchos/OpenQuartzCoreShims-t.build/DerivedSources-normal/arm64 -Xcc -I/Users/admin/builder/spi-builder-workspace/.derivedData/Build/Intermediates.noindex/OpenCoreGraphics.build/Debug-watchos/OpenQuartzCoreShims-t.build/DerivedSources/arm64 -Xcc -I/Users/admin/builder/spi-builder-workspace/.derivedData/Build/Intermediates.noindex/OpenCoreGraphics.build/Debug-watchos/OpenQuartzCoreShims-t.build/DerivedSources -Xcc -DSWIFT_PACKAGE -Xcc -DDEBUG\=1 -emit-objc-header -emit-objc-header-path /Users/admin/builder/spi-builder-workspace/.derivedData/Build/Intermediates.noindex/OpenCoreGraphics.build/Debug-watchos/OpenQuartzCoreShims-t.build/Objects-normal/arm64/OpenQuartzCoreShims-Swift.h -working-directory /Users/admin/builder/spi-builder-workspace/.swiftpm/xcode -experimental-emit-module-separately -disable-cmo
SwiftDriverJobDiscovery normal arm64 Compiling CGPath.swift (in target 'OpenCoreGraphics' from project 'OpenCoreGraphics')
SwiftCompile normal arm64_32 Compiling\ CGSize+Extension.swift /Users/admin/builder/spi-builder-workspace/Sources/OpenCoreGraphics/CGSize+Extension.swift (in target 'OpenCoreGraphics' from project 'OpenCoreGraphics')
SwiftCompile normal arm64_32 /Users/admin/builder/spi-builder-workspace/Sources/OpenCoreGraphics/CGSize+Extension.swift (in target 'OpenCoreGraphics' from project 'OpenCoreGraphics')
cd /Users/admin/builder/spi-builder-workspace/.swiftpm/xcode
builtin-SwiftPerFileCompile CGSize+Extension.swift
SwiftCompile normal arm64 Compiling\ CGAffineTransform.swift,\ CGContext.swift /Users/admin/builder/spi-builder-workspace/Sources/OpenCoreGraphics/CGAffineTransform.swift /Users/admin/builder/spi-builder-workspace/Sources/OpenCoreGraphics/CGContext.swift (in target 'OpenCoreGraphics' from project 'OpenCoreGraphics')
SwiftCompile normal arm64 /Users/admin/builder/spi-builder-workspace/Sources/OpenCoreGraphics/CGAffineTransform.swift (in target 'OpenCoreGraphics' from project 'OpenCoreGraphics')
cd /Users/admin/builder/spi-builder-workspace/.swiftpm/xcode
builtin-SwiftPerFileCompile CGAffineTransform.swift
SwiftCompile normal arm64 /Users/admin/builder/spi-builder-workspace/Sources/OpenCoreGraphics/CGContext.swift (in target 'OpenCoreGraphics' from project 'OpenCoreGraphics')
cd /Users/admin/builder/spi-builder-workspace/.swiftpm/xcode
builtin-SwiftPerFileCompile CGContext.swift
SwiftDriverJobDiscovery normal arm64 Compiling Export.swift (in target 'OpenCoreGraphicsShims' from project 'OpenCoreGraphics')
SwiftDriver\ Compilation OpenCoreGraphicsShims normal arm64 com.apple.xcode.tools.swift.compiler (in target 'OpenCoreGraphicsShims' from project 'OpenCoreGraphics')
cd /Users/admin/builder/spi-builder-workspace/.swiftpm/xcode
builtin-Swift-Compilation -- /Applications/Xcode-27.0.0-Release.Candidate.app/Contents/Developer/Toolchains/XcodeDefault.xctoolchain/usr/bin/swiftc -parse-as-library -module-name OpenCoreGraphicsShims -Onone @/Users/admin/builder/spi-builder-workspace/.derivedData/Build/Intermediates.noindex/OpenCoreGraphics.build/Debug-watchos/OpenCoreGraphicsShims-t.build/Objects-normal/arm64/OpenCoreGraphicsShims.SwiftFileList -DSWIFT_PACKAGE -DDEBUG -DSWIFT_MODULE_RESOURCE_BUNDLE_UNAVAILABLE -DOPENCOREGRAPHICS_COREGRAPHICS -DXcode -enable-upcoming-feature InternalImportsByDefault -enable-library-evolution -no-verify-emitted-module-interface -plugin-path /Applications/Xcode-27.0.0-Release.Candidate.app/Contents/Developer/Toolchains/XcodeDefault.xctoolchain/usr/lib/swift/host/plugins/testing -enable-experimental-feature DebugDescriptionMacro -sdk /Applications/Xcode-27.0.0-Release.Candidate.app/Contents/Developer/Platforms/WatchOS.platform/Developer/SDKs/WatchOS27.0.sdk -target arm64-apple-watchos9.0 -g -module-cache-path /Users/admin/builder/spi-builder-workspace/.derivedData/ModuleCache.noindex -Xfrontend -serialize-debugging-options -profile-coverage-mapping -profile-generate -enable-testing -index-store-path /Users/admin/builder/spi-builder-workspace/.derivedData/Index.noindex/DataStore -Xcc -D_LIBCPP_HARDENING_MODE\=_LIBCPP_HARDENING_MODE_DEBUG -swift-version 6 -I /Users/admin/builder/spi-builder-workspace/.derivedData/Build/Products/Debug-watchos -Isystem /Applications/Xcode-27.0.0-Release.Candidate.app/Contents/Developer/Platforms/WatchOS.platform/Developer/usr/lib -F /Users/admin/builder/spi-builder-workspace/.derivedData/Build/Products/Debug-watchos -F /Applications/Xcode-27.0.0-Release.Candidate.app/Contents/Developer/Platforms/WatchOS.platform/Developer/Library/Frameworks -F /Applications/Xcode-27.0.0-Release.Candidate.app/Contents/Developer/Platforms/WatchOS.platform/Developer/SDKs/WatchOS27.0.sdk/Developer/Library/Frameworks -c -j10 -enable-batch-mode -incremental -Xcc -ivfsstatcache -Xcc /Users/admin/builder/spi-builder-workspace/.derivedData/SDKStatCaches.noindex/watchos27.0-24R360-e829b21a6f8c9b70876ba0858053c04477534ef55a1706bf4c1112bbb242f0a2.sdkstatcache -output-file-map /Users/admin/builder/spi-builder-workspace/.derivedData/Build/Intermediates.noindex/OpenCoreGraphics.build/Debug-watchos/OpenCoreGraphicsShims-t.build/Objects-normal/arm64/OpenCoreGraphicsShims-OutputFileMap.json -save-temps -no-color-diagnostics -explicit-module-build -module-cache-path /Users/admin/builder/spi-builder-workspace/.derivedData/Build/Intermediates.noindex/SwiftExplicitPrecompiledModules -clang-scanner-module-cache-path /Users/admin/builder/spi-builder-workspace/.derivedData/ModuleCache.noindex -sdk-module-cache-path /Users/admin/builder/spi-builder-workspace/.derivedData/SDKExplicitPrecompiledModules -emit-dependencies -emit-module -emit-module-path /Users/admin/builder/spi-builder-workspace/.derivedData/Build/Intermediates.noindex/OpenCoreGraphics.build/Debug-watchos/OpenCoreGraphicsShims-t.build/Objects-normal/arm64/OpenCoreGraphicsShims.swiftmodule -serialize-diagnostics -dependency-scan-serialize-diagnostics-path /Users/admin/builder/spi-builder-workspace/.derivedData/Build/Intermediates.noindex/OpenCoreGraphics.build/Debug-watchos/OpenCoreGraphicsShims-t.build/Objects-normal/arm64/OpenCoreGraphicsShims-dependency-scan.dia -validate-clang-modules-once -clang-build-session-file /Users/admin/builder/spi-builder-workspace/.derivedData/ModuleCache.noindex/Session.modulevalidation -Xcc -fmodules-prune-interval\=86400 -Xcc -fmodules-prune-after\=345600 -package-name spi_builder_workspace -emit-const-values -const-gather-protocols-list /Users/admin/builder/spi-builder-workspace/.derivedData/Build/Intermediates.noindex/OpenCoreGraphics.build/Debug-watchos/OpenCoreGraphicsShims-t.build/Objects-normal/arm64/OpenCoreGraphicsShims_const_extract_protocols.json -Xcc -I/Users/admin/builder/spi-builder-workspace/.derivedData/Build/Products/Debug-watchos/include -Xcc -I/Users/admin/builder/spi-builder-workspace/.derivedData/Build/Intermediates.noindex/OpenCoreGraphics.build/Debug-watchos/OpenCoreGraphicsShims-t.build/DerivedSources-normal/arm64 -Xcc -I/Users/admin/builder/spi-builder-workspace/.derivedData/Build/Intermediates.noindex/OpenCoreGraphics.build/Debug-watchos/OpenCoreGraphicsShims-t.build/DerivedSources/arm64 -Xcc -I/Users/admin/builder/spi-builder-workspace/.derivedData/Build/Intermediates.noindex/OpenCoreGraphics.build/Debug-watchos/OpenCoreGraphicsShims-t.build/DerivedSources -Xcc -DSWIFT_PACKAGE -Xcc -DDEBUG\=1 -emit-objc-header -emit-objc-header-path /Users/admin/builder/spi-builder-workspace/.derivedData/Build/Intermediates.noindex/OpenCoreGraphics.build/Debug-watchos/OpenCoreGraphicsShims-t.build/Objects-normal/arm64/OpenCoreGraphicsShims-Swift.h -working-directory /Users/admin/builder/spi-builder-workspace/.swiftpm/xcode -experimental-emit-module-separately -disable-cmo
SwiftDriverJobDiscovery normal arm64_32 Compiling CGLine.swift (in target 'OpenCoreGraphics' from project 'OpenCoreGraphics')
SwiftCompile normal arm64_32 Compiling\ CGPath.swift /Users/admin/builder/spi-builder-workspace/Sources/OpenCoreGraphics/CGPath.swift (in target 'OpenCoreGraphics' from project 'OpenCoreGraphics')
/Users/admin/builder/spi-builder-workspace/Sources/OpenCoreGraphics/CGPath.swift:78:68: error: cannot convert value of type 'CGFloat' to expected argument type 'Float'
76 | func addRect(_ rect: CGRect) {
77 |
78 | let newElements: [Element] = [.moveToPoint(CGPoint(x: rect.minX, y: rect.minY)),
| `- error: cannot convert value of type 'CGFloat' to expected argument type 'Float'
79 | .addLineToPoint(CGPoint(x: rect.maxX, y: rect.minY)),
80 | .addLineToPoint(CGPoint(x: rect.maxX, y: rect.maxY)),
/Users/admin/builder/spi-builder-workspace/Sources/OpenCoreGraphics/CGPath.swift:78:82: error: cannot convert value of type 'CGFloat' to expected argument type 'Float'
76 | func addRect(_ rect: CGRect) {
77 |
78 | let newElements: [Element] = [.moveToPoint(CGPoint(x: rect.minX, y: rect.minY)),
| `- error: cannot convert value of type 'CGFloat' to expected argument type 'Float'
79 | .addLineToPoint(CGPoint(x: rect.maxX, y: rect.minY)),
80 | .addLineToPoint(CGPoint(x: rect.maxX, y: rect.maxY)),
/Users/admin/builder/spi-builder-workspace/Sources/OpenCoreGraphics/CGPath.swift:79:71: error: cannot convert value of type 'CGFloat' to expected argument type 'Float'
77 |
78 | let newElements: [Element] = [.moveToPoint(CGPoint(x: rect.minX, y: rect.minY)),
79 | .addLineToPoint(CGPoint(x: rect.maxX, y: rect.minY)),
| `- error: cannot convert value of type 'CGFloat' to expected argument type 'Float'
80 | .addLineToPoint(CGPoint(x: rect.maxX, y: rect.maxY)),
81 | .addLineToPoint(CGPoint(x: rect.minX, y: rect.maxY)),
/Users/admin/builder/spi-builder-workspace/Sources/OpenCoreGraphics/CGPath.swift:79:85: error: cannot convert value of type 'CGFloat' to expected argument type 'Float'
77 |
78 | let newElements: [Element] = [.moveToPoint(CGPoint(x: rect.minX, y: rect.minY)),
79 | .addLineToPoint(CGPoint(x: rect.maxX, y: rect.minY)),
| `- error: cannot convert value of type 'CGFloat' to expected argument type 'Float'
80 | .addLineToPoint(CGPoint(x: rect.maxX, y: rect.maxY)),
81 | .addLineToPoint(CGPoint(x: rect.minX, y: rect.maxY)),
/Users/admin/builder/spi-builder-workspace/Sources/OpenCoreGraphics/CGPath.swift:80:71: error: cannot convert value of type 'CGFloat' to expected argument type 'Float'
78 | let newElements: [Element] = [.moveToPoint(CGPoint(x: rect.minX, y: rect.minY)),
79 | .addLineToPoint(CGPoint(x: rect.maxX, y: rect.minY)),
80 | .addLineToPoint(CGPoint(x: rect.maxX, y: rect.maxY)),
| `- error: cannot convert value of type 'CGFloat' to expected argument type 'Float'
81 | .addLineToPoint(CGPoint(x: rect.minX, y: rect.maxY)),
82 | .closeSubpath]
/Users/admin/builder/spi-builder-workspace/Sources/OpenCoreGraphics/CGPath.swift:80:85: error: cannot convert value of type 'CGFloat' to expected argument type 'Float'
78 | let newElements: [Element] = [.moveToPoint(CGPoint(x: rect.minX, y: rect.minY)),
79 | .addLineToPoint(CGPoint(x: rect.maxX, y: rect.minY)),
80 | .addLineToPoint(CGPoint(x: rect.maxX, y: rect.maxY)),
| `- error: cannot convert value of type 'CGFloat' to expected argument type 'Float'
81 | .addLineToPoint(CGPoint(x: rect.minX, y: rect.maxY)),
82 | .closeSubpath]
/Users/admin/builder/spi-builder-workspace/Sources/OpenCoreGraphics/CGPath.swift:81:71: error: cannot convert value of type 'CGFloat' to expected argument type 'Float'
79 | .addLineToPoint(CGPoint(x: rect.maxX, y: rect.minY)),
80 | .addLineToPoint(CGPoint(x: rect.maxX, y: rect.maxY)),
81 | .addLineToPoint(CGPoint(x: rect.minX, y: rect.maxY)),
| `- error: cannot convert value of type 'CGFloat' to expected argument type 'Float'
82 | .closeSubpath]
83 |
/Users/admin/builder/spi-builder-workspace/Sources/OpenCoreGraphics/CGPath.swift:81:85: error: cannot convert value of type 'CGFloat' to expected argument type 'Float'
79 | .addLineToPoint(CGPoint(x: rect.maxX, y: rect.minY)),
80 | .addLineToPoint(CGPoint(x: rect.maxX, y: rect.maxY)),
81 | .addLineToPoint(CGPoint(x: rect.minX, y: rect.maxY)),
| `- error: cannot convert value of type 'CGFloat' to expected argument type 'Float'
82 | .closeSubpath]
83 |
/Users/admin/builder/spi-builder-workspace/Sources/OpenCoreGraphics/CGPath.swift:96:51: error: cannot convert value of type 'CGFloat' to expected argument type 'Float'
94 | let vdiff = rect.height / 2 * KAPPA
95 |
96 | p = CGPoint(x: rect.origin.x + rect.width / 2, y: rect.origin.y + rect.height)
| `- error: cannot convert value of type 'CGFloat' to expected argument type 'Float'
97 | elements.append(.moveToPoint(p))
98 |
/Users/admin/builder/spi-builder-workspace/Sources/OpenCoreGraphics/CGPath.swift:96:45: error: cannot convert value of type 'CGFloat' to expected argument type 'Float'
94 | let vdiff = rect.height / 2 * KAPPA
95 |
96 | p = CGPoint(x: rect.origin.x + rect.width / 2, y: rect.origin.y + rect.height)
| `- error: cannot convert value of type 'CGFloat' to expected argument type 'Float'
97 | elements.append(.moveToPoint(p))
98 |
/Users/admin/builder/spi-builder-workspace/Sources/OpenCoreGraphics/CGPath.swift:96:80: error: cannot convert value of type 'CGFloat' to expected argument type 'Float'
94 | let vdiff = rect.height / 2 * KAPPA
95 |
96 | p = CGPoint(x: rect.origin.x + rect.width / 2, y: rect.origin.y + rect.height)
| `- error: cannot convert value of type 'CGFloat' to expected argument type 'Float'
97 | elements.append(.moveToPoint(p))
98 |
/Users/admin/builder/spi-builder-workspace/Sources/OpenCoreGraphics/CGPath.swift:99:70: error: cannot convert value of type 'CGFloat' to expected argument type 'Float'
97 | elements.append(.moveToPoint(p))
98 |
99 | p = CGPoint(x: rect.origin.x, y: rect.origin.y + rect.height / 2)
| `- error: cannot convert value of type 'CGFloat' to expected argument type 'Float'
100 | p1 = CGPoint(x: rect.origin.x + rect.width / 2 - hdiff, y: rect.origin.y + rect.height)
101 | p2 = CGPoint(x: rect.origin.x, y: rect.origin.y + rect.height / 2 + vdiff)
SwiftCompile normal arm64_32 /Users/admin/builder/spi-builder-workspace/Sources/OpenCoreGraphics/CGPath.swift (in target 'OpenCoreGraphics' from project 'OpenCoreGraphics')
cd /Users/admin/builder/spi-builder-workspace/.swiftpm/xcode
builtin-SwiftPerFileCompile CGPath.swift
SwiftCompile normal arm64 Compiling\ IOSurface.swift /Users/admin/builder/spi-builder-workspace/Sources/OpenCoreGraphics/IOSurface.swift (in target 'OpenCoreGraphics' from project 'OpenCoreGraphics')
SwiftCompile normal arm64 /Users/admin/builder/spi-builder-workspace/Sources/OpenCoreGraphics/IOSurface.swift (in target 'OpenCoreGraphics' from project 'OpenCoreGraphics')
cd /Users/admin/builder/spi-builder-workspace/.swiftpm/xcode
builtin-SwiftPerFileCompile IOSurface.swift
SwiftDriverJobDiscovery normal arm64_32 Compiling Export.swift (in target 'OpenQuartzCoreShims' from project 'OpenCoreGraphics')
SwiftCompile normal arm64 Compiling\ Export.swift /Users/admin/builder/spi-builder-workspace/Sources/OpenCoreGraphics/Export.swift (in target 'OpenCoreGraphics' from project 'OpenCoreGraphics')
SwiftCompile normal arm64 /Users/admin/builder/spi-builder-workspace/Sources/OpenCoreGraphics/Export.swift (in target 'OpenCoreGraphics' from project 'OpenCoreGraphics')
cd /Users/admin/builder/spi-builder-workspace/.swiftpm/xcode
builtin-SwiftPerFileCompile Export.swift
SwiftDriverJobDiscovery normal arm64_32 Compiling Export.swift (in target 'OpenCoreGraphicsShims' from project 'OpenCoreGraphics')
SwiftDriver\ Compilation OpenQuartzCoreShims normal arm64_32 com.apple.xcode.tools.swift.compiler (in target 'OpenQuartzCoreShims' from project 'OpenCoreGraphics')
cd /Users/admin/builder/spi-builder-workspace/.swiftpm/xcode
builtin-Swift-Compilation -- /Applications/Xcode-27.0.0-Release.Candidate.app/Contents/Developer/Toolchains/XcodeDefault.xctoolchain/usr/bin/swiftc -parse-as-library -module-name OpenQuartzCoreShims -Onone @/Users/admin/builder/spi-builder-workspace/.derivedData/Build/Intermediates.noindex/OpenCoreGraphics.build/Debug-watchos/OpenQuartzCoreShims-t.build/Objects-normal/arm64_32/OpenQuartzCoreShims.SwiftFileList -DSWIFT_PACKAGE -DDEBUG -DSWIFT_MODULE_RESOURCE_BUNDLE_UNAVAILABLE -DOPENCOREGRAPHICS_COREGRAPHICS -DXcode -enable-upcoming-feature InternalImportsByDefault -enable-library-evolution -no-verify-emitted-module-interface -plugin-path /Applications/Xcode-27.0.0-Release.Candidate.app/Contents/Developer/Toolchains/XcodeDefault.xctoolchain/usr/lib/swift/host/plugins/testing -enable-experimental-feature DebugDescriptionMacro -sdk /Applications/Xcode-27.0.0-Release.Candidate.app/Contents/Developer/Platforms/WatchOS.platform/Developer/SDKs/WatchOS27.0.sdk -target arm64_32-apple-watchos9.0 -g -module-cache-path /Users/admin/builder/spi-builder-workspace/.derivedData/ModuleCache.noindex -Xfrontend -serialize-debugging-options -profile-coverage-mapping -profile-generate -enable-testing -index-store-path /Users/admin/builder/spi-builder-workspace/.derivedData/Index.noindex/DataStore -Xcc -D_LIBCPP_HARDENING_MODE\=_LIBCPP_HARDENING_MODE_DEBUG -swift-version 6 -I /Users/admin/builder/spi-builder-workspace/.derivedData/Build/Products/Debug-watchos -Isystem /Applications/Xcode-27.0.0-Release.Candidate.app/Contents/Developer/Platforms/WatchOS.platform/Developer/usr/lib -F /Users/admin/builder/spi-builder-workspace/.derivedData/Build/Products/Debug-watchos -F /Applications/Xcode-27.0.0-Release.Candidate.app/Contents/Developer/Platforms/WatchOS.platform/Developer/Library/Frameworks -F /Applications/Xcode-27.0.0-Release.Candidate.app/Contents/Developer/Platforms/WatchOS.platform/Developer/SDKs/WatchOS27.0.sdk/Developer/Library/Frameworks -c -j10 -enable-batch-mode -incremental -Xcc -ivfsstatcache -Xcc /Users/admin/builder/spi-builder-workspace/.derivedData/SDKStatCaches.noindex/watchos27.0-24R360-e829b21a6f8c9b70876ba0858053c04477534ef55a1706bf4c1112bbb242f0a2.sdkstatcache -output-file-map /Users/admin/builder/spi-builder-workspace/.derivedData/Build/Intermediates.noindex/OpenCoreGraphics.build/Debug-watchos/OpenQuartzCoreShims-t.build/Objects-normal/arm64_32/OpenQuartzCoreShims-OutputFileMap.json -save-temps -no-color-diagnostics -explicit-module-build -module-cache-path /Users/admin/builder/spi-builder-workspace/.derivedData/Build/Intermediates.noindex/SwiftExplicitPrecompiledModules -clang-scanner-module-cache-path /Users/admin/builder/spi-builder-workspace/.derivedData/ModuleCache.noindex -sdk-module-cache-path /Users/admin/builder/spi-builder-workspace/.derivedData/SDKExplicitPrecompiledModules -emit-dependencies -emit-module -emit-module-path /Users/admin/builder/spi-builder-workspace/.derivedData/Build/Intermediates.noindex/OpenCoreGraphics.build/Debug-watchos/OpenQuartzCoreShims-t.build/Objects-normal/arm64_32/OpenQuartzCoreShims.swiftmodule -serialize-diagnostics -dependency-scan-serialize-diagnostics-path /Users/admin/builder/spi-builder-workspace/.derivedData/Build/Intermediates.noindex/OpenCoreGraphics.build/Debug-watchos/OpenQuartzCoreShims-t.build/Objects-normal/arm64_32/OpenQuartzCoreShims-dependency-scan.dia -validate-clang-modules-once -clang-build-session-file /Users/admin/builder/spi-builder-workspace/.derivedData/ModuleCache.noindex/Session.modulevalidation -Xcc -fmodules-prune-interval\=86400 -Xcc -fmodules-prune-after\=345600 -package-name spi_builder_workspace -emit-const-values -const-gather-protocols-list /Users/admin/builder/spi-builder-workspace/.derivedData/Build/Intermediates.noindex/OpenCoreGraphics.build/Debug-watchos/OpenQuartzCoreShims-t.build/Objects-normal/arm64_32/OpenQuartzCoreShims_const_extract_protocols.json -Xcc -I/Users/admin/builder/spi-builder-workspace/.derivedData/Build/Products/Debug-watchos/include -Xcc -I/Users/admin/builder/spi-builder-workspace/.derivedData/Build/Intermediates.noindex/OpenCoreGraphics.build/Debug-watchos/OpenQuartzCoreShims-t.build/DerivedSources-normal/arm64_32 -Xcc -I/Users/admin/builder/spi-builder-workspace/.derivedData/Build/Intermediates.noindex/OpenCoreGraphics.build/Debug-watchos/OpenQuartzCoreShims-t.build/DerivedSources/arm64_32 -Xcc -I/Users/admin/builder/spi-builder-workspace/.derivedData/Build/Intermediates.noindex/OpenCoreGraphics.build/Debug-watchos/OpenQuartzCoreShims-t.build/DerivedSources -Xcc -DSWIFT_PACKAGE -Xcc -DDEBUG\=1 -emit-objc-header -emit-objc-header-path /Users/admin/builder/spi-builder-workspace/.derivedData/Build/Intermediates.noindex/OpenCoreGraphics.build/Debug-watchos/OpenQuartzCoreShims-t.build/Objects-normal/arm64_32/OpenQuartzCoreShims-Swift.h -working-directory /Users/admin/builder/spi-builder-workspace/.swiftpm/xcode -experimental-emit-module-separately -disable-cmo
SwiftDriverJobDiscovery normal arm64 Compiling CGAffineTransform.swift, CGContext.swift (in target 'OpenCoreGraphics' from project 'OpenCoreGraphics')
SwiftDriver\ Compilation OpenCoreGraphicsShims normal arm64_32 com.apple.xcode.tools.swift.compiler (in target 'OpenCoreGraphicsShims' from project 'OpenCoreGraphics')
cd /Users/admin/builder/spi-builder-workspace/.swiftpm/xcode
builtin-Swift-Compilation -- /Applications/Xcode-27.0.0-Release.Candidate.app/Contents/Developer/Toolchains/XcodeDefault.xctoolchain/usr/bin/swiftc -parse-as-library -module-name OpenCoreGraphicsShims -Onone @/Users/admin/builder/spi-builder-workspace/.derivedData/Build/Intermediates.noindex/OpenCoreGraphics.build/Debug-watchos/OpenCoreGraphicsShims-t.build/Objects-normal/arm64_32/OpenCoreGraphicsShims.SwiftFileList -DSWIFT_PACKAGE -DDEBUG -DSWIFT_MODULE_RESOURCE_BUNDLE_UNAVAILABLE -DOPENCOREGRAPHICS_COREGRAPHICS -DXcode -enable-upcoming-feature InternalImportsByDefault -enable-library-evolution -no-verify-emitted-module-interface -plugin-path /Applications/Xcode-27.0.0-Release.Candidate.app/Contents/Developer/Toolchains/XcodeDefault.xctoolchain/usr/lib/swift/host/plugins/testing -enable-experimental-feature DebugDescriptionMacro -sdk /Applications/Xcode-27.0.0-Release.Candidate.app/Contents/Developer/Platforms/WatchOS.platform/Developer/SDKs/WatchOS27.0.sdk -target arm64_32-apple-watchos9.0 -g -module-cache-path /Users/admin/builder/spi-builder-workspace/.derivedData/ModuleCache.noindex -Xfrontend -serialize-debugging-options -profile-coverage-mapping -profile-generate -enable-testing -index-store-path /Users/admin/builder/spi-builder-workspace/.derivedData/Index.noindex/DataStore -Xcc -D_LIBCPP_HARDENING_MODE\=_LIBCPP_HARDENING_MODE_DEBUG -swift-version 6 -I /Users/admin/builder/spi-builder-workspace/.derivedData/Build/Products/Debug-watchos -Isystem /Applications/Xcode-27.0.0-Release.Candidate.app/Contents/Developer/Platforms/WatchOS.platform/Developer/usr/lib -F /Users/admin/builder/spi-builder-workspace/.derivedData/Build/Products/Debug-watchos -F /Applications/Xcode-27.0.0-Release.Candidate.app/Contents/Developer/Platforms/WatchOS.platform/Developer/Library/Frameworks -F /Applications/Xcode-27.0.0-Release.Candidate.app/Contents/Developer/Platforms/WatchOS.platform/Developer/SDKs/WatchOS27.0.sdk/Developer/Library/Frameworks -c -j10 -enable-batch-mode -incremental -Xcc -ivfsstatcache -Xcc /Users/admin/builder/spi-builder-workspace/.derivedData/SDKStatCaches.noindex/watchos27.0-24R360-e829b21a6f8c9b70876ba0858053c04477534ef55a1706bf4c1112bbb242f0a2.sdkstatcache -output-file-map /Users/admin/builder/spi-builder-workspace/.derivedData/Build/Intermediates.noindex/OpenCoreGraphics.build/Debug-watchos/OpenCoreGraphicsShims-t.build/Objects-normal/arm64_32/OpenCoreGraphicsShims-OutputFileMap.json -save-temps -no-color-diagnostics -explicit-module-build -module-cache-path /Users/admin/builder/spi-builder-workspace/.derivedData/Build/Intermediates.noindex/SwiftExplicitPrecompiledModules -clang-scanner-module-cache-path /Users/admin/builder/spi-builder-workspace/.derivedData/ModuleCache.noindex -sdk-module-cache-path /Users/admin/builder/spi-builder-workspace/.derivedData/SDKExplicitPrecompiledModules -emit-dependencies -emit-module -emit-module-path /Users/admin/builder/spi-builder-workspace/.derivedData/Build/Intermediates.noindex/OpenCoreGraphics.build/Debug-watchos/OpenCoreGraphicsShims-t.build/Objects-normal/arm64_32/OpenCoreGraphicsShims.swiftmodule -serialize-diagnostics -dependency-scan-serialize-diagnostics-path /Users/admin/builder/spi-builder-workspace/.derivedData/Build/Intermediates.noindex/OpenCoreGraphics.build/Debug-watchos/OpenCoreGraphicsShims-t.build/Objects-normal/arm64_32/OpenCoreGraphicsShims-dependency-scan.dia -validate-clang-modules-once -clang-build-session-file /Users/admin/builder/spi-builder-workspace/.derivedData/ModuleCache.noindex/Session.modulevalidation -Xcc -fmodules-prune-interval\=86400 -Xcc -fmodules-prune-after\=345600 -package-name spi_builder_workspace -emit-const-values -const-gather-protocols-list /Users/admin/builder/spi-builder-workspace/.derivedData/Build/Intermediates.noindex/OpenCoreGraphics.build/Debug-watchos/OpenCoreGraphicsShims-t.build/Objects-normal/arm64_32/OpenCoreGraphicsShims_const_extract_protocols.json -Xcc -I/Users/admin/builder/spi-builder-workspace/.derivedData/Build/Products/Debug-watchos/include -Xcc -I/Users/admin/builder/spi-builder-workspace/.derivedData/Build/Intermediates.noindex/OpenCoreGraphics.build/Debug-watchos/OpenCoreGraphicsShims-t.build/DerivedSources-normal/arm64_32 -Xcc -I/Users/admin/builder/spi-builder-workspace/.derivedData/Build/Intermediates.noindex/OpenCoreGraphics.build/Debug-watchos/OpenCoreGraphicsShims-t.build/DerivedSources/arm64_32 -Xcc -I/Users/admin/builder/spi-builder-workspace/.derivedData/Build/Intermediates.noindex/OpenCoreGraphics.build/Debug-watchos/OpenCoreGraphicsShims-t.build/DerivedSources -Xcc -DSWIFT_PACKAGE -Xcc -DDEBUG\=1 -emit-objc-header -emit-objc-header-path /Users/admin/builder/spi-builder-workspace/.derivedData/Build/Intermediates.noindex/OpenCoreGraphics.build/Debug-watchos/OpenCoreGraphicsShims-t.build/Objects-normal/arm64_32/OpenCoreGraphicsShims-Swift.h -working-directory /Users/admin/builder/spi-builder-workspace/.swiftpm/xcode -experimental-emit-module-separately -disable-cmo
SwiftCompile normal arm64 Compiling\ CGGeometry+Hashable.swift,\ CGImage.swift /Users/admin/builder/spi-builder-workspace/Sources/OpenCoreGraphics/CGGeometry+Hashable.swift /Users/admin/builder/spi-builder-workspace/Sources/OpenCoreGraphics/CGImage.swift (in target 'OpenCoreGraphics' from project 'OpenCoreGraphics')
SwiftCompile normal arm64 /Users/admin/builder/spi-builder-workspace/Sources/OpenCoreGraphics/CGGeometry+Hashable.swift (in target 'OpenCoreGraphics' from project 'OpenCoreGraphics')
cd /Users/admin/builder/spi-builder-workspace/.swiftpm/xcode
builtin-SwiftPerFileCompile CGGeometry+Hashable.swift
SwiftCompile normal arm64 /Users/admin/builder/spi-builder-workspace/Sources/OpenCoreGraphics/CGImage.swift (in target 'OpenCoreGraphics' from project 'OpenCoreGraphics')
cd /Users/admin/builder/spi-builder-workspace/.swiftpm/xcode
builtin-SwiftPerFileCompile CGImage.swift
SwiftCompile normal arm64_32 Compiling\ CGGeometry+Hashable.swift,\ CGImage.swift /Users/admin/builder/spi-builder-workspace/Sources/OpenCoreGraphics/CGGeometry+Hashable.swift /Users/admin/builder/spi-builder-workspace/Sources/OpenCoreGraphics/CGImage.swift (in target 'OpenCoreGraphics' from project 'OpenCoreGraphics')
SwiftCompile normal arm64_32 /Users/admin/builder/spi-builder-workspace/Sources/OpenCoreGraphics/CGGeometry+Hashable.swift (in target 'OpenCoreGraphics' from project 'OpenCoreGraphics')
cd /Users/admin/builder/spi-builder-workspace/.swiftpm/xcode
builtin-SwiftPerFileCompile CGGeometry+Hashable.swift
SwiftCompile normal arm64_32 /Users/admin/builder/spi-builder-workspace/Sources/OpenCoreGraphics/CGImage.swift (in target 'OpenCoreGraphics' from project 'OpenCoreGraphics')
cd /Users/admin/builder/spi-builder-workspace/.swiftpm/xcode
builtin-SwiftPerFileCompile CGImage.swift
SwiftDriverJobDiscovery normal arm64 Compiling Export.swift (in target 'OpenCoreGraphics' from project 'OpenCoreGraphics')
SwiftDriverJobDiscovery normal arm64 Compiling IOSurface.swift (in target 'OpenCoreGraphics' from project 'OpenCoreGraphics')
Ld /Users/admin/builder/spi-builder-workspace/.derivedData/Build/Intermediates.noindex/OpenCoreGraphics.build/Debug-watchos/OpenQuartzCoreShims-t.build/Objects-normal/arm64_32/Binary/OpenQuartzCoreShims.o normal arm64_32 (in target 'OpenQuartzCoreShims' from project 'OpenCoreGraphics')
cd /Users/admin/builder/spi-builder-workspace
/Applications/Xcode-27.0.0-Release.Candidate.app/Contents/Developer/Toolchains/XcodeDefault.xctoolchain/usr/bin/clang -Xlinker -reproducible -target arm64_32-apple-watchos9.0 -r -isysroot /Applications/Xcode-27.0.0-Release.Candidate.app/Contents/Developer/Platforms/WatchOS.platform/Developer/SDKs/WatchOS27.0.sdk -O0 -Xlinker -no_warn_duplicate_libraries -F/Users/admin/builder/spi-builder-workspace/.derivedData/Build/Intermediates.noindex/EagerLinkingTBDs/Debug-watchos -F/Users/admin/builder/spi-builder-workspace/.derivedData/Build/Products/Debug-watchos -iframework /Applications/Xcode-27.0.0-Release.Candidate.app/Contents/Developer/Platforms/WatchOS.platform/Developer/Library/Frameworks -iframework /Applications/Xcode-27.0.0-Release.Candidate.app/Contents/Developer/Platforms/WatchOS.platform/Developer/SDKs/WatchOS27.0.sdk/Developer/Library/Frameworks -filelist /Users/admin/builder/spi-builder-workspace/.derivedData/Build/Intermediates.noindex/OpenCoreGraphics.build/Debug-watchos/OpenQuartzCoreShims-t.build/Objects-normal/arm64_32/OpenQuartzCoreShims.LinkFileList -nostdlib -Xlinker -object_path_lto -Xlinker /Users/admin/builder/spi-builder-workspace/.derivedData/Build/Intermediates.noindex/OpenCoreGraphics.build/Debug-watchos/OpenQuartzCoreShims-t.build/Objects-normal/arm64_32/OpenQuartzCoreShims_lto.o -Xlinker -no_deduplicate -Xlinker -debug_variant -Xlinker -dependency_info -Xlinker /Users/admin/builder/spi-builder-workspace/.derivedData/Build/Intermediates.noindex/OpenCoreGraphics.build/Debug-watchos/OpenQuartzCoreShims-t.build/Objects-normal/arm64_32/OpenQuartzCoreShims_dependency_info.dat -fobjc-link-runtime -L/Applications/Xcode-27.0.0-Release.Candidate.app/Contents/Developer/Toolchains/XcodeDefault.xctoolchain/usr/lib/swift/watchos -L/usr/lib/swift -Xlinker -add_ast_path -Xlinker /Users/admin/builder/spi-builder-workspace/.derivedData/Build/Intermediates.noindex/OpenCoreGraphics.build/Debug-watchos/OpenQuartzCoreShims-t.build/Objects-normal/arm64_32/OpenQuartzCoreShims.swiftmodule -o /Users/admin/builder/spi-builder-workspace/.derivedData/Build/Intermediates.noindex/OpenCoreGraphics.build/Debug-watchos/OpenQuartzCoreShims-t.build/Objects-normal/arm64_32/Binary/OpenQuartzCoreShims.o
Ld /Users/admin/builder/spi-builder-workspace/.derivedData/Build/Intermediates.noindex/OpenCoreGraphics.build/Debug-watchos/OpenQuartzCoreShims-t.build/Objects-normal/arm64/Binary/OpenQuartzCoreShims.o normal arm64 (in target 'OpenQuartzCoreShims' from project 'OpenCoreGraphics')
cd /Users/admin/builder/spi-builder-workspace
/Applications/Xcode-27.0.0-Release.Candidate.app/Contents/Developer/Toolchains/XcodeDefault.xctoolchain/usr/bin/clang -Xlinker -reproducible -target arm64-apple-watchos9.0 -r -isysroot /Applications/Xcode-27.0.0-Release.Candidate.app/Contents/Developer/Platforms/WatchOS.platform/Developer/SDKs/WatchOS27.0.sdk -O0 -Xlinker -no_warn_duplicate_libraries -F/Users/admin/builder/spi-builder-workspace/.derivedData/Build/Intermediates.noindex/EagerLinkingTBDs/Debug-watchos -F/Users/admin/builder/spi-builder-workspace/.derivedData/Build/Products/Debug-watchos -iframework /Applications/Xcode-27.0.0-Release.Candidate.app/Contents/Developer/Platforms/WatchOS.platform/Developer/Library/Frameworks -iframework /Applications/Xcode-27.0.0-Release.Candidate.app/Contents/Developer/Platforms/WatchOS.platform/Developer/SDKs/WatchOS27.0.sdk/Developer/Library/Frameworks -filelist /Users/admin/builder/spi-builder-workspace/.derivedData/Build/Intermediates.noindex/OpenCoreGraphics.build/Debug-watchos/OpenQuartzCoreShims-t.build/Objects-normal/arm64/OpenQuartzCoreShims.LinkFileList -nostdlib -Xlinker -object_path_lto -Xlinker /Users/admin/builder/spi-builder-workspace/.derivedData/Build/Intermediates.noindex/OpenCoreGraphics.build/Debug-watchos/OpenQuartzCoreShims-t.build/Objects-normal/arm64/OpenQuartzCoreShims_lto.o -Xlinker -no_deduplicate -Xlinker -debug_variant -Xlinker -dependency_info -Xlinker /Users/admin/builder/spi-builder-workspace/.derivedData/Build/Intermediates.noindex/OpenCoreGraphics.build/Debug-watchos/OpenQuartzCoreShims-t.build/Objects-normal/arm64/OpenQuartzCoreShims_dependency_info.dat -fobjc-link-runtime -L/Applications/Xcode-27.0.0-Release.Candidate.app/Contents/Developer/Toolchains/XcodeDefault.xctoolchain/usr/lib/swift/watchos -L/usr/lib/swift -Xlinker -add_ast_path -Xlinker /Users/admin/builder/spi-builder-workspace/.derivedData/Build/Intermediates.noindex/OpenCoreGraphics.build/Debug-watchos/OpenQuartzCoreShims-t.build/Objects-normal/arm64/OpenQuartzCoreShims.swiftmodule -o /Users/admin/builder/spi-builder-workspace/.derivedData/Build/Intermediates.noindex/OpenCoreGraphics.build/Debug-watchos/OpenQuartzCoreShims-t.build/Objects-normal/arm64/Binary/OpenQuartzCoreShims.o
SwiftDriverJobDiscovery normal arm64 Compiling CGGeometry+Hashable.swift, CGImage.swift (in target 'OpenCoreGraphics' from project 'OpenCoreGraphics')
SwiftDriver\ Compilation OpenCoreGraphics normal arm64 com.apple.xcode.tools.swift.compiler (in target 'OpenCoreGraphics' from project 'OpenCoreGraphics')
cd /Users/admin/builder/spi-builder-workspace/.swiftpm/xcode
builtin-Swift-Compilation -- /Applications/Xcode-27.0.0-Release.Candidate.app/Contents/Developer/Toolchains/XcodeDefault.xctoolchain/usr/bin/swiftc -parse-as-library -module-name OpenCoreGraphics -Onone @/Users/admin/builder/spi-builder-workspace/.derivedData/Build/Intermediates.noindex/OpenCoreGraphics.build/Debug-watchos/OpenCoreGraphics-t.build/Objects-normal/arm64/OpenCoreGraphics.SwiftFileList -DSWIFT_PACKAGE -DDEBUG -DSWIFT_MODULE_RESOURCE_BUNDLE_UNAVAILABLE -DOPENCOREGRAPHICS_COREGRAPHICS -DXcode -enable-upcoming-feature InternalImportsByDefault -enable-library-evolution -no-verify-emitted-module-interface -plugin-path /Applications/Xcode-27.0.0-Release.Candidate.app/Contents/Developer/Toolchains/XcodeDefault.xctoolchain/usr/lib/swift/host/plugins/testing -enable-experimental-feature DebugDescriptionMacro -sdk /Applications/Xcode-27.0.0-Release.Candidate.app/Contents/Developer/Platforms/WatchOS.platform/Developer/SDKs/WatchOS27.0.sdk -target arm64-apple-watchos9.0 -g -module-cache-path /Users/admin/builder/spi-builder-workspace/.derivedData/ModuleCache.noindex -Xfrontend -serialize-debugging-options -profile-coverage-mapping -profile-generate -enable-testing -index-store-path /Users/admin/builder/spi-builder-workspace/.derivedData/Index.noindex/DataStore -Xcc -D_LIBCPP_HARDENING_MODE\=_LIBCPP_HARDENING_MODE_DEBUG -swift-version 6 -I /Users/admin/builder/spi-builder-workspace/.derivedData/Build/Products/Debug-watchos -Isystem /Applications/Xcode-27.0.0-Release.Candidate.app/Contents/Developer/Platforms/WatchOS.platform/Developer/usr/lib -F /Users/admin/builder/spi-builder-workspace/.derivedData/Build/Products/Debug-watchos -F /Applications/Xcode-27.0.0-Release.Candidate.app/Contents/Developer/Platforms/WatchOS.platform/Developer/Library/Frameworks -F /Applications/Xcode-27.0.0-Release.Candidate.app/Contents/Developer/Platforms/WatchOS.platform/Developer/SDKs/WatchOS27.0.sdk/Developer/Library/Frameworks -c -j10 -enable-batch-mode -incremental -Xcc -ivfsstatcache -Xcc /Users/admin/builder/spi-builder-workspace/.derivedData/SDKStatCaches.noindex/watchos27.0-24R360-e829b21a6f8c9b70876ba0858053c04477534ef55a1706bf4c1112bbb242f0a2.sdkstatcache -output-file-map /Users/admin/builder/spi-builder-workspace/.derivedData/Build/Intermediates.noindex/OpenCoreGraphics.build/Debug-watchos/OpenCoreGraphics-t.build/Objects-normal/arm64/OpenCoreGraphics-OutputFileMap.json -save-temps -no-color-diagnostics -explicit-module-build -module-cache-path /Users/admin/builder/spi-builder-workspace/.derivedData/Build/Intermediates.noindex/SwiftExplicitPrecompiledModules -clang-scanner-module-cache-path /Users/admin/builder/spi-builder-workspace/.derivedData/ModuleCache.noindex -sdk-module-cache-path /Users/admin/builder/spi-builder-workspace/.derivedData/SDKExplicitPrecompiledModules -emit-dependencies -emit-module -emit-module-path /Users/admin/builder/spi-builder-workspace/.derivedData/Build/Intermediates.noindex/OpenCoreGraphics.build/Debug-watchos/OpenCoreGraphics-t.build/Objects-normal/arm64/OpenCoreGraphics.swiftmodule -serialize-diagnostics -dependency-scan-serialize-diagnostics-path /Users/admin/builder/spi-builder-workspace/.derivedData/Build/Intermediates.noindex/OpenCoreGraphics.build/Debug-watchos/OpenCoreGraphics-t.build/Objects-normal/arm64/OpenCoreGraphics-dependency-scan.dia -validate-clang-modules-once -clang-build-session-file /Users/admin/builder/spi-builder-workspace/.derivedData/ModuleCache.noindex/Session.modulevalidation -Xcc -fmodules-prune-interval\=86400 -Xcc -fmodules-prune-after\=345600 -package-name spi_builder_workspace -emit-const-values -const-gather-protocols-list /Users/admin/builder/spi-builder-workspace/.derivedData/Build/Intermediates.noindex/OpenCoreGraphics.build/Debug-watchos/OpenCoreGraphics-t.build/Objects-normal/arm64/OpenCoreGraphics_const_extract_protocols.json -Xcc -I/Users/admin/builder/spi-builder-workspace/.derivedData/Build/Products/Debug-watchos/include -Xcc -I/Users/admin/builder/spi-builder-workspace/.derivedData/Build/Intermediates.noindex/OpenCoreGraphics.build/Debug-watchos/OpenCoreGraphics-t.build/DerivedSources-normal/arm64 -Xcc -I/Users/admin/builder/spi-builder-workspace/.derivedData/Build/Intermediates.noindex/OpenCoreGraphics.build/Debug-watchos/OpenCoreGraphics-t.build/DerivedSources/arm64 -Xcc -I/Users/admin/builder/spi-builder-workspace/.derivedData/Build/Intermediates.noindex/OpenCoreGraphics.build/Debug-watchos/OpenCoreGraphics-t.build/DerivedSources -Xcc -DSWIFT_PACKAGE -Xcc -DDEBUG\=1 -emit-objc-header -emit-objc-header-path /Users/admin/builder/spi-builder-workspace/.derivedData/Build/Intermediates.noindex/OpenCoreGraphics.build/Debug-watchos/OpenCoreGraphics-t.build/Objects-normal/arm64/OpenCoreGraphics-Swift.h -working-directory /Users/admin/builder/spi-builder-workspace/.swiftpm/xcode -experimental-emit-module-separately -disable-cmo
Ld /Users/admin/builder/spi-builder-workspace/.derivedData/Build/Intermediates.noindex/OpenCoreGraphics.build/Debug-watchos/OpenCoreGraphicsShims-t.build/Objects-normal/arm64_32/Binary/OpenCoreGraphicsShims.o normal arm64_32 (in target 'OpenCoreGraphicsShims' from project 'OpenCoreGraphics')
cd /Users/admin/builder/spi-builder-workspace
/Applications/Xcode-27.0.0-Release.Candidate.app/Contents/Developer/Toolchains/XcodeDefault.xctoolchain/usr/bin/clang -Xlinker -reproducible -target arm64_32-apple-watchos9.0 -r -isysroot /Applications/Xcode-27.0.0-Release.Candidate.app/Contents/Developer/Platforms/WatchOS.platform/Developer/SDKs/WatchOS27.0.sdk -O0 -Xlinker -no_warn_duplicate_libraries -F/Users/admin/builder/spi-builder-workspace/.derivedData/Build/Intermediates.noindex/EagerLinkingTBDs/Debug-watchos -F/Users/admin/builder/spi-builder-workspace/.derivedData/Build/Products/Debug-watchos -iframework /Applications/Xcode-27.0.0-Release.Candidate.app/Contents/Developer/Platforms/WatchOS.platform/Developer/Library/Frameworks -iframework /Applications/Xcode-27.0.0-Release.Candidate.app/Contents/Developer/Platforms/WatchOS.platform/Developer/SDKs/WatchOS27.0.sdk/Developer/Library/Frameworks -filelist /Users/admin/builder/spi-builder-workspace/.derivedData/Build/Intermediates.noindex/OpenCoreGraphics.build/Debug-watchos/OpenCoreGraphicsShims-t.build/Objects-normal/arm64_32/OpenCoreGraphicsShims.LinkFileList -nostdlib -Xlinker -object_path_lto -Xlinker /Users/admin/builder/spi-builder-workspace/.derivedData/Build/Intermediates.noindex/OpenCoreGraphics.build/Debug-watchos/OpenCoreGraphicsShims-t.build/Objects-normal/arm64_32/OpenCoreGraphicsShims_lto.o -Xlinker -no_deduplicate -Xlinker -debug_variant -Xlinker -dependency_info -Xlinker /Users/admin/builder/spi-builder-workspace/.derivedData/Build/Intermediates.noindex/OpenCoreGraphics.build/Debug-watchos/OpenCoreGraphicsShims-t.build/Objects-normal/arm64_32/OpenCoreGraphicsShims_dependency_info.dat -fobjc-link-runtime -L/Applications/Xcode-27.0.0-Release.Candidate.app/Contents/Developer/Toolchains/XcodeDefault.xctoolchain/usr/lib/swift/watchos -L/usr/lib/swift -Xlinker -add_ast_path -Xlinker /Users/admin/builder/spi-builder-workspace/.derivedData/Build/Intermediates.noindex/OpenCoreGraphics.build/Debug-watchos/OpenCoreGraphicsShims-t.build/Objects-normal/arm64_32/OpenCoreGraphicsShims.swiftmodule -o /Users/admin/builder/spi-builder-workspace/.derivedData/Build/Intermediates.noindex/OpenCoreGraphics.build/Debug-watchos/OpenCoreGraphicsShims-t.build/Objects-normal/arm64_32/Binary/OpenCoreGraphicsShims.o
Ld /Users/admin/builder/spi-builder-workspace/.derivedData/Build/Intermediates.noindex/OpenCoreGraphics.build/Debug-watchos/OpenCoreGraphicsShims-t.build/Objects-normal/arm64/Binary/OpenCoreGraphicsShims.o normal arm64 (in target 'OpenCoreGraphicsShims' from project 'OpenCoreGraphics')
cd /Users/admin/builder/spi-builder-workspace
/Applications/Xcode-27.0.0-Release.Candidate.app/Contents/Developer/Toolchains/XcodeDefault.xctoolchain/usr/bin/clang -Xlinker -reproducible -target arm64-apple-watchos9.0 -r -isysroot /Applications/Xcode-27.0.0-Release.Candidate.app/Contents/Developer/Platforms/WatchOS.platform/Developer/SDKs/WatchOS27.0.sdk -O0 -Xlinker -no_warn_duplicate_libraries -F/Users/admin/builder/spi-builder-workspace/.derivedData/Build/Intermediates.noindex/EagerLinkingTBDs/Debug-watchos -F/Users/admin/builder/spi-builder-workspace/.derivedData/Build/Products/Debug-watchos -iframework /Applications/Xcode-27.0.0-Release.Candidate.app/Contents/Developer/Platforms/WatchOS.platform/Developer/Library/Frameworks -iframework /Applications/Xcode-27.0.0-Release.Candidate.app/Contents/Developer/Platforms/WatchOS.platform/Developer/SDKs/WatchOS27.0.sdk/Developer/Library/Frameworks -filelist /Users/admin/builder/spi-builder-workspace/.derivedData/Build/Intermediates.noindex/OpenCoreGraphics.build/Debug-watchos/OpenCoreGraphicsShims-t.build/Objects-normal/arm64/OpenCoreGraphicsShims.LinkFileList -nostdlib -Xlinker -object_path_lto -Xlinker /Users/admin/builder/spi-builder-workspace/.derivedData/Build/Intermediates.noindex/OpenCoreGraphics.build/Debug-watchos/OpenCoreGraphicsShims-t.build/Objects-normal/arm64/OpenCoreGraphicsShims_lto.o -Xlinker -no_deduplicate -Xlinker -debug_variant -Xlinker -dependency_info -Xlinker /Users/admin/builder/spi-builder-workspace/.derivedData/Build/Intermediates.noindex/OpenCoreGraphics.build/Debug-watchos/OpenCoreGraphicsShims-t.build/Objects-normal/arm64/OpenCoreGraphicsShims_dependency_info.dat -fobjc-link-runtime -L/Applications/Xcode-27.0.0-Release.Candidate.app/Contents/Developer/Toolchains/XcodeDefault.xctoolchain/usr/lib/swift/watchos -L/usr/lib/swift -Xlinker -add_ast_path -Xlinker /Users/admin/builder/spi-builder-workspace/.derivedData/Build/Intermediates.noindex/OpenCoreGraphics.build/Debug-watchos/OpenCoreGraphicsShims-t.build/Objects-normal/arm64/OpenCoreGraphicsShims.swiftmodule -o /Users/admin/builder/spi-builder-workspace/.derivedData/Build/Intermediates.noindex/OpenCoreGraphics.build/Debug-watchos/OpenCoreGraphicsShims-t.build/Objects-normal/arm64/Binary/OpenCoreGraphicsShims.o
CreateUniversalBinary /Users/admin/builder/spi-builder-workspace/.derivedData/Build/Products/Debug-watchos/OpenQuartzCoreShims.o normal arm64\ arm64_32 (in target 'OpenQuartzCoreShims' from project 'OpenCoreGraphics')
cd /Users/admin/builder/spi-builder-workspace
/Applications/Xcode-27.0.0-Release.Candidate.app/Contents/Developer/Toolchains/XcodeDefault.xctoolchain/usr/bin/lipo -create /Users/admin/builder/spi-builder-workspace/.derivedData/Build/Intermediates.noindex/OpenCoreGraphics.build/Debug-watchos/OpenQuartzCoreShims-t.build/Objects-normal/arm64/Binary/OpenQuartzCoreShims.o /Users/admin/builder/spi-builder-workspace/.derivedData/Build/Intermediates.noindex/OpenCoreGraphics.build/Debug-watchos/OpenQuartzCoreShims-t.build/Objects-normal/arm64_32/Binary/OpenQuartzCoreShims.o -output /Users/admin/builder/spi-builder-workspace/.derivedData/Build/Products/Debug-watchos/OpenQuartzCoreShims.o
SwiftDriverJobDiscovery normal arm64_32 Compiling Export.swift (in target 'OpenCoreGraphics' from project 'OpenCoreGraphics')
Ld /Users/admin/builder/spi-builder-workspace/.derivedData/Build/Intermediates.noindex/OpenCoreGraphics.build/Debug-watchos/OpenCoreGraphics-t.build/Objects-normal/arm64/Binary/OpenCoreGraphics.o normal arm64 (in target 'OpenCoreGraphics' from project 'OpenCoreGraphics')
cd /Users/admin/builder/spi-builder-workspace
/Applications/Xcode-27.0.0-Release.Candidate.app/Contents/Developer/Toolchains/XcodeDefault.xctoolchain/usr/bin/clang -Xlinker -reproducible -target arm64-apple-watchos9.0 -r -isysroot /Applications/Xcode-27.0.0-Release.Candidate.app/Contents/Developer/Platforms/WatchOS.platform/Developer/SDKs/WatchOS27.0.sdk -O0 -Xlinker -no_warn_duplicate_libraries -F/Users/admin/builder/spi-builder-workspace/.derivedData/Build/Intermediates.noindex/EagerLinkingTBDs/Debug-watchos -F/Users/admin/builder/spi-builder-workspace/.derivedData/Build/Products/Debug-watchos -iframework /Applications/Xcode-27.0.0-Release.Candidate.app/Contents/Developer/Platforms/WatchOS.platform/Developer/Library/Frameworks -iframework /Applications/Xcode-27.0.0-Release.Candidate.app/Contents/Developer/Platforms/WatchOS.platform/Developer/SDKs/WatchOS27.0.sdk/Developer/Library/Frameworks -filelist /Users/admin/builder/spi-builder-workspace/.derivedData/Build/Intermediates.noindex/OpenCoreGraphics.build/Debug-watchos/OpenCoreGraphics-t.build/Objects-normal/arm64/OpenCoreGraphics.LinkFileList -nostdlib -Xlinker -object_path_lto -Xlinker /Users/admin/builder/spi-builder-workspace/.derivedData/Build/Intermediates.noindex/OpenCoreGraphics.build/Debug-watchos/OpenCoreGraphics-t.build/Objects-normal/arm64/OpenCoreGraphics_lto.o -Xlinker -no_deduplicate -Xlinker -debug_variant -Xlinker -dependency_info -Xlinker /Users/admin/builder/spi-builder-workspace/.derivedData/Build/Intermediates.noindex/OpenCoreGraphics.build/Debug-watchos/OpenCoreGraphics-t.build/Objects-normal/arm64/OpenCoreGraphics_dependency_info.dat -fobjc-link-runtime -L/Applications/Xcode-27.0.0-Release.Candidate.app/Contents/Developer/Toolchains/XcodeDefault.xctoolchain/usr/lib/swift/watchos -L/usr/lib/swift -Xlinker -add_ast_path -Xlinker /Users/admin/builder/spi-builder-workspace/.derivedData/Build/Intermediates.noindex/OpenCoreGraphics.build/Debug-watchos/OpenCoreGraphics-t.build/Objects-normal/arm64/OpenCoreGraphics.swiftmodule -o /Users/admin/builder/spi-builder-workspace/.derivedData/Build/Intermediates.noindex/OpenCoreGraphics.build/Debug-watchos/OpenCoreGraphics-t.build/Objects-normal/arm64/Binary/OpenCoreGraphics.o
ExtractAppIntentsMetadata (in target 'OpenQuartzCoreShims' from project 'OpenCoreGraphics')
cd /Users/admin/builder/spi-builder-workspace
/Applications/Xcode-27.0.0-Release.Candidate.app/Contents/Developer/Toolchains/XcodeDefault.xctoolchain/usr/bin/appintentsmetadataprocessor --toolchain-dir /var/run/com.apple.security.cryptexd/mnt/com.apple.MobileAsset.MetalToolchain-v27.1.266.1.YEaSTL/Metal.xctoolchain --module-name OpenQuartzCoreShims --sdk-root /Applications/Xcode-27.0.0-Release.Candidate.app/Contents/Developer/Platforms/WatchOS.platform/Developer/SDKs/WatchOS27.0.sdk --xcode-version 27A266a --platform-family watchOS --deployment-target 9.0 --bundle-identifier spi-builder-workspace.OpenQuartzCoreShims --output /Users/admin/builder/spi-builder-workspace/.derivedData/Build/Products/Debug-watchos/OpenQuartzCoreShims.appintents --target-triple arm64-apple-watchos9.0 --target-triple arm64_32-apple-watchos9.0 --binary-file /Users/admin/builder/spi-builder-workspace/.derivedData/Build/Products/Debug-watchos/OpenQuartzCoreShims.o --dependency-file /Users/admin/builder/spi-builder-workspace/.derivedData/Build/Intermediates.noindex/OpenCoreGraphics.build/Debug-watchos/OpenQuartzCoreShims-t.build/Objects-normal/arm64/OpenQuartzCoreShims_dependency_info.dat --dependency-file /Users/admin/builder/spi-builder-workspace/.derivedData/Build/Intermediates.noindex/OpenCoreGraphics.build/Debug-watchos/OpenQuartzCoreShims-t.build/Objects-normal/arm64_32/OpenQuartzCoreShims_dependency_info.dat --stringsdata-file /Users/admin/builder/spi-builder-workspace/.derivedData/Build/Intermediates.noindex/OpenCoreGraphics.build/Debug-watchos/OpenQuartzCoreShims-t.build/Objects-normal/arm64/ExtractedAppShortcutsMetadata.stringsdata --stringsdata-file /Users/admin/builder/spi-builder-workspace/.derivedData/Build/Intermediates.noindex/OpenCoreGraphics.build/Debug-watchos/OpenQuartzCoreShims-t.build/Objects-normal/arm64_32/ExtractedAppShortcutsMetadata.stringsdata --source-file-list /Users/admin/builder/spi-builder-workspace/.derivedData/Build/Intermediates.noindex/OpenCoreGraphics.build/Debug-watchos/OpenQuartzCoreShims-t.build/Objects-normal/arm64/OpenQuartzCoreShims.SwiftFileList --source-file-list /Users/admin/builder/spi-builder-workspace/.derivedData/Build/Intermediates.noindex/OpenCoreGraphics.build/Debug-watchos/OpenQuartzCoreShims-t.build/Objects-normal/arm64_32/OpenQuartzCoreShims.SwiftFileList --metadata-file-list /Users/admin/builder/spi-builder-workspace/.derivedData/Build/Intermediates.noindex/OpenCoreGraphics.build/Debug-watchos/OpenQuartzCoreShims-t.build/OpenQuartzCoreShims.DependencyMetadataFileList --static-metadata-file-list /Users/admin/builder/spi-builder-workspace/.derivedData/Build/Intermediates.noindex/OpenCoreGraphics.build/Debug-watchos/OpenQuartzCoreShims-t.build/OpenQuartzCoreShims.DependencyStaticMetadataFileList --swift-const-vals-list /Users/admin/builder/spi-builder-workspace/.derivedData/Build/Intermediates.noindex/OpenCoreGraphics.build/Debug-watchos/OpenQuartzCoreShims-t.build/Objects-normal/arm64/OpenQuartzCoreShims.SwiftConstValuesFileList --swift-const-vals-list /Users/admin/builder/spi-builder-workspace/.derivedData/Build/Intermediates.noindex/OpenCoreGraphics.build/Debug-watchos/OpenQuartzCoreShims-t.build/Objects-normal/arm64_32/OpenQuartzCoreShims.SwiftConstValuesFileList --force --compile-time-extraction --deployment-aware-processing --no-app-shortcuts-localization
PruneExplicitPrecompiledModules /Users/admin/builder/spi-builder-workspace/.derivedData/SDKExplicitPrecompiledModules
PruneExplicitPrecompiledModules /Users/admin/builder/spi-builder-workspace/.derivedData/Build/Intermediates.noindex/ExplicitPrecompiledModules
PruneExplicitPrecompiledModules /Users/admin/builder/spi-builder-workspace/.derivedData/Build/Intermediates.noindex/SwiftExplicitPrecompiledModules
2026-09-23 13:02:13.373 xcodebuild[685:4380] [MT] IDERunDestination: Supported platforms for the buildables in the current scheme is empty.
** BUILD FAILED **
The following build commands failed:
SwiftCompile normal arm64_32 Compiling\ CGRect+Extension.swift /Users/admin/builder/spi-builder-workspace/Sources/OpenCoreGraphics/CGRect+Extension.swift (in target 'OpenCoreGraphics' from project 'OpenCoreGraphics')
SwiftCompile normal arm64_32 /Users/admin/builder/spi-builder-workspace/Sources/OpenCoreGraphics/CGRect+Extension.swift (in target 'OpenCoreGraphics' from project 'OpenCoreGraphics')
Building workspace OpenCoreGraphics with scheme OpenCoreGraphics-Package
(3 failures)
Command line invocation:
/Applications/Xcode-27.0.0-Release.Candidate.app/Contents/Developer/usr/bin/xcodebuild -IDEClonedSourcePackagesDirPathOverride=/Users/admin/builder/spi-builder-workspace/.dependencies -resolvePackageDependencies
Resolve Package Graph
Resolved source packages:
swift-numerics: https://github.com/apple/swift-numerics @ 1.1.1
OpenCoreGraphics: /Users/admin/builder/spi-builder-workspace
resolved source packages: swift-numerics, OpenCoreGraphics
2026-09-23 13:02:20.175 xcodebuild[808:5040] [MT] IDERunDestination: Supported platforms for the buildables in the current scheme is empty.
{
"dependencies" : [
{
"identity" : "swift-numerics",
"requirement" : {
"range" : [
{
"lower_bound" : "1.0.3",
"upper_bound" : "2.0.0"
}
]
},
"type" : "sourceControl",
"url" : "https://github.com/apple/swift-numerics"
}
],
"manifest_display_name" : "OpenCoreGraphics",
"name" : "OpenCoreGraphics",
"path" : "/Users/admin/builder/spi-builder-workspace",
"platforms" : [
],
"products" : [
{
"name" : "OpenCoreGraphics",
"targets" : [
"OpenCoreGraphics"
],
"type" : {
"library" : [
"automatic"
]
}
},
{
"name" : "OpenCoreGraphicsShims",
"targets" : [
"OpenCoreGraphicsShims"
],
"type" : {
"library" : [
"automatic"
]
}
},
{
"name" : "OpenQuartzCore",
"targets" : [
"OpenQuartzCore"
],
"type" : {
"library" : [
"automatic"
]
}
},
{
"name" : "OpenQuartzCoreShims",
"targets" : [
"OpenQuartzCoreShims"
],
"type" : {
"library" : [
"automatic"
]
}
}
],
"targets" : [
{
"c99name" : "OpenQuartzCoreShimsTests",
"module_type" : "SwiftTarget",
"name" : "OpenQuartzCoreShimsTests",
"path" : "Tests/OpenQuartzCoreShimsTests",
"product_dependencies" : [
"Numerics"
],
"sources" : [
"CATransform3DTests.swift"
],
"target_dependencies" : [
"OpenQuartzCoreShims"
],
"type" : "test"
},
{
"c99name" : "OpenQuartzCoreShims",
"module_type" : "SwiftTarget",
"name" : "OpenQuartzCoreShims",
"path" : "Sources/OpenQuartzCoreShims",
"product_memberships" : [
"OpenQuartzCoreShims"
],
"sources" : [
"Export.swift"
],
"type" : "library"
},
{
"c99name" : "OpenQuartzCore",
"module_type" : "SwiftTarget",
"name" : "OpenQuartzCore",
"path" : "Sources/OpenQuartzCore",
"product_memberships" : [
"OpenQuartzCore"
],
"sources" : [
"CAAction.swift",
"CALayer.swift",
"CATransform3D.swift",
"Export.swift"
],
"target_dependencies" : [
"OpenCoreGraphics"
],
"type" : "library"
},
{
"c99name" : "OpenCoreGraphicsShimsTests",
"module_type" : "SwiftTarget",
"name" : "OpenCoreGraphicsShimsTests",
"path" : "Tests/OpenCoreGraphicsShimsTests",
"product_dependencies" : [
"Numerics"
],
"sources" : [
"CGAffineTransformTests.swift",
"CGTypesTests.swift"
],
"target_dependencies" : [
"OpenCoreGraphicsShims"
],
"type" : "test"
},
{
"c99name" : "OpenCoreGraphicsShims",
"module_type" : "SwiftTarget",
"name" : "OpenCoreGraphicsShims",
"path" : "Sources/OpenCoreGraphicsShims",
"product_memberships" : [
"OpenCoreGraphicsShims"
],
"sources" : [
"Export.swift"
],
"type" : "library"
},
{
"c99name" : "OpenCoreGraphics",
"module_type" : "SwiftTarget",
"name" : "OpenCoreGraphics",
"path" : "Sources/OpenCoreGraphics",
"product_memberships" : [
"OpenCoreGraphics",
"OpenQuartzCore"
],
"sources" : [
"CGAffineTransform.swift",
"CGContext.swift",
"CGGeometry+Hashable.swift",
"CGImage.swift",
"CGLine.swift",
"CGPath.swift",
"CGPoint+Extension.swift",
"CGRect+Extension.swift",
"CGSize+Extension.swift",
"CGVector.swift",
"Export.swift",
"IOSurface.swift"
],
"type" : "library"
}
],
"tools_version" : "6.1"
}
{
"workspace" : {
"name" : "OpenCoreGraphics",
"schemes" : [
"OpenCoreGraphics",
"OpenCoreGraphics-Package",
"OpenCoreGraphicsShims",
"OpenQuartzCore",
"OpenQuartzCoreShims"
]
}
}
2026-09-23 13:02:21.397 xcodebuild[816:5104] [MT] IDERunDestination: Supported platforms for the buildables in the current scheme is empty.
Running build ...
env DEVELOPER_DIR=/Applications/Xcode-27.0.0-Release.Candidate.app xcrun xcodebuild -IDEClonedSourcePackagesDirPathOverride=$PWD/.dependencies -skipMacroValidation -skipPackagePluginValidation -derivedDataPath $PWD/.derivedData build -scheme OpenCoreGraphics-Package -destination generic/platform=watchOS
Command line invocation:
/Applications/Xcode-27.0.0-Release.Candidate.app/Contents/Developer/usr/bin/xcodebuild -IDEClonedSourcePackagesDirPathOverride=/Users/admin/builder/spi-builder-workspace/.dependencies -skipMacroValidation -skipPackagePluginValidation -derivedDataPath /Users/admin/builder/spi-builder-workspace/.derivedData build -scheme OpenCoreGraphics-Package -destination generic/platform=watchOS
Resolve Package Graph
Resolved source packages:
OpenCoreGraphics: /Users/admin/builder/spi-builder-workspace
swift-numerics: https://github.com/apple/swift-numerics @ 1.1.1
ComputePackagePrebuildTargetDependencyGraph
Prepare packages
CreateBuildRequest
SendProjectDescription
CreateBuildOperation
ComputeTargetDependencyGraph
note: Building targets in dependency order
note: Target dependency graph (8 targets)
Target 'OpenQuartzCoreShims-product' in project 'OpenCoreGraphics'
➜ Explicit dependency on target 'OpenQuartzCoreShims' in project 'OpenCoreGraphics'
Target 'OpenQuartzCoreShims' in project 'OpenCoreGraphics' (no dependencies)
Target 'OpenQuartzCore-product' in project 'OpenCoreGraphics'
➜ Explicit dependency on target 'OpenQuartzCore' in project 'OpenCoreGraphics'
➜ Explicit dependency on target 'OpenCoreGraphics' in project 'OpenCoreGraphics'
Target 'OpenQuartzCore' in project 'OpenCoreGraphics'
➜ Explicit dependency on target 'OpenCoreGraphics' in project 'OpenCoreGraphics'
Target 'OpenCoreGraphicsShims-product' in project 'OpenCoreGraphics'
➜ Explicit dependency on target 'OpenCoreGraphicsShims' in project 'OpenCoreGraphics'
Target 'OpenCoreGraphicsShims' in project 'OpenCoreGraphics' (no dependencies)
Target 'OpenCoreGraphics-product' in project 'OpenCoreGraphics'
➜ Explicit dependency on target 'OpenCoreGraphics' in project 'OpenCoreGraphics'
Target 'OpenCoreGraphics' in project 'OpenCoreGraphics' (no dependencies)
GatherProvisioningInputs
CreateBuildDescription
ClangStatCache /Applications/Xcode-27.0.0-Release.Candidate.app/Contents/Developer/Toolchains/XcodeDefault.xctoolchain/usr/bin/clang-stat-cache /Applications/Xcode-27.0.0-Release.Candidate.app/Contents/Developer/Platforms/WatchOS.platform/Developer/SDKs/WatchOS27.0.sdk /Users/admin/builder/spi-builder-workspace/.derivedData/SDKStatCaches.noindex/watchos27.0-24R360-e829b21a6f8c9b70876ba0858053c04477534ef55a1706bf4c1112bbb242f0a2.sdkstatcache
cd /Users/admin/builder/spi-builder-workspace/.swiftpm/xcode
/Applications/Xcode-27.0.0-Release.Candidate.app/Contents/Developer/Toolchains/XcodeDefault.xctoolchain/usr/bin/clang-stat-cache /Applications/Xcode-27.0.0-Release.Candidate.app/Contents/Developer/Platforms/WatchOS.platform/Developer/SDKs/WatchOS27.0.sdk -o /Users/admin/builder/spi-builder-workspace/.derivedData/SDKStatCaches.noindex/watchos27.0-24R360-e829b21a6f8c9b70876ba0858053c04477534ef55a1706bf4c1112bbb242f0a2.sdkstatcache
ExtractAppIntentsMetadata (in target 'OpenQuartzCoreShims' from project 'OpenCoreGraphics')
cd /Users/admin/builder/spi-builder-workspace
/Applications/Xcode-27.0.0-Release.Candidate.app/Contents/Developer/Toolchains/XcodeDefault.xctoolchain/usr/bin/appintentsmetadataprocessor --toolchain-dir /var/run/com.apple.security.cryptexd/mnt/com.apple.MobileAsset.MetalToolchain-v27.1.266.1.YEaSTL/Metal.xctoolchain --module-name OpenQuartzCoreShims --sdk-root /Applications/Xcode-27.0.0-Release.Candidate.app/Contents/Developer/Platforms/WatchOS.platform/Developer/SDKs/WatchOS27.0.sdk --xcode-version 27A266a --platform-family watchOS --deployment-target 9.0 --bundle-identifier spi-builder-workspace.OpenQuartzCoreShims --output /Users/admin/builder/spi-builder-workspace/.derivedData/Build/Products/Debug-watchos/OpenQuartzCoreShims.appintents --target-triple arm64-apple-watchos9.0 --target-triple arm64_32-apple-watchos9.0 --binary-file /Users/admin/builder/spi-builder-workspace/.derivedData/Build/Products/Debug-watchos/OpenQuartzCoreShims.o --dependency-file /Users/admin/builder/spi-builder-workspace/.derivedData/Build/Intermediates.noindex/OpenCoreGraphics.build/Debug-watchos/OpenQuartzCoreShims-t.build/Objects-normal/arm64/OpenQuartzCoreShims_dependency_info.dat --dependency-file /Users/admin/builder/spi-builder-workspace/.derivedData/Build/Intermediates.noindex/OpenCoreGraphics.build/Debug-watchos/OpenQuartzCoreShims-t.build/Objects-normal/arm64_32/OpenQuartzCoreShims_dependency_info.dat --stringsdata-file /Users/admin/builder/spi-builder-workspace/.derivedData/Build/Intermediates.noindex/OpenCoreGraphics.build/Debug-watchos/OpenQuartzCoreShims-t.build/Objects-normal/arm64/ExtractedAppShortcutsMetadata.stringsdata --stringsdata-file /Users/admin/builder/spi-builder-workspace/.derivedData/Build/Intermediates.noindex/OpenCoreGraphics.build/Debug-watchos/OpenQuartzCoreShims-t.build/Objects-normal/arm64_32/ExtractedAppShortcutsMetadata.stringsdata --source-file-list /Users/admin/builder/spi-builder-workspace/.derivedData/Build/Intermediates.noindex/OpenCoreGraphics.build/Debug-watchos/OpenQuartzCoreShims-t.build/Objects-normal/arm64/OpenQuartzCoreShims.SwiftFileList --source-file-list /Users/admin/builder/spi-builder-workspace/.derivedData/Build/Intermediates.noindex/OpenCoreGraphics.build/Debug-watchos/OpenQuartzCoreShims-t.build/Objects-normal/arm64_32/OpenQuartzCoreShims.SwiftFileList --metadata-file-list /Users/admin/builder/spi-builder-workspace/.derivedData/Build/Intermediates.noindex/OpenCoreGraphics.build/Debug-watchos/OpenQuartzCoreShims-t.build/OpenQuartzCoreShims.DependencyMetadataFileList --static-metadata-file-list /Users/admin/builder/spi-builder-workspace/.derivedData/Build/Intermediates.noindex/OpenCoreGraphics.build/Debug-watchos/OpenQuartzCoreShims-t.build/OpenQuartzCoreShims.DependencyStaticMetadataFileList --swift-const-vals-list /Users/admin/builder/spi-builder-workspace/.derivedData/Build/Intermediates.noindex/OpenCoreGraphics.build/Debug-watchos/OpenQuartzCoreShims-t.build/Objects-normal/arm64/OpenQuartzCoreShims.SwiftConstValuesFileList --swift-const-vals-list /Users/admin/builder/spi-builder-workspace/.derivedData/Build/Intermediates.noindex/OpenCoreGraphics.build/Debug-watchos/OpenQuartzCoreShims-t.build/Objects-normal/arm64_32/OpenQuartzCoreShims.SwiftConstValuesFileList --force --compile-time-extraction --deployment-aware-processing --no-app-shortcuts-localization
2026-09-23 13:02:23.220 appintentsmetadataprocessor[821:5172] Starting appintentsmetadataprocessor export
2026-09-23 13:02:23.370 appintentsmetadataprocessor[821:5172] Extracted no relevant App Intents symbols, skipping writing output
Ld /Users/admin/builder/spi-builder-workspace/.derivedData/Build/Intermediates.noindex/OpenCoreGraphics.build/Debug-watchos/OpenCoreGraphics-t.build/Objects-normal/arm64/Binary/OpenCoreGraphics.o normal arm64 (in target 'OpenCoreGraphics' from project 'OpenCoreGraphics')
cd /Users/admin/builder/spi-builder-workspace
/Applications/Xcode-27.0.0-Release.Candidate.app/Contents/Developer/Toolchains/XcodeDefault.xctoolchain/usr/bin/clang -Xlinker -reproducible -target arm64-apple-watchos9.0 -r -isysroot /Applications/Xcode-27.0.0-Release.Candidate.app/Contents/Developer/Platforms/WatchOS.platform/Developer/SDKs/WatchOS27.0.sdk -O0 -Xlinker -no_warn_duplicate_libraries -F/Users/admin/builder/spi-builder-workspace/.derivedData/Build/Intermediates.noindex/EagerLinkingTBDs/Debug-watchos -F/Users/admin/builder/spi-builder-workspace/.derivedData/Build/Products/Debug-watchos -iframework /Applications/Xcode-27.0.0-Release.Candidate.app/Contents/Developer/Platforms/WatchOS.platform/Developer/Library/Frameworks -iframework /Applications/Xcode-27.0.0-Release.Candidate.app/Contents/Developer/Platforms/WatchOS.platform/Developer/SDKs/WatchOS27.0.sdk/Developer/Library/Frameworks -filelist /Users/admin/builder/spi-builder-workspace/.derivedData/Build/Intermediates.noindex/OpenCoreGraphics.build/Debug-watchos/OpenCoreGraphics-t.build/Objects-normal/arm64/OpenCoreGraphics.LinkFileList -nostdlib -Xlinker -object_path_lto -Xlinker /Users/admin/builder/spi-builder-workspace/.derivedData/Build/Intermediates.noindex/OpenCoreGraphics.build/Debug-watchos/OpenCoreGraphics-t.build/Objects-normal/arm64/OpenCoreGraphics_lto.o -Xlinker -no_deduplicate -Xlinker -debug_variant -Xlinker -dependency_info -Xlinker /Users/admin/builder/spi-builder-workspace/.derivedData/Build/Intermediates.noindex/OpenCoreGraphics.build/Debug-watchos/OpenCoreGraphics-t.build/Objects-normal/arm64/OpenCoreGraphics_dependency_info.dat -fobjc-link-runtime -L/Applications/Xcode-27.0.0-Release.Candidate.app/Contents/Developer/Toolchains/XcodeDefault.xctoolchain/usr/lib/swift/watchos -L/usr/lib/swift -Xlinker -add_ast_path -Xlinker /Users/admin/builder/spi-builder-workspace/.derivedData/Build/Intermediates.noindex/OpenCoreGraphics.build/Debug-watchos/OpenCoreGraphics-t.build/Objects-normal/arm64/OpenCoreGraphics.swiftmodule -o /Users/admin/builder/spi-builder-workspace/.derivedData/Build/Intermediates.noindex/OpenCoreGraphics.build/Debug-watchos/OpenCoreGraphics-t.build/Objects-normal/arm64/Binary/OpenCoreGraphics.o
Ld /Users/admin/builder/spi-builder-workspace/.derivedData/Build/Intermediates.noindex/OpenCoreGraphics.build/Debug-watchos/OpenCoreGraphicsShims-t.build/Objects-normal/arm64/Binary/OpenCoreGraphicsShims.o normal arm64 (in target 'OpenCoreGraphicsShims' from project 'OpenCoreGraphics')
cd /Users/admin/builder/spi-builder-workspace
/Applications/Xcode-27.0.0-Release.Candidate.app/Contents/Developer/Toolchains/XcodeDefault.xctoolchain/usr/bin/clang -Xlinker -reproducible -target arm64-apple-watchos9.0 -r -isysroot /Applications/Xcode-27.0.0-Release.Candidate.app/Contents/Developer/Platforms/WatchOS.platform/Developer/SDKs/WatchOS27.0.sdk -O0 -Xlinker -no_warn_duplicate_libraries -F/Users/admin/builder/spi-builder-workspace/.derivedData/Build/Intermediates.noindex/EagerLinkingTBDs/Debug-watchos -F/Users/admin/builder/spi-builder-workspace/.derivedData/Build/Products/Debug-watchos -iframework /Applications/Xcode-27.0.0-Release.Candidate.app/Contents/Developer/Platforms/WatchOS.platform/Developer/Library/Frameworks -iframework /Applications/Xcode-27.0.0-Release.Candidate.app/Contents/Developer/Platforms/WatchOS.platform/Developer/SDKs/WatchOS27.0.sdk/Developer/Library/Frameworks -filelist /Users/admin/builder/spi-builder-workspace/.derivedData/Build/Intermediates.noindex/OpenCoreGraphics.build/Debug-watchos/OpenCoreGraphicsShims-t.build/Objects-normal/arm64/OpenCoreGraphicsShims.LinkFileList -nostdlib -Xlinker -object_path_lto -Xlinker /Users/admin/builder/spi-builder-workspace/.derivedData/Build/Intermediates.noindex/OpenCoreGraphics.build/Debug-watchos/OpenCoreGraphicsShims-t.build/Objects-normal/arm64/OpenCoreGraphicsShims_lto.o -Xlinker -no_deduplicate -Xlinker -debug_variant -Xlinker -dependency_info -Xlinker /Users/admin/builder/spi-builder-workspace/.derivedData/Build/Intermediates.noindex/OpenCoreGraphics.build/Debug-watchos/OpenCoreGraphicsShims-t.build/Objects-normal/arm64/OpenCoreGraphicsShims_dependency_info.dat -fobjc-link-runtime -L/Applications/Xcode-27.0.0-Release.Candidate.app/Contents/Developer/Toolchains/XcodeDefault.xctoolchain/usr/lib/swift/watchos -L/usr/lib/swift -Xlinker -add_ast_path -Xlinker /Users/admin/builder/spi-builder-workspace/.derivedData/Build/Intermediates.noindex/OpenCoreGraphics.build/Debug-watchos/OpenCoreGraphicsShims-t.build/Objects-normal/arm64/OpenCoreGraphicsShims.swiftmodule -o /Users/admin/builder/spi-builder-workspace/.derivedData/Build/Intermediates.noindex/OpenCoreGraphics.build/Debug-watchos/OpenCoreGraphicsShims-t.build/Objects-normal/arm64/Binary/OpenCoreGraphicsShims.o
SwiftDriver OpenCoreGraphics normal arm64_32 com.apple.xcode.tools.swift.compiler (in target 'OpenCoreGraphics' from project 'OpenCoreGraphics')
cd /Users/admin/builder/spi-builder-workspace/.swiftpm/xcode
builtin-SwiftDriver -- /Applications/Xcode-27.0.0-Release.Candidate.app/Contents/Developer/Toolchains/XcodeDefault.xctoolchain/usr/bin/swiftc -parse-as-library -module-name OpenCoreGraphics -Onone @/Users/admin/builder/spi-builder-workspace/.derivedData/Build/Intermediates.noindex/OpenCoreGraphics.build/Debug-watchos/OpenCoreGraphics-t.build/Objects-normal/arm64_32/OpenCoreGraphics.SwiftFileList -DSWIFT_PACKAGE -DDEBUG -DSWIFT_MODULE_RESOURCE_BUNDLE_UNAVAILABLE -DOPENCOREGRAPHICS_COREGRAPHICS -DXcode -enable-upcoming-feature InternalImportsByDefault -enable-library-evolution -no-verify-emitted-module-interface -plugin-path /Applications/Xcode-27.0.0-Release.Candidate.app/Contents/Developer/Toolchains/XcodeDefault.xctoolchain/usr/lib/swift/host/plugins/testing -enable-experimental-feature DebugDescriptionMacro -sdk /Applications/Xcode-27.0.0-Release.Candidate.app/Contents/Developer/Platforms/WatchOS.platform/Developer/SDKs/WatchOS27.0.sdk -target arm64_32-apple-watchos9.0 -g -module-cache-path /Users/admin/builder/spi-builder-workspace/.derivedData/ModuleCache.noindex -Xfrontend -serialize-debugging-options -profile-coverage-mapping -profile-generate -enable-testing -index-store-path /Users/admin/builder/spi-builder-workspace/.derivedData/Index.noindex/DataStore -Xcc -D_LIBCPP_HARDENING_MODE\=_LIBCPP_HARDENING_MODE_DEBUG -swift-version 6 -I /Users/admin/builder/spi-builder-workspace/.derivedData/Build/Products/Debug-watchos -Isystem /Applications/Xcode-27.0.0-Release.Candidate.app/Contents/Developer/Platforms/WatchOS.platform/Developer/usr/lib -F /Users/admin/builder/spi-builder-workspace/.derivedData/Build/Products/Debug-watchos -F /Applications/Xcode-27.0.0-Release.Candidate.app/Contents/Developer/Platforms/WatchOS.platform/Developer/Library/Frameworks -F /Applications/Xcode-27.0.0-Release.Candidate.app/Contents/Developer/Platforms/WatchOS.platform/Developer/SDKs/WatchOS27.0.sdk/Developer/Library/Frameworks -c -j10 -enable-batch-mode -incremental -Xcc -ivfsstatcache -Xcc /Users/admin/builder/spi-builder-workspace/.derivedData/SDKStatCaches.noindex/watchos27.0-24R360-e829b21a6f8c9b70876ba0858053c04477534ef55a1706bf4c1112bbb242f0a2.sdkstatcache -output-file-map /Users/admin/builder/spi-builder-workspace/.derivedData/Build/Intermediates.noindex/OpenCoreGraphics.build/Debug-watchos/OpenCoreGraphics-t.build/Objects-normal/arm64_32/OpenCoreGraphics-OutputFileMap.json -save-temps -no-color-diagnostics -explicit-module-build -module-cache-path /Users/admin/builder/spi-builder-workspace/.derivedData/Build/Intermediates.noindex/SwiftExplicitPrecompiledModules -clang-scanner-module-cache-path /Users/admin/builder/spi-builder-workspace/.derivedData/ModuleCache.noindex -sdk-module-cache-path /Users/admin/builder/spi-builder-workspace/.derivedData/SDKExplicitPrecompiledModules -emit-dependencies -emit-module -emit-module-path /Users/admin/builder/spi-builder-workspace/.derivedData/Build/Intermediates.noindex/OpenCoreGraphics.build/Debug-watchos/OpenCoreGraphics-t.build/Objects-normal/arm64_32/OpenCoreGraphics.swiftmodule -serialize-diagnostics -dependency-scan-serialize-diagnostics-path /Users/admin/builder/spi-builder-workspace/.derivedData/Build/Intermediates.noindex/OpenCoreGraphics.build/Debug-watchos/OpenCoreGraphics-t.build/Objects-normal/arm64_32/OpenCoreGraphics-dependency-scan.dia -validate-clang-modules-once -clang-build-session-file /Users/admin/builder/spi-builder-workspace/.derivedData/ModuleCache.noindex/Session.modulevalidation -Xcc -fmodules-prune-interval\=86400 -Xcc -fmodules-prune-after\=345600 -package-name spi_builder_workspace -emit-const-values -const-gather-protocols-list /Users/admin/builder/spi-builder-workspace/.derivedData/Build/Intermediates.noindex/OpenCoreGraphics.build/Debug-watchos/OpenCoreGraphics-t.build/Objects-normal/arm64_32/OpenCoreGraphics_const_extract_protocols.json -Xcc -I/Users/admin/builder/spi-builder-workspace/.derivedData/Build/Products/Debug-watchos/include -Xcc -I/Users/admin/builder/spi-builder-workspace/.derivedData/Build/Intermediates.noindex/OpenCoreGraphics.build/Debug-watchos/OpenCoreGraphics-t.build/DerivedSources-normal/arm64_32 -Xcc -I/Users/admin/builder/spi-builder-workspace/.derivedData/Build/Intermediates.noindex/OpenCoreGraphics.build/Debug-watchos/OpenCoreGraphics-t.build/DerivedSources/arm64_32 -Xcc -I/Users/admin/builder/spi-builder-workspace/.derivedData/Build/Intermediates.noindex/OpenCoreGraphics.build/Debug-watchos/OpenCoreGraphics-t.build/DerivedSources -Xcc -DSWIFT_PACKAGE -Xcc -DDEBUG\=1 -emit-objc-header -emit-objc-header-path /Users/admin/builder/spi-builder-workspace/.derivedData/Build/Intermediates.noindex/OpenCoreGraphics.build/Debug-watchos/OpenCoreGraphics-t.build/Objects-normal/arm64_32/OpenCoreGraphics-Swift.h -working-directory /Users/admin/builder/spi-builder-workspace/.swiftpm/xcode -experimental-emit-module-separately -disable-cmo
SwiftDriver OpenQuartzCore normal arm64 com.apple.xcode.tools.swift.compiler (in target 'OpenQuartzCore' from project 'OpenCoreGraphics')
cd /Users/admin/builder/spi-builder-workspace/.swiftpm/xcode
builtin-SwiftDriver -- /Applications/Xcode-27.0.0-Release.Candidate.app/Contents/Developer/Toolchains/XcodeDefault.xctoolchain/usr/bin/swiftc -parse-as-library -module-name OpenQuartzCore -Onone @/Users/admin/builder/spi-builder-workspace/.derivedData/Build/Intermediates.noindex/OpenCoreGraphics.build/Debug-watchos/OpenQuartzCore-t.build/Objects-normal/arm64/OpenQuartzCore.SwiftFileList -DSWIFT_PACKAGE -DDEBUG -DSWIFT_MODULE_RESOURCE_BUNDLE_UNAVAILABLE -DOPENCOREGRAPHICS_COREGRAPHICS -DXcode -enable-upcoming-feature InternalImportsByDefault -enable-library-evolution -no-verify-emitted-module-interface -plugin-path /Applications/Xcode-27.0.0-Release.Candidate.app/Contents/Developer/Toolchains/XcodeDefault.xctoolchain/usr/lib/swift/host/plugins/testing -enable-experimental-feature DebugDescriptionMacro -sdk /Applications/Xcode-27.0.0-Release.Candidate.app/Contents/Developer/Platforms/WatchOS.platform/Developer/SDKs/WatchOS27.0.sdk -target arm64-apple-watchos9.0 -g -module-cache-path /Users/admin/builder/spi-builder-workspace/.derivedData/ModuleCache.noindex -Xfrontend -serialize-debugging-options -profile-coverage-mapping -profile-generate -enable-testing -index-store-path /Users/admin/builder/spi-builder-workspace/.derivedData/Index.noindex/DataStore -Xcc -D_LIBCPP_HARDENING_MODE\=_LIBCPP_HARDENING_MODE_DEBUG -swift-version 6 -I /Users/admin/builder/spi-builder-workspace/.derivedData/Build/Products/Debug-watchos -Isystem /Applications/Xcode-27.0.0-Release.Candidate.app/Contents/Developer/Platforms/WatchOS.platform/Developer/usr/lib -F /Users/admin/builder/spi-builder-workspace/.derivedData/Build/Products/Debug-watchos/PackageFrameworks -F /Users/admin/builder/spi-builder-workspace/.derivedData/Build/Products/Debug-watchos -F /Applications/Xcode-27.0.0-Release.Candidate.app/Contents/Developer/Platforms/WatchOS.platform/Developer/Library/Frameworks -F /Applications/Xcode-27.0.0-Release.Candidate.app/Contents/Developer/Platforms/WatchOS.platform/Developer/SDKs/WatchOS27.0.sdk/Developer/Library/Frameworks -c -j10 -enable-batch-mode -incremental -Xcc -ivfsstatcache -Xcc /Users/admin/builder/spi-builder-workspace/.derivedData/SDKStatCaches.noindex/watchos27.0-24R360-e829b21a6f8c9b70876ba0858053c04477534ef55a1706bf4c1112bbb242f0a2.sdkstatcache -output-file-map /Users/admin/builder/spi-builder-workspace/.derivedData/Build/Intermediates.noindex/OpenCoreGraphics.build/Debug-watchos/OpenQuartzCore-t.build/Objects-normal/arm64/OpenQuartzCore-OutputFileMap.json -save-temps -no-color-diagnostics -explicit-module-build -module-cache-path /Users/admin/builder/spi-builder-workspace/.derivedData/Build/Intermediates.noindex/SwiftExplicitPrecompiledModules -clang-scanner-module-cache-path /Users/admin/builder/spi-builder-workspace/.derivedData/ModuleCache.noindex -sdk-module-cache-path /Users/admin/builder/spi-builder-workspace/.derivedData/SDKExplicitPrecompiledModules -emit-dependencies -emit-module -emit-module-path /Users/admin/builder/spi-builder-workspace/.derivedData/Build/Intermediates.noindex/OpenCoreGraphics.build/Debug-watchos/OpenQuartzCore-t.build/Objects-normal/arm64/OpenQuartzCore.swiftmodule -serialize-diagnostics -dependency-scan-serialize-diagnostics-path /Users/admin/builder/spi-builder-workspace/.derivedData/Build/Intermediates.noindex/OpenCoreGraphics.build/Debug-watchos/OpenQuartzCore-t.build/Objects-normal/arm64/OpenQuartzCore-dependency-scan.dia -validate-clang-modules-once -clang-build-session-file /Users/admin/builder/spi-builder-workspace/.derivedData/ModuleCache.noindex/Session.modulevalidation -Xcc -fmodules-prune-interval\=86400 -Xcc -fmodules-prune-after\=345600 -package-name spi_builder_workspace -emit-const-values -const-gather-protocols-list /Users/admin/builder/spi-builder-workspace/.derivedData/Build/Intermediates.noindex/OpenCoreGraphics.build/Debug-watchos/OpenQuartzCore-t.build/Objects-normal/arm64/OpenQuartzCore_const_extract_protocols.json -Xcc -I/Users/admin/builder/spi-builder-workspace/.derivedData/Build/Products/Debug-watchos/include -Xcc -I/Users/admin/builder/spi-builder-workspace/.derivedData/Build/Intermediates.noindex/OpenCoreGraphics.build/Debug-watchos/OpenQuartzCore-t.build/DerivedSources-normal/arm64 -Xcc -I/Users/admin/builder/spi-builder-workspace/.derivedData/Build/Intermediates.noindex/OpenCoreGraphics.build/Debug-watchos/OpenQuartzCore-t.build/DerivedSources/arm64 -Xcc -I/Users/admin/builder/spi-builder-workspace/.derivedData/Build/Intermediates.noindex/OpenCoreGraphics.build/Debug-watchos/OpenQuartzCore-t.build/DerivedSources -Xcc -DSWIFT_PACKAGE -Xcc -DDEBUG\=1 -emit-objc-header -emit-objc-header-path /Users/admin/builder/spi-builder-workspace/.derivedData/Build/Intermediates.noindex/OpenCoreGraphics.build/Debug-watchos/OpenQuartzCore-t.build/Objects-normal/arm64/OpenQuartzCore-Swift.h -working-directory /Users/admin/builder/spi-builder-workspace/.swiftpm/xcode -experimental-emit-module-separately -disable-cmo
SwiftDriver OpenQuartzCore normal arm64_32 com.apple.xcode.tools.swift.compiler (in target 'OpenQuartzCore' from project 'OpenCoreGraphics')
cd /Users/admin/builder/spi-builder-workspace/.swiftpm/xcode
builtin-SwiftDriver -- /Applications/Xcode-27.0.0-Release.Candidate.app/Contents/Developer/Toolchains/XcodeDefault.xctoolchain/usr/bin/swiftc -parse-as-library -module-name OpenQuartzCore -Onone @/Users/admin/builder/spi-builder-workspace/.derivedData/Build/Intermediates.noindex/OpenCoreGraphics.build/Debug-watchos/OpenQuartzCore-t.build/Objects-normal/arm64_32/OpenQuartzCore.SwiftFileList -DSWIFT_PACKAGE -DDEBUG -DSWIFT_MODULE_RESOURCE_BUNDLE_UNAVAILABLE -DOPENCOREGRAPHICS_COREGRAPHICS -DXcode -enable-upcoming-feature InternalImportsByDefault -enable-library-evolution -no-verify-emitted-module-interface -plugin-path /Applications/Xcode-27.0.0-Release.Candidate.app/Contents/Developer/Toolchains/XcodeDefault.xctoolchain/usr/lib/swift/host/plugins/testing -enable-experimental-feature DebugDescriptionMacro -sdk /Applications/Xcode-27.0.0-Release.Candidate.app/Contents/Developer/Platforms/WatchOS.platform/Developer/SDKs/WatchOS27.0.sdk -target arm64_32-apple-watchos9.0 -g -module-cache-path /Users/admin/builder/spi-builder-workspace/.derivedData/ModuleCache.noindex -Xfrontend -serialize-debugging-options -profile-coverage-mapping -profile-generate -enable-testing -index-store-path /Users/admin/builder/spi-builder-workspace/.derivedData/Index.noindex/DataStore -Xcc -D_LIBCPP_HARDENING_MODE\=_LIBCPP_HARDENING_MODE_DEBUG -swift-version 6 -I /Users/admin/builder/spi-builder-workspace/.derivedData/Build/Products/Debug-watchos -Isystem /Applications/Xcode-27.0.0-Release.Candidate.app/Contents/Developer/Platforms/WatchOS.platform/Developer/usr/lib -F /Users/admin/builder/spi-builder-workspace/.derivedData/Build/Products/Debug-watchos/PackageFrameworks -F /Users/admin/builder/spi-builder-workspace/.derivedData/Build/Products/Debug-watchos -F /Applications/Xcode-27.0.0-Release.Candidate.app/Contents/Developer/Platforms/WatchOS.platform/Developer/Library/Frameworks -F /Applications/Xcode-27.0.0-Release.Candidate.app/Contents/Developer/Platforms/WatchOS.platform/Developer/SDKs/WatchOS27.0.sdk/Developer/Library/Frameworks -c -j10 -enable-batch-mode -incremental -Xcc -ivfsstatcache -Xcc /Users/admin/builder/spi-builder-workspace/.derivedData/SDKStatCaches.noindex/watchos27.0-24R360-e829b21a6f8c9b70876ba0858053c04477534ef55a1706bf4c1112bbb242f0a2.sdkstatcache -output-file-map /Users/admin/builder/spi-builder-workspace/.derivedData/Build/Intermediates.noindex/OpenCoreGraphics.build/Debug-watchos/OpenQuartzCore-t.build/Objects-normal/arm64_32/OpenQuartzCore-OutputFileMap.json -save-temps -no-color-diagnostics -explicit-module-build -module-cache-path /Users/admin/builder/spi-builder-workspace/.derivedData/Build/Intermediates.noindex/SwiftExplicitPrecompiledModules -clang-scanner-module-cache-path /Users/admin/builder/spi-builder-workspace/.derivedData/ModuleCache.noindex -sdk-module-cache-path /Users/admin/builder/spi-builder-workspace/.derivedData/SDKExplicitPrecompiledModules -emit-dependencies -emit-module -emit-module-path /Users/admin/builder/spi-builder-workspace/.derivedData/Build/Intermediates.noindex/OpenCoreGraphics.build/Debug-watchos/OpenQuartzCore-t.build/Objects-normal/arm64_32/OpenQuartzCore.swiftmodule -serialize-diagnostics -dependency-scan-serialize-diagnostics-path /Users/admin/builder/spi-builder-workspace/.derivedData/Build/Intermediates.noindex/OpenCoreGraphics.build/Debug-watchos/OpenQuartzCore-t.build/Objects-normal/arm64_32/OpenQuartzCore-dependency-scan.dia -validate-clang-modules-once -clang-build-session-file /Users/admin/builder/spi-builder-workspace/.derivedData/ModuleCache.noindex/Session.modulevalidation -Xcc -fmodules-prune-interval\=86400 -Xcc -fmodules-prune-after\=345600 -package-name spi_builder_workspace -emit-const-values -const-gather-protocols-list /Users/admin/builder/spi-builder-workspace/.derivedData/Build/Intermediates.noindex/OpenCoreGraphics.build/Debug-watchos/OpenQuartzCore-t.build/Objects-normal/arm64_32/OpenQuartzCore_const_extract_protocols.json -Xcc -I/Users/admin/builder/spi-builder-workspace/.derivedData/Build/Products/Debug-watchos/include -Xcc -I/Users/admin/builder/spi-builder-workspace/.derivedData/Build/Intermediates.noindex/OpenCoreGraphics.build/Debug-watchos/OpenQuartzCore-t.build/DerivedSources-normal/arm64_32 -Xcc -I/Users/admin/builder/spi-builder-workspace/.derivedData/Build/Intermediates.noindex/OpenCoreGraphics.build/Debug-watchos/OpenQuartzCore-t.build/DerivedSources/arm64_32 -Xcc -I/Users/admin/builder/spi-builder-workspace/.derivedData/Build/Intermediates.noindex/OpenCoreGraphics.build/Debug-watchos/OpenQuartzCore-t.build/DerivedSources -Xcc -DSWIFT_PACKAGE -Xcc -DDEBUG\=1 -emit-objc-header -emit-objc-header-path /Users/admin/builder/spi-builder-workspace/.derivedData/Build/Intermediates.noindex/OpenCoreGraphics.build/Debug-watchos/OpenQuartzCore-t.build/Objects-normal/arm64_32/OpenQuartzCore-Swift.h -working-directory /Users/admin/builder/spi-builder-workspace/.swiftpm/xcode -experimental-emit-module-separately -disable-cmo
CreateUniversalBinary /Users/admin/builder/spi-builder-workspace/.derivedData/Build/Products/Debug-watchos/OpenCoreGraphicsShims.o normal arm64\ arm64_32 (in target 'OpenCoreGraphicsShims' from project 'OpenCoreGraphics')
cd /Users/admin/builder/spi-builder-workspace
/Applications/Xcode-27.0.0-Release.Candidate.app/Contents/Developer/Toolchains/XcodeDefault.xctoolchain/usr/bin/lipo -create /Users/admin/builder/spi-builder-workspace/.derivedData/Build/Intermediates.noindex/OpenCoreGraphics.build/Debug-watchos/OpenCoreGraphicsShims-t.build/Objects-normal/arm64/Binary/OpenCoreGraphicsShims.o /Users/admin/builder/spi-builder-workspace/.derivedData/Build/Intermediates.noindex/OpenCoreGraphics.build/Debug-watchos/OpenCoreGraphicsShims-t.build/Objects-normal/arm64_32/Binary/OpenCoreGraphicsShims.o -output /Users/admin/builder/spi-builder-workspace/.derivedData/Build/Products/Debug-watchos/OpenCoreGraphicsShims.o
ExtractAppIntentsMetadata (in target 'OpenCoreGraphicsShims' from project 'OpenCoreGraphics')
cd /Users/admin/builder/spi-builder-workspace
/Applications/Xcode-27.0.0-Release.Candidate.app/Contents/Developer/Toolchains/XcodeDefault.xctoolchain/usr/bin/appintentsmetadataprocessor --toolchain-dir /var/run/com.apple.security.cryptexd/mnt/com.apple.MobileAsset.MetalToolchain-v27.1.266.1.YEaSTL/Metal.xctoolchain --module-name OpenCoreGraphicsShims --sdk-root /Applications/Xcode-27.0.0-Release.Candidate.app/Contents/Developer/Platforms/WatchOS.platform/Developer/SDKs/WatchOS27.0.sdk --xcode-version 27A266a --platform-family watchOS --deployment-target 9.0 --bundle-identifier spi-builder-workspace.OpenCoreGraphicsShims --output /Users/admin/builder/spi-builder-workspace/.derivedData/Build/Products/Debug-watchos/OpenCoreGraphicsShims.appintents --target-triple arm64-apple-watchos9.0 --target-triple arm64_32-apple-watchos9.0 --binary-file /Users/admin/builder/spi-builder-workspace/.derivedData/Build/Products/Debug-watchos/OpenCoreGraphicsShims.o --dependency-file /Users/admin/builder/spi-builder-workspace/.derivedData/Build/Intermediates.noindex/OpenCoreGraphics.build/Debug-watchos/OpenCoreGraphicsShims-t.build/Objects-normal/arm64/OpenCoreGraphicsShims_dependency_info.dat --dependency-file /Users/admin/builder/spi-builder-workspace/.derivedData/Build/Intermediates.noindex/OpenCoreGraphics.build/Debug-watchos/OpenCoreGraphicsShims-t.build/Objects-normal/arm64_32/OpenCoreGraphicsShims_dependency_info.dat --stringsdata-file /Users/admin/builder/spi-builder-workspace/.derivedData/Build/Intermediates.noindex/OpenCoreGraphics.build/Debug-watchos/OpenCoreGraphicsShims-t.build/Objects-normal/arm64/ExtractedAppShortcutsMetadata.stringsdata --stringsdata-file /Users/admin/builder/spi-builder-workspace/.derivedData/Build/Intermediates.noindex/OpenCoreGraphics.build/Debug-watchos/OpenCoreGraphicsShims-t.build/Objects-normal/arm64_32/ExtractedAppShortcutsMetadata.stringsdata --source-file-list /Users/admin/builder/spi-builder-workspace/.derivedData/Build/Intermediates.noindex/OpenCoreGraphics.build/Debug-watchos/OpenCoreGraphicsShims-t.build/Objects-normal/arm64/OpenCoreGraphicsShims.SwiftFileList --source-file-list /Users/admin/builder/spi-builder-workspace/.derivedData/Build/Intermediates.noindex/OpenCoreGraphics.build/Debug-watchos/OpenCoreGraphicsShims-t.build/Objects-normal/arm64_32/OpenCoreGraphicsShims.SwiftFileList --metadata-file-list /Users/admin/builder/spi-builder-workspace/.derivedData/Build/Intermediates.noindex/OpenCoreGraphics.build/Debug-watchos/OpenCoreGraphicsShims-t.build/OpenCoreGraphicsShims.DependencyMetadataFileList --static-metadata-file-list /Users/admin/builder/spi-builder-workspace/.derivedData/Build/Intermediates.noindex/OpenCoreGraphics.build/Debug-watchos/OpenCoreGraphicsShims-t.build/OpenCoreGraphicsShims.DependencyStaticMetadataFileList --swift-const-vals-list /Users/admin/builder/spi-builder-workspace/.derivedData/Build/Intermediates.noindex/OpenCoreGraphics.build/Debug-watchos/OpenCoreGraphicsShims-t.build/Objects-normal/arm64/OpenCoreGraphicsShims.SwiftConstValuesFileList --swift-const-vals-list /Users/admin/builder/spi-builder-workspace/.derivedData/Build/Intermediates.noindex/OpenCoreGraphics.build/Debug-watchos/OpenCoreGraphicsShims-t.build/Objects-normal/arm64_32/OpenCoreGraphicsShims.SwiftConstValuesFileList --force --compile-time-extraction --deployment-aware-processing --no-app-shortcuts-localization
2026-09-23 13:02:23.220 appintentsmetadataprocessor[826:5195] Starting appintentsmetadataprocessor export
2026-09-23 13:02:23.377 appintentsmetadataprocessor[826:5195] Extracted no relevant App Intents symbols, skipping writing output
SwiftCompile normal arm64_32 Compiling\ CGGeometry+Hashable.swift /Users/admin/builder/spi-builder-workspace/Sources/OpenCoreGraphics/CGGeometry+Hashable.swift (in target 'OpenCoreGraphics' from project 'OpenCoreGraphics')
SwiftCompile normal arm64_32 /Users/admin/builder/spi-builder-workspace/Sources/OpenCoreGraphics/CGGeometry+Hashable.swift (in target 'OpenCoreGraphics' from project 'OpenCoreGraphics')
cd /Users/admin/builder/spi-builder-workspace/.swiftpm/xcode
builtin-SwiftPerFileCompile CGGeometry+Hashable.swift
SwiftCompile normal arm64_32 Compiling\ CGAffineTransform.swift /Users/admin/builder/spi-builder-workspace/Sources/OpenCoreGraphics/CGAffineTransform.swift (in target 'OpenCoreGraphics' from project 'OpenCoreGraphics')
SwiftCompile normal arm64_32 /Users/admin/builder/spi-builder-workspace/Sources/OpenCoreGraphics/CGAffineTransform.swift (in target 'OpenCoreGraphics' from project 'OpenCoreGraphics')
cd /Users/admin/builder/spi-builder-workspace/.swiftpm/xcode
builtin-SwiftPerFileCompile CGAffineTransform.swift
SwiftCompile normal arm64_32 Compiling\ CGImage.swift /Users/admin/builder/spi-builder-workspace/Sources/OpenCoreGraphics/CGImage.swift (in target 'OpenCoreGraphics' from project 'OpenCoreGraphics')
SwiftCompile normal arm64_32 /Users/admin/builder/spi-builder-workspace/Sources/OpenCoreGraphics/CGImage.swift (in target 'OpenCoreGraphics' from project 'OpenCoreGraphics')
cd /Users/admin/builder/spi-builder-workspace/.swiftpm/xcode
builtin-SwiftPerFileCompile CGImage.swift
SwiftCompile normal arm64_32 Compiling\ CGContext.swift /Users/admin/builder/spi-builder-workspace/Sources/OpenCoreGraphics/CGContext.swift (in target 'OpenCoreGraphics' from project 'OpenCoreGraphics')
SwiftCompile normal arm64_32 /Users/admin/builder/spi-builder-workspace/Sources/OpenCoreGraphics/CGContext.swift (in target 'OpenCoreGraphics' from project 'OpenCoreGraphics')
cd /Users/admin/builder/spi-builder-workspace/.swiftpm/xcode
builtin-SwiftPerFileCompile CGContext.swift
SwiftCompile normal arm64_32 Compiling\ CGPath.swift /Users/admin/builder/spi-builder-workspace/Sources/OpenCoreGraphics/CGPath.swift (in target 'OpenCoreGraphics' from project 'OpenCoreGraphics')
/Users/admin/builder/spi-builder-workspace/Sources/OpenCoreGraphics/CGPath.swift:78:68: error: cannot convert value of type 'CGFloat' to expected argument type 'Float'
76 | func addRect(_ rect: CGRect) {
77 |
78 | let newElements: [Element] = [.moveToPoint(CGPoint(x: rect.minX, y: rect.minY)),
| `- error: cannot convert value of type 'CGFloat' to expected argument type 'Float'
79 | .addLineToPoint(CGPoint(x: rect.maxX, y: rect.minY)),
80 | .addLineToPoint(CGPoint(x: rect.maxX, y: rect.maxY)),
/Users/admin/builder/spi-builder-workspace/Sources/OpenCoreGraphics/CGPath.swift:78:82: error: cannot convert value of type 'CGFloat' to expected argument type 'Float'
76 | func addRect(_ rect: CGRect) {
77 |
78 | let newElements: [Element] = [.moveToPoint(CGPoint(x: rect.minX, y: rect.minY)),
| `- error: cannot convert value of type 'CGFloat' to expected argument type 'Float'
79 | .addLineToPoint(CGPoint(x: rect.maxX, y: rect.minY)),
80 | .addLineToPoint(CGPoint(x: rect.maxX, y: rect.maxY)),
/Users/admin/builder/spi-builder-workspace/Sources/OpenCoreGraphics/CGPath.swift:79:71: error: cannot convert value of type 'CGFloat' to expected argument type 'Float'
77 |
78 | let newElements: [Element] = [.moveToPoint(CGPoint(x: rect.minX, y: rect.minY)),
79 | .addLineToPoint(CGPoint(x: rect.maxX, y: rect.minY)),
| `- error: cannot convert value of type 'CGFloat' to expected argument type 'Float'
80 | .addLineToPoint(CGPoint(x: rect.maxX, y: rect.maxY)),
81 | .addLineToPoint(CGPoint(x: rect.minX, y: rect.maxY)),
/Users/admin/builder/spi-builder-workspace/Sources/OpenCoreGraphics/CGPath.swift:79:85: error: cannot convert value of type 'CGFloat' to expected argument type 'Float'
77 |
78 | let newElements: [Element] = [.moveToPoint(CGPoint(x: rect.minX, y: rect.minY)),
79 | .addLineToPoint(CGPoint(x: rect.maxX, y: rect.minY)),
| `- error: cannot convert value of type 'CGFloat' to expected argument type 'Float'
80 | .addLineToPoint(CGPoint(x: rect.maxX, y: rect.maxY)),
81 | .addLineToPoint(CGPoint(x: rect.minX, y: rect.maxY)),
/Users/admin/builder/spi-builder-workspace/Sources/OpenCoreGraphics/CGPath.swift:80:71: error: cannot convert value of type 'CGFloat' to expected argument type 'Float'
78 | let newElements: [Element] = [.moveToPoint(CGPoint(x: rect.minX, y: rect.minY)),
79 | .addLineToPoint(CGPoint(x: rect.maxX, y: rect.minY)),
80 | .addLineToPoint(CGPoint(x: rect.maxX, y: rect.maxY)),
| `- error: cannot convert value of type 'CGFloat' to expected argument type 'Float'
81 | .addLineToPoint(CGPoint(x: rect.minX, y: rect.maxY)),
82 | .closeSubpath]
/Users/admin/builder/spi-builder-workspace/Sources/OpenCoreGraphics/CGPath.swift:80:85: error: cannot convert value of type 'CGFloat' to expected argument type 'Float'
78 | let newElements: [Element] = [.moveToPoint(CGPoint(x: rect.minX, y: rect.minY)),
79 | .addLineToPoint(CGPoint(x: rect.maxX, y: rect.minY)),
80 | .addLineToPoint(CGPoint(x: rect.maxX, y: rect.maxY)),
| `- error: cannot convert value of type 'CGFloat' to expected argument type 'Float'
81 | .addLineToPoint(CGPoint(x: rect.minX, y: rect.maxY)),
82 | .closeSubpath]
/Users/admin/builder/spi-builder-workspace/Sources/OpenCoreGraphics/CGPath.swift:81:71: error: cannot convert value of type 'CGFloat' to expected argument type 'Float'
79 | .addLineToPoint(CGPoint(x: rect.maxX, y: rect.minY)),
80 | .addLineToPoint(CGPoint(x: rect.maxX, y: rect.maxY)),
81 | .addLineToPoint(CGPoint(x: rect.minX, y: rect.maxY)),
| `- error: cannot convert value of type 'CGFloat' to expected argument type 'Float'
82 | .closeSubpath]
83 |
SwiftCompile normal arm64_32 /Users/admin/builder/spi-builder-workspace/Sources/OpenCoreGraphics/CGPath.swift (in target 'OpenCoreGraphics' from project 'OpenCoreGraphics')
cd /Users/admin/builder/spi-builder-workspace/.swiftpm/xcode
builtin-SwiftPerFileCompile CGPath.swift
SwiftEmitModule normal arm64_32 Emitting\ module\ for\ OpenCoreGraphics (in target 'OpenCoreGraphics' from project 'OpenCoreGraphics')
SwiftCompile normal arm64_32 (in target 'OpenCoreGraphics' from project 'OpenCoreGraphics')
cd /Users/admin/builder/spi-builder-workspace/.swiftpm/xcode
SwiftCompile normal arm64_32 Compiling\ CGRect+Extension.swift /Users/admin/builder/spi-builder-workspace/Sources/OpenCoreGraphics/CGRect+Extension.swift (in target 'OpenCoreGraphics' from project 'OpenCoreGraphics')
/Users/admin/builder/spi-builder-workspace/Sources/OpenCoreGraphics/CGRect+Extension.swift:10:38: error: cannot convert value of type 'CGFloat' to expected argument type 'Float'
8 | extension CGRect {
9 | public init(x: CGFloat, y: CGFloat, width: CGFloat, height: CGFloat) {
10 | self.init(origin: CGPoint(x: x, y: y), size: CGSize(width: width, height: height))
| `- error: cannot convert value of type 'CGFloat' to expected argument type 'Float'
11 | }
12 |
/Users/admin/builder/spi-builder-workspace/Sources/OpenCoreGraphics/CGRect+Extension.swift:10:44: error: cannot convert value of type 'CGFloat' to expected argument type 'Float'
8 | extension CGRect {
9 | public init(x: CGFloat, y: CGFloat, width: CGFloat, height: CGFloat) {
10 | self.init(origin: CGPoint(x: x, y: y), size: CGSize(width: width, height: height))
| `- error: cannot convert value of type 'CGFloat' to expected argument type 'Float'
11 | }
12 |
/Users/admin/builder/spi-builder-workspace/Sources/OpenCoreGraphics/CGRect+Extension.swift:10:68: error: cannot convert value of type 'CGFloat' to expected argument type 'Float'
8 | extension CGRect {
9 | public init(x: CGFloat, y: CGFloat, width: CGFloat, height: CGFloat) {
10 | self.init(origin: CGPoint(x: x, y: y), size: CGSize(width: width, height: height))
| `- error: cannot convert value of type 'CGFloat' to expected argument type 'Float'
11 | }
12 |
/Users/admin/builder/spi-builder-workspace/Sources/OpenCoreGraphics/CGRect+Extension.swift:10:83: error: cannot convert value of type 'CGFloat' to expected argument type 'Float'
8 | extension CGRect {
9 | public init(x: CGFloat, y: CGFloat, width: CGFloat, height: CGFloat) {
10 | self.init(origin: CGPoint(x: x, y: y), size: CGSize(width: width, height: height))
| `- error: cannot convert value of type 'CGFloat' to expected argument type 'Float'
11 | }
12 |
/Users/admin/builder/spi-builder-workspace/Sources/OpenCoreGraphics/CGRect+Extension.swift:14:21: error: cannot convert return expression of type 'Float' to return type 'CGFloat'
12 |
13 | public var width: CGFloat {
14 | return size.width
| `- error: cannot convert return expression of type 'Float' to return type 'CGFloat'
15 | }
16 |
/Users/admin/builder/spi-builder-workspace/Sources/OpenCoreGraphics/CGRect+Extension.swift:18:21: error: cannot convert return expression of type 'Float' to return type 'CGFloat'
16 |
17 | public var height: CGFloat {
18 | return size.height
| `- error: cannot convert return expression of type 'Float' to return type 'CGFloat'
19 | }
20 |
/Users/admin/builder/spi-builder-workspace/Sources/OpenCoreGraphics/CGRect+Extension.swift:22:23: error: cannot convert return expression of type 'Float' to return type 'CGFloat'
20 |
21 | public var minX: CGFloat {
22 | return origin.x
| `- error: cannot convert return expression of type 'Float' to return type 'CGFloat'
23 | }
24 |
/Users/admin/builder/spi-builder-workspace/Sources/OpenCoreGraphics/CGRect+Extension.swift:26:23: error: cannot convert return expression of type 'Float' to return type 'CGFloat'
24 |
25 | public var minY: CGFloat {
26 | return origin.y
| `- error: cannot convert return expression of type 'Float' to return type 'CGFloat'
27 | }
28 |
/Users/admin/builder/spi-builder-workspace/Sources/OpenCoreGraphics/CGRect+Extension.swift:30:25: error: cannot convert return expression of type 'Float' to return type 'CGFloat'
28 |
29 | public var maxX: CGFloat {
30 | return origin.x + size.width
| `- error: cannot convert return expression of type 'Float' to return type 'CGFloat'
31 | }
32 |
/Users/admin/builder/spi-builder-workspace/Sources/OpenCoreGraphics/CGRect+Extension.swift:34:25: error: cannot convert return expression of type 'Float' to return type 'CGFloat'
32 |
33 | public var maxY: CGFloat {
34 | return origin.y + size.height
| `- error: cannot convert return expression of type 'Float' to return type 'CGFloat'
35 | }
36 |
Failed frontend command:
/Applications/Xcode-27.0.0-Release.Candidate.app/Contents/Developer/Toolchains/XcodeDefault.xctoolchain/usr/bin/swift-frontend -frontend -c /Users/admin/builder/spi-builder-workspace/Sources/OpenCoreGraphics/CGAffineTransform.swift /Users/admin/builder/spi-builder-workspace/Sources/OpenCoreGraphics/CGContext.swift /Users/admin/builder/spi-builder-workspace/Sources/OpenCoreGraphics/CGGeometry+Hashable.swift /Users/admin/builder/spi-builder-workspace/Sources/OpenCoreGraphics/CGImage.swift /Users/admin/builder/spi-builder-workspace/Sources/OpenCoreGraphics/CGLine.swift /Users/admin/builder/spi-builder-workspace/Sources/OpenCoreGraphics/CGPath.swift /Users/admin/builder/spi-builder-workspace/Sources/OpenCoreGraphics/CGPoint+Extension.swift -primary-file /Users/admin/builder/spi-builder-workspace/Sources/OpenCoreGraphics/CGRect+Extension.swift /Users/admin/builder/spi-builder-workspace/Sources/OpenCoreGraphics/CGSize+Extension.swift /Users/admin/builder/spi-builder-workspace/Sources/OpenCoreGraphics/CGVector.swift /Users/admin/builder/spi-builder-workspace/Sources/OpenCoreGraphics/Export.swift /Users/admin/builder/spi-builder-workspace/Sources/OpenCoreGraphics/IOSurface.swift -emit-dependencies-path /Users/admin/builder/spi-builder-workspace/.derivedData/Build/Intermediates.noindex/OpenCoreGraphics.build/Debug-watchos/OpenCoreGraphics-t.build/Objects-normal/arm64_32/CGRect+Extension.d -emit-const-values-path /Users/admin/builder/spi-builder-workspace/.derivedData/Build/Intermediates.noindex/OpenCoreGraphics.build/Debug-watchos/OpenCoreGraphics-t.build/Objects-normal/arm64_32/CGRect+Extension.swiftconstvalues -emit-reference-dependencies-path /Users/admin/builder/spi-builder-workspace/.derivedData/Build/Intermediates.noindex/OpenCoreGraphics.build/Debug-watchos/OpenCoreGraphics-t.build/Objects-normal/arm64_32/CGRect+Extension.swiftdeps -serialize-diagnostics-path /Users/admin/builder/spi-builder-workspace/.derivedData/Build/Intermediates.noindex/OpenCoreGraphics.build/Debug-watchos/OpenCoreGraphics-t.build/Objects-normal/arm64_32/CGRect+Extension.dia -target arm64_32-apple-watchos9.0 -module-can-import-version Darwin 428.0.10 0 -disable-cross-import-overlay-search -load-resolved-plugin /Applications/Xcode-27.0.0-Release.Candidate.app/Contents/Developer/Platforms/WatchOS.platform/Developer/usr/lib/swift/host/plugins/libFoundationMacros.dylib\#/Applications/Xcode-27.0.0-Release.Candidate.app/Contents/Developer/Platforms/WatchOS.platform/Developer/usr/bin/swift-plugin-server\#FoundationMacros -load-resolved-plugin /Applications/Xcode-27.0.0-Release.Candidate.app/Contents/Developer/Platforms/WatchOS.platform/Developer/usr/lib/swift/host/plugins/libObservationMacros.dylib\#/Applications/Xcode-27.0.0-Release.Candidate.app/Contents/Developer/Platforms/WatchOS.platform/Developer/usr/bin/swift-plugin-server\#ObservationMacros -load-resolved-plugin /Applications/Xcode-27.0.0-Release.Candidate.app/Contents/Developer/Platforms/WatchOS.platform/Developer/usr/lib/swift/host/plugins/libSwiftMacros.dylib\#/Applications/Xcode-27.0.0-Release.Candidate.app/Contents/Developer/Platforms/WatchOS.platform/Developer/usr/bin/swift-plugin-server\#SwiftMacros -disable-implicit-swift-modules -Xcc -fno-implicit-modules -Xcc -fno-implicit-module-maps -explicit-swift-module-map-file /Users/admin/builder/spi-builder-workspace/.derivedData/Build/Intermediates.noindex/OpenCoreGraphics.build/Debug-watchos/OpenCoreGraphics-t.build/Objects-normal/arm64_32/OpenCoreGraphics-dependencies-1.json -enable-objc-interop -sdk /Applications/Xcode-27.0.0-Release.Candidate.app/Contents/Developer/Platforms/WatchOS.platform/Developer/SDKs/WatchOS27.0.sdk -I /Users/admin/builder/spi-builder-workspace/.derivedData/Build/Products/Debug-watchos -Isystem /Applications/Xcode-27.0.0-Release.Candidate.app/Contents/Developer/Platforms/WatchOS.platform/Developer/usr/lib -F /Users/admin/builder/spi-builder-workspace/.derivedData/Build/Products/Debug-watchos -F /Applications/Xcode-27.0.0-Release.Candidate.app/Contents/Developer/Platforms/WatchOS.platform/Developer/Library/Frameworks -F /Applications/Xcode-27.0.0-Release.Candidate.app/Contents/Developer/Platforms/WatchOS.platform/Developer/SDKs/WatchOS27.0.sdk/Developer/Library/Frameworks -module-cache-path /Users/admin/builder/spi-builder-workspace/.derivedData/Build/Intermediates.noindex/SwiftExplicitPrecompiledModules -no-color-diagnostics -Xcc -fno-color-diagnostics -enable-library-evolution -enable-testing -g -debug-info-format\=dwarf -dwarf-version\=4 -profile-generate -profile-coverage-mapping -swift-version 6 -Onone -D SWIFT_PACKAGE -D DEBUG -D SWIFT_MODULE_RESOURCE_BUNDLE_UNAVAILABLE -D OPENCOREGRAPHICS_COREGRAPHICS -D Xcode -serialize-debugging-options -enable-upcoming-feature InternalImportsByDefault -enable-experimental-feature DebugDescriptionMacro -validate-clang-modules-once -clang-build-session-file /Users/admin/builder/spi-builder-workspace/.derivedData/ModuleCache.noindex/Session.modulevalidation -Xcc -working-directory -Xcc /Users/admin/builder/spi-builder-workspace/.swiftpm/xcode -enable-anonymous-context-mangled-names -file-compilation-dir /Users/admin/builder/spi-builder-workspace/.swiftpm/xcode -Xcc -D_LIBCPP_HARDENING_MODE\=_LIBCPP_HARDENING_MODE_DEBUG -Xcc -ivfsstatcache -Xcc /Users/admin/builder/spi-builder-workspace/.derivedData/SDKStatCaches.noindex/watchos27.0-24R360-e829b21a6f8c9b70876ba0858053c04477534ef55a1706bf4c1112bbb242f0a2.sdkstatcache -Xcc -fmodules-prune-interval\=86400 -Xcc -fmodules-prune-after\=345600 -Xcc -I/Users/admin/builder/spi-builder-workspace/.derivedData/Build/Products/Debug-watchos/include -Xcc -I/Users/admin/builder/spi-builder-workspace/.derivedData/Build/Intermediates.noindex/OpenCoreGraphics.build/Debug-watchos/OpenCoreGraphics-t.build/DerivedSources-normal/arm64_32 -Xcc -I/Users/admin/builder/spi-builder-workspace/.derivedData/Build/Intermediates.noindex/OpenCoreGraphics.build/Debug-watchos/OpenCoreGraphics-t.build/DerivedSources/arm64_32 -Xcc -I/Users/admin/builder/spi-builder-workspace/.derivedData/Build/Intermediates.noindex/OpenCoreGraphics.build/Debug-watchos/OpenCoreGraphics-t.build/DerivedSources -Xcc -DSWIFT_PACKAGE -Xcc -DDEBUG\=1 -no-auto-bridging-header-chaining -no-verify-emitted-module-interface -module-name OpenCoreGraphics -package-name spi_builder_workspace -const-gather-protocols-file /Users/admin/builder/spi-builder-workspace/.derivedData/Build/Intermediates.noindex/OpenCoreGraphics.build/Debug-watchos/OpenCoreGraphics-t.build/Objects-normal/arm64_32/OpenCoreGraphics_const_extract_protocols.json -disable-clang-spi -clang-target arm64_32-apple-watchos27.0 -target-sdk-version 27.0 -target-sdk-name watchos27.0 -in-process-plugin-server-path /Applications/Xcode-27.0.0-Release.Candidate.app/Contents/Developer/Toolchains/XcodeDefault.xctoolchain/usr/lib/swift/host/libSwiftInProcPluginServer.dylib -parse-as-library -o /Users/admin/builder/spi-builder-workspace/.derivedData/Build/Intermediates.noindex/OpenCoreGraphics.build/Debug-watchos/OpenCoreGraphics-t.build/Objects-normal/arm64_32/CGRect+Extension.o -debug-module-path /Users/admin/builder/spi-builder-workspace/.derivedData/Build/Intermediates.noindex/OpenCoreGraphics.build/Debug-watchos/OpenCoreGraphics-t.build/Objects-normal/arm64_32/OpenCoreGraphics.swiftmodule -index-unit-output-path /OpenCoreGraphics.build/Debug-watchos/OpenCoreGraphics-t.build/Objects-normal/arm64_32/CGRect+Extension.o -index-store-path /Users/admin/builder/spi-builder-workspace/.derivedData/Index.noindex/DataStore -index-system-modules
SwiftCompile normal arm64_32 /Users/admin/builder/spi-builder-workspace/Sources/OpenCoreGraphics/CGRect+Extension.swift (in target 'OpenCoreGraphics' from project 'OpenCoreGraphics')
cd /Users/admin/builder/spi-builder-workspace/.swiftpm/xcode
builtin-SwiftPerFileCompile CGRect+Extension.swift
SwiftCompile normal arm64_32 Compiling\ CGVector.swift /Users/admin/builder/spi-builder-workspace/Sources/OpenCoreGraphics/CGVector.swift (in target 'OpenCoreGraphics' from project 'OpenCoreGraphics')
SwiftCompile normal arm64_32 /Users/admin/builder/spi-builder-workspace/Sources/OpenCoreGraphics/CGVector.swift (in target 'OpenCoreGraphics' from project 'OpenCoreGraphics')
cd /Users/admin/builder/spi-builder-workspace/.swiftpm/xcode
builtin-SwiftPerFileCompile CGVector.swift
SwiftCompile normal arm64_32 Compiling\ CGSize+Extension.swift /Users/admin/builder/spi-builder-workspace/Sources/OpenCoreGraphics/CGSize+Extension.swift (in target 'OpenCoreGraphics' from project 'OpenCoreGraphics')
SwiftCompile normal arm64_32 /Users/admin/builder/spi-builder-workspace/Sources/OpenCoreGraphics/CGSize+Extension.swift (in target 'OpenCoreGraphics' from project 'OpenCoreGraphics')
cd /Users/admin/builder/spi-builder-workspace/.swiftpm/xcode
builtin-SwiftPerFileCompile CGSize+Extension.swift
SwiftDriverJobDiscovery normal arm64_32 Compiling CGGeometry+Hashable.swift (in target 'OpenCoreGraphics' from project 'OpenCoreGraphics')
SwiftCompile normal arm64_32 Compiling\ CGPoint+Extension.swift /Users/admin/builder/spi-builder-workspace/Sources/OpenCoreGraphics/CGPoint+Extension.swift (in target 'OpenCoreGraphics' from project 'OpenCoreGraphics')
SwiftCompile normal arm64_32 /Users/admin/builder/spi-builder-workspace/Sources/OpenCoreGraphics/CGPoint+Extension.swift (in target 'OpenCoreGraphics' from project 'OpenCoreGraphics')
cd /Users/admin/builder/spi-builder-workspace/.swiftpm/xcode
builtin-SwiftPerFileCompile CGPoint+Extension.swift
SwiftDriverJobDiscovery normal arm64_32 Compiling CGContext.swift (in target 'OpenCoreGraphics' from project 'OpenCoreGraphics')
SwiftDriverJobDiscovery normal arm64_32 Compiling CGImage.swift (in target 'OpenCoreGraphics' from project 'OpenCoreGraphics')
SwiftCompile normal arm64_32 Compiling\ CGLine.swift /Users/admin/builder/spi-builder-workspace/Sources/OpenCoreGraphics/CGLine.swift (in target 'OpenCoreGraphics' from project 'OpenCoreGraphics')
SwiftCompile normal arm64_32 /Users/admin/builder/spi-builder-workspace/Sources/OpenCoreGraphics/CGLine.swift (in target 'OpenCoreGraphics' from project 'OpenCoreGraphics')
cd /Users/admin/builder/spi-builder-workspace/.swiftpm/xcode
builtin-SwiftPerFileCompile CGLine.swift
SwiftCompile normal arm64_32 Compiling\ IOSurface.swift /Users/admin/builder/spi-builder-workspace/Sources/OpenCoreGraphics/IOSurface.swift (in target 'OpenCoreGraphics' from project 'OpenCoreGraphics')
SwiftCompile normal arm64_32 /Users/admin/builder/spi-builder-workspace/Sources/OpenCoreGraphics/IOSurface.swift (in target 'OpenCoreGraphics' from project 'OpenCoreGraphics')
cd /Users/admin/builder/spi-builder-workspace/.swiftpm/xcode
builtin-SwiftPerFileCompile IOSurface.swift
PruneExplicitPrecompiledModules /Users/admin/builder/spi-builder-workspace/.derivedData/Build/Intermediates.noindex/ExplicitPrecompiledModules
PruneExplicitPrecompiledModules /Users/admin/builder/spi-builder-workspace/.derivedData/SDKExplicitPrecompiledModules
PruneExplicitPrecompiledModules /Users/admin/builder/spi-builder-workspace/.derivedData/Build/Intermediates.noindex/SwiftExplicitPrecompiledModules
2026-09-23 13:02:22.321 xcodebuild[817:5129] [MT] IDERunDestination: Supported platforms for the buildables in the current scheme is empty.
** BUILD FAILED **
The following build commands failed:
SwiftCompile normal arm64_32 Compiling\ CGRect+Extension.swift /Users/admin/builder/spi-builder-workspace/Sources/OpenCoreGraphics/CGRect+Extension.swift (in target 'OpenCoreGraphics' from project 'OpenCoreGraphics')
SwiftCompile normal arm64_32 /Users/admin/builder/spi-builder-workspace/Sources/OpenCoreGraphics/CGRect+Extension.swift (in target 'OpenCoreGraphics' from project 'OpenCoreGraphics')
Building workspace OpenCoreGraphics with scheme OpenCoreGraphics-Package
(3 failures)
BUILD FAILURE 6.4 watchOS