Build Information
Failed to build swift-css-html-rendering, reference 0.2.1 (6a3243), with Swift 6.4 for macOS (Xcode) using Xcode 27.0 on 27 Sep 2026 20:10:30 UTC.
Build Command
No build command. This typically means the build failed at an early stage where we determine the build command.Build Log
========================================
RunAll
========================================
Builder version: 5.1.0
Interrupt handler set up.
========================================
Checkout
========================================
Clone URL: https://github.com/swift-compositions/swift-css-html-render.git
Reference: 0.2.1
Initialized empty Git repository in /Users/admin/builder/spi-builder-workspace/.git/
From https://github.com/swift-compositions/swift-css-html-render
* tag 0.2.1 -> FETCH_HEAD
HEAD is now at 6a32435 Update swift-html-rendering to 0.1.15
Cloned https://github.com/swift-compositions/swift-css-html-render.git
Revision (git rev-parse @):
6a3243581a801cdeeaa6386d73d045a9eb249fce
SUCCESS checkout https://github.com/swift-compositions/swift-css-html-render.git at 0.2.1
========================================
Build
========================================
Selected platform: macosXcodebuild
Swift version: 6.4
Building package at path: $PWD
https://github.com/swift-compositions/swift-css-html-render.git
Command line invocation:
/Applications/Xcode-27.0.0-Release.Candidate.app/Contents/Developer/usr/bin/xcodebuild -IDEClonedSourcePackagesDirPathOverride=/Users/admin/builder/spi-builder-workspace/.dependencies -resolvePackageDependencies
Resolve Package Graph
Fetching from https://github.com/apple/swift-collections.git
Fetching from https://github.com/coenttb/swift-html-rendering
Fetching from https://github.com/swift-standards/swift-standards
Fetching from https://github.com/swift-standards/swift-css-standard
Fetching from https://github.com/swift-standards/swift-iec-61966
Fetching from https://github.com/swift-standards/swift-w3c-css
skipping cache due to an error: Failed to clone repository https://github.com/swift-standards/swift-w3c-css:
Cloning into bare repository '/Users/admin/Library/Caches/org.swift.swiftpm/repositories/swift-w3c-css-d1b3b533'...
fatal: could not read Username for 'https://github.com': terminal prompts disabled
Fetching from https://github.com/swift-standards/swift-color-standard
Fetching from https://github.com/swift-standards/swift-w3c-css
skipping cache due to an error: Failed to clone repository https://github.com/swift-standards/swift-w3c-css:
Cloning into bare repository '/Users/admin/Library/Caches/org.swift.swiftpm/repositories/swift-w3c-css-d1b3b533'...
fatal: could not read Username for 'https://github.com': terminal prompts disabled
Resolve Package Graph
Updating from https://github.com/swift-standards/swift-css-standard
Updating from https://github.com/apple/swift-collections.git
Updating from https://github.com/swift-standards/swift-standards
Updating from https://github.com/coenttb/swift-html-rendering
Fetching from https://github.com/swift-standards/swift-w3c-css
skipping cache due to an error: Failed to clone repository https://github.com/swift-standards/swift-w3c-css:
Cloning into bare repository '/Users/admin/Library/Caches/org.swift.swiftpm/repositories/swift-w3c-css-d1b3b533'...
fatal: could not read Username for 'https://github.com': terminal prompts disabled
Updating from https://github.com/swift-standards/swift-color-standard
Updating from https://github.com/swift-standards/swift-iec-61966
Fetching from https://github.com/swift-standards/swift-w3c-css
skipping cache due to an error: Failed to clone repository https://github.com/swift-standards/swift-w3c-css:
Cloning into bare repository '/Users/admin/Library/Caches/org.swift.swiftpm/repositories/swift-w3c-css-d1b3b533'...
fatal: could not read Username for 'https://github.com': terminal prompts disabled
Resolve Package Graph
Updating from https://github.com/swift-standards/swift-standards
Updating from https://github.com/swift-standards/swift-css-standard
Updating from https://github.com/apple/swift-collections.git
Updating from https://github.com/coenttb/swift-html-rendering
Fetching from https://github.com/swift-standards/swift-w3c-css
skipping cache due to an error: Failed to clone repository https://github.com/swift-standards/swift-w3c-css:
Cloning into bare repository '/Users/admin/Library/Caches/org.swift.swiftpm/repositories/swift-w3c-css-d1b3b533'...
fatal: could not read Username for 'https://github.com': terminal prompts disabled
Updating from https://github.com/swift-standards/swift-color-standard
Updating from https://github.com/swift-standards/swift-iec-61966
Fetching from https://github.com/swift-standards/swift-w3c-css
skipping cache due to an error: Failed to clone repository https://github.com/swift-standards/swift-w3c-css:
Cloning into bare repository '/Users/admin/Library/Caches/org.swift.swiftpm/repositories/swift-w3c-css-d1b3b533'...
fatal: could not read Username for 'https://github.com': terminal prompts disabled
Resolved source packages:
spi-builder-workspace: (null)
2026-09-27 16:10:27.290 xcodebuild[528:3063] Writing error result bundle to /var/folders/xq/y_g06wb113726d38xsyx71_h0000gn/T/ResultBundle_2026-27-09_16-10-0027.xcresult
xcodebuild: error: Could not resolve package dependencies:
Failed to clone repository https://github.com/swift-standards/swift-w3c-css:
Cloning into bare repository '/Users/admin/builder/spi-builder-workspace/.dependencies/repositories/swift-w3c-css-d1b3b533'...
fatal: could not read Username for 'https://github.com': terminal prompts disabled
Command line invocation:
/Applications/Xcode-27.0.0-Release.Candidate.app/Contents/Developer/usr/bin/xcodebuild -IDEClonedSourcePackagesDirPathOverride=/Users/admin/builder/spi-builder-workspace/.dependencies -resolvePackageDependencies
Resolve Package Graph
Updating from https://github.com/swift-standards/swift-standards
Updating from https://github.com/apple/swift-collections.git
Updating from https://github.com/coenttb/swift-html-rendering
Updating from https://github.com/swift-standards/swift-css-standard
Fetching from https://github.com/swift-standards/swift-w3c-css
skipping cache due to an error: Failed to clone repository https://github.com/swift-standards/swift-w3c-css:
Cloning into bare repository '/Users/admin/Library/Caches/org.swift.swiftpm/repositories/swift-w3c-css-d1b3b533'...
fatal: could not read Username for 'https://github.com': terminal prompts disabled
Updating from https://github.com/swift-standards/swift-iec-61966
Updating from https://github.com/swift-standards/swift-color-standard
Fetching from https://github.com/swift-standards/swift-w3c-css
skipping cache due to an error: Failed to clone repository https://github.com/swift-standards/swift-w3c-css:
Cloning into bare repository '/Users/admin/Library/Caches/org.swift.swiftpm/repositories/swift-w3c-css-d1b3b533'...
fatal: could not read Username for 'https://github.com': terminal prompts disabled
Resolved source packages:
spi-builder-workspace: (null)
2026-09-27 16:10:30.705 xcodebuild[869:4564] Writing error result bundle to /var/folders/xq/y_g06wb113726d38xsyx71_h0000gn/T/ResultBundle_2026-27-09_16-10-0030.xcresult
xcodebuild: error: Could not resolve package dependencies:
Failed to clone repository https://github.com/swift-standards/swift-w3c-css:
Cloning into bare repository '/Users/admin/builder/spi-builder-workspace/.dependencies/repositories/swift-w3c-css-d1b3b533'...
fatal: could not read Username for 'https://github.com': terminal prompts disabled
BUILD FAILURE 6.4 macosXcodebuild