Build Information
Failed to build Asheron, reference master (aad55c), with Swift 6.4 for iOS using Xcode 27.0 on 15 Sep 2026 20:16:18 UTC.
Build Command
env DEVELOPER_DIR=/Applications/Xcode-27.0.0-Release.Candidate.app xcrun xcodebuild -IDEClonedSourcePackagesDirPathOverride=$PWD/.dependencies -skipMacroValidation -skipPackagePluginValidation -derivedDataPath $PWD/.derivedData build -scheme Asheron-Package -destination generic/platform=iOSBuild Log
========================================
RunAll
========================================
Builder version: 5.1.0
Interrupt handler set up.
========================================
Checkout
========================================
Clone URL: https://github.com/jkolb/asheron.git
Reference: master
Initialized empty Git repository in /Users/admin/builder/spi-builder-workspace/.git/
From https://github.com/jkolb/asheron
* branch master -> FETCH_HEAD
* [new branch] master -> origin/master
HEAD is now at aad55cb Fix deployment targets and missing imports.
Cloned https://github.com/jkolb/asheron.git
Revision (git rev-parse @):
aad55cbe11e0190c4ab6558f6311186b5f2d583e
SUCCESS checkout https://github.com/jkolb/asheron.git at master
========================================
Build
========================================
Selected platform: iOS
Swift version: 6.4
Building package at path: $PWD
https://github.com/jkolb/asheron.git
Command line invocation:
/Applications/Xcode-27.0.0-Release.Candidate.app/Contents/Developer/usr/bin/xcodebuild -IDEClonedSourcePackagesDirPathOverride=/Users/admin/builder/spi-builder-workspace/.dependencies -resolvePackageDependencies
resolved source packages:
{
"dependencies" : [
],
"manifest_display_name" : "Asheron",
"name" : "Asheron",
"path" : "/Users/admin/builder/spi-builder-workspace",
"platforms" : [
{
"name" : "macos",
"version" : "10.15"
},
{
"name" : "ios",
"version" : "13.0"
},
{
"name" : "tvos",
"version" : "13.0"
}
],
"products" : [
{
"name" : "Asheron",
"targets" : [
"Asheron"
],
"type" : {
"library" : [
"automatic"
]
}
}
],
"targets" : [
{
"c99name" : "Asheron",
"module_type" : "SwiftTarget",
"name" : "Asheron",
"path" : "Sources/Asheron",
"product_memberships" : [
"Asheron"
],
"sources" : [
"AnimHook.swift",
"Bitmap.swift",
"DXT.swift",
"DatFile.swift",
"DataStream.swift",
"Geometry.swift",
"GraphicsObject.swift",
"Identifier.swift",
"Packable.swift",
"Palette.swift",
"PixelFormat.swift",
"Region.swift",
"Setup.swift",
"SoundType.swift",
"Surface.swift",
"SurfaceTexture.swift",
"Texture.swift",
"Wave.swift"
],
"type" : "library"
}
],
"tools_version" : "5.1"
}
{
"project" : {
"configurations" : [
"Debug",
"Release"
],
"name" : "Asheron",
"schemes" : [
"Asheron-Package"
],
"targets" : [
"Asheron",
"AsheronPackageDescription"
]
}
}
Running build ...
env DEVELOPER_DIR=/Applications/Xcode-27.0.0-Release.Candidate.app xcrun xcodebuild -IDEClonedSourcePackagesDirPathOverride=$PWD/.dependencies -skipMacroValidation -skipPackagePluginValidation -derivedDataPath $PWD/.derivedData build -scheme Asheron-Package -destination generic/platform=iOS
Command line invocation:
/Applications/Xcode-27.0.0-Release.Candidate.app/Contents/Developer/usr/bin/xcodebuild -IDEClonedSourcePackagesDirPathOverride=/Users/admin/builder/spi-builder-workspace/.dependencies -skipMacroValidation -skipPackagePluginValidation -derivedDataPath /Users/admin/builder/spi-builder-workspace/.derivedData build -scheme Asheron-Package -destination generic/platform=iOS
ComputePackagePrebuildTargetDependencyGraph
Prepare packages
CreateBuildRequest
SendProjectDescription
CreateBuildOperation
ComputeTargetDependencyGraph
note: Building targets in dependency order
note: Target dependency graph (1 target)
Target 'Asheron' in project 'Asheron' (no dependencies)
GatherProvisioningInputs
CreateBuildDescription
ExecuteExternalTool /Applications/Xcode-27.0.0-Release.Candidate.app/Contents/Developer/Toolchains/XcodeDefault.xctoolchain/usr/bin/clang -v -E -dM -isysroot /Applications/Xcode-27.0.0-Release.Candidate.app/Contents/Developer/Platforms/iPhoneOS.platform/Developer/SDKs/iPhoneOS27.0.sdk -x c -c /dev/null
ExecuteExternalTool /Applications/Xcode-27.0.0-Release.Candidate.app/Contents/Developer/Toolchains/XcodeDefault.xctoolchain/usr/bin/swiftc --version
ExecuteExternalTool /Applications/Xcode-27.0.0-Release.Candidate.app/Contents/Developer/Toolchains/XcodeDefault.xctoolchain/usr/bin/ld -version_details
Build description signature: f77dfb6e1c783764782cdcced412abbb
Build description path: /Users/admin/builder/spi-builder-workspace/.derivedData/Build/Intermediates.noindex/XCBuildData/f77dfb6e1c783764782cdcced412abbb.xcbuilddata
/Users/admin/builder/spi-builder-workspace/Asheron.xcodeproj: error: The iOS deployment target 'IPHONEOS_DEPLOYMENT_TARGET' is set to 13.0, but the range of supported deployment target versions is 15.0 to 27.0.x. (in target 'Asheron' from project 'Asheron')
** BUILD FAILED **
The following build commands failed:
Building project Asheron with scheme Asheron-Package
(1 failure)
Command line invocation:
/Applications/Xcode-27.0.0-Release.Candidate.app/Contents/Developer/usr/bin/xcodebuild -IDEClonedSourcePackagesDirPathOverride=/Users/admin/builder/spi-builder-workspace/.dependencies -resolvePackageDependencies
resolved source packages:
{
"dependencies" : [
],
"manifest_display_name" : "Asheron",
"name" : "Asheron",
"path" : "/Users/admin/builder/spi-builder-workspace",
"platforms" : [
{
"name" : "macos",
"version" : "10.15"
},
{
"name" : "ios",
"version" : "13.0"
},
{
"name" : "tvos",
"version" : "13.0"
}
],
"products" : [
{
"name" : "Asheron",
"targets" : [
"Asheron"
],
"type" : {
"library" : [
"automatic"
]
}
}
],
"targets" : [
{
"c99name" : "Asheron",
"module_type" : "SwiftTarget",
"name" : "Asheron",
"path" : "Sources/Asheron",
"product_memberships" : [
"Asheron"
],
"sources" : [
"AnimHook.swift",
"Bitmap.swift",
"DXT.swift",
"DatFile.swift",
"DataStream.swift",
"Geometry.swift",
"GraphicsObject.swift",
"Identifier.swift",
"Packable.swift",
"Palette.swift",
"PixelFormat.swift",
"Region.swift",
"Setup.swift",
"SoundType.swift",
"Surface.swift",
"SurfaceTexture.swift",
"Texture.swift",
"Wave.swift"
],
"type" : "library"
}
],
"tools_version" : "5.1"
}
{
"project" : {
"configurations" : [
"Debug",
"Release"
],
"name" : "Asheron",
"schemes" : [
"Asheron-Package"
],
"targets" : [
"Asheron",
"AsheronPackageDescription"
]
}
}
Running build ...
env DEVELOPER_DIR=/Applications/Xcode-27.0.0-Release.Candidate.app xcrun xcodebuild -IDEClonedSourcePackagesDirPathOverride=$PWD/.dependencies -skipMacroValidation -skipPackagePluginValidation -derivedDataPath $PWD/.derivedData build -scheme Asheron-Package -destination generic/platform=iOS
Command line invocation:
/Applications/Xcode-27.0.0-Release.Candidate.app/Contents/Developer/usr/bin/xcodebuild -IDEClonedSourcePackagesDirPathOverride=/Users/admin/builder/spi-builder-workspace/.dependencies -skipMacroValidation -skipPackagePluginValidation -derivedDataPath /Users/admin/builder/spi-builder-workspace/.derivedData build -scheme Asheron-Package -destination generic/platform=iOS
ComputePackagePrebuildTargetDependencyGraph
Prepare packages
CreateBuildRequest
SendProjectDescription
CreateBuildOperation
ComputeTargetDependencyGraph
note: Building targets in dependency order
note: Target dependency graph (1 target)
Target 'Asheron' in project 'Asheron' (no dependencies)
GatherProvisioningInputs
CreateBuildDescription
/Users/admin/builder/spi-builder-workspace/Asheron.xcodeproj: error: The iOS deployment target 'IPHONEOS_DEPLOYMENT_TARGET' is set to 13.0, but the range of supported deployment target versions is 15.0 to 27.0.x. (in target 'Asheron' from project 'Asheron')
** BUILD FAILED **
The following build commands failed:
Building project Asheron with scheme Asheron-Package
(1 failure)
BUILD FAILURE 6.4 iOS