Build Information
Failed to build SeaTouch, reference master (16ad94), with Swift 6.4 for macOS (Xcode) using Xcode 27.0 on 18 Sep 2026 05:49:12 UTC.
Build Command
env DEVELOPER_DIR=/Applications/Xcode-27.0.0-Release.Candidate.app xcrun xcodebuild -IDEClonedSourcePackagesDirPathOverride=$PWD/.dependencies -skipMacroValidation -skipPackagePluginValidation -derivedDataPath $PWD/.derivedData build -scheme SeaTouch -destination platform=macOS,arch=arm64Build Log
========================================
RunAll
========================================
Builder version: 5.1.0
Interrupt handler set up.
========================================
Checkout
========================================
Clone URL: https://github.com/mredig/SeaTouch.git
Reference: master
Initialized empty Git repository in /Users/admin/builder/spi-builder-workspace/.git/
From https://github.com/mredig/SeaTouch
* branch master -> FETCH_HEAD
* [new branch] master -> origin/master
HEAD is now at 16ad945 (nit) filename and whitespace
Cloned https://github.com/mredig/SeaTouch.git
Revision (git rev-parse @):
16ad945867ffc74f4af854ff4fe98a30f7128f90
SUCCESS checkout https://github.com/mredig/SeaTouch.git at master
========================================
Build
========================================
Selected platform: macosXcodebuild
Swift version: 6.4
Building package at path: $PWD
https://github.com/mredig/SeaTouch.git
Command line invocation:
/Applications/Xcode-27.0.0-Release.Candidate.app/Contents/Developer/usr/bin/xcodebuild -IDEClonedSourcePackagesDirPathOverride=/Users/admin/builder/spi-builder-workspace/.dependencies -resolvePackageDependencies
Resolve Package Graph
Resolve Package Graph
Resolved source packages:
SeaTouch: /Users/admin/builder/spi-builder-workspace
resolved source packages: SeaTouch
2026-09-18 01:48:22.066 xcodebuild[525:3003] [MT] IDERunDestination: Supported platforms for the buildables in the current scheme is empty.
{
"dependencies" : [
],
"manifest_display_name" : "SeaTouch",
"name" : "SeaTouch",
"path" : "/Users/admin/builder/spi-builder-workspace",
"platforms" : [
{
"name" : "ios",
"version" : "10.0"
}
],
"products" : [
{
"name" : "SeaTouch",
"targets" : [
"SeaTouch"
],
"type" : {
"library" : [
"automatic"
]
}
}
],
"targets" : [
{
"c99name" : "SeaTouchTests",
"module_type" : "SwiftTarget",
"name" : "SeaTouchTests",
"path" : "Tests/SeaTouchTests",
"sources" : [
"SeaTouchTests.swift",
"XCTestManifests.swift"
],
"target_dependencies" : [
"SeaTouch"
],
"type" : "test"
},
{
"c99name" : "SeaTouch",
"module_type" : "SwiftTarget",
"name" : "SeaTouch",
"path" : "Sources/SeaTouch",
"product_memberships" : [
"SeaTouch"
],
"sources" : [
"RippleShapeLayer.swift",
"SeaTouch.swift",
"TouchCatcher.swift",
"UIWindow+touches.swift"
],
"type" : "library"
}
],
"tools_version" : "5.2"
}
{
"workspace" : {
"name" : "SeaTouch",
"schemes" : [
"SeaTouch"
]
}
}
2026-09-18 01:49:03.403 xcodebuild[642:4042] [MT] IDERunDestination: Supported platforms for the buildables in the current scheme is empty.
Running build ...
env DEVELOPER_DIR=/Applications/Xcode-27.0.0-Release.Candidate.app xcrun xcodebuild -IDEClonedSourcePackagesDirPathOverride=$PWD/.dependencies -skipMacroValidation -skipPackagePluginValidation -derivedDataPath $PWD/.derivedData build -scheme SeaTouch -destination platform=macOS,arch=arm64
Command line invocation:
/Applications/Xcode-27.0.0-Release.Candidate.app/Contents/Developer/usr/bin/xcodebuild -IDEClonedSourcePackagesDirPathOverride=/Users/admin/builder/spi-builder-workspace/.dependencies -skipMacroValidation -skipPackagePluginValidation -derivedDataPath /Users/admin/builder/spi-builder-workspace/.derivedData build -scheme SeaTouch -destination platform=macOS,arch=arm64
Resolve Package Graph
Resolved source packages:
SeaTouch: /Users/admin/builder/spi-builder-workspace
ComputePackagePrebuildTargetDependencyGraph
Prepare packages
CreateBuildRequest
SendProjectDescription
CreateBuildOperation
ComputeTargetDependencyGraph
note: Building targets in dependency order
note: Target dependency graph (2 targets)
Target 'SeaTouch-product' in project 'SeaTouch'
➜ Explicit dependency on target 'SeaTouch' in project 'SeaTouch'
Target 'SeaTouch' in project 'SeaTouch' (no dependencies)
GatherProvisioningInputs
CreateBuildDescription
ExecuteExternalTool /Applications/Xcode-27.0.0-Release.Candidate.app/Contents/Developer/Toolchains/XcodeDefault.xctoolchain/usr/bin/clang -v -E -dM -isysroot /Applications/Xcode-27.0.0-Release.Candidate.app/Contents/Developer/Platforms/MacOSX.platform/Developer/SDKs/MacOSX27.0.sdk -x c -c /dev/null
ExecuteExternalTool /Applications/Xcode-27.0.0-Release.Candidate.app/Contents/Developer/Toolchains/XcodeDefault.xctoolchain/usr/bin/swiftc --version
ExecuteExternalTool /Applications/Xcode-27.0.0-Release.Candidate.app/Contents/Developer/Toolchains/XcodeDefault.xctoolchain/usr/bin/ld -version_details
Build description signature: 08db9fa3777e81f3d42ba366d04ddb8a
Build description path: /Users/admin/builder/spi-builder-workspace/.derivedData/Build/Intermediates.noindex/XCBuildData/08db9fa3777e81f3d42ba366d04ddb8a.xcbuilddata
CreateBuildDirectory /Users/admin/builder/spi-builder-workspace/.derivedData/SDKExplicitPrecompiledModules
cd /Users/admin/builder/spi-builder-workspace/.swiftpm/xcode
builtin-create-build-directory /Users/admin/builder/spi-builder-workspace/.derivedData/SDKExplicitPrecompiledModules
CreateBuildDirectory /Users/admin/builder/spi-builder-workspace/.derivedData/ModuleCache.noindex
cd /Users/admin/builder/spi-builder-workspace/.swiftpm/xcode
builtin-create-build-directory /Users/admin/builder/spi-builder-workspace/.derivedData/ModuleCache.noindex
CreateBuildDirectory /Users/admin/builder/spi-builder-workspace/.derivedData/CompilationCache.noindex
cd /Users/admin/builder/spi-builder-workspace/.swiftpm/xcode
builtin-create-build-directory /Users/admin/builder/spi-builder-workspace/.derivedData/CompilationCache.noindex
CreateBuildDirectory /Users/admin/builder/spi-builder-workspace/.derivedData/Build/Products
cd /Users/admin/builder/spi-builder-workspace/.swiftpm/xcode
builtin-create-build-directory /Users/admin/builder/spi-builder-workspace/.derivedData/Build/Products
CreateBuildDirectory /Users/admin/builder/spi-builder-workspace/.derivedData/Build/Intermediates.noindex
cd /Users/admin/builder/spi-builder-workspace/.swiftpm/xcode
builtin-create-build-directory /Users/admin/builder/spi-builder-workspace/.derivedData/Build/Intermediates.noindex
ClangStatCache /Applications/Xcode-27.0.0-Release.Candidate.app/Contents/Developer/Toolchains/XcodeDefault.xctoolchain/usr/bin/clang-stat-cache /Applications/Xcode-27.0.0-Release.Candidate.app/Contents/Developer/Platforms/MacOSX.platform/Developer/SDKs/MacOSX27.0.sdk /Users/admin/builder/spi-builder-workspace/.derivedData/SDKStatCaches.noindex/macosx27.0-26A425-e829b21a6f8c9b70876ba0858053c0446a22442a12e9d48fe1a705f55a1adfc4.sdkstatcache
cd /Users/admin/builder/spi-builder-workspace/.swiftpm/xcode
/Applications/Xcode-27.0.0-Release.Candidate.app/Contents/Developer/Toolchains/XcodeDefault.xctoolchain/usr/bin/clang-stat-cache /Applications/Xcode-27.0.0-Release.Candidate.app/Contents/Developer/Platforms/MacOSX.platform/Developer/SDKs/MacOSX27.0.sdk -o /Users/admin/builder/spi-builder-workspace/.derivedData/SDKStatCaches.noindex/macosx27.0-26A425-e829b21a6f8c9b70876ba0858053c0446a22442a12e9d48fe1a705f55a1adfc4.sdkstatcache
CreateBuildDirectory /Users/admin/builder/spi-builder-workspace/.derivedData/Build/Products/Debug
cd /Users/admin/builder/spi-builder-workspace/.swiftpm/xcode
builtin-create-build-directory /Users/admin/builder/spi-builder-workspace/.derivedData/Build/Products/Debug
CreateBuildDirectory /Users/admin/builder/spi-builder-workspace/.derivedData/Build/Intermediates.noindex/SwiftExplicitPrecompiledModules
cd /Users/admin/builder/spi-builder-workspace/.swiftpm/xcode
builtin-create-build-directory /Users/admin/builder/spi-builder-workspace/.derivedData/Build/Intermediates.noindex/SwiftExplicitPrecompiledModules
CreateBuildDirectory /Users/admin/builder/spi-builder-workspace/.derivedData/Build/Intermediates.noindex/PrecompiledHeaders
cd /Users/admin/builder/spi-builder-workspace/.swiftpm/xcode
builtin-create-build-directory /Users/admin/builder/spi-builder-workspace/.derivedData/Build/Intermediates.noindex/PrecompiledHeaders
CreateBuildDirectory /Users/admin/builder/spi-builder-workspace/.derivedData/Build/Intermediates.noindex/ExplicitPrecompiledModules
cd /Users/admin/builder/spi-builder-workspace/.swiftpm/xcode
builtin-create-build-directory /Users/admin/builder/spi-builder-workspace/.derivedData/Build/Intermediates.noindex/ExplicitPrecompiledModules
CreateBuildDirectory /Users/admin/builder/spi-builder-workspace/.derivedData/Build/Intermediates.noindex/EagerLinkingTBDs/Debug
cd /Users/admin/builder/spi-builder-workspace/.swiftpm/xcode
builtin-create-build-directory /Users/admin/builder/spi-builder-workspace/.derivedData/Build/Intermediates.noindex/EagerLinkingTBDs/Debug
CreateBuildDirectory /Users/admin/builder/spi-builder-workspace/.derivedData/Build/Products/Debug/PackageFrameworks
cd /Users/admin/builder/spi-builder-workspace/.swiftpm/xcode
builtin-create-build-directory /Users/admin/builder/spi-builder-workspace/.derivedData/Build/Products/Debug/PackageFrameworks
WriteAuxiliaryFile /Users/admin/builder/spi-builder-workspace/.derivedData/Build/Intermediates.noindex/SeaTouch.build/Debug/SeaTouch-t.build/SeaTouch.DependencyStaticMetadataFileList (in target 'SeaTouch' from project 'SeaTouch')
cd /Users/admin/builder/spi-builder-workspace
write-file /Users/admin/builder/spi-builder-workspace/.derivedData/Build/Intermediates.noindex/SeaTouch.build/Debug/SeaTouch-t.build/SeaTouch.DependencyStaticMetadataFileList
WriteAuxiliaryFile /Users/admin/builder/spi-builder-workspace/.derivedData/Build/Intermediates.noindex/SeaTouch.build/Debug/SeaTouch-t.build/SeaTouch.DependencyMetadataFileList (in target 'SeaTouch' from project 'SeaTouch')
cd /Users/admin/builder/spi-builder-workspace
write-file /Users/admin/builder/spi-builder-workspace/.derivedData/Build/Intermediates.noindex/SeaTouch.build/Debug/SeaTouch-t.build/SeaTouch.DependencyMetadataFileList
WriteAuxiliaryFile /Users/admin/builder/spi-builder-workspace/.derivedData/Build/Intermediates.noindex/SeaTouch.build/Debug/SeaTouch-t.build/SeaTouch.modulemap (in target 'SeaTouch' from project 'SeaTouch')
cd /Users/admin/builder/spi-builder-workspace
write-file /Users/admin/builder/spi-builder-workspace/.derivedData/Build/Intermediates.noindex/SeaTouch.build/Debug/SeaTouch-t.build/SeaTouch.modulemap
WriteAuxiliaryFile /Users/admin/builder/spi-builder-workspace/.derivedData/Build/Intermediates.noindex/SeaTouch.build/Debug/SeaTouch-t.build/Objects-normal/arm64/SeaTouch.SwiftConstValuesFileList (in target 'SeaTouch' from project 'SeaTouch')
cd /Users/admin/builder/spi-builder-workspace
write-file /Users/admin/builder/spi-builder-workspace/.derivedData/Build/Intermediates.noindex/SeaTouch.build/Debug/SeaTouch-t.build/Objects-normal/arm64/SeaTouch.SwiftConstValuesFileList
WriteAuxiliaryFile /Users/admin/builder/spi-builder-workspace/.derivedData/Build/Intermediates.noindex/SeaTouch.build/Debug/SeaTouch-t.build/Objects-normal/arm64/SeaTouch.LinkFileList (in target 'SeaTouch' from project 'SeaTouch')
cd /Users/admin/builder/spi-builder-workspace
write-file /Users/admin/builder/spi-builder-workspace/.derivedData/Build/Intermediates.noindex/SeaTouch.build/Debug/SeaTouch-t.build/Objects-normal/arm64/SeaTouch.LinkFileList
WriteAuxiliaryFile /Users/admin/builder/spi-builder-workspace/.derivedData/Build/Intermediates.noindex/SeaTouch.build/Debug/SeaTouch-t.build/Objects-normal/arm64/SeaTouch-OutputFileMap.json (in target 'SeaTouch' from project 'SeaTouch')
cd /Users/admin/builder/spi-builder-workspace
write-file /Users/admin/builder/spi-builder-workspace/.derivedData/Build/Intermediates.noindex/SeaTouch.build/Debug/SeaTouch-t.build/Objects-normal/arm64/SeaTouch-OutputFileMap.json
WriteAuxiliaryFile /Users/admin/builder/spi-builder-workspace/.derivedData/Build/Intermediates.noindex/SeaTouch.build/Debug/SeaTouch-t.build/Objects-normal/arm64/SeaTouch.SwiftFileList (in target 'SeaTouch' from project 'SeaTouch')
cd /Users/admin/builder/spi-builder-workspace
write-file /Users/admin/builder/spi-builder-workspace/.derivedData/Build/Intermediates.noindex/SeaTouch.build/Debug/SeaTouch-t.build/Objects-normal/arm64/SeaTouch.SwiftFileList
WriteAuxiliaryFile /Users/admin/builder/spi-builder-workspace/.derivedData/Build/Intermediates.noindex/SeaTouch.build/Debug/SeaTouch-t.build/Objects-normal/arm64/SeaTouch_const_extract_protocols.json (in target 'SeaTouch' from project 'SeaTouch')
cd /Users/admin/builder/spi-builder-workspace
write-file /Users/admin/builder/spi-builder-workspace/.derivedData/Build/Intermediates.noindex/SeaTouch.build/Debug/SeaTouch-t.build/Objects-normal/arm64/SeaTouch_const_extract_protocols.json
Copy /Users/admin/builder/spi-builder-workspace/.derivedData/Build/Intermediates.noindex/GeneratedModuleMaps/SeaTouch.modulemap /Users/admin/builder/spi-builder-workspace/.derivedData/Build/Intermediates.noindex/SeaTouch.build/Debug/SeaTouch-t.build/SeaTouch.modulemap (in target 'SeaTouch' from project 'SeaTouch')
cd /Users/admin/builder/spi-builder-workspace
builtin-copy -exclude .DS_Store -exclude CVS -exclude .svn -exclude .git -exclude .hg -resolve-src-symlinks /Users/admin/builder/spi-builder-workspace/.derivedData/Build/Intermediates.noindex/SeaTouch.build/Debug/SeaTouch-t.build/SeaTouch.modulemap /Users/admin/builder/spi-builder-workspace/.derivedData/Build/Intermediates.noindex/GeneratedModuleMaps
SwiftDriver SeaTouch normal arm64 com.apple.xcode.tools.swift.compiler (in target 'SeaTouch' from project 'SeaTouch')
cd /Users/admin/builder/spi-builder-workspace/.swiftpm/xcode
builtin-SwiftDriver -- /Applications/Xcode-27.0.0-Release.Candidate.app/Contents/Developer/Toolchains/XcodeDefault.xctoolchain/usr/bin/swiftc -parse-as-library -module-name SeaTouch -Onone @/Users/admin/builder/spi-builder-workspace/.derivedData/Build/Intermediates.noindex/SeaTouch.build/Debug/SeaTouch-t.build/Objects-normal/arm64/SeaTouch.SwiftFileList -DSWIFT_PACKAGE -DDEBUG -DSWIFT_MODULE_RESOURCE_BUNDLE_UNAVAILABLE -DXcode -plugin-path /Applications/Xcode-27.0.0-Release.Candidate.app/Contents/Developer/Toolchains/XcodeDefault.xctoolchain/usr/lib/swift/host/plugins/testing -enable-experimental-feature DebugDescriptionMacro -sdk /Applications/Xcode-27.0.0-Release.Candidate.app/Contents/Developer/Platforms/MacOSX.platform/Developer/SDKs/MacOSX27.0.sdk -target arm64-apple-macos12.0 -g -module-cache-path /Users/admin/builder/spi-builder-workspace/.derivedData/ModuleCache.noindex -Xfrontend -serialize-debugging-options -profile-coverage-mapping -profile-generate -enable-testing -index-store-path /Users/admin/builder/spi-builder-workspace/.derivedData/Index.noindex/DataStore -Xcc -D_LIBCPP_HARDENING_MODE\=_LIBCPP_HARDENING_MODE_DEBUG -swift-version 5 -I /Users/admin/builder/spi-builder-workspace/.derivedData/Build/Products/Debug -Isystem /Applications/Xcode-27.0.0-Release.Candidate.app/Contents/Developer/Platforms/MacOSX.platform/Developer/usr/lib -F /Users/admin/builder/spi-builder-workspace/.derivedData/Build/Products/Debug -F /Applications/Xcode-27.0.0-Release.Candidate.app/Contents/Developer/Platforms/MacOSX.platform/Developer/Library/Frameworks -c -j10 -enable-batch-mode -incremental -Xcc -ivfsstatcache -Xcc /Users/admin/builder/spi-builder-workspace/.derivedData/SDKStatCaches.noindex/macosx27.0-26A425-e829b21a6f8c9b70876ba0858053c0446a22442a12e9d48fe1a705f55a1adfc4.sdkstatcache -output-file-map /Users/admin/builder/spi-builder-workspace/.derivedData/Build/Intermediates.noindex/SeaTouch.build/Debug/SeaTouch-t.build/Objects-normal/arm64/SeaTouch-OutputFileMap.json -save-temps -no-color-diagnostics -explicit-module-build -module-cache-path /Users/admin/builder/spi-builder-workspace/.derivedData/Build/Intermediates.noindex/SwiftExplicitPrecompiledModules -clang-scanner-module-cache-path /Users/admin/builder/spi-builder-workspace/.derivedData/ModuleCache.noindex -sdk-module-cache-path /Users/admin/builder/spi-builder-workspace/.derivedData/SDKExplicitPrecompiledModules -emit-dependencies -emit-module -emit-module-path /Users/admin/builder/spi-builder-workspace/.derivedData/Build/Intermediates.noindex/SeaTouch.build/Debug/SeaTouch-t.build/Objects-normal/arm64/SeaTouch.swiftmodule -serialize-diagnostics -dependency-scan-serialize-diagnostics-path /Users/admin/builder/spi-builder-workspace/.derivedData/Build/Intermediates.noindex/SeaTouch.build/Debug/SeaTouch-t.build/Objects-normal/arm64/SeaTouch-dependency-scan.dia -validate-clang-modules-once -clang-build-session-file /Users/admin/builder/spi-builder-workspace/.derivedData/ModuleCache.noindex/Session.modulevalidation -Xcc -fmodules-prune-interval\=86400 -Xcc -fmodules-prune-after\=345600 -emit-const-values -const-gather-protocols-list /Users/admin/builder/spi-builder-workspace/.derivedData/Build/Intermediates.noindex/SeaTouch.build/Debug/SeaTouch-t.build/Objects-normal/arm64/SeaTouch_const_extract_protocols.json -Xcc -I/Users/admin/builder/spi-builder-workspace/.derivedData/Build/Products/Debug/include -Xcc -I/Users/admin/builder/spi-builder-workspace/.derivedData/Build/Intermediates.noindex/SeaTouch.build/Debug/SeaTouch-t.build/DerivedSources-normal/arm64 -Xcc -I/Users/admin/builder/spi-builder-workspace/.derivedData/Build/Intermediates.noindex/SeaTouch.build/Debug/SeaTouch-t.build/DerivedSources/arm64 -Xcc -I/Users/admin/builder/spi-builder-workspace/.derivedData/Build/Intermediates.noindex/SeaTouch.build/Debug/SeaTouch-t.build/DerivedSources -Xcc -DSWIFT_PACKAGE -Xcc -DDEBUG\=1 -emit-objc-header -emit-objc-header-path /Users/admin/builder/spi-builder-workspace/.derivedData/Build/Intermediates.noindex/SeaTouch.build/Debug/SeaTouch-t.build/Objects-normal/arm64/SeaTouch-Swift.h -working-directory /Users/admin/builder/spi-builder-workspace/.swiftpm/xcode -experimental-emit-module-separately -disable-cmo
/Users/admin/builder/spi-builder-workspace/Sources/SeaTouch/RippleShapeLayer.swift:9:8: error: Unable to resolve module dependency: 'UIKit' (in target 'SeaTouch' from project 'SeaTouch')
note: A dependency of main module 'SeaTouch'
/Users/admin/builder/spi-builder-workspace/Sources/SeaTouch/SeaTouch.swift:1:8: note: Also imported here
/Users/admin/builder/spi-builder-workspace/Sources/SeaTouch/TouchCatcher.swift:7:8: note: Also imported here
/Users/admin/builder/spi-builder-workspace/Sources/SeaTouch/UIWindow+touches.swift:8:8: note: Also imported here
/Users/admin/builder/spi-builder-workspace/Sources/SeaTouch/RippleShapeLayer.swift:9:8: note: A dependency of main module 'SeaTouch'
import UIKit
^ (in target 'SeaTouch' from project 'SeaTouch')
/Users/admin/builder/spi-builder-workspace/Sources/SeaTouch/SeaTouch.swift:1:8: note: Also imported here
import UIKit
^ (in target 'SeaTouch' from project 'SeaTouch')
/Users/admin/builder/spi-builder-workspace/Sources/SeaTouch/TouchCatcher.swift:7:8: note: Also imported here
import UIKit
^ (in target 'SeaTouch' from project 'SeaTouch')
/Users/admin/builder/spi-builder-workspace/Sources/SeaTouch/UIWindow+touches.swift:8:8: note: Also imported here
import UIKit
^ (in target 'SeaTouch' from project 'SeaTouch')
PruneExplicitPrecompiledModules /Users/admin/builder/spi-builder-workspace/.derivedData/SDKExplicitPrecompiledModules
PruneExplicitPrecompiledModules /Users/admin/builder/spi-builder-workspace/.derivedData/Build/Intermediates.noindex/ExplicitPrecompiledModules
PruneExplicitPrecompiledModules /Users/admin/builder/spi-builder-workspace/.derivedData/Build/Intermediates.noindex/SwiftExplicitPrecompiledModules
2026-09-18 01:49:04.984 xcodebuild[646:4154] [MT] IDERunDestination: Supported platforms for the buildables in the current scheme is empty.
--- xcodebuild: WARNING: Using the first of multiple matching destinations:
{ platform:macOS, arch:arm64, id:a3951239f7b30469114a9982368c265163162baa, name:My Mac }
{ platform:macOS, arch:arm64, variant:Mac Catalyst, id:a3951239f7b30469114a9982368c265163162baa, name:My Mac }
{ platform:macOS, arch:arm64, variant:DriverKit, id:a3951239f7b30469114a9982368c265163162baa, name:My Mac }
{ platform:macOS, arch:arm64, variant:Designed for [iPad,iPhone], id:a3951239f7b30469114a9982368c265163162baa, name:My Mac }
** BUILD FAILED **
The following build commands failed:
SwiftDriver SeaTouch normal arm64 com.apple.xcode.tools.swift.compiler (in target 'SeaTouch' from project 'SeaTouch')
Building workspace SeaTouch with scheme SeaTouch
(2 failures)
Command line invocation:
/Applications/Xcode-27.0.0-Release.Candidate.app/Contents/Developer/usr/bin/xcodebuild -IDEClonedSourcePackagesDirPathOverride=/Users/admin/builder/spi-builder-workspace/.dependencies -resolvePackageDependencies
Resolve Package Graph
Resolved source packages:
SeaTouch: /Users/admin/builder/spi-builder-workspace
resolved source packages: SeaTouch
2026-09-18 01:49:09.328 xcodebuild[661:4282] [MT] IDERunDestination: Supported platforms for the buildables in the current scheme is empty.
{
"dependencies" : [
],
"manifest_display_name" : "SeaTouch",
"name" : "SeaTouch",
"path" : "/Users/admin/builder/spi-builder-workspace",
"platforms" : [
{
"name" : "ios",
"version" : "10.0"
}
],
"products" : [
{
"name" : "SeaTouch",
"targets" : [
"SeaTouch"
],
"type" : {
"library" : [
"automatic"
]
}
}
],
"targets" : [
{
"c99name" : "SeaTouchTests",
"module_type" : "SwiftTarget",
"name" : "SeaTouchTests",
"path" : "Tests/SeaTouchTests",
"sources" : [
"SeaTouchTests.swift",
"XCTestManifests.swift"
],
"target_dependencies" : [
"SeaTouch"
],
"type" : "test"
},
{
"c99name" : "SeaTouch",
"module_type" : "SwiftTarget",
"name" : "SeaTouch",
"path" : "Sources/SeaTouch",
"product_memberships" : [
"SeaTouch"
],
"sources" : [
"RippleShapeLayer.swift",
"SeaTouch.swift",
"TouchCatcher.swift",
"UIWindow+touches.swift"
],
"type" : "library"
}
],
"tools_version" : "5.2"
}
{
"workspace" : {
"name" : "SeaTouch",
"schemes" : [
"SeaTouch"
]
}
}
2026-09-18 01:49:10.545 xcodebuild[669:4343] [MT] IDERunDestination: Supported platforms for the buildables in the current scheme is empty.
Running build ...
env DEVELOPER_DIR=/Applications/Xcode-27.0.0-Release.Candidate.app xcrun xcodebuild -IDEClonedSourcePackagesDirPathOverride=$PWD/.dependencies -skipMacroValidation -skipPackagePluginValidation -derivedDataPath $PWD/.derivedData build -scheme SeaTouch -destination platform=macOS,arch=arm64
Command line invocation:
/Applications/Xcode-27.0.0-Release.Candidate.app/Contents/Developer/usr/bin/xcodebuild -IDEClonedSourcePackagesDirPathOverride=/Users/admin/builder/spi-builder-workspace/.dependencies -skipMacroValidation -skipPackagePluginValidation -derivedDataPath /Users/admin/builder/spi-builder-workspace/.derivedData build -scheme SeaTouch -destination platform=macOS,arch=arm64
Resolve Package Graph
Resolved source packages:
SeaTouch: /Users/admin/builder/spi-builder-workspace
ComputePackagePrebuildTargetDependencyGraph
Prepare packages
CreateBuildRequest
SendProjectDescription
CreateBuildOperation
ComputeTargetDependencyGraph
note: Building targets in dependency order
note: Target dependency graph (2 targets)
Target 'SeaTouch-product' in project 'SeaTouch'
➜ Explicit dependency on target 'SeaTouch' in project 'SeaTouch'
Target 'SeaTouch' in project 'SeaTouch' (no dependencies)
GatherProvisioningInputs
CreateBuildDescription
ClangStatCache /Applications/Xcode-27.0.0-Release.Candidate.app/Contents/Developer/Toolchains/XcodeDefault.xctoolchain/usr/bin/clang-stat-cache /Applications/Xcode-27.0.0-Release.Candidate.app/Contents/Developer/Platforms/MacOSX.platform/Developer/SDKs/MacOSX27.0.sdk /Users/admin/builder/spi-builder-workspace/.derivedData/SDKStatCaches.noindex/macosx27.0-26A425-e829b21a6f8c9b70876ba0858053c0446a22442a12e9d48fe1a705f55a1adfc4.sdkstatcache
cd /Users/admin/builder/spi-builder-workspace/.swiftpm/xcode
/Applications/Xcode-27.0.0-Release.Candidate.app/Contents/Developer/Toolchains/XcodeDefault.xctoolchain/usr/bin/clang-stat-cache /Applications/Xcode-27.0.0-Release.Candidate.app/Contents/Developer/Platforms/MacOSX.platform/Developer/SDKs/MacOSX27.0.sdk -o /Users/admin/builder/spi-builder-workspace/.derivedData/SDKStatCaches.noindex/macosx27.0-26A425-e829b21a6f8c9b70876ba0858053c0446a22442a12e9d48fe1a705f55a1adfc4.sdkstatcache
SwiftDriver SeaTouch normal arm64 com.apple.xcode.tools.swift.compiler (in target 'SeaTouch' from project 'SeaTouch')
cd /Users/admin/builder/spi-builder-workspace/.swiftpm/xcode
builtin-SwiftDriver -- /Applications/Xcode-27.0.0-Release.Candidate.app/Contents/Developer/Toolchains/XcodeDefault.xctoolchain/usr/bin/swiftc -parse-as-library -module-name SeaTouch -Onone @/Users/admin/builder/spi-builder-workspace/.derivedData/Build/Intermediates.noindex/SeaTouch.build/Debug/SeaTouch-t.build/Objects-normal/arm64/SeaTouch.SwiftFileList -DSWIFT_PACKAGE -DDEBUG -DSWIFT_MODULE_RESOURCE_BUNDLE_UNAVAILABLE -DXcode -plugin-path /Applications/Xcode-27.0.0-Release.Candidate.app/Contents/Developer/Toolchains/XcodeDefault.xctoolchain/usr/lib/swift/host/plugins/testing -enable-experimental-feature DebugDescriptionMacro -sdk /Applications/Xcode-27.0.0-Release.Candidate.app/Contents/Developer/Platforms/MacOSX.platform/Developer/SDKs/MacOSX27.0.sdk -target arm64-apple-macos12.0 -g -module-cache-path /Users/admin/builder/spi-builder-workspace/.derivedData/ModuleCache.noindex -Xfrontend -serialize-debugging-options -profile-coverage-mapping -profile-generate -enable-testing -index-store-path /Users/admin/builder/spi-builder-workspace/.derivedData/Index.noindex/DataStore -Xcc -D_LIBCPP_HARDENING_MODE\=_LIBCPP_HARDENING_MODE_DEBUG -swift-version 5 -I /Users/admin/builder/spi-builder-workspace/.derivedData/Build/Products/Debug -Isystem /Applications/Xcode-27.0.0-Release.Candidate.app/Contents/Developer/Platforms/MacOSX.platform/Developer/usr/lib -F /Users/admin/builder/spi-builder-workspace/.derivedData/Build/Products/Debug -F /Applications/Xcode-27.0.0-Release.Candidate.app/Contents/Developer/Platforms/MacOSX.platform/Developer/Library/Frameworks -c -j10 -enable-batch-mode -incremental -Xcc -ivfsstatcache -Xcc /Users/admin/builder/spi-builder-workspace/.derivedData/SDKStatCaches.noindex/macosx27.0-26A425-e829b21a6f8c9b70876ba0858053c0446a22442a12e9d48fe1a705f55a1adfc4.sdkstatcache -output-file-map /Users/admin/builder/spi-builder-workspace/.derivedData/Build/Intermediates.noindex/SeaTouch.build/Debug/SeaTouch-t.build/Objects-normal/arm64/SeaTouch-OutputFileMap.json -save-temps -no-color-diagnostics -explicit-module-build -module-cache-path /Users/admin/builder/spi-builder-workspace/.derivedData/Build/Intermediates.noindex/SwiftExplicitPrecompiledModules -clang-scanner-module-cache-path /Users/admin/builder/spi-builder-workspace/.derivedData/ModuleCache.noindex -sdk-module-cache-path /Users/admin/builder/spi-builder-workspace/.derivedData/SDKExplicitPrecompiledModules -emit-dependencies -emit-module -emit-module-path /Users/admin/builder/spi-builder-workspace/.derivedData/Build/Intermediates.noindex/SeaTouch.build/Debug/SeaTouch-t.build/Objects-normal/arm64/SeaTouch.swiftmodule -serialize-diagnostics -dependency-scan-serialize-diagnostics-path /Users/admin/builder/spi-builder-workspace/.derivedData/Build/Intermediates.noindex/SeaTouch.build/Debug/SeaTouch-t.build/Objects-normal/arm64/SeaTouch-dependency-scan.dia -validate-clang-modules-once -clang-build-session-file /Users/admin/builder/spi-builder-workspace/.derivedData/ModuleCache.noindex/Session.modulevalidation -Xcc -fmodules-prune-interval\=86400 -Xcc -fmodules-prune-after\=345600 -emit-const-values -const-gather-protocols-list /Users/admin/builder/spi-builder-workspace/.derivedData/Build/Intermediates.noindex/SeaTouch.build/Debug/SeaTouch-t.build/Objects-normal/arm64/SeaTouch_const_extract_protocols.json -Xcc -I/Users/admin/builder/spi-builder-workspace/.derivedData/Build/Products/Debug/include -Xcc -I/Users/admin/builder/spi-builder-workspace/.derivedData/Build/Intermediates.noindex/SeaTouch.build/Debug/SeaTouch-t.build/DerivedSources-normal/arm64 -Xcc -I/Users/admin/builder/spi-builder-workspace/.derivedData/Build/Intermediates.noindex/SeaTouch.build/Debug/SeaTouch-t.build/DerivedSources/arm64 -Xcc -I/Users/admin/builder/spi-builder-workspace/.derivedData/Build/Intermediates.noindex/SeaTouch.build/Debug/SeaTouch-t.build/DerivedSources -Xcc -DSWIFT_PACKAGE -Xcc -DDEBUG\=1 -emit-objc-header -emit-objc-header-path /Users/admin/builder/spi-builder-workspace/.derivedData/Build/Intermediates.noindex/SeaTouch.build/Debug/SeaTouch-t.build/Objects-normal/arm64/SeaTouch-Swift.h -working-directory /Users/admin/builder/spi-builder-workspace/.swiftpm/xcode -experimental-emit-module-separately -disable-cmo
/Users/admin/builder/spi-builder-workspace/Sources/SeaTouch/RippleShapeLayer.swift:9:8: error: Unable to resolve module dependency: 'UIKit' (in target 'SeaTouch' from project 'SeaTouch')
note: A dependency of main module 'SeaTouch'
/Users/admin/builder/spi-builder-workspace/Sources/SeaTouch/SeaTouch.swift:1:8: note: Also imported here
/Users/admin/builder/spi-builder-workspace/Sources/SeaTouch/TouchCatcher.swift:7:8: note: Also imported here
/Users/admin/builder/spi-builder-workspace/Sources/SeaTouch/UIWindow+touches.swift:8:8: note: Also imported here
/Users/admin/builder/spi-builder-workspace/Sources/SeaTouch/RippleShapeLayer.swift:9:8: note: A dependency of main module 'SeaTouch'
import UIKit
^ (in target 'SeaTouch' from project 'SeaTouch')
/Users/admin/builder/spi-builder-workspace/Sources/SeaTouch/SeaTouch.swift:1:8: note: Also imported here
import UIKit
^ (in target 'SeaTouch' from project 'SeaTouch')
/Users/admin/builder/spi-builder-workspace/Sources/SeaTouch/TouchCatcher.swift:7:8: note: Also imported here
import UIKit
^ (in target 'SeaTouch' from project 'SeaTouch')
/Users/admin/builder/spi-builder-workspace/Sources/SeaTouch/UIWindow+touches.swift:8:8: note: Also imported here
import UIKit
^ (in target 'SeaTouch' from project 'SeaTouch')
PruneExplicitPrecompiledModules /Users/admin/builder/spi-builder-workspace/.derivedData/Build/Intermediates.noindex/ExplicitPrecompiledModules
PruneExplicitPrecompiledModules /Users/admin/builder/spi-builder-workspace/.derivedData/Build/Intermediates.noindex/SwiftExplicitPrecompiledModules
PruneExplicitPrecompiledModules /Users/admin/builder/spi-builder-workspace/.derivedData/SDKExplicitPrecompiledModules
2026-09-18 01:49:11.489 xcodebuild[670:4370] [MT] IDERunDestination: Supported platforms for the buildables in the current scheme is empty.
--- xcodebuild: WARNING: Using the first of multiple matching destinations:
{ platform:macOS, arch:arm64, id:a3951239f7b30469114a9982368c265163162baa, name:My Mac }
{ platform:macOS, arch:arm64, variant:Mac Catalyst, id:a3951239f7b30469114a9982368c265163162baa, name:My Mac }
{ platform:macOS, arch:arm64, variant:DriverKit, id:a3951239f7b30469114a9982368c265163162baa, name:My Mac }
{ platform:macOS, arch:arm64, variant:Designed for [iPad,iPhone], id:a3951239f7b30469114a9982368c265163162baa, name:My Mac }
** BUILD FAILED **
The following build commands failed:
SwiftDriver SeaTouch normal arm64 com.apple.xcode.tools.swift.compiler (in target 'SeaTouch' from project 'SeaTouch')
Building workspace SeaTouch with scheme SeaTouch
(2 failures)
BUILD FAILURE 6.4 macosXcodebuild