Build Information
Failed to build smoke-aws, reference main (7a6eb5), with Swift 6.4 for watchOS using Xcode 27.0 on 21 Sep 2026 23:14:11 UTC.
Build Command
env DEVELOPER_DIR=/Applications/Xcode-27.0.0-Release.Candidate.app xcrun xcodebuild -IDEClonedSourcePackagesDirPathOverride=$PWD/.dependencies -skipMacroValidation -skipPackagePluginValidation -derivedDataPath $PWD/.derivedData build -scheme smoke-aws-Package -destination generic/platform=watchOSBuild Log
SwiftDriver SmokeAWSCore normal arm64 com.apple.xcode.tools.swift.compiler (in target 'SmokeAWSCore' from project 'smoke-aws')
cd /Users/admin/builder/spi-builder-workspace/.swiftpm/xcode
builtin-SwiftDriver -- /Applications/Xcode-27.0.0-Release.Candidate.app/Contents/Developer/Toolchains/XcodeDefault.xctoolchain/usr/bin/swiftc -parse-as-library -module-name SmokeAWSCore -Onone @/Users/admin/builder/spi-builder-workspace/.derivedData/Build/Intermediates.noindex/smoke-aws.build/Debug-watchos/SmokeAWSCore-t.build/Objects-normal/arm64/SmokeAWSCore.SwiftFileList -DSWIFT_PACKAGE -DDEBUG -DSWIFT_MODULE_RESOURCE_BUNDLE_UNAVAILABLE -Xcc -fmodule-map-file\=/Users/admin/builder/spi-builder-workspace/.derivedData/Build/Intermediates.noindex/GeneratedModuleMaps-watchos/CNIOLLHTTP.modulemap -Xcc -fmodule-map-file\=/Users/admin/builder/spi-builder-workspace/.derivedData/Build/Intermediates.noindex/GeneratedModuleMaps-watchos/CNIOBoringSSLShims.modulemap -Xcc -fmodule-map-file\=/Users/admin/builder/spi-builder-workspace/.dependencies/checkouts/swift-nio-ssl/Sources/CNIOBoringSSL/include/module.modulemap -Xcc -fmodule-map-file\=/Users/admin/builder/spi-builder-workspace/.derivedData/Build/Intermediates.noindex/GeneratedModuleMaps-watchos/CNIOPosix.modulemap -Xcc -fmodule-map-file\=/Users/admin/builder/spi-builder-workspace/.derivedData/Build/Intermediates.noindex/GeneratedModuleMaps-watchos/CNIOWASI.modulemap -Xcc -fmodule-map-file\=/Users/admin/builder/spi-builder-workspace/.derivedData/Build/Intermediates.noindex/GeneratedModuleMaps-watchos/CNIOFreeBSD.modulemap -Xcc -fmodule-map-file\=/Users/admin/builder/spi-builder-workspace/.dependencies/checkouts/swift-nio/Sources/CNIOWindows/include/module.modulemap -Xcc -fmodule-map-file\=/Users/admin/builder/spi-builder-workspace/.derivedData/Build/Intermediates.noindex/GeneratedModuleMaps-watchos/CNIODarwin.modulemap -Xcc -fmodule-map-file\=/Users/admin/builder/spi-builder-workspace/.derivedData/Build/Intermediates.noindex/GeneratedModuleMaps-watchos/CNIOLinux.modulemap -Xcc -fmodule-map-file\=/Users/admin/builder/spi-builder-workspace/.derivedData/Build/Intermediates.noindex/GeneratedModuleMaps-watchos/CNIOOpenBSD.modulemap -Xcc -fmodule-map-file\=/Users/admin/builder/spi-builder-workspace/.derivedData/Build/Intermediates.noindex/GeneratedModuleMaps-watchos/CNIOAtomics.modulemap -Xcc -fmodule-map-file\=/Users/admin/builder/spi-builder-workspace/.derivedData/Build/Intermediates.noindex/GeneratedModuleMaps-watchos/CNIOExtrasZlib.modulemap -Xcc -fmodule-map-file\=/Users/admin/builder/spi-builder-workspace/.dependencies/checkouts/swift-atomics/Sources/_AtomicsShims/include/module.modulemap -Xcc -fmodule-map-file\=/Users/admin/builder/spi-builder-workspace/.dependencies/checkouts/swift-numerics/Sources/_NumericsShims/include/module.modulemap -Xcc -fmodule-map-file\=/Users/admin/builder/spi-builder-workspace/.dependencies/checkouts/swift-system/Sources/CSystem/include/module.modulemap -Xcc -fmodule-map-file\=/Users/admin/builder/spi-builder-workspace/.derivedData/Build/Intermediates.noindex/GeneratedModuleMaps-watchos/CAsyncHTTPClient.modulemap -DXcode -plugin-path /Applications/Xcode-27.0.0-Release.Candidate.app/Contents/Developer/Toolchains/XcodeDefault.xctoolchain/usr/lib/swift/host/plugins/testing -enable-experimental-feature DebugDescriptionMacro -sdk /Applications/Xcode-27.0.0-Release.Candidate.app/Contents/Developer/Platforms/WatchOS.platform/Developer/SDKs/WatchOS27.0.sdk -target arm64-apple-watchos9.0 -g -module-cache-path /Users/admin/builder/spi-builder-workspace/.derivedData/ModuleCache.noindex -Xfrontend -serialize-debugging-options -profile-coverage-mapping -profile-generate -enable-testing -index-store-path /Users/admin/builder/spi-builder-workspace/.derivedData/Index.noindex/DataStore -Xcc -D_LIBCPP_HARDENING_MODE\=_LIBCPP_HARDENING_MODE_DEBUG -swift-version 5 -I /Users/admin/builder/spi-builder-workspace/.derivedData/Build/Products/Debug-watchos -Isystem /Applications/Xcode-27.0.0-Release.Candidate.app/Contents/Developer/Platforms/WatchOS.platform/Developer/usr/lib -F /Users/admin/builder/spi-builder-workspace/.derivedData/Build/Products/Debug-watchos/PackageFrameworks -F /Users/admin/builder/spi-builder-workspace/.derivedData/Build/Products/Debug-watchos -F /Applications/Xcode-27.0.0-Release.Candidate.app/Contents/Developer/Platforms/WatchOS.platform/Developer/Library/Frameworks -F /Applications/Xcode-27.0.0-Release.Candidate.app/Contents/Developer/Platforms/WatchOS.platform/Developer/SDKs/WatchOS27.0.sdk/Developer/Library/Frameworks -c -j10 -enable-batch-mode -incremental -Xcc -ivfsstatcache -Xcc /Users/admin/builder/spi-builder-workspace/.derivedData/SDKStatCaches.noindex/watchos27.0-24R360-e829b21a6f8c9b70876ba0858053c04477534ef55a1706bf4c1112bbb242f0a2.sdkstatcache -output-file-map /Users/admin/builder/spi-builder-workspace/.derivedData/Build/Intermediates.noindex/smoke-aws.build/Debug-watchos/SmokeAWSCore-t.build/Objects-normal/arm64/SmokeAWSCore-OutputFileMap.json -save-temps -no-color-diagnostics -explicit-module-build -module-cache-path /Users/admin/builder/spi-builder-workspace/.derivedData/Build/Intermediates.noindex/SwiftExplicitPrecompiledModules -clang-scanner-module-cache-path /Users/admin/builder/spi-builder-workspace/.derivedData/ModuleCache.noindex -sdk-module-cache-path /Users/admin/builder/spi-builder-workspace/.derivedData/SDKExplicitPrecompiledModules -emit-dependencies -emit-module -emit-module-path /Users/admin/builder/spi-builder-workspace/.derivedData/Build/Intermediates.noindex/smoke-aws.build/Debug-watchos/SmokeAWSCore-t.build/Objects-normal/arm64/SmokeAWSCore.swiftmodule -serialize-diagnostics -dependency-scan-serialize-diagnostics-path /Users/admin/builder/spi-builder-workspace/.derivedData/Build/Intermediates.noindex/smoke-aws.build/Debug-watchos/SmokeAWSCore-t.build/Objects-normal/arm64/SmokeAWSCore-dependency-scan.dia -validate-clang-modules-once -clang-build-session-file /Users/admin/builder/spi-builder-workspace/.derivedData/ModuleCache.noindex/Session.modulevalidation -Xcc -fmodules-prune-interval\=86400 -Xcc -fmodules-prune-after\=345600 -emit-const-values -const-gather-protocols-list /Users/admin/builder/spi-builder-workspace/.derivedData/Build/Intermediates.noindex/smoke-aws.build/Debug-watchos/SmokeAWSCore-t.build/Objects-normal/arm64/SmokeAWSCore_const_extract_protocols.json -Xcc -I/Users/admin/builder/spi-builder-workspace/.dependencies/checkouts/swift-nio/Sources/CNIOLLHTTP/include -Xcc -I/Users/admin/builder/spi-builder-workspace/.dependencies/checkouts/swift-nio-ssl/Sources/CNIOBoringSSLShims/include -Xcc -I/Users/admin/builder/spi-builder-workspace/.dependencies/checkouts/swift-nio-ssl/Sources/CNIOBoringSSL/include -Xcc -I/Users/admin/builder/spi-builder-workspace/.dependencies/checkouts/swift-nio/Sources/CNIOPosix/include -Xcc -I/Users/admin/builder/spi-builder-workspace/.dependencies/checkouts/swift-nio/Sources/CNIOWASI/include -Xcc -I/Users/admin/builder/spi-builder-workspace/.dependencies/checkouts/swift-nio/Sources/CNIOFreeBSD/include -Xcc -I/Users/admin/builder/spi-builder-workspace/.dependencies/checkouts/swift-nio/Sources/CNIOWindows/include -Xcc -I/Users/admin/builder/spi-builder-workspace/.dependencies/checkouts/swift-nio/Sources/CNIODarwin/include -Xcc -I/Users/admin/builder/spi-builder-workspace/.dependencies/checkouts/swift-nio/Sources/CNIOLinux/include -Xcc -I/Users/admin/builder/spi-builder-workspace/.dependencies/checkouts/swift-nio/Sources/CNIOOpenBSD/include -Xcc -I/Users/admin/builder/spi-builder-workspace/.dependencies/checkouts/swift-nio/Sources/CNIOAtomics/include -Xcc -I/Users/admin/builder/spi-builder-workspace/.dependencies/checkouts/swift-nio-extras/Sources/CNIOExtrasZlib/include -Xcc -I/Users/admin/builder/spi-builder-workspace/.dependencies/checkouts/swift-atomics/Sources/_AtomicsShims/include -Xcc -I/Users/admin/builder/spi-builder-workspace/.dependencies/checkouts/swift-numerics/Sources/_NumericsShims/include -Xcc -I/Users/admin/builder/spi-builder-workspace/.dependencies/checkouts/swift-system/Sources/CSystem/include -Xcc -I/Users/admin/builder/spi-builder-workspace/.dependencies/checkouts/async-http-client/Sources/CAsyncHTTPClient/include -Xcc -I/Users/admin/builder/spi-builder-workspace/.derivedData/Build/Products/Debug-watchos/include -Xcc -I/Users/admin/builder/spi-builder-workspace/.derivedData/Build/Intermediates.noindex/smoke-aws.build/Debug-watchos/SmokeAWSCore-t.build/DerivedSources-normal/arm64 -Xcc -I/Users/admin/builder/spi-builder-workspace/.derivedData/Build/Intermediates.noindex/smoke-aws.build/Debug-watchos/SmokeAWSCore-t.build/DerivedSources/arm64 -Xcc -I/Users/admin/builder/spi-builder-workspace/.derivedData/Build/Intermediates.noindex/smoke-aws.build/Debug-watchos/SmokeAWSCore-t.build/DerivedSources -Xcc -DSWIFT_PACKAGE -Xcc -DDEBUG\=1 -emit-objc-header -emit-objc-header-path /Users/admin/builder/spi-builder-workspace/.derivedData/Build/Intermediates.noindex/smoke-aws.build/Debug-watchos/SmokeAWSCore-t.build/Objects-normal/arm64/SmokeAWSCore-Swift.h -working-directory /Users/admin/builder/spi-builder-workspace/.swiftpm/xcode -experimental-emit-module-separately -disable-cmo
SwiftDriverJobDiscovery normal arm64_32 Compiling Credentials.swift (in target 'AWSCore' from project 'smoke-aws-support')
SwiftDriver AWSHttp normal arm64_32 com.apple.xcode.tools.swift.compiler (in target 'AWSHttp' from project 'smoke-aws-support')
cd /Users/admin/builder/spi-builder-workspace/.swiftpm/xcode
builtin-SwiftDriver -- /Applications/Xcode-27.0.0-Release.Candidate.app/Contents/Developer/Toolchains/XcodeDefault.xctoolchain/usr/bin/swiftc -parse-as-library -module-name AWSHttp -Onone @/Users/admin/builder/spi-builder-workspace/.derivedData/Build/Intermediates.noindex/smoke-aws-support.build/Debug-watchos/AWSHttp-t.build/Objects-normal/arm64_32/AWSHttp.SwiftFileList -DSWIFT_PACKAGE -DDEBUG -DSWIFT_MODULE_RESOURCE_BUNDLE_UNAVAILABLE -Xcc -fmodule-map-file\=/Users/admin/builder/spi-builder-workspace/.derivedData/Build/Intermediates.noindex/GeneratedModuleMaps-watchos/CNIOBoringSSLShims.modulemap -Xcc -fmodule-map-file\=/Users/admin/builder/spi-builder-workspace/.dependencies/checkouts/swift-nio-ssl/Sources/CNIOBoringSSL/include/module.modulemap -Xcc -fmodule-map-file\=/Users/admin/builder/spi-builder-workspace/.derivedData/Build/Intermediates.noindex/GeneratedModuleMaps-watchos/CNIOExtrasZlib.modulemap -Xcc -fmodule-map-file\=/Users/admin/builder/spi-builder-workspace/.dependencies/checkouts/swift-numerics/Sources/_NumericsShims/include/module.modulemap -Xcc -fmodule-map-file\=/Users/admin/builder/spi-builder-workspace/.dependencies/checkouts/swift-system/Sources/CSystem/include/module.modulemap -Xcc -fmodule-map-file\=/Users/admin/builder/spi-builder-workspace/.derivedData/Build/Intermediates.noindex/GeneratedModuleMaps-watchos/CAsyncHTTPClient.modulemap -Xcc -fmodule-map-file\=/Users/admin/builder/spi-builder-workspace/.dependencies/checkouts/swift-atomics/Sources/_AtomicsShims/include/module.modulemap -Xcc -fmodule-map-file\=/Users/admin/builder/spi-builder-workspace/.derivedData/Build/Intermediates.noindex/GeneratedModuleMaps-watchos/CNIOLLHTTP.modulemap -Xcc -fmodule-map-file\=/Users/admin/builder/spi-builder-workspace/.derivedData/Build/Intermediates.noindex/GeneratedModuleMaps-watchos/CNIOPosix.modulemap -Xcc -fmodule-map-file\=/Users/admin/builder/spi-builder-workspace/.derivedData/Build/Intermediates.noindex/GeneratedModuleMaps-watchos/CNIOWASI.modulemap -Xcc -fmodule-map-file\=/Users/admin/builder/spi-builder-workspace/.dependencies/checkouts/swift-nio/Sources/CNIOWindows/include/module.modulemap -Xcc -fmodule-map-file\=/Users/admin/builder/spi-builder-workspace/.derivedData/Build/Intermediates.noindex/GeneratedModuleMaps-watchos/CNIOLinux.modulemap -Xcc -fmodule-map-file\=/Users/admin/builder/spi-builder-workspace/.derivedData/Build/Intermediates.noindex/GeneratedModuleMaps-watchos/CNIODarwin.modulemap -Xcc -fmodule-map-file\=/Users/admin/builder/spi-builder-workspace/.derivedData/Build/Intermediates.noindex/GeneratedModuleMaps-watchos/CNIOFreeBSD.modulemap -Xcc -fmodule-map-file\=/Users/admin/builder/spi-builder-workspace/.derivedData/Build/Intermediates.noindex/GeneratedModuleMaps-watchos/CNIOOpenBSD.modulemap -Xcc -fmodule-map-file\=/Users/admin/builder/spi-builder-workspace/.derivedData/Build/Intermediates.noindex/GeneratedModuleMaps-watchos/CNIOAtomics.modulemap -Xcc -fmodule-map-file\=/Users/admin/builder/spi-builder-workspace/.dependencies/checkouts/swift-crypto/Sources/CCryptoBoringSSLShims/include/module.modulemap -Xcc -fmodule-map-file\=/Users/admin/builder/spi-builder-workspace/.dependencies/checkouts/swift-crypto/Sources/CCryptoBoringSSL/include/module.modulemap -DXcode -plugin-path /Applications/Xcode-27.0.0-Release.Candidate.app/Contents/Developer/Toolchains/XcodeDefault.xctoolchain/usr/lib/swift/host/plugins/testing -enable-experimental-feature DebugDescriptionMacro -sdk /Applications/Xcode-27.0.0-Release.Candidate.app/Contents/Developer/Platforms/WatchOS.platform/Developer/SDKs/WatchOS27.0.sdk -target arm64_32-apple-watchos9.0 -g -module-cache-path /Users/admin/builder/spi-builder-workspace/.derivedData/ModuleCache.noindex -Xfrontend -serialize-debugging-options -profile-coverage-mapping -profile-generate -enable-testing -suppress-warnings -index-store-path /Users/admin/builder/spi-builder-workspace/.derivedData/Index.noindex/DataStore -Xcc -D_LIBCPP_HARDENING_MODE\=_LIBCPP_HARDENING_MODE_DEBUG -swift-version 5 -I /Users/admin/builder/spi-builder-workspace/.derivedData/Build/Products/Debug-watchos -Isystem /Applications/Xcode-27.0.0-Release.Candidate.app/Contents/Developer/Platforms/WatchOS.platform/Developer/usr/lib -F /Users/admin/builder/spi-builder-workspace/.derivedData/Build/Products/Debug-watchos/PackageFrameworks -F /Users/admin/builder/spi-builder-workspace/.derivedData/Build/Products/Debug-watchos -F /Applications/Xcode-27.0.0-Release.Candidate.app/Contents/Developer/Platforms/WatchOS.platform/Developer/Library/Frameworks -F /Applications/Xcode-27.0.0-Release.Candidate.app/Contents/Developer/Platforms/WatchOS.platform/Developer/SDKs/WatchOS27.0.sdk/Developer/Library/Frameworks -c -j10 -enable-batch-mode -incremental -Xcc -ivfsstatcache -Xcc /Users/admin/builder/spi-builder-workspace/.derivedData/SDKStatCaches.noindex/watchos27.0-24R360-e829b21a6f8c9b70876ba0858053c04477534ef55a1706bf4c1112bbb242f0a2.sdkstatcache -output-file-map /Users/admin/builder/spi-builder-workspace/.derivedData/Build/Intermediates.noindex/smoke-aws-support.build/Debug-watchos/AWSHttp-t.build/Objects-normal/arm64_32/AWSHttp-OutputFileMap.json -save-temps -no-color-diagnostics -explicit-module-build -module-cache-path /Users/admin/builder/spi-builder-workspace/.derivedData/Build/Intermediates.noindex/SwiftExplicitPrecompiledModules -clang-scanner-module-cache-path /Users/admin/builder/spi-builder-workspace/.derivedData/ModuleCache.noindex -sdk-module-cache-path /Users/admin/builder/spi-builder-workspace/.derivedData/SDKExplicitPrecompiledModules -emit-dependencies -emit-module -emit-module-path /Users/admin/builder/spi-builder-workspace/.derivedData/Build/Intermediates.noindex/smoke-aws-support.build/Debug-watchos/AWSHttp-t.build/Objects-normal/arm64_32/AWSHttp.swiftmodule -serialize-diagnostics -dependency-scan-serialize-diagnostics-path /Users/admin/builder/spi-builder-workspace/.derivedData/Build/Intermediates.noindex/smoke-aws-support.build/Debug-watchos/AWSHttp-t.build/Objects-normal/arm64_32/AWSHttp-dependency-scan.dia -validate-clang-modules-once -clang-build-session-file /Users/admin/builder/spi-builder-workspace/.derivedData/ModuleCache.noindex/Session.modulevalidation -Xcc -fmodules-prune-interval\=86400 -Xcc -fmodules-prune-after\=345600 -emit-const-values -const-gather-protocols-list /Users/admin/builder/spi-builder-workspace/.derivedData/Build/Intermediates.noindex/smoke-aws-support.build/Debug-watchos/AWSHttp-t.build/Objects-normal/arm64_32/AWSHttp_const_extract_protocols.json -Xcc -I/Users/admin/builder/spi-builder-workspace/.dependencies/checkouts/swift-nio-ssl/Sources/CNIOBoringSSLShims/include -Xcc -I/Users/admin/builder/spi-builder-workspace/.dependencies/checkouts/swift-nio-ssl/Sources/CNIOBoringSSL/include -Xcc -I/Users/admin/builder/spi-builder-workspace/.dependencies/checkouts/swift-nio-extras/Sources/CNIOExtrasZlib/include -Xcc -I/Users/admin/builder/spi-builder-workspace/.dependencies/checkouts/swift-numerics/Sources/_NumericsShims/include -Xcc -I/Users/admin/builder/spi-builder-workspace/.dependencies/checkouts/swift-system/Sources/CSystem/include -Xcc -I/Users/admin/builder/spi-builder-workspace/.dependencies/checkouts/async-http-client/Sources/CAsyncHTTPClient/include -Xcc -I/Users/admin/builder/spi-builder-workspace/.dependencies/checkouts/swift-atomics/Sources/_AtomicsShims/include -Xcc -I/Users/admin/builder/spi-builder-workspace/.dependencies/checkouts/swift-nio/Sources/CNIOLLHTTP/include -Xcc -I/Users/admin/builder/spi-builder-workspace/.dependencies/checkouts/swift-nio/Sources/CNIOPosix/include -Xcc -I/Users/admin/builder/spi-builder-workspace/.dependencies/checkouts/swift-nio/Sources/CNIOWASI/include -Xcc -I/Users/admin/builder/spi-builder-workspace/.dependencies/checkouts/swift-nio/Sources/CNIOWindows/include -Xcc -I/Users/admin/builder/spi-builder-workspace/.dependencies/checkouts/swift-nio/Sources/CNIOLinux/include -Xcc -I/Users/admin/builder/spi-builder-workspace/.dependencies/checkouts/swift-nio/Sources/CNIODarwin/include -Xcc -I/Users/admin/builder/spi-builder-workspace/.dependencies/checkouts/swift-nio/Sources/CNIOFreeBSD/include -Xcc -I/Users/admin/builder/spi-builder-workspace/.dependencies/checkouts/swift-nio/Sources/CNIOOpenBSD/include -Xcc -I/Users/admin/builder/spi-builder-workspace/.dependencies/checkouts/swift-nio/Sources/CNIOAtomics/include -Xcc -I/Users/admin/builder/spi-builder-workspace/.dependencies/checkouts/swift-crypto/Sources/CCryptoBoringSSLShims/include -Xcc -I/Users/admin/builder/spi-builder-workspace/.dependencies/checkouts/swift-crypto/Sources/CCryptoBoringSSL/include -Xcc -I/Users/admin/builder/spi-builder-workspace/.derivedData/Build/Products/Debug-watchos/include -Xcc -I/Users/admin/builder/spi-builder-workspace/.derivedData/Build/Intermediates.noindex/smoke-aws-support.build/Debug-watchos/AWSHttp-t.build/DerivedSources-normal/arm64_32 -Xcc -I/Users/admin/builder/spi-builder-workspace/.derivedData/Build/Intermediates.noindex/smoke-aws-support.build/Debug-watchos/AWSHttp-t.build/DerivedSources/arm64_32 -Xcc -I/Users/admin/builder/spi-builder-workspace/.derivedData/Build/Intermediates.noindex/smoke-aws-support.build/Debug-watchos/AWSHttp-t.build/DerivedSources -Xcc -DSWIFT_PACKAGE -Xcc -DDEBUG\=1 -emit-objc-header -emit-objc-header-path /Users/admin/builder/spi-builder-workspace/.derivedData/Build/Intermediates.noindex/smoke-aws-support.build/Debug-watchos/AWSHttp-t.build/Objects-normal/arm64_32/AWSHttp-Swift.h -working-directory /Users/admin/builder/spi-builder-workspace/.swiftpm/xcode -experimental-emit-module-separately -disable-cmo
SwiftDriverJobDiscovery normal arm64 Compiling StaticCredentials.swift (in target 'AWSCore' from project 'smoke-aws-support')
SwiftDriver AWSHttp normal arm64 com.apple.xcode.tools.swift.compiler (in target 'AWSHttp' from project 'smoke-aws-support')
cd /Users/admin/builder/spi-builder-workspace/.swiftpm/xcode
builtin-SwiftDriver -- /Applications/Xcode-27.0.0-Release.Candidate.app/Contents/Developer/Toolchains/XcodeDefault.xctoolchain/usr/bin/swiftc -parse-as-library -module-name AWSHttp -Onone @/Users/admin/builder/spi-builder-workspace/.derivedData/Build/Intermediates.noindex/smoke-aws-support.build/Debug-watchos/AWSHttp-t.build/Objects-normal/arm64/AWSHttp.SwiftFileList -DSWIFT_PACKAGE -DDEBUG -DSWIFT_MODULE_RESOURCE_BUNDLE_UNAVAILABLE -Xcc -fmodule-map-file\=/Users/admin/builder/spi-builder-workspace/.derivedData/Build/Intermediates.noindex/GeneratedModuleMaps-watchos/CNIOBoringSSLShims.modulemap -Xcc -fmodule-map-file\=/Users/admin/builder/spi-builder-workspace/.dependencies/checkouts/swift-nio-ssl/Sources/CNIOBoringSSL/include/module.modulemap -Xcc -fmodule-map-file\=/Users/admin/builder/spi-builder-workspace/.derivedData/Build/Intermediates.noindex/GeneratedModuleMaps-watchos/CNIOExtrasZlib.modulemap -Xcc -fmodule-map-file\=/Users/admin/builder/spi-builder-workspace/.dependencies/checkouts/swift-numerics/Sources/_NumericsShims/include/module.modulemap -Xcc -fmodule-map-file\=/Users/admin/builder/spi-builder-workspace/.dependencies/checkouts/swift-system/Sources/CSystem/include/module.modulemap -Xcc -fmodule-map-file\=/Users/admin/builder/spi-builder-workspace/.derivedData/Build/Intermediates.noindex/GeneratedModuleMaps-watchos/CAsyncHTTPClient.modulemap -Xcc -fmodule-map-file\=/Users/admin/builder/spi-builder-workspace/.dependencies/checkouts/swift-atomics/Sources/_AtomicsShims/include/module.modulemap -Xcc -fmodule-map-file\=/Users/admin/builder/spi-builder-workspace/.derivedData/Build/Intermediates.noindex/GeneratedModuleMaps-watchos/CNIOLLHTTP.modulemap -Xcc -fmodule-map-file\=/Users/admin/builder/spi-builder-workspace/.derivedData/Build/Intermediates.noindex/GeneratedModuleMaps-watchos/CNIOPosix.modulemap -Xcc -fmodule-map-file\=/Users/admin/builder/spi-builder-workspace/.derivedData/Build/Intermediates.noindex/GeneratedModuleMaps-watchos/CNIOWASI.modulemap -Xcc -fmodule-map-file\=/Users/admin/builder/spi-builder-workspace/.dependencies/checkouts/swift-nio/Sources/CNIOWindows/include/module.modulemap -Xcc -fmodule-map-file\=/Users/admin/builder/spi-builder-workspace/.derivedData/Build/Intermediates.noindex/GeneratedModuleMaps-watchos/CNIOLinux.modulemap -Xcc -fmodule-map-file\=/Users/admin/builder/spi-builder-workspace/.derivedData/Build/Intermediates.noindex/GeneratedModuleMaps-watchos/CNIODarwin.modulemap -Xcc -fmodule-map-file\=/Users/admin/builder/spi-builder-workspace/.derivedData/Build/Intermediates.noindex/GeneratedModuleMaps-watchos/CNIOFreeBSD.modulemap -Xcc -fmodule-map-file\=/Users/admin/builder/spi-builder-workspace/.derivedData/Build/Intermediates.noindex/GeneratedModuleMaps-watchos/CNIOOpenBSD.modulemap -Xcc -fmodule-map-file\=/Users/admin/builder/spi-builder-workspace/.derivedData/Build/Intermediates.noindex/GeneratedModuleMaps-watchos/CNIOAtomics.modulemap -Xcc -fmodule-map-file\=/Users/admin/builder/spi-builder-workspace/.dependencies/checkouts/swift-crypto/Sources/CCryptoBoringSSLShims/include/module.modulemap -Xcc -fmodule-map-file\=/Users/admin/builder/spi-builder-workspace/.dependencies/checkouts/swift-crypto/Sources/CCryptoBoringSSL/include/module.modulemap -DXcode -plugin-path /Applications/Xcode-27.0.0-Release.Candidate.app/Contents/Developer/Toolchains/XcodeDefault.xctoolchain/usr/lib/swift/host/plugins/testing -enable-experimental-feature DebugDescriptionMacro -sdk /Applications/Xcode-27.0.0-Release.Candidate.app/Contents/Developer/Platforms/WatchOS.platform/Developer/SDKs/WatchOS27.0.sdk -target arm64-apple-watchos9.0 -g -module-cache-path /Users/admin/builder/spi-builder-workspace/.derivedData/ModuleCache.noindex -Xfrontend -serialize-debugging-options -profile-coverage-mapping -profile-generate -enable-testing -suppress-warnings -index-store-path /Users/admin/builder/spi-builder-workspace/.derivedData/Index.noindex/DataStore -Xcc -D_LIBCPP_HARDENING_MODE\=_LIBCPP_HARDENING_MODE_DEBUG -swift-version 5 -I /Users/admin/builder/spi-builder-workspace/.derivedData/Build/Products/Debug-watchos -Isystem /Applications/Xcode-27.0.0-Release.Candidate.app/Contents/Developer/Platforms/WatchOS.platform/Developer/usr/lib -F /Users/admin/builder/spi-builder-workspace/.derivedData/Build/Products/Debug-watchos/PackageFrameworks -F /Users/admin/builder/spi-builder-workspace/.derivedData/Build/Products/Debug-watchos -F /Applications/Xcode-27.0.0-Release.Candidate.app/Contents/Developer/Platforms/WatchOS.platform/Developer/Library/Frameworks -F /Applications/Xcode-27.0.0-Release.Candidate.app/Contents/Developer/Platforms/WatchOS.platform/Developer/SDKs/WatchOS27.0.sdk/Developer/Library/Frameworks -c -j10 -enable-batch-mode -incremental -Xcc -ivfsstatcache -Xcc /Users/admin/builder/spi-builder-workspace/.derivedData/SDKStatCaches.noindex/watchos27.0-24R360-e829b21a6f8c9b70876ba0858053c04477534ef55a1706bf4c1112bbb242f0a2.sdkstatcache -output-file-map /Users/admin/builder/spi-builder-workspace/.derivedData/Build/Intermediates.noindex/smoke-aws-support.build/Debug-watchos/AWSHttp-t.build/Objects-normal/arm64/AWSHttp-OutputFileMap.json -save-temps -no-color-diagnostics -explicit-module-build -module-cache-path /Users/admin/builder/spi-builder-workspace/.derivedData/Build/Intermediates.noindex/SwiftExplicitPrecompiledModules -clang-scanner-module-cache-path /Users/admin/builder/spi-builder-workspace/.derivedData/ModuleCache.noindex -sdk-module-cache-path /Users/admin/builder/spi-builder-workspace/.derivedData/SDKExplicitPrecompiledModules -emit-dependencies -emit-module -emit-module-path /Users/admin/builder/spi-builder-workspace/.derivedData/Build/Intermediates.noindex/smoke-aws-support.build/Debug-watchos/AWSHttp-t.build/Objects-normal/arm64/AWSHttp.swiftmodule -serialize-diagnostics -dependency-scan-serialize-diagnostics-path /Users/admin/builder/spi-builder-workspace/.derivedData/Build/Intermediates.noindex/smoke-aws-support.build/Debug-watchos/AWSHttp-t.build/Objects-normal/arm64/AWSHttp-dependency-scan.dia -validate-clang-modules-once -clang-build-session-file /Users/admin/builder/spi-builder-workspace/.derivedData/ModuleCache.noindex/Session.modulevalidation -Xcc -fmodules-prune-interval\=86400 -Xcc -fmodules-prune-after\=345600 -emit-const-values -const-gather-protocols-list /Users/admin/builder/spi-builder-workspace/.derivedData/Build/Intermediates.noindex/smoke-aws-support.build/Debug-watchos/AWSHttp-t.build/Objects-normal/arm64/AWSHttp_const_extract_protocols.json -Xcc -I/Users/admin/builder/spi-builder-workspace/.dependencies/checkouts/swift-nio-ssl/Sources/CNIOBoringSSLShims/include -Xcc -I/Users/admin/builder/spi-builder-workspace/.dependencies/checkouts/swift-nio-ssl/Sources/CNIOBoringSSL/include -Xcc -I/Users/admin/builder/spi-builder-workspace/.dependencies/checkouts/swift-nio-extras/Sources/CNIOExtrasZlib/include -Xcc -I/Users/admin/builder/spi-builder-workspace/.dependencies/checkouts/swift-numerics/Sources/_NumericsShims/include -Xcc -I/Users/admin/builder/spi-builder-workspace/.dependencies/checkouts/swift-system/Sources/CSystem/include -Xcc -I/Users/admin/builder/spi-builder-workspace/.dependencies/checkouts/async-http-client/Sources/CAsyncHTTPClient/include -Xcc -I/Users/admin/builder/spi-builder-workspace/.dependencies/checkouts/swift-atomics/Sources/_AtomicsShims/include -Xcc -I/Users/admin/builder/spi-builder-workspace/.dependencies/checkouts/swift-nio/Sources/CNIOLLHTTP/include -Xcc -I/Users/admin/builder/spi-builder-workspace/.dependencies/checkouts/swift-nio/Sources/CNIOPosix/include -Xcc -I/Users/admin/builder/spi-builder-workspace/.dependencies/checkouts/swift-nio/Sources/CNIOWASI/include -Xcc -I/Users/admin/builder/spi-builder-workspace/.dependencies/checkouts/swift-nio/Sources/CNIOWindows/include -Xcc -I/Users/admin/builder/spi-builder-workspace/.dependencies/checkouts/swift-nio/Sources/CNIOLinux/include -Xcc -I/Users/admin/builder/spi-builder-workspace/.dependencies/checkouts/swift-nio/Sources/CNIODarwin/include -Xcc -I/Users/admin/builder/spi-builder-workspace/.dependencies/checkouts/swift-nio/Sources/CNIOFreeBSD/include -Xcc -I/Users/admin/builder/spi-builder-workspace/.dependencies/checkouts/swift-nio/Sources/CNIOOpenBSD/include -Xcc -I/Users/admin/builder/spi-builder-workspace/.dependencies/checkouts/swift-nio/Sources/CNIOAtomics/include -Xcc -I/Users/admin/builder/spi-builder-workspace/.dependencies/checkouts/swift-crypto/Sources/CCryptoBoringSSLShims/include -Xcc -I/Users/admin/builder/spi-builder-workspace/.dependencies/checkouts/swift-crypto/Sources/CCryptoBoringSSL/include -Xcc -I/Users/admin/builder/spi-builder-workspace/.derivedData/Build/Products/Debug-watchos/include -Xcc -I/Users/admin/builder/spi-builder-workspace/.derivedData/Build/Intermediates.noindex/smoke-aws-support.build/Debug-watchos/AWSHttp-t.build/DerivedSources-normal/arm64 -Xcc -I/Users/admin/builder/spi-builder-workspace/.derivedData/Build/Intermediates.noindex/smoke-aws-support.build/Debug-watchos/AWSHttp-t.build/DerivedSources/arm64 -Xcc -I/Users/admin/builder/spi-builder-workspace/.derivedData/Build/Intermediates.noindex/smoke-aws-support.build/Debug-watchos/AWSHttp-t.build/DerivedSources -Xcc -DSWIFT_PACKAGE -Xcc -DDEBUG\=1 -emit-objc-header -emit-objc-header-path /Users/admin/builder/spi-builder-workspace/.derivedData/Build/Intermediates.noindex/smoke-aws-support.build/Debug-watchos/AWSHttp-t.build/Objects-normal/arm64/AWSHttp-Swift.h -working-directory /Users/admin/builder/spi-builder-workspace/.swiftpm/xcode -experimental-emit-module-separately -disable-cmo
SwiftDriverJobDiscovery normal arm64_32 Compiling XMLEncoder+awsCompatibleEncoder.swift (in target 'AWSCore' from project 'smoke-aws-support')
SwiftDriver\ Compilation AWSCore normal arm64_32 com.apple.xcode.tools.swift.compiler (in target 'AWSCore' from project 'smoke-aws-support')
cd /Users/admin/builder/spi-builder-workspace/.swiftpm/xcode
builtin-Swift-Compilation -- /Applications/Xcode-27.0.0-Release.Candidate.app/Contents/Developer/Toolchains/XcodeDefault.xctoolchain/usr/bin/swiftc -parse-as-library -module-name AWSCore -Onone @/Users/admin/builder/spi-builder-workspace/.derivedData/Build/Intermediates.noindex/smoke-aws-support.build/Debug-watchos/AWSCore-t.build/Objects-normal/arm64_32/AWSCore.SwiftFileList -DSWIFT_PACKAGE -DDEBUG -DSWIFT_MODULE_RESOURCE_BUNDLE_UNAVAILABLE -Xcc -fmodule-map-file\=/Users/admin/builder/spi-builder-workspace/.derivedData/Build/Intermediates.noindex/GeneratedModuleMaps-watchos/CNIOLLHTTP.modulemap -Xcc -fmodule-map-file\=/Users/admin/builder/spi-builder-workspace/.derivedData/Build/Intermediates.noindex/GeneratedModuleMaps-watchos/CNIOBoringSSLShims.modulemap -Xcc -fmodule-map-file\=/Users/admin/builder/spi-builder-workspace/.dependencies/checkouts/swift-nio-ssl/Sources/CNIOBoringSSL/include/module.modulemap -Xcc -fmodule-map-file\=/Users/admin/builder/spi-builder-workspace/.derivedData/Build/Intermediates.noindex/GeneratedModuleMaps-watchos/CNIOPosix.modulemap -Xcc -fmodule-map-file\=/Users/admin/builder/spi-builder-workspace/.derivedData/Build/Intermediates.noindex/GeneratedModuleMaps-watchos/CNIOWASI.modulemap -Xcc -fmodule-map-file\=/Users/admin/builder/spi-builder-workspace/.derivedData/Build/Intermediates.noindex/GeneratedModuleMaps-watchos/CNIOFreeBSD.modulemap -Xcc -fmodule-map-file\=/Users/admin/builder/spi-builder-workspace/.dependencies/checkouts/swift-nio/Sources/CNIOWindows/include/module.modulemap -Xcc -fmodule-map-file\=/Users/admin/builder/spi-builder-workspace/.derivedData/Build/Intermediates.noindex/GeneratedModuleMaps-watchos/CNIODarwin.modulemap -Xcc -fmodule-map-file\=/Users/admin/builder/spi-builder-workspace/.derivedData/Build/Intermediates.noindex/GeneratedModuleMaps-watchos/CNIOLinux.modulemap -Xcc -fmodule-map-file\=/Users/admin/builder/spi-builder-workspace/.derivedData/Build/Intermediates.noindex/GeneratedModuleMaps-watchos/CNIOOpenBSD.modulemap -Xcc -fmodule-map-file\=/Users/admin/builder/spi-builder-workspace/.derivedData/Build/Intermediates.noindex/GeneratedModuleMaps-watchos/CNIOAtomics.modulemap -Xcc -fmodule-map-file\=/Users/admin/builder/spi-builder-workspace/.derivedData/Build/Intermediates.noindex/GeneratedModuleMaps-watchos/CNIOExtrasZlib.modulemap -Xcc -fmodule-map-file\=/Users/admin/builder/spi-builder-workspace/.dependencies/checkouts/swift-atomics/Sources/_AtomicsShims/include/module.modulemap -Xcc -fmodule-map-file\=/Users/admin/builder/spi-builder-workspace/.dependencies/checkouts/swift-numerics/Sources/_NumericsShims/include/module.modulemap -Xcc -fmodule-map-file\=/Users/admin/builder/spi-builder-workspace/.dependencies/checkouts/swift-system/Sources/CSystem/include/module.modulemap -Xcc -fmodule-map-file\=/Users/admin/builder/spi-builder-workspace/.derivedData/Build/Intermediates.noindex/GeneratedModuleMaps-watchos/CAsyncHTTPClient.modulemap -DXcode -plugin-path /Applications/Xcode-27.0.0-Release.Candidate.app/Contents/Developer/Toolchains/XcodeDefault.xctoolchain/usr/lib/swift/host/plugins/testing -enable-experimental-feature DebugDescriptionMacro -sdk /Applications/Xcode-27.0.0-Release.Candidate.app/Contents/Developer/Platforms/WatchOS.platform/Developer/SDKs/WatchOS27.0.sdk -target arm64_32-apple-watchos9.0 -g -module-cache-path /Users/admin/builder/spi-builder-workspace/.derivedData/ModuleCache.noindex -Xfrontend -serialize-debugging-options -profile-coverage-mapping -profile-generate -enable-testing -suppress-warnings -index-store-path /Users/admin/builder/spi-builder-workspace/.derivedData/Index.noindex/DataStore -Xcc -D_LIBCPP_HARDENING_MODE\=_LIBCPP_HARDENING_MODE_DEBUG -swift-version 5 -I /Users/admin/builder/spi-builder-workspace/.derivedData/Build/Products/Debug-watchos -Isystem /Applications/Xcode-27.0.0-Release.Candidate.app/Contents/Developer/Platforms/WatchOS.platform/Developer/usr/lib -F /Users/admin/builder/spi-builder-workspace/.derivedData/Build/Products/Debug-watchos/PackageFrameworks -F /Users/admin/builder/spi-builder-workspace/.derivedData/Build/Products/Debug-watchos -F /Applications/Xcode-27.0.0-Release.Candidate.app/Contents/Developer/Platforms/WatchOS.platform/Developer/Library/Frameworks -F /Applications/Xcode-27.0.0-Release.Candidate.app/Contents/Developer/Platforms/WatchOS.platform/Developer/SDKs/WatchOS27.0.sdk/Developer/Library/Frameworks -c -j10 -enable-batch-mode -incremental -Xcc -ivfsstatcache -Xcc /Users/admin/builder/spi-builder-workspace/.derivedData/SDKStatCaches.noindex/watchos27.0-24R360-e829b21a6f8c9b70876ba0858053c04477534ef55a1706bf4c1112bbb242f0a2.sdkstatcache -output-file-map /Users/admin/builder/spi-builder-workspace/.derivedData/Build/Intermediates.noindex/smoke-aws-support.build/Debug-watchos/AWSCore-t.build/Objects-normal/arm64_32/AWSCore-OutputFileMap.json -save-temps -no-color-diagnostics -explicit-module-build -module-cache-path /Users/admin/builder/spi-builder-workspace/.derivedData/Build/Intermediates.noindex/SwiftExplicitPrecompiledModules -clang-scanner-module-cache-path /Users/admin/builder/spi-builder-workspace/.derivedData/ModuleCache.noindex -sdk-module-cache-path /Users/admin/builder/spi-builder-workspace/.derivedData/SDKExplicitPrecompiledModules -emit-dependencies -emit-module -emit-module-path /Users/admin/builder/spi-builder-workspace/.derivedData/Build/Intermediates.noindex/smoke-aws-support.build/Debug-watchos/AWSCore-t.build/Objects-normal/arm64_32/AWSCore.swiftmodule -serialize-diagnostics -dependency-scan-serialize-diagnostics-path /Users/admin/builder/spi-builder-workspace/.derivedData/Build/Intermediates.noindex/smoke-aws-support.build/Debug-watchos/AWSCore-t.build/Objects-normal/arm64_32/AWSCore-dependency-scan.dia -validate-clang-modules-once -clang-build-session-file /Users/admin/builder/spi-builder-workspace/.derivedData/ModuleCache.noindex/Session.modulevalidation -Xcc -fmodules-prune-interval\=86400 -Xcc -fmodules-prune-after\=345600 -emit-const-values -const-gather-protocols-list /Users/admin/builder/spi-builder-workspace/.derivedData/Build/Intermediates.noindex/smoke-aws-support.build/Debug-watchos/AWSCore-t.build/Objects-normal/arm64_32/AWSCore_const_extract_protocols.json -Xcc -I/Users/admin/builder/spi-builder-workspace/.dependencies/checkouts/swift-nio/Sources/CNIOLLHTTP/include -Xcc -I/Users/admin/builder/spi-builder-workspace/.dependencies/checkouts/swift-nio-ssl/Sources/CNIOBoringSSLShims/include -Xcc -I/Users/admin/builder/spi-builder-workspace/.dependencies/checkouts/swift-nio-ssl/Sources/CNIOBoringSSL/include -Xcc -I/Users/admin/builder/spi-builder-workspace/.dependencies/checkouts/swift-nio/Sources/CNIOPosix/include -Xcc -I/Users/admin/builder/spi-builder-workspace/.dependencies/checkouts/swift-nio/Sources/CNIOWASI/include -Xcc -I/Users/admin/builder/spi-builder-workspace/.dependencies/checkouts/swift-nio/Sources/CNIOFreeBSD/include -Xcc -I/Users/admin/builder/spi-builder-workspace/.dependencies/checkouts/swift-nio/Sources/CNIOWindows/include -Xcc -I/Users/admin/builder/spi-builder-workspace/.dependencies/checkouts/swift-nio/Sources/CNIODarwin/include -Xcc -I/Users/admin/builder/spi-builder-workspace/.dependencies/checkouts/swift-nio/Sources/CNIOLinux/include -Xcc -I/Users/admin/builder/spi-builder-workspace/.dependencies/checkouts/swift-nio/Sources/CNIOOpenBSD/include -Xcc -I/Users/admin/builder/spi-builder-workspace/.dependencies/checkouts/swift-nio/Sources/CNIOAtomics/include -Xcc -I/Users/admin/builder/spi-builder-workspace/.dependencies/checkouts/swift-nio-extras/Sources/CNIOExtrasZlib/include -Xcc -I/Users/admin/builder/spi-builder-workspace/.dependencies/checkouts/swift-atomics/Sources/_AtomicsShims/include -Xcc -I/Users/admin/builder/spi-builder-workspace/.dependencies/checkouts/swift-numerics/Sources/_NumericsShims/include -Xcc -I/Users/admin/builder/spi-builder-workspace/.dependencies/checkouts/swift-system/Sources/CSystem/include -Xcc -I/Users/admin/builder/spi-builder-workspace/.dependencies/checkouts/async-http-client/Sources/CAsyncHTTPClient/include -Xcc -I/Users/admin/builder/spi-builder-workspace/.derivedData/Build/Products/Debug-watchos/include -Xcc -I/Users/admin/builder/spi-builder-workspace/.derivedData/Build/Intermediates.noindex/smoke-aws-support.build/Debug-watchos/AWSCore-t.build/DerivedSources-normal/arm64_32 -Xcc -I/Users/admin/builder/spi-builder-workspace/.derivedData/Build/Intermediates.noindex/smoke-aws-support.build/Debug-watchos/AWSCore-t.build/DerivedSources/arm64_32 -Xcc -I/Users/admin/builder/spi-builder-workspace/.derivedData/Build/Intermediates.noindex/smoke-aws-support.build/Debug-watchos/AWSCore-t.build/DerivedSources -Xcc -DSWIFT_PACKAGE -Xcc -DDEBUG\=1 -emit-objc-header -emit-objc-header-path /Users/admin/builder/spi-builder-workspace/.derivedData/Build/Intermediates.noindex/smoke-aws-support.build/Debug-watchos/AWSCore-t.build/Objects-normal/arm64_32/AWSCore-Swift.h -working-directory /Users/admin/builder/spi-builder-workspace/.swiftpm/xcode -experimental-emit-module-separately -disable-cmo
SwiftEmitModule normal arm64_32 Emitting\ module\ for\ SmokeAWSCore (in target 'SmokeAWSCore' from project 'smoke-aws')
SwiftCompile normal arm64_32 (in target 'SmokeAWSCore' from project 'smoke-aws')
cd /Users/admin/builder/spi-builder-workspace/.swiftpm/xcode
SwiftCompile normal arm64_32 Compiling\ SmokeAWSClientReportingConfiguration.swift /Users/admin/builder/spi-builder-workspace/Sources/SmokeAWSCore/SmokeAWSClientReportingConfiguration.swift (in target 'SmokeAWSCore' from project 'smoke-aws')
SwiftCompile normal arm64_32 /Users/admin/builder/spi-builder-workspace/Sources/SmokeAWSCore/SmokeAWSClientReportingConfiguration.swift (in target 'SmokeAWSCore' from project 'smoke-aws')
cd /Users/admin/builder/spi-builder-workspace/.swiftpm/xcode
builtin-SwiftPerFileCompile SmokeAWSClientReportingConfiguration.swift
SwiftEmitModule normal arm64 Emitting\ module\ for\ SmokeAWSCore (in target 'SmokeAWSCore' from project 'smoke-aws')
SwiftCompile normal arm64 (in target 'SmokeAWSCore' from project 'smoke-aws')
cd /Users/admin/builder/spi-builder-workspace/.swiftpm/xcode
SwiftDriverJobDiscovery normal arm64_32 Emitting module for SmokeAWSCore (in target 'SmokeAWSCore' from project 'smoke-aws')
SwiftDriver\ Compilation\ Requirements SmokeAWSCore normal arm64_32 com.apple.xcode.tools.swift.compiler (in target 'SmokeAWSCore' from project 'smoke-aws')
cd /Users/admin/builder/spi-builder-workspace/.swiftpm/xcode
builtin-Swift-Compilation-Requirements -- /Applications/Xcode-27.0.0-Release.Candidate.app/Contents/Developer/Toolchains/XcodeDefault.xctoolchain/usr/bin/swiftc -parse-as-library -module-name SmokeAWSCore -Onone @/Users/admin/builder/spi-builder-workspace/.derivedData/Build/Intermediates.noindex/smoke-aws.build/Debug-watchos/SmokeAWSCore-t.build/Objects-normal/arm64_32/SmokeAWSCore.SwiftFileList -DSWIFT_PACKAGE -DDEBUG -DSWIFT_MODULE_RESOURCE_BUNDLE_UNAVAILABLE -Xcc -fmodule-map-file\=/Users/admin/builder/spi-builder-workspace/.derivedData/Build/Intermediates.noindex/GeneratedModuleMaps-watchos/CNIOLLHTTP.modulemap -Xcc -fmodule-map-file\=/Users/admin/builder/spi-builder-workspace/.derivedData/Build/Intermediates.noindex/GeneratedModuleMaps-watchos/CNIOBoringSSLShims.modulemap -Xcc -fmodule-map-file\=/Users/admin/builder/spi-builder-workspace/.dependencies/checkouts/swift-nio-ssl/Sources/CNIOBoringSSL/include/module.modulemap -Xcc -fmodule-map-file\=/Users/admin/builder/spi-builder-workspace/.derivedData/Build/Intermediates.noindex/GeneratedModuleMaps-watchos/CNIOPosix.modulemap -Xcc -fmodule-map-file\=/Users/admin/builder/spi-builder-workspace/.derivedData/Build/Intermediates.noindex/GeneratedModuleMaps-watchos/CNIOWASI.modulemap -Xcc -fmodule-map-file\=/Users/admin/builder/spi-builder-workspace/.derivedData/Build/Intermediates.noindex/GeneratedModuleMaps-watchos/CNIOFreeBSD.modulemap -Xcc -fmodule-map-file\=/Users/admin/builder/spi-builder-workspace/.dependencies/checkouts/swift-nio/Sources/CNIOWindows/include/module.modulemap -Xcc -fmodule-map-file\=/Users/admin/builder/spi-builder-workspace/.derivedData/Build/Intermediates.noindex/GeneratedModuleMaps-watchos/CNIODarwin.modulemap -Xcc -fmodule-map-file\=/Users/admin/builder/spi-builder-workspace/.derivedData/Build/Intermediates.noindex/GeneratedModuleMaps-watchos/CNIOLinux.modulemap -Xcc -fmodule-map-file\=/Users/admin/builder/spi-builder-workspace/.derivedData/Build/Intermediates.noindex/GeneratedModuleMaps-watchos/CNIOOpenBSD.modulemap -Xcc -fmodule-map-file\=/Users/admin/builder/spi-builder-workspace/.derivedData/Build/Intermediates.noindex/GeneratedModuleMaps-watchos/CNIOAtomics.modulemap -Xcc -fmodule-map-file\=/Users/admin/builder/spi-builder-workspace/.derivedData/Build/Intermediates.noindex/GeneratedModuleMaps-watchos/CNIOExtrasZlib.modulemap -Xcc -fmodule-map-file\=/Users/admin/builder/spi-builder-workspace/.dependencies/checkouts/swift-atomics/Sources/_AtomicsShims/include/module.modulemap -Xcc -fmodule-map-file\=/Users/admin/builder/spi-builder-workspace/.dependencies/checkouts/swift-numerics/Sources/_NumericsShims/include/module.modulemap -Xcc -fmodule-map-file\=/Users/admin/builder/spi-builder-workspace/.dependencies/checkouts/swift-system/Sources/CSystem/include/module.modulemap -Xcc -fmodule-map-file\=/Users/admin/builder/spi-builder-workspace/.derivedData/Build/Intermediates.noindex/GeneratedModuleMaps-watchos/CAsyncHTTPClient.modulemap -DXcode -plugin-path /Applications/Xcode-27.0.0-Release.Candidate.app/Contents/Developer/Toolchains/XcodeDefault.xctoolchain/usr/lib/swift/host/plugins/testing -enable-experimental-feature DebugDescriptionMacro -sdk /Applications/Xcode-27.0.0-Release.Candidate.app/Contents/Developer/Platforms/WatchOS.platform/Developer/SDKs/WatchOS27.0.sdk -target arm64_32-apple-watchos9.0 -g -module-cache-path /Users/admin/builder/spi-builder-workspace/.derivedData/ModuleCache.noindex -Xfrontend -serialize-debugging-options -profile-coverage-mapping -profile-generate -enable-testing -index-store-path /Users/admin/builder/spi-builder-workspace/.derivedData/Index.noindex/DataStore -Xcc -D_LIBCPP_HARDENING_MODE\=_LIBCPP_HARDENING_MODE_DEBUG -swift-version 5 -I /Users/admin/builder/spi-builder-workspace/.derivedData/Build/Products/Debug-watchos -Isystem /Applications/Xcode-27.0.0-Release.Candidate.app/Contents/Developer/Platforms/WatchOS.platform/Developer/usr/lib -F /Users/admin/builder/spi-builder-workspace/.derivedData/Build/Products/Debug-watchos/PackageFrameworks -F /Users/admin/builder/spi-builder-workspace/.derivedData/Build/Products/Debug-watchos -F /Applications/Xcode-27.0.0-Release.Candidate.app/Contents/Developer/Platforms/WatchOS.platform/Developer/Library/Frameworks -F /Applications/Xcode-27.0.0-Release.Candidate.app/Contents/Developer/Platforms/WatchOS.platform/Developer/SDKs/WatchOS27.0.sdk/Developer/Library/Frameworks -c -j10 -enable-batch-mode -incremental -Xcc -ivfsstatcache -Xcc /Users/admin/builder/spi-builder-workspace/.derivedData/SDKStatCaches.noindex/watchos27.0-24R360-e829b21a6f8c9b70876ba0858053c04477534ef55a1706bf4c1112bbb242f0a2.sdkstatcache -output-file-map /Users/admin/builder/spi-builder-workspace/.derivedData/Build/Intermediates.noindex/smoke-aws.build/Debug-watchos/SmokeAWSCore-t.build/Objects-normal/arm64_32/SmokeAWSCore-OutputFileMap.json -save-temps -no-color-diagnostics -explicit-module-build -module-cache-path /Users/admin/builder/spi-builder-workspace/.derivedData/Build/Intermediates.noindex/SwiftExplicitPrecompiledModules -clang-scanner-module-cache-path /Users/admin/builder/spi-builder-workspace/.derivedData/ModuleCache.noindex -sdk-module-cache-path /Users/admin/builder/spi-builder-workspace/.derivedData/SDKExplicitPrecompiledModules -emit-dependencies -emit-module -emit-module-path /Users/admin/builder/spi-builder-workspace/.derivedData/Build/Intermediates.noindex/smoke-aws.build/Debug-watchos/SmokeAWSCore-t.build/Objects-normal/arm64_32/SmokeAWSCore.swiftmodule -serialize-diagnostics -dependency-scan-serialize-diagnostics-path /Users/admin/builder/spi-builder-workspace/.derivedData/Build/Intermediates.noindex/smoke-aws.build/Debug-watchos/SmokeAWSCore-t.build/Objects-normal/arm64_32/SmokeAWSCore-dependency-scan.dia -validate-clang-modules-once -clang-build-session-file /Users/admin/builder/spi-builder-workspace/.derivedData/ModuleCache.noindex/Session.modulevalidation -Xcc -fmodules-prune-interval\=86400 -Xcc -fmodules-prune-after\=345600 -emit-const-values -const-gather-protocols-list /Users/admin/builder/spi-builder-workspace/.derivedData/Build/Intermediates.noindex/smoke-aws.build/Debug-watchos/SmokeAWSCore-t.build/Objects-normal/arm64_32/SmokeAWSCore_const_extract_protocols.json -Xcc -I/Users/admin/builder/spi-builder-workspace/.dependencies/checkouts/swift-nio/Sources/CNIOLLHTTP/include -Xcc -I/Users/admin/builder/spi-builder-workspace/.dependencies/checkouts/swift-nio-ssl/Sources/CNIOBoringSSLShims/include -Xcc -I/Users/admin/builder/spi-builder-workspace/.dependencies/checkouts/swift-nio-ssl/Sources/CNIOBoringSSL/include -Xcc -I/Users/admin/builder/spi-builder-workspace/.dependencies/checkouts/swift-nio/Sources/CNIOPosix/include -Xcc -I/Users/admin/builder/spi-builder-workspace/.dependencies/checkouts/swift-nio/Sources/CNIOWASI/include -Xcc -I/Users/admin/builder/spi-builder-workspace/.dependencies/checkouts/swift-nio/Sources/CNIOFreeBSD/include -Xcc -I/Users/admin/builder/spi-builder-workspace/.dependencies/checkouts/swift-nio/Sources/CNIOWindows/include -Xcc -I/Users/admin/builder/spi-builder-workspace/.dependencies/checkouts/swift-nio/Sources/CNIODarwin/include -Xcc -I/Users/admin/builder/spi-builder-workspace/.dependencies/checkouts/swift-nio/Sources/CNIOLinux/include -Xcc -I/Users/admin/builder/spi-builder-workspace/.dependencies/checkouts/swift-nio/Sources/CNIOOpenBSD/include -Xcc -I/Users/admin/builder/spi-builder-workspace/.dependencies/checkouts/swift-nio/Sources/CNIOAtomics/include -Xcc -I/Users/admin/builder/spi-builder-workspace/.dependencies/checkouts/swift-nio-extras/Sources/CNIOExtrasZlib/include -Xcc -I/Users/admin/builder/spi-builder-workspace/.dependencies/checkouts/swift-atomics/Sources/_AtomicsShims/include -Xcc -I/Users/admin/builder/spi-builder-workspace/.dependencies/checkouts/swift-numerics/Sources/_NumericsShims/include -Xcc -I/Users/admin/builder/spi-builder-workspace/.dependencies/checkouts/swift-system/Sources/CSystem/include -Xcc -I/Users/admin/builder/spi-builder-workspace/.dependencies/checkouts/async-http-client/Sources/CAsyncHTTPClient/include -Xcc -I/Users/admin/builder/spi-builder-workspace/.derivedData/Build/Products/Debug-watchos/include -Xcc -I/Users/admin/builder/spi-builder-workspace/.derivedData/Build/Intermediates.noindex/smoke-aws.build/Debug-watchos/SmokeAWSCore-t.build/DerivedSources-normal/arm64_32 -Xcc -I/Users/admin/builder/spi-builder-workspace/.derivedData/Build/Intermediates.noindex/smoke-aws.build/Debug-watchos/SmokeAWSCore-t.build/DerivedSources/arm64_32 -Xcc -I/Users/admin/builder/spi-builder-workspace/.derivedData/Build/Intermediates.noindex/smoke-aws.build/Debug-watchos/SmokeAWSCore-t.build/DerivedSources -Xcc -DSWIFT_PACKAGE -Xcc -DDEBUG\=1 -emit-objc-header -emit-objc-header-path /Users/admin/builder/spi-builder-workspace/.derivedData/Build/Intermediates.noindex/smoke-aws.build/Debug-watchos/SmokeAWSCore-t.build/Objects-normal/arm64_32/SmokeAWSCore-Swift.h -working-directory /Users/admin/builder/spi-builder-workspace/.swiftpm/xcode -experimental-emit-module-separately -disable-cmo
SwiftDriverJobDiscovery normal arm64_32 Compiling SmokeAWSClientReportingConfiguration.swift (in target 'SmokeAWSCore' from project 'smoke-aws')
SwiftCompile normal arm64 Compiling\ Export.swift /Users/admin/builder/spi-builder-workspace/Sources/SmokeAWSCore/Export.swift (in target 'SmokeAWSCore' from project 'smoke-aws')
SwiftCompile normal arm64 /Users/admin/builder/spi-builder-workspace/Sources/SmokeAWSCore/Export.swift (in target 'SmokeAWSCore' from project 'smoke-aws')
cd /Users/admin/builder/spi-builder-workspace/.swiftpm/xcode
builtin-SwiftPerFileCompile Export.swift
SwiftCompile normal arm64 Compiling\ SmokeAWSClientReportingConfiguration.swift /Users/admin/builder/spi-builder-workspace/Sources/SmokeAWSCore/SmokeAWSClientReportingConfiguration.swift (in target 'SmokeAWSCore' from project 'smoke-aws')
SwiftCompile normal arm64 /Users/admin/builder/spi-builder-workspace/Sources/SmokeAWSCore/SmokeAWSClientReportingConfiguration.swift (in target 'SmokeAWSCore' from project 'smoke-aws')
cd /Users/admin/builder/spi-builder-workspace/.swiftpm/xcode
builtin-SwiftPerFileCompile SmokeAWSClientReportingConfiguration.swift
SwiftDriverJobDiscovery normal arm64 Emitting module for SmokeAWSCore (in target 'SmokeAWSCore' from project 'smoke-aws')
SwiftDriver\ Compilation\ Requirements SmokeAWSCore normal arm64 com.apple.xcode.tools.swift.compiler (in target 'SmokeAWSCore' from project 'smoke-aws')
cd /Users/admin/builder/spi-builder-workspace/.swiftpm/xcode
builtin-Swift-Compilation-Requirements -- /Applications/Xcode-27.0.0-Release.Candidate.app/Contents/Developer/Toolchains/XcodeDefault.xctoolchain/usr/bin/swiftc -parse-as-library -module-name SmokeAWSCore -Onone @/Users/admin/builder/spi-builder-workspace/.derivedData/Build/Intermediates.noindex/smoke-aws.build/Debug-watchos/SmokeAWSCore-t.build/Objects-normal/arm64/SmokeAWSCore.SwiftFileList -DSWIFT_PACKAGE -DDEBUG -DSWIFT_MODULE_RESOURCE_BUNDLE_UNAVAILABLE -Xcc -fmodule-map-file\=/Users/admin/builder/spi-builder-workspace/.derivedData/Build/Intermediates.noindex/GeneratedModuleMaps-watchos/CNIOLLHTTP.modulemap -Xcc -fmodule-map-file\=/Users/admin/builder/spi-builder-workspace/.derivedData/Build/Intermediates.noindex/GeneratedModuleMaps-watchos/CNIOBoringSSLShims.modulemap -Xcc -fmodule-map-file\=/Users/admin/builder/spi-builder-workspace/.dependencies/checkouts/swift-nio-ssl/Sources/CNIOBoringSSL/include/module.modulemap -Xcc -fmodule-map-file\=/Users/admin/builder/spi-builder-workspace/.derivedData/Build/Intermediates.noindex/GeneratedModuleMaps-watchos/CNIOPosix.modulemap -Xcc -fmodule-map-file\=/Users/admin/builder/spi-builder-workspace/.derivedData/Build/Intermediates.noindex/GeneratedModuleMaps-watchos/CNIOWASI.modulemap -Xcc -fmodule-map-file\=/Users/admin/builder/spi-builder-workspace/.derivedData/Build/Intermediates.noindex/GeneratedModuleMaps-watchos/CNIOFreeBSD.modulemap -Xcc -fmodule-map-file\=/Users/admin/builder/spi-builder-workspace/.dependencies/checkouts/swift-nio/Sources/CNIOWindows/include/module.modulemap -Xcc -fmodule-map-file\=/Users/admin/builder/spi-builder-workspace/.derivedData/Build/Intermediates.noindex/GeneratedModuleMaps-watchos/CNIODarwin.modulemap -Xcc -fmodule-map-file\=/Users/admin/builder/spi-builder-workspace/.derivedData/Build/Intermediates.noindex/GeneratedModuleMaps-watchos/CNIOLinux.modulemap -Xcc -fmodule-map-file\=/Users/admin/builder/spi-builder-workspace/.derivedData/Build/Intermediates.noindex/GeneratedModuleMaps-watchos/CNIOOpenBSD.modulemap -Xcc -fmodule-map-file\=/Users/admin/builder/spi-builder-workspace/.derivedData/Build/Intermediates.noindex/GeneratedModuleMaps-watchos/CNIOAtomics.modulemap -Xcc -fmodule-map-file\=/Users/admin/builder/spi-builder-workspace/.derivedData/Build/Intermediates.noindex/GeneratedModuleMaps-watchos/CNIOExtrasZlib.modulemap -Xcc -fmodule-map-file\=/Users/admin/builder/spi-builder-workspace/.dependencies/checkouts/swift-atomics/Sources/_AtomicsShims/include/module.modulemap -Xcc -fmodule-map-file\=/Users/admin/builder/spi-builder-workspace/.dependencies/checkouts/swift-numerics/Sources/_NumericsShims/include/module.modulemap -Xcc -fmodule-map-file\=/Users/admin/builder/spi-builder-workspace/.dependencies/checkouts/swift-system/Sources/CSystem/include/module.modulemap -Xcc -fmodule-map-file\=/Users/admin/builder/spi-builder-workspace/.derivedData/Build/Intermediates.noindex/GeneratedModuleMaps-watchos/CAsyncHTTPClient.modulemap -DXcode -plugin-path /Applications/Xcode-27.0.0-Release.Candidate.app/Contents/Developer/Toolchains/XcodeDefault.xctoolchain/usr/lib/swift/host/plugins/testing -enable-experimental-feature DebugDescriptionMacro -sdk /Applications/Xcode-27.0.0-Release.Candidate.app/Contents/Developer/Platforms/WatchOS.platform/Developer/SDKs/WatchOS27.0.sdk -target arm64-apple-watchos9.0 -g -module-cache-path /Users/admin/builder/spi-builder-workspace/.derivedData/ModuleCache.noindex -Xfrontend -serialize-debugging-options -profile-coverage-mapping -profile-generate -enable-testing -index-store-path /Users/admin/builder/spi-builder-workspace/.derivedData/Index.noindex/DataStore -Xcc -D_LIBCPP_HARDENING_MODE\=_LIBCPP_HARDENING_MODE_DEBUG -swift-version 5 -I /Users/admin/builder/spi-builder-workspace/.derivedData/Build/Products/Debug-watchos -Isystem /Applications/Xcode-27.0.0-Release.Candidate.app/Contents/Developer/Platforms/WatchOS.platform/Developer/usr/lib -F /Users/admin/builder/spi-builder-workspace/.derivedData/Build/Products/Debug-watchos/PackageFrameworks -F /Users/admin/builder/spi-builder-workspace/.derivedData/Build/Products/Debug-watchos -F /Applications/Xcode-27.0.0-Release.Candidate.app/Contents/Developer/Platforms/WatchOS.platform/Developer/Library/Frameworks -F /Applications/Xcode-27.0.0-Release.Candidate.app/Contents/Developer/Platforms/WatchOS.platform/Developer/SDKs/WatchOS27.0.sdk/Developer/Library/Frameworks -c -j10 -enable-batch-mode -incremental -Xcc -ivfsstatcache -Xcc /Users/admin/builder/spi-builder-workspace/.derivedData/SDKStatCaches.noindex/watchos27.0-24R360-e829b21a6f8c9b70876ba0858053c04477534ef55a1706bf4c1112bbb242f0a2.sdkstatcache -output-file-map /Users/admin/builder/spi-builder-workspace/.derivedData/Build/Intermediates.noindex/smoke-aws.build/Debug-watchos/SmokeAWSCore-t.build/Objects-normal/arm64/SmokeAWSCore-OutputFileMap.json -save-temps -no-color-diagnostics -explicit-module-build -module-cache-path /Users/admin/builder/spi-builder-workspace/.derivedData/Build/Intermediates.noindex/SwiftExplicitPrecompiledModules -clang-scanner-module-cache-path /Users/admin/builder/spi-builder-workspace/.derivedData/ModuleCache.noindex -sdk-module-cache-path /Users/admin/builder/spi-builder-workspace/.derivedData/SDKExplicitPrecompiledModules -emit-dependencies -emit-module -emit-module-path /Users/admin/builder/spi-builder-workspace/.derivedData/Build/Intermediates.noindex/smoke-aws.build/Debug-watchos/SmokeAWSCore-t.build/Objects-normal/arm64/SmokeAWSCore.swiftmodule -serialize-diagnostics -dependency-scan-serialize-diagnostics-path /Users/admin/builder/spi-builder-workspace/.derivedData/Build/Intermediates.noindex/smoke-aws.build/Debug-watchos/SmokeAWSCore-t.build/Objects-normal/arm64/SmokeAWSCore-dependency-scan.dia -validate-clang-modules-once -clang-build-session-file /Users/admin/builder/spi-builder-workspace/.derivedData/ModuleCache.noindex/Session.modulevalidation -Xcc -fmodules-prune-interval\=86400 -Xcc -fmodules-prune-after\=345600 -emit-const-values -const-gather-protocols-list /Users/admin/builder/spi-builder-workspace/.derivedData/Build/Intermediates.noindex/smoke-aws.build/Debug-watchos/SmokeAWSCore-t.build/Objects-normal/arm64/SmokeAWSCore_const_extract_protocols.json -Xcc -I/Users/admin/builder/spi-builder-workspace/.dependencies/checkouts/swift-nio/Sources/CNIOLLHTTP/include -Xcc -I/Users/admin/builder/spi-builder-workspace/.dependencies/checkouts/swift-nio-ssl/Sources/CNIOBoringSSLShims/include -Xcc -I/Users/admin/builder/spi-builder-workspace/.dependencies/checkouts/swift-nio-ssl/Sources/CNIOBoringSSL/include -Xcc -I/Users/admin/builder/spi-builder-workspace/.dependencies/checkouts/swift-nio/Sources/CNIOPosix/include -Xcc -I/Users/admin/builder/spi-builder-workspace/.dependencies/checkouts/swift-nio/Sources/CNIOWASI/include -Xcc -I/Users/admin/builder/spi-builder-workspace/.dependencies/checkouts/swift-nio/Sources/CNIOFreeBSD/include -Xcc -I/Users/admin/builder/spi-builder-workspace/.dependencies/checkouts/swift-nio/Sources/CNIOWindows/include -Xcc -I/Users/admin/builder/spi-builder-workspace/.dependencies/checkouts/swift-nio/Sources/CNIODarwin/include -Xcc -I/Users/admin/builder/spi-builder-workspace/.dependencies/checkouts/swift-nio/Sources/CNIOLinux/include -Xcc -I/Users/admin/builder/spi-builder-workspace/.dependencies/checkouts/swift-nio/Sources/CNIOOpenBSD/include -Xcc -I/Users/admin/builder/spi-builder-workspace/.dependencies/checkouts/swift-nio/Sources/CNIOAtomics/include -Xcc -I/Users/admin/builder/spi-builder-workspace/.dependencies/checkouts/swift-nio-extras/Sources/CNIOExtrasZlib/include -Xcc -I/Users/admin/builder/spi-builder-workspace/.dependencies/checkouts/swift-atomics/Sources/_AtomicsShims/include -Xcc -I/Users/admin/builder/spi-builder-workspace/.dependencies/checkouts/swift-numerics/Sources/_NumericsShims/include -Xcc -I/Users/admin/builder/spi-builder-workspace/.dependencies/checkouts/swift-system/Sources/CSystem/include -Xcc -I/Users/admin/builder/spi-builder-workspace/.dependencies/checkouts/async-http-client/Sources/CAsyncHTTPClient/include -Xcc -I/Users/admin/builder/spi-builder-workspace/.derivedData/Build/Products/Debug-watchos/include -Xcc -I/Users/admin/builder/spi-builder-workspace/.derivedData/Build/Intermediates.noindex/smoke-aws.build/Debug-watchos/SmokeAWSCore-t.build/DerivedSources-normal/arm64 -Xcc -I/Users/admin/builder/spi-builder-workspace/.derivedData/Build/Intermediates.noindex/smoke-aws.build/Debug-watchos/SmokeAWSCore-t.build/DerivedSources/arm64 -Xcc -I/Users/admin/builder/spi-builder-workspace/.derivedData/Build/Intermediates.noindex/smoke-aws.build/Debug-watchos/SmokeAWSCore-t.build/DerivedSources -Xcc -DSWIFT_PACKAGE -Xcc -DDEBUG\=1 -emit-objc-header -emit-objc-header-path /Users/admin/builder/spi-builder-workspace/.derivedData/Build/Intermediates.noindex/smoke-aws.build/Debug-watchos/SmokeAWSCore-t.build/Objects-normal/arm64/SmokeAWSCore-Swift.h -working-directory /Users/admin/builder/spi-builder-workspace/.swiftpm/xcode -experimental-emit-module-separately -disable-cmo
SwiftDriverJobDiscovery normal arm64 Compiling Export.swift (in target 'SmokeAWSCore' from project 'smoke-aws')
Copy /Users/admin/builder/spi-builder-workspace/.derivedData/Build/Products/Debug-watchos/SmokeAWSCore.swiftmodule/arm64_32-apple-watchos.swiftmodule /Users/admin/builder/spi-builder-workspace/.derivedData/Build/Intermediates.noindex/smoke-aws.build/Debug-watchos/SmokeAWSCore-t.build/Objects-normal/arm64_32/SmokeAWSCore.swiftmodule (in target 'SmokeAWSCore' from project 'smoke-aws')
cd /Users/admin/builder/spi-builder-workspace
builtin-copy -exclude .DS_Store -exclude CVS -exclude .svn -exclude .git -exclude .hg -resolve-src-symlinks -rename /Users/admin/builder/spi-builder-workspace/.derivedData/Build/Intermediates.noindex/smoke-aws.build/Debug-watchos/SmokeAWSCore-t.build/Objects-normal/arm64_32/SmokeAWSCore.swiftmodule /Users/admin/builder/spi-builder-workspace/.derivedData/Build/Products/Debug-watchos/SmokeAWSCore.swiftmodule/arm64_32-apple-watchos.swiftmodule
Copy /Users/admin/builder/spi-builder-workspace/.derivedData/Build/Products/Debug-watchos/SmokeAWSCore.swiftmodule/arm64_32-apple-watchos.swiftdoc /Users/admin/builder/spi-builder-workspace/.derivedData/Build/Intermediates.noindex/smoke-aws.build/Debug-watchos/SmokeAWSCore-t.build/Objects-normal/arm64_32/SmokeAWSCore.swiftdoc (in target 'SmokeAWSCore' from project 'smoke-aws')
cd /Users/admin/builder/spi-builder-workspace
builtin-copy -exclude .DS_Store -exclude CVS -exclude .svn -exclude .git -exclude .hg -resolve-src-symlinks -rename /Users/admin/builder/spi-builder-workspace/.derivedData/Build/Intermediates.noindex/smoke-aws.build/Debug-watchos/SmokeAWSCore-t.build/Objects-normal/arm64_32/SmokeAWSCore.swiftdoc /Users/admin/builder/spi-builder-workspace/.derivedData/Build/Products/Debug-watchos/SmokeAWSCore.swiftmodule/arm64_32-apple-watchos.swiftdoc
Copy /Users/admin/builder/spi-builder-workspace/.derivedData/Build/Products/Debug-watchos/SmokeAWSCore.swiftmodule/arm64_32-apple-watchos.abi.json /Users/admin/builder/spi-builder-workspace/.derivedData/Build/Intermediates.noindex/smoke-aws.build/Debug-watchos/SmokeAWSCore-t.build/Objects-normal/arm64_32/SmokeAWSCore.abi.json (in target 'SmokeAWSCore' from project 'smoke-aws')
cd /Users/admin/builder/spi-builder-workspace
builtin-copy -exclude .DS_Store -exclude CVS -exclude .svn -exclude .git -exclude .hg -resolve-src-symlinks -rename /Users/admin/builder/spi-builder-workspace/.derivedData/Build/Intermediates.noindex/smoke-aws.build/Debug-watchos/SmokeAWSCore-t.build/Objects-normal/arm64_32/SmokeAWSCore.abi.json /Users/admin/builder/spi-builder-workspace/.derivedData/Build/Products/Debug-watchos/SmokeAWSCore.swiftmodule/arm64_32-apple-watchos.abi.json
Copy /Users/admin/builder/spi-builder-workspace/.derivedData/Build/Products/Debug-watchos/SmokeAWSCore.swiftmodule/Project/arm64_32-apple-watchos.swiftsourceinfo /Users/admin/builder/spi-builder-workspace/.derivedData/Build/Intermediates.noindex/smoke-aws.build/Debug-watchos/SmokeAWSCore-t.build/Objects-normal/arm64_32/SmokeAWSCore.swiftsourceinfo (in target 'SmokeAWSCore' from project 'smoke-aws')
cd /Users/admin/builder/spi-builder-workspace
builtin-copy -exclude .DS_Store -exclude CVS -exclude .svn -exclude .git -exclude .hg -resolve-src-symlinks -rename /Users/admin/builder/spi-builder-workspace/.derivedData/Build/Intermediates.noindex/smoke-aws.build/Debug-watchos/SmokeAWSCore-t.build/Objects-normal/arm64_32/SmokeAWSCore.swiftsourceinfo /Users/admin/builder/spi-builder-workspace/.derivedData/Build/Products/Debug-watchos/SmokeAWSCore.swiftmodule/Project/arm64_32-apple-watchos.swiftsourceinfo
SwiftCompile normal arm64_32 Compiling\ Export.swift /Users/admin/builder/spi-builder-workspace/Sources/SmokeAWSCore/Export.swift (in target 'SmokeAWSCore' from project 'smoke-aws')
SwiftCompile normal arm64_32 /Users/admin/builder/spi-builder-workspace/Sources/SmokeAWSCore/Export.swift (in target 'SmokeAWSCore' from project 'smoke-aws')
cd /Users/admin/builder/spi-builder-workspace/.swiftpm/xcode
builtin-SwiftPerFileCompile Export.swift
SwiftDriver\ Compilation AWSCore normal arm64 com.apple.xcode.tools.swift.compiler (in target 'AWSCore' from project 'smoke-aws-support')
cd /Users/admin/builder/spi-builder-workspace/.swiftpm/xcode
builtin-Swift-Compilation -- /Applications/Xcode-27.0.0-Release.Candidate.app/Contents/Developer/Toolchains/XcodeDefault.xctoolchain/usr/bin/swiftc -parse-as-library -module-name AWSCore -Onone @/Users/admin/builder/spi-builder-workspace/.derivedData/Build/Intermediates.noindex/smoke-aws-support.build/Debug-watchos/AWSCore-t.build/Objects-normal/arm64/AWSCore.SwiftFileList -DSWIFT_PACKAGE -DDEBUG -DSWIFT_MODULE_RESOURCE_BUNDLE_UNAVAILABLE -Xcc -fmodule-map-file\=/Users/admin/builder/spi-builder-workspace/.derivedData/Build/Intermediates.noindex/GeneratedModuleMaps-watchos/CNIOLLHTTP.modulemap -Xcc -fmodule-map-file\=/Users/admin/builder/spi-builder-workspace/.derivedData/Build/Intermediates.noindex/GeneratedModuleMaps-watchos/CNIOBoringSSLShims.modulemap -Xcc -fmodule-map-file\=/Users/admin/builder/spi-builder-workspace/.dependencies/checkouts/swift-nio-ssl/Sources/CNIOBoringSSL/include/module.modulemap -Xcc -fmodule-map-file\=/Users/admin/builder/spi-builder-workspace/.derivedData/Build/Intermediates.noindex/GeneratedModuleMaps-watchos/CNIOPosix.modulemap -Xcc -fmodule-map-file\=/Users/admin/builder/spi-builder-workspace/.derivedData/Build/Intermediates.noindex/GeneratedModuleMaps-watchos/CNIOWASI.modulemap -Xcc -fmodule-map-file\=/Users/admin/builder/spi-builder-workspace/.derivedData/Build/Intermediates.noindex/GeneratedModuleMaps-watchos/CNIOFreeBSD.modulemap -Xcc -fmodule-map-file\=/Users/admin/builder/spi-builder-workspace/.dependencies/checkouts/swift-nio/Sources/CNIOWindows/include/module.modulemap -Xcc -fmodule-map-file\=/Users/admin/builder/spi-builder-workspace/.derivedData/Build/Intermediates.noindex/GeneratedModuleMaps-watchos/CNIODarwin.modulemap -Xcc -fmodule-map-file\=/Users/admin/builder/spi-builder-workspace/.derivedData/Build/Intermediates.noindex/GeneratedModuleMaps-watchos/CNIOLinux.modulemap -Xcc -fmodule-map-file\=/Users/admin/builder/spi-builder-workspace/.derivedData/Build/Intermediates.noindex/GeneratedModuleMaps-watchos/CNIOOpenBSD.modulemap -Xcc -fmodule-map-file\=/Users/admin/builder/spi-builder-workspace/.derivedData/Build/Intermediates.noindex/GeneratedModuleMaps-watchos/CNIOAtomics.modulemap -Xcc -fmodule-map-file\=/Users/admin/builder/spi-builder-workspace/.derivedData/Build/Intermediates.noindex/GeneratedModuleMaps-watchos/CNIOExtrasZlib.modulemap -Xcc -fmodule-map-file\=/Users/admin/builder/spi-builder-workspace/.dependencies/checkouts/swift-atomics/Sources/_AtomicsShims/include/module.modulemap -Xcc -fmodule-map-file\=/Users/admin/builder/spi-builder-workspace/.dependencies/checkouts/swift-numerics/Sources/_NumericsShims/include/module.modulemap -Xcc -fmodule-map-file\=/Users/admin/builder/spi-builder-workspace/.dependencies/checkouts/swift-system/Sources/CSystem/include/module.modulemap -Xcc -fmodule-map-file\=/Users/admin/builder/spi-builder-workspace/.derivedData/Build/Intermediates.noindex/GeneratedModuleMaps-watchos/CAsyncHTTPClient.modulemap -DXcode -plugin-path /Applications/Xcode-27.0.0-Release.Candidate.app/Contents/Developer/Toolchains/XcodeDefault.xctoolchain/usr/lib/swift/host/plugins/testing -enable-experimental-feature DebugDescriptionMacro -sdk /Applications/Xcode-27.0.0-Release.Candidate.app/Contents/Developer/Platforms/WatchOS.platform/Developer/SDKs/WatchOS27.0.sdk -target arm64-apple-watchos9.0 -g -module-cache-path /Users/admin/builder/spi-builder-workspace/.derivedData/ModuleCache.noindex -Xfrontend -serialize-debugging-options -profile-coverage-mapping -profile-generate -enable-testing -suppress-warnings -index-store-path /Users/admin/builder/spi-builder-workspace/.derivedData/Index.noindex/DataStore -Xcc -D_LIBCPP_HARDENING_MODE\=_LIBCPP_HARDENING_MODE_DEBUG -swift-version 5 -I /Users/admin/builder/spi-builder-workspace/.derivedData/Build/Products/Debug-watchos -Isystem /Applications/Xcode-27.0.0-Release.Candidate.app/Contents/Developer/Platforms/WatchOS.platform/Developer/usr/lib -F /Users/admin/builder/spi-builder-workspace/.derivedData/Build/Products/Debug-watchos/PackageFrameworks -F /Users/admin/builder/spi-builder-workspace/.derivedData/Build/Products/Debug-watchos -F /Applications/Xcode-27.0.0-Release.Candidate.app/Contents/Developer/Platforms/WatchOS.platform/Developer/Library/Frameworks -F /Applications/Xcode-27.0.0-Release.Candidate.app/Contents/Developer/Platforms/WatchOS.platform/Developer/SDKs/WatchOS27.0.sdk/Developer/Library/Frameworks -c -j10 -enable-batch-mode -incremental -Xcc -ivfsstatcache -Xcc /Users/admin/builder/spi-builder-workspace/.derivedData/SDKStatCaches.noindex/watchos27.0-24R360-e829b21a6f8c9b70876ba0858053c04477534ef55a1706bf4c1112bbb242f0a2.sdkstatcache -output-file-map /Users/admin/builder/spi-builder-workspace/.derivedData/Build/Intermediates.noindex/smoke-aws-support.build/Debug-watchos/AWSCore-t.build/Objects-normal/arm64/AWSCore-OutputFileMap.json -save-temps -no-color-diagnostics -explicit-module-build -module-cache-path /Users/admin/builder/spi-builder-workspace/.derivedData/Build/Intermediates.noindex/SwiftExplicitPrecompiledModules -clang-scanner-module-cache-path /Users/admin/builder/spi-builder-workspace/.derivedData/ModuleCache.noindex -sdk-module-cache-path /Users/admin/builder/spi-builder-workspace/.derivedData/SDKExplicitPrecompiledModules -emit-dependencies -emit-module -emit-module-path /Users/admin/builder/spi-builder-workspace/.derivedData/Build/Intermediates.noindex/smoke-aws-support.build/Debug-watchos/AWSCore-t.build/Objects-normal/arm64/AWSCore.swiftmodule -serialize-diagnostics -dependency-scan-serialize-diagnostics-path /Users/admin/builder/spi-builder-workspace/.derivedData/Build/Intermediates.noindex/smoke-aws-support.build/Debug-watchos/AWSCore-t.build/Objects-normal/arm64/AWSCore-dependency-scan.dia -validate-clang-modules-once -clang-build-session-file /Users/admin/builder/spi-builder-workspace/.derivedData/ModuleCache.noindex/Session.modulevalidation -Xcc -fmodules-prune-interval\=86400 -Xcc -fmodules-prune-after\=345600 -emit-const-values -const-gather-protocols-list /Users/admin/builder/spi-builder-workspace/.derivedData/Build/Intermediates.noindex/smoke-aws-support.build/Debug-watchos/AWSCore-t.build/Objects-normal/arm64/AWSCore_const_extract_protocols.json -Xcc -I/Users/admin/builder/spi-builder-workspace/.dependencies/checkouts/swift-nio/Sources/CNIOLLHTTP/include -Xcc -I/Users/admin/builder/spi-builder-workspace/.dependencies/checkouts/swift-nio-ssl/Sources/CNIOBoringSSLShims/include -Xcc -I/Users/admin/builder/spi-builder-workspace/.dependencies/checkouts/swift-nio-ssl/Sources/CNIOBoringSSL/include -Xcc -I/Users/admin/builder/spi-builder-workspace/.dependencies/checkouts/swift-nio/Sources/CNIOPosix/include -Xcc -I/Users/admin/builder/spi-builder-workspace/.dependencies/checkouts/swift-nio/Sources/CNIOWASI/include -Xcc -I/Users/admin/builder/spi-builder-workspace/.dependencies/checkouts/swift-nio/Sources/CNIOFreeBSD/include -Xcc -I/Users/admin/builder/spi-builder-workspace/.dependencies/checkouts/swift-nio/Sources/CNIOWindows/include -Xcc -I/Users/admin/builder/spi-builder-workspace/.dependencies/checkouts/swift-nio/Sources/CNIODarwin/include -Xcc -I/Users/admin/builder/spi-builder-workspace/.dependencies/checkouts/swift-nio/Sources/CNIOLinux/include -Xcc -I/Users/admin/builder/spi-builder-workspace/.dependencies/checkouts/swift-nio/Sources/CNIOOpenBSD/include -Xcc -I/Users/admin/builder/spi-builder-workspace/.dependencies/checkouts/swift-nio/Sources/CNIOAtomics/include -Xcc -I/Users/admin/builder/spi-builder-workspace/.dependencies/checkouts/swift-nio-extras/Sources/CNIOExtrasZlib/include -Xcc -I/Users/admin/builder/spi-builder-workspace/.dependencies/checkouts/swift-atomics/Sources/_AtomicsShims/include -Xcc -I/Users/admin/builder/spi-builder-workspace/.dependencies/checkouts/swift-numerics/Sources/_NumericsShims/include -Xcc -I/Users/admin/builder/spi-builder-workspace/.dependencies/checkouts/swift-system/Sources/CSystem/include -Xcc -I/Users/admin/builder/spi-builder-workspace/.dependencies/checkouts/async-http-client/Sources/CAsyncHTTPClient/include -Xcc -I/Users/admin/builder/spi-builder-workspace/.derivedData/Build/Products/Debug-watchos/include -Xcc -I/Users/admin/builder/spi-builder-workspace/.derivedData/Build/Intermediates.noindex/smoke-aws-support.build/Debug-watchos/AWSCore-t.build/DerivedSources-normal/arm64 -Xcc -I/Users/admin/builder/spi-builder-workspace/.derivedData/Build/Intermediates.noindex/smoke-aws-support.build/Debug-watchos/AWSCore-t.build/DerivedSources/arm64 -Xcc -I/Users/admin/builder/spi-builder-workspace/.derivedData/Build/Intermediates.noindex/smoke-aws-support.build/Debug-watchos/AWSCore-t.build/DerivedSources -Xcc -DSWIFT_PACKAGE -Xcc -DDEBUG\=1 -emit-objc-header -emit-objc-header-path /Users/admin/builder/spi-builder-workspace/.derivedData/Build/Intermediates.noindex/smoke-aws-support.build/Debug-watchos/AWSCore-t.build/Objects-normal/arm64/AWSCore-Swift.h -working-directory /Users/admin/builder/spi-builder-workspace/.swiftpm/xcode -experimental-emit-module-separately -disable-cmo
SwiftDriverJobDiscovery normal arm64 Compiling SmokeAWSClientReportingConfiguration.swift (in target 'SmokeAWSCore' from project 'smoke-aws')
SwiftDriver\ Compilation SmokeAWSCore normal arm64 com.apple.xcode.tools.swift.compiler (in target 'SmokeAWSCore' from project 'smoke-aws')
cd /Users/admin/builder/spi-builder-workspace/.swiftpm/xcode
builtin-Swift-Compilation -- /Applications/Xcode-27.0.0-Release.Candidate.app/Contents/Developer/Toolchains/XcodeDefault.xctoolchain/usr/bin/swiftc -parse-as-library -module-name SmokeAWSCore -Onone @/Users/admin/builder/spi-builder-workspace/.derivedData/Build/Intermediates.noindex/smoke-aws.build/Debug-watchos/SmokeAWSCore-t.build/Objects-normal/arm64/SmokeAWSCore.SwiftFileList -DSWIFT_PACKAGE -DDEBUG -DSWIFT_MODULE_RESOURCE_BUNDLE_UNAVAILABLE -Xcc -fmodule-map-file\=/Users/admin/builder/spi-builder-workspace/.derivedData/Build/Intermediates.noindex/GeneratedModuleMaps-watchos/CNIOLLHTTP.modulemap -Xcc -fmodule-map-file\=/Users/admin/builder/spi-builder-workspace/.derivedData/Build/Intermediates.noindex/GeneratedModuleMaps-watchos/CNIOBoringSSLShims.modulemap -Xcc -fmodule-map-file\=/Users/admin/builder/spi-builder-workspace/.dependencies/checkouts/swift-nio-ssl/Sources/CNIOBoringSSL/include/module.modulemap -Xcc -fmodule-map-file\=/Users/admin/builder/spi-builder-workspace/.derivedData/Build/Intermediates.noindex/GeneratedModuleMaps-watchos/CNIOPosix.modulemap -Xcc -fmodule-map-file\=/Users/admin/builder/spi-builder-workspace/.derivedData/Build/Intermediates.noindex/GeneratedModuleMaps-watchos/CNIOWASI.modulemap -Xcc -fmodule-map-file\=/Users/admin/builder/spi-builder-workspace/.derivedData/Build/Intermediates.noindex/GeneratedModuleMaps-watchos/CNIOFreeBSD.modulemap -Xcc -fmodule-map-file\=/Users/admin/builder/spi-builder-workspace/.dependencies/checkouts/swift-nio/Sources/CNIOWindows/include/module.modulemap -Xcc -fmodule-map-file\=/Users/admin/builder/spi-builder-workspace/.derivedData/Build/Intermediates.noindex/GeneratedModuleMaps-watchos/CNIODarwin.modulemap -Xcc -fmodule-map-file\=/Users/admin/builder/spi-builder-workspace/.derivedData/Build/Intermediates.noindex/GeneratedModuleMaps-watchos/CNIOLinux.modulemap -Xcc -fmodule-map-file\=/Users/admin/builder/spi-builder-workspace/.derivedData/Build/Intermediates.noindex/GeneratedModuleMaps-watchos/CNIOOpenBSD.modulemap -Xcc -fmodule-map-file\=/Users/admin/builder/spi-builder-workspace/.derivedData/Build/Intermediates.noindex/GeneratedModuleMaps-watchos/CNIOAtomics.modulemap -Xcc -fmodule-map-file\=/Users/admin/builder/spi-builder-workspace/.derivedData/Build/Intermediates.noindex/GeneratedModuleMaps-watchos/CNIOExtrasZlib.modulemap -Xcc -fmodule-map-file\=/Users/admin/builder/spi-builder-workspace/.dependencies/checkouts/swift-atomics/Sources/_AtomicsShims/include/module.modulemap -Xcc -fmodule-map-file\=/Users/admin/builder/spi-builder-workspace/.dependencies/checkouts/swift-numerics/Sources/_NumericsShims/include/module.modulemap -Xcc -fmodule-map-file\=/Users/admin/builder/spi-builder-workspace/.dependencies/checkouts/swift-system/Sources/CSystem/include/module.modulemap -Xcc -fmodule-map-file\=/Users/admin/builder/spi-builder-workspace/.derivedData/Build/Intermediates.noindex/GeneratedModuleMaps-watchos/CAsyncHTTPClient.modulemap -DXcode -plugin-path /Applications/Xcode-27.0.0-Release.Candidate.app/Contents/Developer/Toolchains/XcodeDefault.xctoolchain/usr/lib/swift/host/plugins/testing -enable-experimental-feature DebugDescriptionMacro -sdk /Applications/Xcode-27.0.0-Release.Candidate.app/Contents/Developer/Platforms/WatchOS.platform/Developer/SDKs/WatchOS27.0.sdk -target arm64-apple-watchos9.0 -g -module-cache-path /Users/admin/builder/spi-builder-workspace/.derivedData/ModuleCache.noindex -Xfrontend -serialize-debugging-options -profile-coverage-mapping -profile-generate -enable-testing -index-store-path /Users/admin/builder/spi-builder-workspace/.derivedData/Index.noindex/DataStore -Xcc -D_LIBCPP_HARDENING_MODE\=_LIBCPP_HARDENING_MODE_DEBUG -swift-version 5 -I /Users/admin/builder/spi-builder-workspace/.derivedData/Build/Products/Debug-watchos -Isystem /Applications/Xcode-27.0.0-Release.Candidate.app/Contents/Developer/Platforms/WatchOS.platform/Developer/usr/lib -F /Users/admin/builder/spi-builder-workspace/.derivedData/Build/Products/Debug-watchos/PackageFrameworks -F /Users/admin/builder/spi-builder-workspace/.derivedData/Build/Products/Debug-watchos -F /Applications/Xcode-27.0.0-Release.Candidate.app/Contents/Developer/Platforms/WatchOS.platform/Developer/Library/Frameworks -F /Applications/Xcode-27.0.0-Release.Candidate.app/Contents/Developer/Platforms/WatchOS.platform/Developer/SDKs/WatchOS27.0.sdk/Developer/Library/Frameworks -c -j10 -enable-batch-mode -incremental -Xcc -ivfsstatcache -Xcc /Users/admin/builder/spi-builder-workspace/.derivedData/SDKStatCaches.noindex/watchos27.0-24R360-e829b21a6f8c9b70876ba0858053c04477534ef55a1706bf4c1112bbb242f0a2.sdkstatcache -output-file-map /Users/admin/builder/spi-builder-workspace/.derivedData/Build/Intermediates.noindex/smoke-aws.build/Debug-watchos/SmokeAWSCore-t.build/Objects-normal/arm64/SmokeAWSCore-OutputFileMap.json -save-temps -no-color-diagnostics -explicit-module-build -module-cache-path /Users/admin/builder/spi-builder-workspace/.derivedData/Build/Intermediates.noindex/SwiftExplicitPrecompiledModules -clang-scanner-module-cache-path /Users/admin/builder/spi-builder-workspace/.derivedData/ModuleCache.noindex -sdk-module-cache-path /Users/admin/builder/spi-builder-workspace/.derivedData/SDKExplicitPrecompiledModules -emit-dependencies -emit-module -emit-module-path /Users/admin/builder/spi-builder-workspace/.derivedData/Build/Intermediates.noindex/smoke-aws.build/Debug-watchos/SmokeAWSCore-t.build/Objects-normal/arm64/SmokeAWSCore.swiftmodule -serialize-diagnostics -dependency-scan-serialize-diagnostics-path /Users/admin/builder/spi-builder-workspace/.derivedData/Build/Intermediates.noindex/smoke-aws.build/Debug-watchos/SmokeAWSCore-t.build/Objects-normal/arm64/SmokeAWSCore-dependency-scan.dia -validate-clang-modules-once -clang-build-session-file /Users/admin/builder/spi-builder-workspace/.derivedData/ModuleCache.noindex/Session.modulevalidation -Xcc -fmodules-prune-interval\=86400 -Xcc -fmodules-prune-after\=345600 -emit-const-values -const-gather-protocols-list /Users/admin/builder/spi-builder-workspace/.derivedData/Build/Intermediates.noindex/smoke-aws.build/Debug-watchos/SmokeAWSCore-t.build/Objects-normal/arm64/SmokeAWSCore_const_extract_protocols.json -Xcc -I/Users/admin/builder/spi-builder-workspace/.dependencies/checkouts/swift-nio/Sources/CNIOLLHTTP/include -Xcc -I/Users/admin/builder/spi-builder-workspace/.dependencies/checkouts/swift-nio-ssl/Sources/CNIOBoringSSLShims/include -Xcc -I/Users/admin/builder/spi-builder-workspace/.dependencies/checkouts/swift-nio-ssl/Sources/CNIOBoringSSL/include -Xcc -I/Users/admin/builder/spi-builder-workspace/.dependencies/checkouts/swift-nio/Sources/CNIOPosix/include -Xcc -I/Users/admin/builder/spi-builder-workspace/.dependencies/checkouts/swift-nio/Sources/CNIOWASI/include -Xcc -I/Users/admin/builder/spi-builder-workspace/.dependencies/checkouts/swift-nio/Sources/CNIOFreeBSD/include -Xcc -I/Users/admin/builder/spi-builder-workspace/.dependencies/checkouts/swift-nio/Sources/CNIOWindows/include -Xcc -I/Users/admin/builder/spi-builder-workspace/.dependencies/checkouts/swift-nio/Sources/CNIODarwin/include -Xcc -I/Users/admin/builder/spi-builder-workspace/.dependencies/checkouts/swift-nio/Sources/CNIOLinux/include -Xcc -I/Users/admin/builder/spi-builder-workspace/.dependencies/checkouts/swift-nio/Sources/CNIOOpenBSD/include -Xcc -I/Users/admin/builder/spi-builder-workspace/.dependencies/checkouts/swift-nio/Sources/CNIOAtomics/include -Xcc -I/Users/admin/builder/spi-builder-workspace/.dependencies/checkouts/swift-nio-extras/Sources/CNIOExtrasZlib/include -Xcc -I/Users/admin/builder/spi-builder-workspace/.dependencies/checkouts/swift-atomics/Sources/_AtomicsShims/include -Xcc -I/Users/admin/builder/spi-builder-workspace/.dependencies/checkouts/swift-numerics/Sources/_NumericsShims/include -Xcc -I/Users/admin/builder/spi-builder-workspace/.dependencies/checkouts/swift-system/Sources/CSystem/include -Xcc -I/Users/admin/builder/spi-builder-workspace/.dependencies/checkouts/async-http-client/Sources/CAsyncHTTPClient/include -Xcc -I/Users/admin/builder/spi-builder-workspace/.derivedData/Build/Products/Debug-watchos/include -Xcc -I/Users/admin/builder/spi-builder-workspace/.derivedData/Build/Intermediates.noindex/smoke-aws.build/Debug-watchos/SmokeAWSCore-t.build/DerivedSources-normal/arm64 -Xcc -I/Users/admin/builder/spi-builder-workspace/.derivedData/Build/Intermediates.noindex/smoke-aws.build/Debug-watchos/SmokeAWSCore-t.build/DerivedSources/arm64 -Xcc -I/Users/admin/builder/spi-builder-workspace/.derivedData/Build/Intermediates.noindex/smoke-aws.build/Debug-watchos/SmokeAWSCore-t.build/DerivedSources -Xcc -DSWIFT_PACKAGE -Xcc -DDEBUG\=1 -emit-objc-header -emit-objc-header-path /Users/admin/builder/spi-builder-workspace/.derivedData/Build/Intermediates.noindex/smoke-aws.build/Debug-watchos/SmokeAWSCore-t.build/Objects-normal/arm64/SmokeAWSCore-Swift.h -working-directory /Users/admin/builder/spi-builder-workspace/.swiftpm/xcode -experimental-emit-module-separately -disable-cmo
SwiftMergeGeneratedHeaders /Users/admin/builder/spi-builder-workspace/.derivedData/Build/Intermediates.noindex/GeneratedModuleMaps-watchos/SmokeAWSCore-Swift.h /Users/admin/builder/spi-builder-workspace/.derivedData/Build/Intermediates.noindex/smoke-aws.build/Debug-watchos/SmokeAWSCore-t.build/Objects-normal/arm64/SmokeAWSCore-Swift.h /Users/admin/builder/spi-builder-workspace/.derivedData/Build/Intermediates.noindex/smoke-aws.build/Debug-watchos/SmokeAWSCore-t.build/Objects-normal/arm64_32/SmokeAWSCore-Swift.h (in target 'SmokeAWSCore' from project 'smoke-aws')
cd /Users/admin/builder/spi-builder-workspace
builtin-swiftHeaderTool -arch arm64 /Users/admin/builder/spi-builder-workspace/.derivedData/Build/Intermediates.noindex/smoke-aws.build/Debug-watchos/SmokeAWSCore-t.build/Objects-normal/arm64/SmokeAWSCore-Swift.h -arch arm64_32 /Users/admin/builder/spi-builder-workspace/.derivedData/Build/Intermediates.noindex/smoke-aws.build/Debug-watchos/SmokeAWSCore-t.build/Objects-normal/arm64_32/SmokeAWSCore-Swift.h -o /Users/admin/builder/spi-builder-workspace/.derivedData/Build/Intermediates.noindex/GeneratedModuleMaps-watchos/SmokeAWSCore-Swift.h
Copy /Users/admin/builder/spi-builder-workspace/.derivedData/Build/Products/Debug-watchos/SmokeAWSCore.swiftmodule/arm64-apple-watchos.swiftmodule /Users/admin/builder/spi-builder-workspace/.derivedData/Build/Intermediates.noindex/smoke-aws.build/Debug-watchos/SmokeAWSCore-t.build/Objects-normal/arm64/SmokeAWSCore.swiftmodule (in target 'SmokeAWSCore' from project 'smoke-aws')
cd /Users/admin/builder/spi-builder-workspace
builtin-copy -exclude .DS_Store -exclude CVS -exclude .svn -exclude .git -exclude .hg -resolve-src-symlinks -rename /Users/admin/builder/spi-builder-workspace/.derivedData/Build/Intermediates.noindex/smoke-aws.build/Debug-watchos/SmokeAWSCore-t.build/Objects-normal/arm64/SmokeAWSCore.swiftmodule /Users/admin/builder/spi-builder-workspace/.derivedData/Build/Products/Debug-watchos/SmokeAWSCore.swiftmodule/arm64-apple-watchos.swiftmodule
Copy /Users/admin/builder/spi-builder-workspace/.derivedData/Build/Products/Debug-watchos/SmokeAWSCore.swiftmodule/arm64-apple-watchos.swiftdoc /Users/admin/builder/spi-builder-workspace/.derivedData/Build/Intermediates.noindex/smoke-aws.build/Debug-watchos/SmokeAWSCore-t.build/Objects-normal/arm64/SmokeAWSCore.swiftdoc (in target 'SmokeAWSCore' from project 'smoke-aws')
cd /Users/admin/builder/spi-builder-workspace
builtin-copy -exclude .DS_Store -exclude CVS -exclude .svn -exclude .git -exclude .hg -resolve-src-symlinks -rename /Users/admin/builder/spi-builder-workspace/.derivedData/Build/Intermediates.noindex/smoke-aws.build/Debug-watchos/SmokeAWSCore-t.build/Objects-normal/arm64/SmokeAWSCore.swiftdoc /Users/admin/builder/spi-builder-workspace/.derivedData/Build/Products/Debug-watchos/SmokeAWSCore.swiftmodule/arm64-apple-watchos.swiftdoc
Copy /Users/admin/builder/spi-builder-workspace/.derivedData/Build/Products/Debug-watchos/SmokeAWSCore.swiftmodule/arm64-apple-watchos.abi.json /Users/admin/builder/spi-builder-workspace/.derivedData/Build/Intermediates.noindex/smoke-aws.build/Debug-watchos/SmokeAWSCore-t.build/Objects-normal/arm64/SmokeAWSCore.abi.json (in target 'SmokeAWSCore' from project 'smoke-aws')
cd /Users/admin/builder/spi-builder-workspace
builtin-copy -exclude .DS_Store -exclude CVS -exclude .svn -exclude .git -exclude .hg -resolve-src-symlinks -rename /Users/admin/builder/spi-builder-workspace/.derivedData/Build/Intermediates.noindex/smoke-aws.build/Debug-watchos/SmokeAWSCore-t.build/Objects-normal/arm64/SmokeAWSCore.abi.json /Users/admin/builder/spi-builder-workspace/.derivedData/Build/Products/Debug-watchos/SmokeAWSCore.swiftmodule/arm64-apple-watchos.abi.json
Copy /Users/admin/builder/spi-builder-workspace/.derivedData/Build/Products/Debug-watchos/SmokeAWSCore.swiftmodule/Project/arm64-apple-watchos.swiftsourceinfo /Users/admin/builder/spi-builder-workspace/.derivedData/Build/Intermediates.noindex/smoke-aws.build/Debug-watchos/SmokeAWSCore-t.build/Objects-normal/arm64/SmokeAWSCore.swiftsourceinfo (in target 'SmokeAWSCore' from project 'smoke-aws')
cd /Users/admin/builder/spi-builder-workspace
builtin-copy -exclude .DS_Store -exclude CVS -exclude .svn -exclude .git -exclude .hg -resolve-src-symlinks -rename /Users/admin/builder/spi-builder-workspace/.derivedData/Build/Intermediates.noindex/smoke-aws.build/Debug-watchos/SmokeAWSCore-t.build/Objects-normal/arm64/SmokeAWSCore.swiftsourceinfo /Users/admin/builder/spi-builder-workspace/.derivedData/Build/Products/Debug-watchos/SmokeAWSCore.swiftmodule/Project/arm64-apple-watchos.swiftsourceinfo
SwiftDriverJobDiscovery normal arm64_32 Compiling Export.swift (in target 'SmokeAWSCore' from project 'smoke-aws')
SwiftDriver\ Compilation SmokeAWSCore normal arm64_32 com.apple.xcode.tools.swift.compiler (in target 'SmokeAWSCore' from project 'smoke-aws')
cd /Users/admin/builder/spi-builder-workspace/.swiftpm/xcode
builtin-Swift-Compilation -- /Applications/Xcode-27.0.0-Release.Candidate.app/Contents/Developer/Toolchains/XcodeDefault.xctoolchain/usr/bin/swiftc -parse-as-library -module-name SmokeAWSCore -Onone @/Users/admin/builder/spi-builder-workspace/.derivedData/Build/Intermediates.noindex/smoke-aws.build/Debug-watchos/SmokeAWSCore-t.build/Objects-normal/arm64_32/SmokeAWSCore.SwiftFileList -DSWIFT_PACKAGE -DDEBUG -DSWIFT_MODULE_RESOURCE_BUNDLE_UNAVAILABLE -Xcc -fmodule-map-file\=/Users/admin/builder/spi-builder-workspace/.derivedData/Build/Intermediates.noindex/GeneratedModuleMaps-watchos/CNIOLLHTTP.modulemap -Xcc -fmodule-map-file\=/Users/admin/builder/spi-builder-workspace/.derivedData/Build/Intermediates.noindex/GeneratedModuleMaps-watchos/CNIOBoringSSLShims.modulemap -Xcc -fmodule-map-file\=/Users/admin/builder/spi-builder-workspace/.dependencies/checkouts/swift-nio-ssl/Sources/CNIOBoringSSL/include/module.modulemap -Xcc -fmodule-map-file\=/Users/admin/builder/spi-builder-workspace/.derivedData/Build/Intermediates.noindex/GeneratedModuleMaps-watchos/CNIOPosix.modulemap -Xcc -fmodule-map-file\=/Users/admin/builder/spi-builder-workspace/.derivedData/Build/Intermediates.noindex/GeneratedModuleMaps-watchos/CNIOWASI.modulemap -Xcc -fmodule-map-file\=/Users/admin/builder/spi-builder-workspace/.derivedData/Build/Intermediates.noindex/GeneratedModuleMaps-watchos/CNIOFreeBSD.modulemap -Xcc -fmodule-map-file\=/Users/admin/builder/spi-builder-workspace/.dependencies/checkouts/swift-nio/Sources/CNIOWindows/include/module.modulemap -Xcc -fmodule-map-file\=/Users/admin/builder/spi-builder-workspace/.derivedData/Build/Intermediates.noindex/GeneratedModuleMaps-watchos/CNIODarwin.modulemap -Xcc -fmodule-map-file\=/Users/admin/builder/spi-builder-workspace/.derivedData/Build/Intermediates.noindex/GeneratedModuleMaps-watchos/CNIOLinux.modulemap -Xcc -fmodule-map-file\=/Users/admin/builder/spi-builder-workspace/.derivedData/Build/Intermediates.noindex/GeneratedModuleMaps-watchos/CNIOOpenBSD.modulemap -Xcc -fmodule-map-file\=/Users/admin/builder/spi-builder-workspace/.derivedData/Build/Intermediates.noindex/GeneratedModuleMaps-watchos/CNIOAtomics.modulemap -Xcc -fmodule-map-file\=/Users/admin/builder/spi-builder-workspace/.derivedData/Build/Intermediates.noindex/GeneratedModuleMaps-watchos/CNIOExtrasZlib.modulemap -Xcc -fmodule-map-file\=/Users/admin/builder/spi-builder-workspace/.dependencies/checkouts/swift-atomics/Sources/_AtomicsShims/include/module.modulemap -Xcc -fmodule-map-file\=/Users/admin/builder/spi-builder-workspace/.dependencies/checkouts/swift-numerics/Sources/_NumericsShims/include/module.modulemap -Xcc -fmodule-map-file\=/Users/admin/builder/spi-builder-workspace/.dependencies/checkouts/swift-system/Sources/CSystem/include/module.modulemap -Xcc -fmodule-map-file\=/Users/admin/builder/spi-builder-workspace/.derivedData/Build/Intermediates.noindex/GeneratedModuleMaps-watchos/CAsyncHTTPClient.modulemap -DXcode -plugin-path /Applications/Xcode-27.0.0-Release.Candidate.app/Contents/Developer/Toolchains/XcodeDefault.xctoolchain/usr/lib/swift/host/plugins/testing -enable-experimental-feature DebugDescriptionMacro -sdk /Applications/Xcode-27.0.0-Release.Candidate.app/Contents/Developer/Platforms/WatchOS.platform/Developer/SDKs/WatchOS27.0.sdk -target arm64_32-apple-watchos9.0 -g -module-cache-path /Users/admin/builder/spi-builder-workspace/.derivedData/ModuleCache.noindex -Xfrontend -serialize-debugging-options -profile-coverage-mapping -profile-generate -enable-testing -index-store-path /Users/admin/builder/spi-builder-workspace/.derivedData/Index.noindex/DataStore -Xcc -D_LIBCPP_HARDENING_MODE\=_LIBCPP_HARDENING_MODE_DEBUG -swift-version 5 -I /Users/admin/builder/spi-builder-workspace/.derivedData/Build/Products/Debug-watchos -Isystem /Applications/Xcode-27.0.0-Release.Candidate.app/Contents/Developer/Platforms/WatchOS.platform/Developer/usr/lib -F /Users/admin/builder/spi-builder-workspace/.derivedData/Build/Products/Debug-watchos/PackageFrameworks -F /Users/admin/builder/spi-builder-workspace/.derivedData/Build/Products/Debug-watchos -F /Applications/Xcode-27.0.0-Release.Candidate.app/Contents/Developer/Platforms/WatchOS.platform/Developer/Library/Frameworks -F /Applications/Xcode-27.0.0-Release.Candidate.app/Contents/Developer/Platforms/WatchOS.platform/Developer/SDKs/WatchOS27.0.sdk/Developer/Library/Frameworks -c -j10 -enable-batch-mode -incremental -Xcc -ivfsstatcache -Xcc /Users/admin/builder/spi-builder-workspace/.derivedData/SDKStatCaches.noindex/watchos27.0-24R360-e829b21a6f8c9b70876ba0858053c04477534ef55a1706bf4c1112bbb242f0a2.sdkstatcache -output-file-map /Users/admin/builder/spi-builder-workspace/.derivedData/Build/Intermediates.noindex/smoke-aws.build/Debug-watchos/SmokeAWSCore-t.build/Objects-normal/arm64_32/SmokeAWSCore-OutputFileMap.json -save-temps -no-color-diagnostics -explicit-module-build -module-cache-path /Users/admin/builder/spi-builder-workspace/.derivedData/Build/Intermediates.noindex/SwiftExplicitPrecompiledModules -clang-scanner-module-cache-path /Users/admin/builder/spi-builder-workspace/.derivedData/ModuleCache.noindex -sdk-module-cache-path /Users/admin/builder/spi-builder-workspace/.derivedData/SDKExplicitPrecompiledModules -emit-dependencies -emit-module -emit-module-path /Users/admin/builder/spi-builder-workspace/.derivedData/Build/Intermediates.noindex/smoke-aws.build/Debug-watchos/SmokeAWSCore-t.build/Objects-normal/arm64_32/SmokeAWSCore.swiftmodule -serialize-diagnostics -dependency-scan-serialize-diagnostics-path /Users/admin/builder/spi-builder-workspace/.derivedData/Build/Intermediates.noindex/smoke-aws.build/Debug-watchos/SmokeAWSCore-t.build/Objects-normal/arm64_32/SmokeAWSCore-dependency-scan.dia -validate-clang-modules-once -clang-build-session-file /Users/admin/builder/spi-builder-workspace/.derivedData/ModuleCache.noindex/Session.modulevalidation -Xcc -fmodules-prune-interval\=86400 -Xcc -fmodules-prune-after\=345600 -emit-const-values -const-gather-protocols-list /Users/admin/builder/spi-builder-workspace/.derivedData/Build/Intermediates.noindex/smoke-aws.build/Debug-watchos/SmokeAWSCore-t.build/Objects-normal/arm64_32/SmokeAWSCore_const_extract_protocols.json -Xcc -I/Users/admin/builder/spi-builder-workspace/.dependencies/checkouts/swift-nio/Sources/CNIOLLHTTP/include -Xcc -I/Users/admin/builder/spi-builder-workspace/.dependencies/checkouts/swift-nio-ssl/Sources/CNIOBoringSSLShims/include -Xcc -I/Users/admin/builder/spi-builder-workspace/.dependencies/checkouts/swift-nio-ssl/Sources/CNIOBoringSSL/include -Xcc -I/Users/admin/builder/spi-builder-workspace/.dependencies/checkouts/swift-nio/Sources/CNIOPosix/include -Xcc -I/Users/admin/builder/spi-builder-workspace/.dependencies/checkouts/swift-nio/Sources/CNIOWASI/include -Xcc -I/Users/admin/builder/spi-builder-workspace/.dependencies/checkouts/swift-nio/Sources/CNIOFreeBSD/include -Xcc -I/Users/admin/builder/spi-builder-workspace/.dependencies/checkouts/swift-nio/Sources/CNIOWindows/include -Xcc -I/Users/admin/builder/spi-builder-workspace/.dependencies/checkouts/swift-nio/Sources/CNIODarwin/include -Xcc -I/Users/admin/builder/spi-builder-workspace/.dependencies/checkouts/swift-nio/Sources/CNIOLinux/include -Xcc -I/Users/admin/builder/spi-builder-workspace/.dependencies/checkouts/swift-nio/Sources/CNIOOpenBSD/include -Xcc -I/Users/admin/builder/spi-builder-workspace/.dependencies/checkouts/swift-nio/Sources/CNIOAtomics/include -Xcc -I/Users/admin/builder/spi-builder-workspace/.dependencies/checkouts/swift-nio-extras/Sources/CNIOExtrasZlib/include -Xcc -I/Users/admin/builder/spi-builder-workspace/.dependencies/checkouts/swift-atomics/Sources/_AtomicsShims/include -Xcc -I/Users/admin/builder/spi-builder-workspace/.dependencies/checkouts/swift-numerics/Sources/_NumericsShims/include -Xcc -I/Users/admin/builder/spi-builder-workspace/.dependencies/checkouts/swift-system/Sources/CSystem/include -Xcc -I/Users/admin/builder/spi-builder-workspace/.dependencies/checkouts/async-http-client/Sources/CAsyncHTTPClient/include -Xcc -I/Users/admin/builder/spi-builder-workspace/.derivedData/Build/Products/Debug-watchos/include -Xcc -I/Users/admin/builder/spi-builder-workspace/.derivedData/Build/Intermediates.noindex/smoke-aws.build/Debug-watchos/SmokeAWSCore-t.build/DerivedSources-normal/arm64_32 -Xcc -I/Users/admin/builder/spi-builder-workspace/.derivedData/Build/Intermediates.noindex/smoke-aws.build/Debug-watchos/SmokeAWSCore-t.build/DerivedSources/arm64_32 -Xcc -I/Users/admin/builder/spi-builder-workspace/.derivedData/Build/Intermediates.noindex/smoke-aws.build/Debug-watchos/SmokeAWSCore-t.build/DerivedSources -Xcc -DSWIFT_PACKAGE -Xcc -DDEBUG\=1 -emit-objc-header -emit-objc-header-path /Users/admin/builder/spi-builder-workspace/.derivedData/Build/Intermediates.noindex/smoke-aws.build/Debug-watchos/SmokeAWSCore-t.build/Objects-normal/arm64_32/SmokeAWSCore-Swift.h -working-directory /Users/admin/builder/spi-builder-workspace/.swiftpm/xcode -experimental-emit-module-separately -disable-cmo
SwiftEmitModule normal arm64_32 Emitting\ module\ for\ AWSHttp (in target 'AWSHttp' from project 'smoke-aws-support')
SwiftCompile normal arm64_32 (in target 'AWSHttp' from project 'smoke-aws-support')
cd /Users/admin/builder/spi-builder-workspace/.swiftpm/xcode
SwiftCompile normal arm64_32 Compiling\ AWSClientProtocol.swift,\ AWSHttpHeaders.swift,\ AWSQueryClientProtocol+asyncSupport.swift /Users/admin/builder/spi-builder-workspace/.dependencies/checkouts/smoke-aws-support/Sources/AWSHttp/AWSClientProtocol.swift /Users/admin/builder/spi-builder-workspace/.dependencies/checkouts/smoke-aws-support/Sources/AWSHttp/AWSHttpHeaders.swift /Users/admin/builder/spi-builder-workspace/.dependencies/checkouts/smoke-aws-support/Sources/AWSHttp/AWSQueryClientProtocol+asyncSupport.swift (in target 'AWSHttp' from project 'smoke-aws-support')
SwiftCompile normal arm64_32 /Users/admin/builder/spi-builder-workspace/.dependencies/checkouts/smoke-aws-support/Sources/AWSHttp/AWSClientProtocol.swift (in target 'AWSHttp' from project 'smoke-aws-support')
cd /Users/admin/builder/spi-builder-workspace/.swiftpm/xcode
builtin-SwiftPerFileCompile AWSClientProtocol.swift
SwiftCompile normal arm64_32 /Users/admin/builder/spi-builder-workspace/.dependencies/checkouts/smoke-aws-support/Sources/AWSHttp/AWSHttpHeaders.swift (in target 'AWSHttp' from project 'smoke-aws-support')
cd /Users/admin/builder/spi-builder-workspace/.swiftpm/xcode
builtin-SwiftPerFileCompile AWSHttpHeaders.swift
SwiftCompile normal arm64_32 /Users/admin/builder/spi-builder-workspace/.dependencies/checkouts/smoke-aws-support/Sources/AWSHttp/AWSQueryClientProtocol+asyncSupport.swift (in target 'AWSHttp' from project 'smoke-aws-support')
cd /Users/admin/builder/spi-builder-workspace/.swiftpm/xcode
builtin-SwiftPerFileCompile AWSQueryClientProtocol+asyncSupport.swift
SwiftCompile normal arm64_32 Compiling\ MockThrowingClientProtocol+asyncSupport.swift,\ MockThrowingClientProtocol.swift /Users/admin/builder/spi-builder-workspace/.dependencies/checkouts/smoke-aws-support/Sources/AWSHttp/MockThrowingClientProtocol+asyncSupport.swift /Users/admin/builder/spi-builder-workspace/.dependencies/checkouts/smoke-aws-support/Sources/AWSHttp/MockThrowingClientProtocol.swift (in target 'AWSHttp' from project 'smoke-aws-support')
SwiftCompile normal arm64_32 /Users/admin/builder/spi-builder-workspace/.dependencies/checkouts/smoke-aws-support/Sources/AWSHttp/MockThrowingClientProtocol+asyncSupport.swift (in target 'AWSHttp' from project 'smoke-aws-support')
cd /Users/admin/builder/spi-builder-workspace/.swiftpm/xcode
builtin-SwiftPerFileCompile MockThrowingClientProtocol+asyncSupport.swift
SwiftCompile normal arm64_32 /Users/admin/builder/spi-builder-workspace/.dependencies/checkouts/smoke-aws-support/Sources/AWSHttp/MockThrowingClientProtocol.swift (in target 'AWSHttp' from project 'smoke-aws-support')
cd /Users/admin/builder/spi-builder-workspace/.swiftpm/xcode
builtin-SwiftPerFileCompile MockThrowingClientProtocol.swift
SwiftCompile normal arm64_32 Compiling\ AWSQueryClientProtocol.swift,\ ConvertableError.swift,\ Data+debugString.swift /Users/admin/builder/spi-builder-workspace/.dependencies/checkouts/smoke-aws-support/Sources/AWSHttp/AWSQueryClientProtocol.swift /Users/admin/builder/spi-builder-workspace/.dependencies/checkouts/smoke-aws-support/Sources/AWSHttp/ConvertableError.swift /Users/admin/builder/spi-builder-workspace/.dependencies/checkouts/smoke-aws-support/Sources/AWSHttp/Data+debugString.swift (in target 'AWSHttp' from project 'smoke-aws-support')
SwiftCompile normal arm64_32 /Users/admin/builder/spi-builder-workspace/.dependencies/checkouts/smoke-aws-support/Sources/AWSHttp/AWSQueryClientProtocol.swift (in target 'AWSHttp' from project 'smoke-aws-support')
cd /Users/admin/builder/spi-builder-workspace/.swiftpm/xcode
builtin-SwiftPerFileCompile AWSQueryClientProtocol.swift
SwiftCompile normal arm64_32 /Users/admin/builder/spi-builder-workspace/.dependencies/checkouts/smoke-aws-support/Sources/AWSHttp/ConvertableError.swift (in target 'AWSHttp' from project 'smoke-aws-support')
cd /Users/admin/builder/spi-builder-workspace/.swiftpm/xcode
builtin-SwiftPerFileCompile ConvertableError.swift
SwiftCompile normal arm64_32 /Users/admin/builder/spi-builder-workspace/.dependencies/checkouts/smoke-aws-support/Sources/AWSHttp/Data+debugString.swift (in target 'AWSHttp' from project 'smoke-aws-support')
cd /Users/admin/builder/spi-builder-workspace/.swiftpm/xcode
builtin-SwiftPerFileCompile Data+debugString.swift
SwiftEmitModule normal arm64 Emitting\ module\ for\ AWSHttp (in target 'AWSHttp' from project 'smoke-aws-support')
SwiftCompile normal arm64 (in target 'AWSHttp' from project 'smoke-aws-support')
cd /Users/admin/builder/spi-builder-workspace/.swiftpm/xcode
SwiftDriverJobDiscovery normal arm64_32 Compiling MockThrowingClientProtocol+asyncSupport.swift, MockThrowingClientProtocol.swift (in target 'AWSHttp' from project 'smoke-aws-support')
SwiftCompile normal arm64 Compiling\ AWSClientProtocol.swift,\ AWSHttpHeaders.swift,\ AWSQueryClientProtocol+asyncSupport.swift /Users/admin/builder/spi-builder-workspace/.dependencies/checkouts/smoke-aws-support/Sources/AWSHttp/AWSClientProtocol.swift /Users/admin/builder/spi-builder-workspace/.dependencies/checkouts/smoke-aws-support/Sources/AWSHttp/AWSHttpHeaders.swift /Users/admin/builder/spi-builder-workspace/.dependencies/checkouts/smoke-aws-support/Sources/AWSHttp/AWSQueryClientProtocol+asyncSupport.swift (in target 'AWSHttp' from project 'smoke-aws-support')
SwiftCompile normal arm64 /Users/admin/builder/spi-builder-workspace/.dependencies/checkouts/smoke-aws-support/Sources/AWSHttp/AWSClientProtocol.swift (in target 'AWSHttp' from project 'smoke-aws-support')
cd /Users/admin/builder/spi-builder-workspace/.swiftpm/xcode
builtin-SwiftPerFileCompile AWSClientProtocol.swift
SwiftCompile normal arm64 /Users/admin/builder/spi-builder-workspace/.dependencies/checkouts/smoke-aws-support/Sources/AWSHttp/AWSHttpHeaders.swift (in target 'AWSHttp' from project 'smoke-aws-support')
cd /Users/admin/builder/spi-builder-workspace/.swiftpm/xcode
builtin-SwiftPerFileCompile AWSHttpHeaders.swift
SwiftCompile normal arm64 /Users/admin/builder/spi-builder-workspace/.dependencies/checkouts/smoke-aws-support/Sources/AWSHttp/AWSQueryClientProtocol+asyncSupport.swift (in target 'AWSHttp' from project 'smoke-aws-support')
cd /Users/admin/builder/spi-builder-workspace/.swiftpm/xcode
builtin-SwiftPerFileCompile AWSQueryClientProtocol+asyncSupport.swift
SwiftCompile normal arm64 Compiling\ QueryInput.swift,\ SmokeAWSHTTPClientInvocationReporting.swift /Users/admin/builder/spi-builder-workspace/.dependencies/checkouts/smoke-aws-support/Sources/AWSHttp/QueryInput.swift /Users/admin/builder/spi-builder-workspace/.dependencies/checkouts/smoke-aws-support/Sources/AWSHttp/SmokeAWSHTTPClientInvocationReporting.swift (in target 'AWSHttp' from project 'smoke-aws-support')
SwiftCompile normal arm64 /Users/admin/builder/spi-builder-workspace/.dependencies/checkouts/smoke-aws-support/Sources/AWSHttp/QueryInput.swift (in target 'AWSHttp' from project 'smoke-aws-support')
cd /Users/admin/builder/spi-builder-workspace/.swiftpm/xcode
builtin-SwiftPerFileCompile QueryInput.swift
SwiftCompile normal arm64 /Users/admin/builder/spi-builder-workspace/.dependencies/checkouts/smoke-aws-support/Sources/AWSHttp/SmokeAWSHTTPClientInvocationReporting.swift (in target 'AWSHttp' from project 'smoke-aws-support')
cd /Users/admin/builder/spi-builder-workspace/.swiftpm/xcode
builtin-SwiftPerFileCompile SmokeAWSHTTPClientInvocationReporting.swift
SwiftCompile normal arm64_32 Compiling\ QueryInput.swift,\ SmokeAWSHTTPClientInvocationReporting.swift /Users/admin/builder/spi-builder-workspace/.dependencies/checkouts/smoke-aws-support/Sources/AWSHttp/QueryInput.swift /Users/admin/builder/spi-builder-workspace/.dependencies/checkouts/smoke-aws-support/Sources/AWSHttp/SmokeAWSHTTPClientInvocationReporting.swift (in target 'AWSHttp' from project 'smoke-aws-support')
SwiftCompile normal arm64_32 /Users/admin/builder/spi-builder-workspace/.dependencies/checkouts/smoke-aws-support/Sources/AWSHttp/QueryInput.swift (in target 'AWSHttp' from project 'smoke-aws-support')
cd /Users/admin/builder/spi-builder-workspace/.swiftpm/xcode
builtin-SwiftPerFileCompile QueryInput.swift
SwiftCompile normal arm64_32 /Users/admin/builder/spi-builder-workspace/.dependencies/checkouts/smoke-aws-support/Sources/AWSHttp/SmokeAWSHTTPClientInvocationReporting.swift (in target 'AWSHttp' from project 'smoke-aws-support')
cd /Users/admin/builder/spi-builder-workspace/.swiftpm/xcode
builtin-SwiftPerFileCompile SmokeAWSHTTPClientInvocationReporting.swift
SwiftDriverJobDiscovery normal arm64_32 Compiling AWSQueryClientProtocol.swift, ConvertableError.swift, Data+debugString.swift (in target 'AWSHttp' from project 'smoke-aws-support')
SwiftDriverJobDiscovery normal arm64_32 Emitting module for AWSHttp (in target 'AWSHttp' from project 'smoke-aws-support')
SwiftDriverJobDiscovery normal arm64_32 Compiling AWSClientProtocol.swift, AWSHttpHeaders.swift, AWSQueryClientProtocol+asyncSupport.swift (in target 'AWSHttp' from project 'smoke-aws-support')
SwiftDriver\ Compilation\ Requirements AWSHttp normal arm64_32 com.apple.xcode.tools.swift.compiler (in target 'AWSHttp' from project 'smoke-aws-support')
cd /Users/admin/builder/spi-builder-workspace/.swiftpm/xcode
builtin-Swift-Compilation-Requirements -- /Applications/Xcode-27.0.0-Release.Candidate.app/Contents/Developer/Toolchains/XcodeDefault.xctoolchain/usr/bin/swiftc -parse-as-library -module-name AWSHttp -Onone @/Users/admin/builder/spi-builder-workspace/.derivedData/Build/Intermediates.noindex/smoke-aws-support.build/Debug-watchos/AWSHttp-t.build/Objects-normal/arm64_32/AWSHttp.SwiftFileList -DSWIFT_PACKAGE -DDEBUG -DSWIFT_MODULE_RESOURCE_BUNDLE_UNAVAILABLE -Xcc -fmodule-map-file\=/Users/admin/builder/spi-builder-workspace/.derivedData/Build/Intermediates.noindex/GeneratedModuleMaps-watchos/CNIOBoringSSLShims.modulemap -Xcc -fmodule-map-file\=/Users/admin/builder/spi-builder-workspace/.dependencies/checkouts/swift-nio-ssl/Sources/CNIOBoringSSL/include/module.modulemap -Xcc -fmodule-map-file\=/Users/admin/builder/spi-builder-workspace/.derivedData/Build/Intermediates.noindex/GeneratedModuleMaps-watchos/CNIOExtrasZlib.modulemap -Xcc -fmodule-map-file\=/Users/admin/builder/spi-builder-workspace/.dependencies/checkouts/swift-numerics/Sources/_NumericsShims/include/module.modulemap -Xcc -fmodule-map-file\=/Users/admin/builder/spi-builder-workspace/.dependencies/checkouts/swift-system/Sources/CSystem/include/module.modulemap -Xcc -fmodule-map-file\=/Users/admin/builder/spi-builder-workspace/.derivedData/Build/Intermediates.noindex/GeneratedModuleMaps-watchos/CAsyncHTTPClient.modulemap -Xcc -fmodule-map-file\=/Users/admin/builder/spi-builder-workspace/.dependencies/checkouts/swift-atomics/Sources/_AtomicsShims/include/module.modulemap -Xcc -fmodule-map-file\=/Users/admin/builder/spi-builder-workspace/.derivedData/Build/Intermediates.noindex/GeneratedModuleMaps-watchos/CNIOLLHTTP.modulemap -Xcc -fmodule-map-file\=/Users/admin/builder/spi-builder-workspace/.derivedData/Build/Intermediates.noindex/GeneratedModuleMaps-watchos/CNIOPosix.modulemap -Xcc -fmodule-map-file\=/Users/admin/builder/spi-builder-workspace/.derivedData/Build/Intermediates.noindex/GeneratedModuleMaps-watchos/CNIOWASI.modulemap -Xcc -fmodule-map-file\=/Users/admin/builder/spi-builder-workspace/.dependencies/checkouts/swift-nio/Sources/CNIOWindows/include/module.modulemap -Xcc -fmodule-map-file\=/Users/admin/builder/spi-builder-workspace/.derivedData/Build/Intermediates.noindex/GeneratedModuleMaps-watchos/CNIOLinux.modulemap -Xcc -fmodule-map-file\=/Users/admin/builder/spi-builder-workspace/.derivedData/Build/Intermediates.noindex/GeneratedModuleMaps-watchos/CNIODarwin.modulemap -Xcc -fmodule-map-file\=/Users/admin/builder/spi-builder-workspace/.derivedData/Build/Intermediates.noindex/GeneratedModuleMaps-watchos/CNIOFreeBSD.modulemap -Xcc -fmodule-map-file\=/Users/admin/builder/spi-builder-workspace/.derivedData/Build/Intermediates.noindex/GeneratedModuleMaps-watchos/CNIOOpenBSD.modulemap -Xcc -fmodule-map-file\=/Users/admin/builder/spi-builder-workspace/.derivedData/Build/Intermediates.noindex/GeneratedModuleMaps-watchos/CNIOAtomics.modulemap -Xcc -fmodule-map-file\=/Users/admin/builder/spi-builder-workspace/.dependencies/checkouts/swift-crypto/Sources/CCryptoBoringSSLShims/include/module.modulemap -Xcc -fmodule-map-file\=/Users/admin/builder/spi-builder-workspace/.dependencies/checkouts/swift-crypto/Sources/CCryptoBoringSSL/include/module.modulemap -DXcode -plugin-path /Applications/Xcode-27.0.0-Release.Candidate.app/Contents/Developer/Toolchains/XcodeDefault.xctoolchain/usr/lib/swift/host/plugins/testing -enable-experimental-feature DebugDescriptionMacro -sdk /Applications/Xcode-27.0.0-Release.Candidate.app/Contents/Developer/Platforms/WatchOS.platform/Developer/SDKs/WatchOS27.0.sdk -target arm64_32-apple-watchos9.0 -g -module-cache-path /Users/admin/builder/spi-builder-workspace/.derivedData/ModuleCache.noindex -Xfrontend -serialize-debugging-options -profile-coverage-mapping -profile-generate -enable-testing -suppress-warnings -index-store-path /Users/admin/builder/spi-builder-workspace/.derivedData/Index.noindex/DataStore -Xcc -D_LIBCPP_HARDENING_MODE\=_LIBCPP_HARDENING_MODE_DEBUG -swift-version 5 -I /Users/admin/builder/spi-builder-workspace/.derivedData/Build/Products/Debug-watchos -Isystem /Applications/Xcode-27.0.0-Release.Candidate.app/Contents/Developer/Platforms/WatchOS.platform/Developer/usr/lib -F /Users/admin/builder/spi-builder-workspace/.derivedData/Build/Products/Debug-watchos/PackageFrameworks -F /Users/admin/builder/spi-builder-workspace/.derivedData/Build/Products/Debug-watchos -F /Applications/Xcode-27.0.0-Release.Candidate.app/Contents/Developer/Platforms/WatchOS.platform/Developer/Library/Frameworks -F /Applications/Xcode-27.0.0-Release.Candidate.app/Contents/Developer/Platforms/WatchOS.platform/Developer/SDKs/WatchOS27.0.sdk/Developer/Library/Frameworks -c -j10 -enable-batch-mode -incremental -Xcc -ivfsstatcache -Xcc /Users/admin/builder/spi-builder-workspace/.derivedData/SDKStatCaches.noindex/watchos27.0-24R360-e829b21a6f8c9b70876ba0858053c04477534ef55a1706bf4c1112bbb242f0a2.sdkstatcache -output-file-map /Users/admin/builder/spi-builder-workspace/.derivedData/Build/Intermediates.noindex/smoke-aws-support.build/Debug-watchos/AWSHttp-t.build/Objects-normal/arm64_32/AWSHttp-OutputFileMap.json -save-temps -no-color-diagnostics -explicit-module-build -module-cache-path /Users/admin/builder/spi-builder-workspace/.derivedData/Build/Intermediates.noindex/SwiftExplicitPrecompiledModules -clang-scanner-module-cache-path /Users/admin/builder/spi-builder-workspace/.derivedData/ModuleCache.noindex -sdk-module-cache-path /Users/admin/builder/spi-builder-workspace/.derivedData/SDKExplicitPrecompiledModules -emit-dependencies -emit-module -emit-module-path /Users/admin/builder/spi-builder-workspace/.derivedData/Build/Intermediates.noindex/smoke-aws-support.build/Debug-watchos/AWSHttp-t.build/Objects-normal/arm64_32/AWSHttp.swiftmodule -serialize-diagnostics -dependency-scan-serialize-diagnostics-path /Users/admin/builder/spi-builder-workspace/.derivedData/Build/Intermediates.noindex/smoke-aws-support.build/Debug-watchos/AWSHttp-t.build/Objects-normal/arm64_32/AWSHttp-dependency-scan.dia -validate-clang-modules-once -clang-build-session-file /Users/admin/builder/spi-builder-workspace/.derivedData/ModuleCache.noindex/Session.modulevalidation -Xcc -fmodules-prune-interval\=86400 -Xcc -fmodules-prune-after\=345600 -emit-const-values -const-gather-protocols-list /Users/admin/builder/spi-builder-workspace/.derivedData/Build/Intermediates.noindex/smoke-aws-support.build/Debug-watchos/AWSHttp-t.build/Objects-normal/arm64_32/AWSHttp_const_extract_protocols.json -Xcc -I/Users/admin/builder/spi-builder-workspace/.dependencies/checkouts/swift-nio-ssl/Sources/CNIOBoringSSLShims/include -Xcc -I/Users/admin/builder/spi-builder-workspace/.dependencies/checkouts/swift-nio-ssl/Sources/CNIOBoringSSL/include -Xcc -I/Users/admin/builder/spi-builder-workspace/.dependencies/checkouts/swift-nio-extras/Sources/CNIOExtrasZlib/include -Xcc -I/Users/admin/builder/spi-builder-workspace/.dependencies/checkouts/swift-numerics/Sources/_NumericsShims/include -Xcc -I/Users/admin/builder/spi-builder-workspace/.dependencies/checkouts/swift-system/Sources/CSystem/include -Xcc -I/Users/admin/builder/spi-builder-workspace/.dependencies/checkouts/async-http-client/Sources/CAsyncHTTPClient/include -Xcc -I/Users/admin/builder/spi-builder-workspace/.dependencies/checkouts/swift-atomics/Sources/_AtomicsShims/include -Xcc -I/Users/admin/builder/spi-builder-workspace/.dependencies/checkouts/swift-nio/Sources/CNIOLLHTTP/include -Xcc -I/Users/admin/builder/spi-builder-workspace/.dependencies/checkouts/swift-nio/Sources/CNIOPosix/include -Xcc -I/Users/admin/builder/spi-builder-workspace/.dependencies/checkouts/swift-nio/Sources/CNIOWASI/include -Xcc -I/Users/admin/builder/spi-builder-workspace/.dependencies/checkouts/swift-nio/Sources/CNIOWindows/include -Xcc -I/Users/admin/builder/spi-builder-workspace/.dependencies/checkouts/swift-nio/Sources/CNIOLinux/include -Xcc -I/Users/admin/builder/spi-builder-workspace/.dependencies/checkouts/swift-nio/Sources/CNIODarwin/include -Xcc -I/Users/admin/builder/spi-builder-workspace/.dependencies/checkouts/swift-nio/Sources/CNIOFreeBSD/include -Xcc -I/Users/admin/builder/spi-builder-workspace/.dependencies/checkouts/swift-nio/Sources/CNIOOpenBSD/include -Xcc -I/Users/admin/builder/spi-builder-workspace/.dependencies/checkouts/swift-nio/Sources/CNIOAtomics/include -Xcc -I/Users/admin/builder/spi-builder-workspace/.dependencies/checkouts/swift-crypto/Sources/CCryptoBoringSSLShims/include -Xcc -I/Users/admin/builder/spi-builder-workspace/.dependencies/checkouts/swift-crypto/Sources/CCryptoBoringSSL/include -Xcc -I/Users/admin/builder/spi-builder-workspace/.derivedData/Build/Products/Debug-watchos/include -Xcc -I/Users/admin/builder/spi-builder-workspace/.derivedData/Build/Intermediates.noindex/smoke-aws-support.build/Debug-watchos/AWSHttp-t.build/DerivedSources-normal/arm64_32 -Xcc -I/Users/admin/builder/spi-builder-workspace/.derivedData/Build/Intermediates.noindex/smoke-aws-support.build/Debug-watchos/AWSHttp-t.build/DerivedSources/arm64_32 -Xcc -I/Users/admin/builder/spi-builder-workspace/.derivedData/Build/Intermediates.noindex/smoke-aws-support.build/Debug-watchos/AWSHttp-t.build/DerivedSources -Xcc -DSWIFT_PACKAGE -Xcc -DDEBUG\=1 -emit-objc-header -emit-objc-header-path /Users/admin/builder/spi-builder-workspace/.derivedData/Build/Intermediates.noindex/smoke-aws-support.build/Debug-watchos/AWSHttp-t.build/Objects-normal/arm64_32/AWSHttp-Swift.h -working-directory /Users/admin/builder/spi-builder-workspace/.swiftpm/xcode -experimental-emit-module-separately -disable-cmo
SwiftDriverJobDiscovery normal arm64 Compiling AWSClientProtocol.swift, AWSHttpHeaders.swift, AWSQueryClientProtocol+asyncSupport.swift (in target 'AWSHttp' from project 'smoke-aws-support')
SwiftCompile normal arm64 Compiling\ AWSQueryClientProtocol.swift,\ ConvertableError.swift,\ Data+debugString.swift /Users/admin/builder/spi-builder-workspace/.dependencies/checkouts/smoke-aws-support/Sources/AWSHttp/AWSQueryClientProtocol.swift /Users/admin/builder/spi-builder-workspace/.dependencies/checkouts/smoke-aws-support/Sources/AWSHttp/ConvertableError.swift /Users/admin/builder/spi-builder-workspace/.dependencies/checkouts/smoke-aws-support/Sources/AWSHttp/Data+debugString.swift (in target 'AWSHttp' from project 'smoke-aws-support')
SwiftCompile normal arm64 /Users/admin/builder/spi-builder-workspace/.dependencies/checkouts/smoke-aws-support/Sources/AWSHttp/AWSQueryClientProtocol.swift (in target 'AWSHttp' from project 'smoke-aws-support')
cd /Users/admin/builder/spi-builder-workspace/.swiftpm/xcode
builtin-SwiftPerFileCompile AWSQueryClientProtocol.swift
SwiftCompile normal arm64 /Users/admin/builder/spi-builder-workspace/.dependencies/checkouts/smoke-aws-support/Sources/AWSHttp/ConvertableError.swift (in target 'AWSHttp' from project 'smoke-aws-support')
cd /Users/admin/builder/spi-builder-workspace/.swiftpm/xcode
builtin-SwiftPerFileCompile ConvertableError.swift
SwiftCompile normal arm64 /Users/admin/builder/spi-builder-workspace/.dependencies/checkouts/smoke-aws-support/Sources/AWSHttp/Data+debugString.swift (in target 'AWSHttp' from project 'smoke-aws-support')
cd /Users/admin/builder/spi-builder-workspace/.swiftpm/xcode
builtin-SwiftPerFileCompile Data+debugString.swift
SwiftCompile normal arm64_32 Compiling\ String+hmac.swift,\ V4Signer.swift /Users/admin/builder/spi-builder-workspace/.dependencies/checkouts/smoke-aws-support/Sources/AWSHttp/String+hmac.swift /Users/admin/builder/spi-builder-workspace/.dependencies/checkouts/smoke-aws-support/Sources/AWSHttp/V4Signer.swift (in target 'AWSHttp' from project 'smoke-aws-support')
SwiftCompile normal arm64_32 /Users/admin/builder/spi-builder-workspace/.dependencies/checkouts/smoke-aws-support/Sources/AWSHttp/String+hmac.swift (in target 'AWSHttp' from project 'smoke-aws-support')
cd /Users/admin/builder/spi-builder-workspace/.swiftpm/xcode
builtin-SwiftPerFileCompile String+hmac.swift
SwiftCompile normal arm64_32 /Users/admin/builder/spi-builder-workspace/.dependencies/checkouts/smoke-aws-support/Sources/AWSHttp/V4Signer.swift (in target 'AWSHttp' from project 'smoke-aws-support')
cd /Users/admin/builder/spi-builder-workspace/.swiftpm/xcode
builtin-SwiftPerFileCompile V4Signer.swift
SwiftCompile normal arm64 Compiling\ MockThrowingClientProtocol+asyncSupport.swift,\ MockThrowingClientProtocol.swift /Users/admin/builder/spi-builder-workspace/.dependencies/checkouts/smoke-aws-support/Sources/AWSHttp/MockThrowingClientProtocol+asyncSupport.swift /Users/admin/builder/spi-builder-workspace/.dependencies/checkouts/smoke-aws-support/Sources/AWSHttp/MockThrowingClientProtocol.swift (in target 'AWSHttp' from project 'smoke-aws-support')
SwiftCompile normal arm64 /Users/admin/builder/spi-builder-workspace/.dependencies/checkouts/smoke-aws-support/Sources/AWSHttp/MockThrowingClientProtocol+asyncSupport.swift (in target 'AWSHttp' from project 'smoke-aws-support')
cd /Users/admin/builder/spi-builder-workspace/.swiftpm/xcode
builtin-SwiftPerFileCompile MockThrowingClientProtocol+asyncSupport.swift
SwiftCompile normal arm64 /Users/admin/builder/spi-builder-workspace/.dependencies/checkouts/smoke-aws-support/Sources/AWSHttp/MockThrowingClientProtocol.swift (in target 'AWSHttp' from project 'smoke-aws-support')
cd /Users/admin/builder/spi-builder-workspace/.swiftpm/xcode
builtin-SwiftPerFileCompile MockThrowingClientProtocol.swift
SwiftCompile normal arm64_32 Compiling\ AWSClientInvocationDelegate.swift,\ AWSClientInvocationTraceContext.swift,\ AWSClientProtocol+asyncSupport.swift /Users/admin/builder/spi-builder-workspace/.dependencies/checkouts/smoke-aws-support/Sources/AWSHttp/AWSClientInvocationDelegate.swift /Users/admin/builder/spi-builder-workspace/.dependencies/checkouts/smoke-aws-support/Sources/AWSHttp/AWSClientInvocationTraceContext.swift /Users/admin/builder/spi-builder-workspace/.dependencies/checkouts/smoke-aws-support/Sources/AWSHttp/AWSClientProtocol+asyncSupport.swift (in target 'AWSHttp' from project 'smoke-aws-support')
SwiftCompile normal arm64_32 /Users/admin/builder/spi-builder-workspace/.dependencies/checkouts/smoke-aws-support/Sources/AWSHttp/AWSClientInvocationDelegate.swift (in target 'AWSHttp' from project 'smoke-aws-support')
cd /Users/admin/builder/spi-builder-workspace/.swiftpm/xcode
builtin-SwiftPerFileCompile AWSClientInvocationDelegate.swift
SwiftCompile normal arm64_32 /Users/admin/builder/spi-builder-workspace/.dependencies/checkouts/smoke-aws-support/Sources/AWSHttp/AWSClientInvocationTraceContext.swift (in target 'AWSHttp' from project 'smoke-aws-support')
cd /Users/admin/builder/spi-builder-workspace/.swiftpm/xcode
builtin-SwiftPerFileCompile AWSClientInvocationTraceContext.swift
SwiftCompile normal arm64_32 /Users/admin/builder/spi-builder-workspace/.dependencies/checkouts/smoke-aws-support/Sources/AWSHttp/AWSClientProtocol+asyncSupport.swift (in target 'AWSHttp' from project 'smoke-aws-support')
cd /Users/admin/builder/spi-builder-workspace/.swiftpm/xcode
builtin-SwiftPerFileCompile AWSClientProtocol+asyncSupport.swift
SwiftDriverJobDiscovery normal arm64 Compiling QueryInput.swift, SmokeAWSHTTPClientInvocationReporting.swift (in target 'AWSHttp' from project 'smoke-aws-support')
SwiftDriverJobDiscovery normal arm64 Emitting module for AWSHttp (in target 'AWSHttp' from project 'smoke-aws-support')
SwiftDriverJobDiscovery normal arm64_32 Compiling QueryInput.swift, SmokeAWSHTTPClientInvocationReporting.swift (in target 'AWSHttp' from project 'smoke-aws-support')
SwiftDriver\ Compilation\ Requirements AWSHttp normal arm64 com.apple.xcode.tools.swift.compiler (in target 'AWSHttp' from project 'smoke-aws-support')
cd /Users/admin/builder/spi-builder-workspace/.swiftpm/xcode
builtin-Swift-Compilation-Requirements -- /Applications/Xcode-27.0.0-Release.Candidate.app/Contents/Developer/Toolchains/XcodeDefault.xctoolchain/usr/bin/swiftc -parse-as-library -module-name AWSHttp -Onone @/Users/admin/builder/spi-builder-workspace/.derivedData/Build/Intermediates.noindex/smoke-aws-support.build/Debug-watchos/AWSHttp-t.build/Objects-normal/arm64/AWSHttp.SwiftFileList -DSWIFT_PACKAGE -DDEBUG -DSWIFT_MODULE_RESOURCE_BUNDLE_UNAVAILABLE -Xcc -fmodule-map-file\=/Users/admin/builder/spi-builder-workspace/.derivedData/Build/Intermediates.noindex/GeneratedModuleMaps-watchos/CNIOBoringSSLShims.modulemap -Xcc -fmodule-map-file\=/Users/admin/builder/spi-builder-workspace/.dependencies/checkouts/swift-nio-ssl/Sources/CNIOBoringSSL/include/module.modulemap -Xcc -fmodule-map-file\=/Users/admin/builder/spi-builder-workspace/.derivedData/Build/Intermediates.noindex/GeneratedModuleMaps-watchos/CNIOExtrasZlib.modulemap -Xcc -fmodule-map-file\=/Users/admin/builder/spi-builder-workspace/.dependencies/checkouts/swift-numerics/Sources/_NumericsShims/include/module.modulemap -Xcc -fmodule-map-file\=/Users/admin/builder/spi-builder-workspace/.dependencies/checkouts/swift-system/Sources/CSystem/include/module.modulemap -Xcc -fmodule-map-file\=/Users/admin/builder/spi-builder-workspace/.derivedData/Build/Intermediates.noindex/GeneratedModuleMaps-watchos/CAsyncHTTPClient.modulemap -Xcc -fmodule-map-file\=/Users/admin/builder/spi-builder-workspace/.dependencies/checkouts/swift-atomics/Sources/_AtomicsShims/include/module.modulemap -Xcc -fmodule-map-file\=/Users/admin/builder/spi-builder-workspace/.derivedData/Build/Intermediates.noindex/GeneratedModuleMaps-watchos/CNIOLLHTTP.modulemap -Xcc -fmodule-map-file\=/Users/admin/builder/spi-builder-workspace/.derivedData/Build/Intermediates.noindex/GeneratedModuleMaps-watchos/CNIOPosix.modulemap -Xcc -fmodule-map-file\=/Users/admin/builder/spi-builder-workspace/.derivedData/Build/Intermediates.noindex/GeneratedModuleMaps-watchos/CNIOWASI.modulemap -Xcc -fmodule-map-file\=/Users/admin/builder/spi-builder-workspace/.dependencies/checkouts/swift-nio/Sources/CNIOWindows/include/module.modulemap -Xcc -fmodule-map-file\=/Users/admin/builder/spi-builder-workspace/.derivedData/Build/Intermediates.noindex/GeneratedModuleMaps-watchos/CNIOLinux.modulemap -Xcc -fmodule-map-file\=/Users/admin/builder/spi-builder-workspace/.derivedData/Build/Intermediates.noindex/GeneratedModuleMaps-watchos/CNIODarwin.modulemap -Xcc -fmodule-map-file\=/Users/admin/builder/spi-builder-workspace/.derivedData/Build/Intermediates.noindex/GeneratedModuleMaps-watchos/CNIOFreeBSD.modulemap -Xcc -fmodule-map-file\=/Users/admin/builder/spi-builder-workspace/.derivedData/Build/Intermediates.noindex/GeneratedModuleMaps-watchos/CNIOOpenBSD.modulemap -Xcc -fmodule-map-file\=/Users/admin/builder/spi-builder-workspace/.derivedData/Build/Intermediates.noindex/GeneratedModuleMaps-watchos/CNIOAtomics.modulemap -Xcc -fmodule-map-file\=/Users/admin/builder/spi-builder-workspace/.dependencies/checkouts/swift-crypto/Sources/CCryptoBoringSSLShims/include/module.modulemap -Xcc -fmodule-map-file\=/Users/admin/builder/spi-builder-workspace/.dependencies/checkouts/swift-crypto/Sources/CCryptoBoringSSL/include/module.modulemap -DXcode -plugin-path /Applications/Xcode-27.0.0-Release.Candidate.app/Contents/Developer/Toolchains/XcodeDefault.xctoolchain/usr/lib/swift/host/plugins/testing -enable-experimental-feature DebugDescriptionMacro -sdk /Applications/Xcode-27.0.0-Release.Candidate.app/Contents/Developer/Platforms/WatchOS.platform/Developer/SDKs/WatchOS27.0.sdk -target arm64-apple-watchos9.0 -g -module-cache-path /Users/admin/builder/spi-builder-workspace/.derivedData/ModuleCache.noindex -Xfrontend -serialize-debugging-options -profile-coverage-mapping -profile-generate -enable-testing -suppress-warnings -index-store-path /Users/admin/builder/spi-builder-workspace/.derivedData/Index.noindex/DataStore -Xcc -D_LIBCPP_HARDENING_MODE\=_LIBCPP_HARDENING_MODE_DEBUG -swift-version 5 -I /Users/admin/builder/spi-builder-workspace/.derivedData/Build/Products/Debug-watchos -Isystem /Applications/Xcode-27.0.0-Release.Candidate.app/Contents/Developer/Platforms/WatchOS.platform/Developer/usr/lib -F /Users/admin/builder/spi-builder-workspace/.derivedData/Build/Products/Debug-watchos/PackageFrameworks -F /Users/admin/builder/spi-builder-workspace/.derivedData/Build/Products/Debug-watchos -F /Applications/Xcode-27.0.0-Release.Candidate.app/Contents/Developer/Platforms/WatchOS.platform/Developer/Library/Frameworks -F /Applications/Xcode-27.0.0-Release.Candidate.app/Contents/Developer/Platforms/WatchOS.platform/Developer/SDKs/WatchOS27.0.sdk/Developer/Library/Frameworks -c -j10 -enable-batch-mode -incremental -Xcc -ivfsstatcache -Xcc /Users/admin/builder/spi-builder-workspace/.derivedData/SDKStatCaches.noindex/watchos27.0-24R360-e829b21a6f8c9b70876ba0858053c04477534ef55a1706bf4c1112bbb242f0a2.sdkstatcache -output-file-map /Users/admin/builder/spi-builder-workspace/.derivedData/Build/Intermediates.noindex/smoke-aws-support.build/Debug-watchos/AWSHttp-t.build/Objects-normal/arm64/AWSHttp-OutputFileMap.json -save-temps -no-color-diagnostics -explicit-module-build -module-cache-path /Users/admin/builder/spi-builder-workspace/.derivedData/Build/Intermediates.noindex/SwiftExplicitPrecompiledModules -clang-scanner-module-cache-path /Users/admin/builder/spi-builder-workspace/.derivedData/ModuleCache.noindex -sdk-module-cache-path /Users/admin/builder/spi-builder-workspace/.derivedData/SDKExplicitPrecompiledModules -emit-dependencies -emit-module -emit-module-path /Users/admin/builder/spi-builder-workspace/.derivedData/Build/Intermediates.noindex/smoke-aws-support.build/Debug-watchos/AWSHttp-t.build/Objects-normal/arm64/AWSHttp.swiftmodule -serialize-diagnostics -dependency-scan-serialize-diagnostics-path /Users/admin/builder/spi-builder-workspace/.derivedData/Build/Intermediates.noindex/smoke-aws-support.build/Debug-watchos/AWSHttp-t.build/Objects-normal/arm64/AWSHttp-dependency-scan.dia -validate-clang-modules-once -clang-build-session-file /Users/admin/builder/spi-builder-workspace/.derivedData/ModuleCache.noindex/Session.modulevalidation -Xcc -fmodules-prune-interval\=86400 -Xcc -fmodules-prune-after\=345600 -emit-const-values -const-gather-protocols-list /Users/admin/builder/spi-builder-workspace/.derivedData/Build/Intermediates.noindex/smoke-aws-support.build/Debug-watchos/AWSHttp-t.build/Objects-normal/arm64/AWSHttp_const_extract_protocols.json -Xcc -I/Users/admin/builder/spi-builder-workspace/.dependencies/checkouts/swift-nio-ssl/Sources/CNIOBoringSSLShims/include -Xcc -I/Users/admin/builder/spi-builder-workspace/.dependencies/checkouts/swift-nio-ssl/Sources/CNIOBoringSSL/include -Xcc -I/Users/admin/builder/spi-builder-workspace/.dependencies/checkouts/swift-nio-extras/Sources/CNIOExtrasZlib/include -Xcc -I/Users/admin/builder/spi-builder-workspace/.dependencies/checkouts/swift-numerics/Sources/_NumericsShims/include -Xcc -I/Users/admin/builder/spi-builder-workspace/.dependencies/checkouts/swift-system/Sources/CSystem/include -Xcc -I/Users/admin/builder/spi-builder-workspace/.dependencies/checkouts/async-http-client/Sources/CAsyncHTTPClient/include -Xcc -I/Users/admin/builder/spi-builder-workspace/.dependencies/checkouts/swift-atomics/Sources/_AtomicsShims/include -Xcc -I/Users/admin/builder/spi-builder-workspace/.dependencies/checkouts/swift-nio/Sources/CNIOLLHTTP/include -Xcc -I/Users/admin/builder/spi-builder-workspace/.dependencies/checkouts/swift-nio/Sources/CNIOPosix/include -Xcc -I/Users/admin/builder/spi-builder-workspace/.dependencies/checkouts/swift-nio/Sources/CNIOWASI/include -Xcc -I/Users/admin/builder/spi-builder-workspace/.dependencies/checkouts/swift-nio/Sources/CNIOWindows/include -Xcc -I/Users/admin/builder/spi-builder-workspace/.dependencies/checkouts/swift-nio/Sources/CNIOLinux/include -Xcc -I/Users/admin/builder/spi-builder-workspace/.dependencies/checkouts/swift-nio/Sources/CNIODarwin/include -Xcc -I/Users/admin/builder/spi-builder-workspace/.dependencies/checkouts/swift-nio/Sources/CNIOFreeBSD/include -Xcc -I/Users/admin/builder/spi-builder-workspace/.dependencies/checkouts/swift-nio/Sources/CNIOOpenBSD/include -Xcc -I/Users/admin/builder/spi-builder-workspace/.dependencies/checkouts/swift-nio/Sources/CNIOAtomics/include -Xcc -I/Users/admin/builder/spi-builder-workspace/.dependencies/checkouts/swift-crypto/Sources/CCryptoBoringSSLShims/include -Xcc -I/Users/admin/builder/spi-builder-workspace/.dependencies/checkouts/swift-crypto/Sources/CCryptoBoringSSL/include -Xcc -I/Users/admin/builder/spi-builder-workspace/.derivedData/Build/Products/Debug-watchos/include -Xcc -I/Users/admin/builder/spi-builder-workspace/.derivedData/Build/Intermediates.noindex/smoke-aws-support.build/Debug-watchos/AWSHttp-t.build/DerivedSources-normal/arm64 -Xcc -I/Users/admin/builder/spi-builder-workspace/.derivedData/Build/Intermediates.noindex/smoke-aws-support.build/Debug-watchos/AWSHttp-t.build/DerivedSources/arm64 -Xcc -I/Users/admin/builder/spi-builder-workspace/.derivedData/Build/Intermediates.noindex/smoke-aws-support.build/Debug-watchos/AWSHttp-t.build/DerivedSources -Xcc -DSWIFT_PACKAGE -Xcc -DDEBUG\=1 -emit-objc-header -emit-objc-header-path /Users/admin/builder/spi-builder-workspace/.derivedData/Build/Intermediates.noindex/smoke-aws-support.build/Debug-watchos/AWSHttp-t.build/Objects-normal/arm64/AWSHttp-Swift.h -working-directory /Users/admin/builder/spi-builder-workspace/.swiftpm/xcode -experimental-emit-module-separately -disable-cmo
SwiftDriverJobDiscovery normal arm64 Compiling AWSQueryClientProtocol.swift, ConvertableError.swift, Data+debugString.swift (in target 'AWSHttp' from project 'smoke-aws-support')
Copy /Users/admin/builder/spi-builder-workspace/.derivedData/Build/Products/Debug-watchos/AWSHttp.swiftmodule/arm64_32-apple-watchos.swiftmodule /Users/admin/builder/spi-builder-workspace/.derivedData/Build/Intermediates.noindex/smoke-aws-support.build/Debug-watchos/AWSHttp-t.build/Objects-normal/arm64_32/AWSHttp.swiftmodule (in target 'AWSHttp' from project 'smoke-aws-support')
cd /Users/admin/builder/spi-builder-workspace/.dependencies/checkouts/smoke-aws-support
builtin-copy -exclude .DS_Store -exclude CVS -exclude .svn -exclude .git -exclude .hg -resolve-src-symlinks -rename /Users/admin/builder/spi-builder-workspace/.derivedData/Build/Intermediates.noindex/smoke-aws-support.build/Debug-watchos/AWSHttp-t.build/Objects-normal/arm64_32/AWSHttp.swiftmodule /Users/admin/builder/spi-builder-workspace/.derivedData/Build/Products/Debug-watchos/AWSHttp.swiftmodule/arm64_32-apple-watchos.swiftmodule
SwiftMergeGeneratedHeaders /Users/admin/builder/spi-builder-workspace/.derivedData/Build/Intermediates.noindex/GeneratedModuleMaps-watchos/AWSHttp-Swift.h /Users/admin/builder/spi-builder-workspace/.derivedData/Build/Intermediates.noindex/smoke-aws-support.build/Debug-watchos/AWSHttp-t.build/Objects-normal/arm64/AWSHttp-Swift.h /Users/admin/builder/spi-builder-workspace/.derivedData/Build/Intermediates.noindex/smoke-aws-support.build/Debug-watchos/AWSHttp-t.build/Objects-normal/arm64_32/AWSHttp-Swift.h (in target 'AWSHttp' from project 'smoke-aws-support')
cd /Users/admin/builder/spi-builder-workspace/.dependencies/checkouts/smoke-aws-support
builtin-swiftHeaderTool -arch arm64 /Users/admin/builder/spi-builder-workspace/.derivedData/Build/Intermediates.noindex/smoke-aws-support.build/Debug-watchos/AWSHttp-t.build/Objects-normal/arm64/AWSHttp-Swift.h -arch arm64_32 /Users/admin/builder/spi-builder-workspace/.derivedData/Build/Intermediates.noindex/smoke-aws-support.build/Debug-watchos/AWSHttp-t.build/Objects-normal/arm64_32/AWSHttp-Swift.h -o /Users/admin/builder/spi-builder-workspace/.derivedData/Build/Intermediates.noindex/GeneratedModuleMaps-watchos/AWSHttp-Swift.h
Copy /Users/admin/builder/spi-builder-workspace/.derivedData/Build/Products/Debug-watchos/AWSHttp.swiftmodule/arm64_32-apple-watchos.swiftdoc /Users/admin/builder/spi-builder-workspace/.derivedData/Build/Intermediates.noindex/smoke-aws-support.build/Debug-watchos/AWSHttp-t.build/Objects-normal/arm64_32/AWSHttp.swiftdoc (in target 'AWSHttp' from project 'smoke-aws-support')
cd /Users/admin/builder/spi-builder-workspace/.dependencies/checkouts/smoke-aws-support
builtin-copy -exclude .DS_Store -exclude CVS -exclude .svn -exclude .git -exclude .hg -resolve-src-symlinks -rename /Users/admin/builder/spi-builder-workspace/.derivedData/Build/Intermediates.noindex/smoke-aws-support.build/Debug-watchos/AWSHttp-t.build/Objects-normal/arm64_32/AWSHttp.swiftdoc /Users/admin/builder/spi-builder-workspace/.derivedData/Build/Products/Debug-watchos/AWSHttp.swiftmodule/arm64_32-apple-watchos.swiftdoc
Copy /Users/admin/builder/spi-builder-workspace/.derivedData/Build/Products/Debug-watchos/AWSHttp.swiftmodule/arm64_32-apple-watchos.abi.json /Users/admin/builder/spi-builder-workspace/.derivedData/Build/Intermediates.noindex/smoke-aws-support.build/Debug-watchos/AWSHttp-t.build/Objects-normal/arm64_32/AWSHttp.abi.json (in target 'AWSHttp' from project 'smoke-aws-support')
cd /Users/admin/builder/spi-builder-workspace/.dependencies/checkouts/smoke-aws-support
builtin-copy -exclude .DS_Store -exclude CVS -exclude .svn -exclude .git -exclude .hg -resolve-src-symlinks -rename /Users/admin/builder/spi-builder-workspace/.derivedData/Build/Intermediates.noindex/smoke-aws-support.build/Debug-watchos/AWSHttp-t.build/Objects-normal/arm64_32/AWSHttp.abi.json /Users/admin/builder/spi-builder-workspace/.derivedData/Build/Products/Debug-watchos/AWSHttp.swiftmodule/arm64_32-apple-watchos.abi.json
Copy /Users/admin/builder/spi-builder-workspace/.derivedData/Build/Products/Debug-watchos/AWSHttp.swiftmodule/arm64-apple-watchos.swiftmodule /Users/admin/builder/spi-builder-workspace/.derivedData/Build/Intermediates.noindex/smoke-aws-support.build/Debug-watchos/AWSHttp-t.build/Objects-normal/arm64/AWSHttp.swiftmodule (in target 'AWSHttp' from project 'smoke-aws-support')
cd /Users/admin/builder/spi-builder-workspace/.dependencies/checkouts/smoke-aws-support
builtin-copy -exclude .DS_Store -exclude CVS -exclude .svn -exclude .git -exclude .hg -resolve-src-symlinks -rename /Users/admin/builder/spi-builder-workspace/.derivedData/Build/Intermediates.noindex/smoke-aws-support.build/Debug-watchos/AWSHttp-t.build/Objects-normal/arm64/AWSHttp.swiftmodule /Users/admin/builder/spi-builder-workspace/.derivedData/Build/Products/Debug-watchos/AWSHttp.swiftmodule/arm64-apple-watchos.swiftmodule
Copy /Users/admin/builder/spi-builder-workspace/.derivedData/Build/Products/Debug-watchos/AWSHttp.swiftmodule/arm64-apple-watchos.swiftdoc /Users/admin/builder/spi-builder-workspace/.derivedData/Build/Intermediates.noindex/smoke-aws-support.build/Debug-watchos/AWSHttp-t.build/Objects-normal/arm64/AWSHttp.swiftdoc (in target 'AWSHttp' from project 'smoke-aws-support')
cd /Users/admin/builder/spi-builder-workspace/.dependencies/checkouts/smoke-aws-support
builtin-copy -exclude .DS_Store -exclude CVS -exclude .svn -exclude .git -exclude .hg -resolve-src-symlinks -rename /Users/admin/builder/spi-builder-workspace/.derivedData/Build/Intermediates.noindex/smoke-aws-support.build/Debug-watchos/AWSHttp-t.build/Objects-normal/arm64/AWSHttp.swiftdoc /Users/admin/builder/spi-builder-workspace/.derivedData/Build/Products/Debug-watchos/AWSHttp.swiftmodule/arm64-apple-watchos.swiftdoc
Copy /Users/admin/builder/spi-builder-workspace/.derivedData/Build/Products/Debug-watchos/AWSHttp.swiftmodule/arm64-apple-watchos.abi.json /Users/admin/builder/spi-builder-workspace/.derivedData/Build/Intermediates.noindex/smoke-aws-support.build/Debug-watchos/AWSHttp-t.build/Objects-normal/arm64/AWSHttp.abi.json (in target 'AWSHttp' from project 'smoke-aws-support')
cd /Users/admin/builder/spi-builder-workspace/.dependencies/checkouts/smoke-aws-support
builtin-copy -exclude .DS_Store -exclude CVS -exclude .svn -exclude .git -exclude .hg -resolve-src-symlinks -rename /Users/admin/builder/spi-builder-workspace/.derivedData/Build/Intermediates.noindex/smoke-aws-support.build/Debug-watchos/AWSHttp-t.build/Objects-normal/arm64/AWSHttp.abi.json /Users/admin/builder/spi-builder-workspace/.derivedData/Build/Products/Debug-watchos/AWSHttp.swiftmodule/arm64-apple-watchos.abi.json
Copy /Users/admin/builder/spi-builder-workspace/.derivedData/Build/Products/Debug-watchos/AWSHttp.swiftmodule/Project/arm64_32-apple-watchos.swiftsourceinfo /Users/admin/builder/spi-builder-workspace/.derivedData/Build/Intermediates.noindex/smoke-aws-support.build/Debug-watchos/AWSHttp-t.build/Objects-normal/arm64_32/AWSHttp.swiftsourceinfo (in target 'AWSHttp' from project 'smoke-aws-support')
cd /Users/admin/builder/spi-builder-workspace/.dependencies/checkouts/smoke-aws-support
builtin-copy -exclude .DS_Store -exclude CVS -exclude .svn -exclude .git -exclude .hg -resolve-src-symlinks -rename /Users/admin/builder/spi-builder-workspace/.derivedData/Build/Intermediates.noindex/smoke-aws-support.build/Debug-watchos/AWSHttp-t.build/Objects-normal/arm64_32/AWSHttp.swiftsourceinfo /Users/admin/builder/spi-builder-workspace/.derivedData/Build/Products/Debug-watchos/AWSHttp.swiftmodule/Project/arm64_32-apple-watchos.swiftsourceinfo
Copy /Users/admin/builder/spi-builder-workspace/.derivedData/Build/Products/Debug-watchos/AWSHttp.swiftmodule/Project/arm64-apple-watchos.swiftsourceinfo /Users/admin/builder/spi-builder-workspace/.derivedData/Build/Intermediates.noindex/smoke-aws-support.build/Debug-watchos/AWSHttp-t.build/Objects-normal/arm64/AWSHttp.swiftsourceinfo (in target 'AWSHttp' from project 'smoke-aws-support')
cd /Users/admin/builder/spi-builder-workspace/.dependencies/checkouts/smoke-aws-support
builtin-copy -exclude .DS_Store -exclude CVS -exclude .svn -exclude .git -exclude .hg -resolve-src-symlinks -rename /Users/admin/builder/spi-builder-workspace/.derivedData/Build/Intermediates.noindex/smoke-aws-support.build/Debug-watchos/AWSHttp-t.build/Objects-normal/arm64/AWSHttp.swiftsourceinfo /Users/admin/builder/spi-builder-workspace/.derivedData/Build/Products/Debug-watchos/AWSHttp.swiftmodule/Project/arm64-apple-watchos.swiftsourceinfo
SwiftDriverJobDiscovery normal arm64 Compiling MockThrowingClientProtocol+asyncSupport.swift, MockThrowingClientProtocol.swift (in target 'AWSHttp' from project 'smoke-aws-support')
SwiftCompile normal arm64_32 Compiling\ XMLAWSHttpClientDelegate.swift,\ sha256Extensions.swift /Users/admin/builder/spi-builder-workspace/.dependencies/checkouts/smoke-aws-support/Sources/AWSHttp/XMLAWSHttpClientDelegate.swift /Users/admin/builder/spi-builder-workspace/.dependencies/checkouts/smoke-aws-support/Sources/AWSHttp/sha256Extensions.swift (in target 'AWSHttp' from project 'smoke-aws-support')
SwiftCompile normal arm64_32 /Users/admin/builder/spi-builder-workspace/.dependencies/checkouts/smoke-aws-support/Sources/AWSHttp/XMLAWSHttpClientDelegate.swift (in target 'AWSHttp' from project 'smoke-aws-support')
cd /Users/admin/builder/spi-builder-workspace/.swiftpm/xcode
builtin-SwiftPerFileCompile XMLAWSHttpClientDelegate.swift
SwiftCompile normal arm64_32 /Users/admin/builder/spi-builder-workspace/.dependencies/checkouts/smoke-aws-support/Sources/AWSHttp/sha256Extensions.swift (in target 'AWSHttp' from project 'smoke-aws-support')
cd /Users/admin/builder/spi-builder-workspace/.swiftpm/xcode
builtin-SwiftPerFileCompile sha256Extensions.swift
SwiftCompile normal arm64_32 Compiling\ HTTPClientDelegate+requiresTLS.swift,\ HTTPOperationsClient+executeOperations.swift,\ JSONAWSHttpClientDelegate.swift /Users/admin/builder/spi-builder-workspace/.dependencies/checkouts/smoke-aws-support/Sources/AWSHttp/HTTPClientDelegate+requiresTLS.swift /Users/admin/builder/spi-builder-workspace/.dependencies/checkouts/smoke-aws-support/Sources/AWSHttp/HTTPOperationsClient+executeOperations.swift /Users/admin/builder/spi-builder-workspace/.dependencies/checkouts/smoke-aws-support/Sources/AWSHttp/JSONAWSHttpClientDelegate.swift (in target 'AWSHttp' from project 'smoke-aws-support')
SwiftCompile normal arm64_32 /Users/admin/builder/spi-builder-workspace/.dependencies/checkouts/smoke-aws-support/Sources/AWSHttp/HTTPClientDelegate+requiresTLS.swift (in target 'AWSHttp' from project 'smoke-aws-support')
cd /Users/admin/builder/spi-builder-workspace/.swiftpm/xcode
builtin-SwiftPerFileCompile HTTPClientDelegate+requiresTLS.swift
SwiftCompile normal arm64_32 /Users/admin/builder/spi-builder-workspace/.dependencies/checkouts/smoke-aws-support/Sources/AWSHttp/HTTPOperationsClient+executeOperations.swift (in target 'AWSHttp' from project 'smoke-aws-support')
cd /Users/admin/builder/spi-builder-workspace/.swiftpm/xcode
builtin-SwiftPerFileCompile HTTPOperationsClient+executeOperations.swift
SwiftCompile normal arm64_32 /Users/admin/builder/spi-builder-workspace/.dependencies/checkouts/smoke-aws-support/Sources/AWSHttp/JSONAWSHttpClientDelegate.swift (in target 'AWSHttp' from project 'smoke-aws-support')
cd /Users/admin/builder/spi-builder-workspace/.swiftpm/xcode
builtin-SwiftPerFileCompile JSONAWSHttpClientDelegate.swift
SwiftDriverJobDiscovery normal arm64_32 Compiling AWSClientInvocationDelegate.swift, AWSClientInvocationTraceContext.swift, AWSClientProtocol+asyncSupport.swift (in target 'AWSHttp' from project 'smoke-aws-support')
SwiftCompile normal arm64 Compiling\ HTTPClientDelegate+requiresTLS.swift,\ HTTPOperationsClient+executeOperations.swift,\ JSONAWSHttpClientDelegate.swift /Users/admin/builder/spi-builder-workspace/.dependencies/checkouts/smoke-aws-support/Sources/AWSHttp/HTTPClientDelegate+requiresTLS.swift /Users/admin/builder/spi-builder-workspace/.dependencies/checkouts/smoke-aws-support/Sources/AWSHttp/HTTPOperationsClient+executeOperations.swift /Users/admin/builder/spi-builder-workspace/.dependencies/checkouts/smoke-aws-support/Sources/AWSHttp/JSONAWSHttpClientDelegate.swift (in target 'AWSHttp' from project 'smoke-aws-support')
SwiftCompile normal arm64 /Users/admin/builder/spi-builder-workspace/.dependencies/checkouts/smoke-aws-support/Sources/AWSHttp/HTTPClientDelegate+requiresTLS.swift (in target 'AWSHttp' from project 'smoke-aws-support')
cd /Users/admin/builder/spi-builder-workspace/.swiftpm/xcode
builtin-SwiftPerFileCompile HTTPClientDelegate+requiresTLS.swift
SwiftCompile normal arm64 /Users/admin/builder/spi-builder-workspace/.dependencies/checkouts/smoke-aws-support/Sources/AWSHttp/HTTPOperationsClient+executeOperations.swift (in target 'AWSHttp' from project 'smoke-aws-support')
cd /Users/admin/builder/spi-builder-workspace/.swiftpm/xcode
builtin-SwiftPerFileCompile HTTPOperationsClient+executeOperations.swift
SwiftCompile normal arm64 /Users/admin/builder/spi-builder-workspace/.dependencies/checkouts/smoke-aws-support/Sources/AWSHttp/JSONAWSHttpClientDelegate.swift (in target 'AWSHttp' from project 'smoke-aws-support')
cd /Users/admin/builder/spi-builder-workspace/.swiftpm/xcode
builtin-SwiftPerFileCompile JSONAWSHttpClientDelegate.swift
SwiftCompile normal arm64 Compiling\ String+hmac.swift,\ V4Signer.swift /Users/admin/builder/spi-builder-workspace/.dependencies/checkouts/smoke-aws-support/Sources/AWSHttp/String+hmac.swift /Users/admin/builder/spi-builder-workspace/.dependencies/checkouts/smoke-aws-support/Sources/AWSHttp/V4Signer.swift (in target 'AWSHttp' from project 'smoke-aws-support')
SwiftCompile normal arm64 /Users/admin/builder/spi-builder-workspace/.dependencies/checkouts/smoke-aws-support/Sources/AWSHttp/String+hmac.swift (in target 'AWSHttp' from project 'smoke-aws-support')
cd /Users/admin/builder/spi-builder-workspace/.swiftpm/xcode
builtin-SwiftPerFileCompile String+hmac.swift
SwiftCompile normal arm64 /Users/admin/builder/spi-builder-workspace/.dependencies/checkouts/smoke-aws-support/Sources/AWSHttp/V4Signer.swift (in target 'AWSHttp' from project 'smoke-aws-support')
cd /Users/admin/builder/spi-builder-workspace/.swiftpm/xcode
builtin-SwiftPerFileCompile V4Signer.swift
SwiftDriverJobDiscovery normal arm64_32 Compiling String+hmac.swift, V4Signer.swift (in target 'AWSHttp' from project 'smoke-aws-support')
SwiftDriverJobDiscovery normal arm64_32 Compiling HTTPClientDelegate+requiresTLS.swift, HTTPOperationsClient+executeOperations.swift, JSONAWSHttpClientDelegate.swift (in target 'AWSHttp' from project 'smoke-aws-support')
SwiftCompile normal arm64_32 Compiling\ MockClientProtocol+asyncSupport.swift,\ MockClientProtocol.swift /Users/admin/builder/spi-builder-workspace/.dependencies/checkouts/smoke-aws-support/Sources/AWSHttp/MockClientProtocol+asyncSupport.swift /Users/admin/builder/spi-builder-workspace/.dependencies/checkouts/smoke-aws-support/Sources/AWSHttp/MockClientProtocol.swift (in target 'AWSHttp' from project 'smoke-aws-support')
SwiftCompile normal arm64_32 /Users/admin/builder/spi-builder-workspace/.dependencies/checkouts/smoke-aws-support/Sources/AWSHttp/MockClientProtocol+asyncSupport.swift (in target 'AWSHttp' from project 'smoke-aws-support')
cd /Users/admin/builder/spi-builder-workspace/.swiftpm/xcode
builtin-SwiftPerFileCompile MockClientProtocol+asyncSupport.swift
SwiftCompile normal arm64_32 /Users/admin/builder/spi-builder-workspace/.dependencies/checkouts/smoke-aws-support/Sources/AWSHttp/MockClientProtocol.swift (in target 'AWSHttp' from project 'smoke-aws-support')
cd /Users/admin/builder/spi-builder-workspace/.swiftpm/xcode
builtin-SwiftPerFileCompile MockClientProtocol.swift
SwiftCompile normal arm64 Compiling\ MockClientProtocol+asyncSupport.swift,\ MockClientProtocol.swift /Users/admin/builder/spi-builder-workspace/.dependencies/checkouts/smoke-aws-support/Sources/AWSHttp/MockClientProtocol+asyncSupport.swift /Users/admin/builder/spi-builder-workspace/.dependencies/checkouts/smoke-aws-support/Sources/AWSHttp/MockClientProtocol.swift (in target 'AWSHttp' from project 'smoke-aws-support')
SwiftCompile normal arm64 /Users/admin/builder/spi-builder-workspace/.dependencies/checkouts/smoke-aws-support/Sources/AWSHttp/MockClientProtocol+asyncSupport.swift (in target 'AWSHttp' from project 'smoke-aws-support')
cd /Users/admin/builder/spi-builder-workspace/.swiftpm/xcode
builtin-SwiftPerFileCompile MockClientProtocol+asyncSupport.swift
SwiftCompile normal arm64 /Users/admin/builder/spi-builder-workspace/.dependencies/checkouts/smoke-aws-support/Sources/AWSHttp/MockClientProtocol.swift (in target 'AWSHttp' from project 'smoke-aws-support')
cd /Users/admin/builder/spi-builder-workspace/.swiftpm/xcode
builtin-SwiftPerFileCompile MockClientProtocol.swift
SwiftEmitModule normal arm64 Emitting\ module\ for\ ElasticComputeCloudModel (in target 'ElasticComputeCloudModel' from project 'smoke-aws')
SwiftCompile normal arm64 (in target 'ElasticComputeCloudModel' from project 'smoke-aws')
cd /Users/admin/builder/spi-builder-workspace/.swiftpm/xcode
SwiftEmitModule normal arm64_32 Emitting\ module\ for\ ElasticComputeCloudModel (in target 'ElasticComputeCloudModel' from project 'smoke-aws')
SwiftCompile normal arm64_32 (in target 'ElasticComputeCloudModel' from project 'smoke-aws')
cd /Users/admin/builder/spi-builder-workspace/.swiftpm/xcode
SwiftDriverJobDiscovery normal arm64_32 Compiling XMLAWSHttpClientDelegate.swift, sha256Extensions.swift (in target 'AWSHttp' from project 'smoke-aws-support')
SwiftDriverJobDiscovery normal arm64 Compiling HTTPClientDelegate+requiresTLS.swift, HTTPOperationsClient+executeOperations.swift, JSONAWSHttpClientDelegate.swift (in target 'AWSHttp' from project 'smoke-aws-support')
SwiftCompile normal arm64_32 Compiling\ ElasticComputeCloudModelStructures.swift /Users/admin/builder/spi-builder-workspace/Sources/ElasticComputeCloudModel/ElasticComputeCloudModelStructures.swift (in target 'ElasticComputeCloudModel' from project 'smoke-aws')
SwiftCompile normal arm64_32 /Users/admin/builder/spi-builder-workspace/Sources/ElasticComputeCloudModel/ElasticComputeCloudModelStructures.swift (in target 'ElasticComputeCloudModel' from project 'smoke-aws')
cd /Users/admin/builder/spi-builder-workspace/.swiftpm/xcode
builtin-SwiftPerFileCompile ElasticComputeCloudModelStructures.swift
SwiftDriverJobDiscovery normal arm64 Compiling String+hmac.swift, V4Signer.swift (in target 'AWSHttp' from project 'smoke-aws-support')
SwiftCompile normal arm64 Compiling\ ElasticComputeCloudModelStructures.swift /Users/admin/builder/spi-builder-workspace/Sources/ElasticComputeCloudModel/ElasticComputeCloudModelStructures.swift (in target 'ElasticComputeCloudModel' from project 'smoke-aws')
SwiftCompile normal arm64 /Users/admin/builder/spi-builder-workspace/Sources/ElasticComputeCloudModel/ElasticComputeCloudModelStructures.swift (in target 'ElasticComputeCloudModel' from project 'smoke-aws')
cd /Users/admin/builder/spi-builder-workspace/.swiftpm/xcode
builtin-SwiftPerFileCompile ElasticComputeCloudModelStructures.swift
SwiftDriverJobDiscovery normal arm64_32 Compiling MockClientProtocol+asyncSupport.swift, MockClientProtocol.swift (in target 'AWSHttp' from project 'smoke-aws-support')
SwiftCompile normal arm64 Compiling\ DataAWSHttpClientDelegate.swift,\ FormEncodedXMLAWSHttpClientDelegate.swift,\ HTTPClientDelegate+getErrorFromResponseAndBody.swift /Users/admin/builder/spi-builder-workspace/.dependencies/checkouts/smoke-aws-support/Sources/AWSHttp/DataAWSHttpClientDelegate.swift /Users/admin/builder/spi-builder-workspace/.dependencies/checkouts/smoke-aws-support/Sources/AWSHttp/FormEncodedXMLAWSHttpClientDelegate.swift /Users/admin/builder/spi-builder-workspace/.dependencies/checkouts/smoke-aws-support/Sources/AWSHttp/HTTPClientDelegate+getErrorFromResponseAndBody.swift (in target 'AWSHttp' from project 'smoke-aws-support')
SwiftCompile normal arm64 /Users/admin/builder/spi-builder-workspace/.dependencies/checkouts/smoke-aws-support/Sources/AWSHttp/DataAWSHttpClientDelegate.swift (in target 'AWSHttp' from project 'smoke-aws-support')
cd /Users/admin/builder/spi-builder-workspace/.swiftpm/xcode
builtin-SwiftPerFileCompile DataAWSHttpClientDelegate.swift
SwiftCompile normal arm64 /Users/admin/builder/spi-builder-workspace/.dependencies/checkouts/smoke-aws-support/Sources/AWSHttp/FormEncodedXMLAWSHttpClientDelegate.swift (in target 'AWSHttp' from project 'smoke-aws-support')
cd /Users/admin/builder/spi-builder-workspace/.swiftpm/xcode
builtin-SwiftPerFileCompile FormEncodedXMLAWSHttpClientDelegate.swift
SwiftCompile normal arm64 /Users/admin/builder/spi-builder-workspace/.dependencies/checkouts/smoke-aws-support/Sources/AWSHttp/HTTPClientDelegate+getErrorFromResponseAndBody.swift (in target 'AWSHttp' from project 'smoke-aws-support')
cd /Users/admin/builder/spi-builder-workspace/.swiftpm/xcode
builtin-SwiftPerFileCompile HTTPClientDelegate+getErrorFromResponseAndBody.swift
SwiftCompile normal arm64_32 Compiling\ DataAWSHttpClientDelegate.swift,\ FormEncodedXMLAWSHttpClientDelegate.swift,\ HTTPClientDelegate+getErrorFromResponseAndBody.swift /Users/admin/builder/spi-builder-workspace/.dependencies/checkouts/smoke-aws-support/Sources/AWSHttp/DataAWSHttpClientDelegate.swift /Users/admin/builder/spi-builder-workspace/.dependencies/checkouts/smoke-aws-support/Sources/AWSHttp/FormEncodedXMLAWSHttpClientDelegate.swift /Users/admin/builder/spi-builder-workspace/.dependencies/checkouts/smoke-aws-support/Sources/AWSHttp/HTTPClientDelegate+getErrorFromResponseAndBody.swift (in target 'AWSHttp' from project 'smoke-aws-support')
SwiftCompile normal arm64_32 /Users/admin/builder/spi-builder-workspace/.dependencies/checkouts/smoke-aws-support/Sources/AWSHttp/DataAWSHttpClientDelegate.swift (in target 'AWSHttp' from project 'smoke-aws-support')
cd /Users/admin/builder/spi-builder-workspace/.swiftpm/xcode
builtin-SwiftPerFileCompile DataAWSHttpClientDelegate.swift
SwiftCompile normal arm64_32 /Users/admin/builder/spi-builder-workspace/.dependencies/checkouts/smoke-aws-support/Sources/AWSHttp/FormEncodedXMLAWSHttpClientDelegate.swift (in target 'AWSHttp' from project 'smoke-aws-support')
cd /Users/admin/builder/spi-builder-workspace/.swiftpm/xcode
builtin-SwiftPerFileCompile FormEncodedXMLAWSHttpClientDelegate.swift
SwiftCompile normal arm64_32 /Users/admin/builder/spi-builder-workspace/.dependencies/checkouts/smoke-aws-support/Sources/AWSHttp/HTTPClientDelegate+getErrorFromResponseAndBody.swift (in target 'AWSHttp' from project 'smoke-aws-support')
cd /Users/admin/builder/spi-builder-workspace/.swiftpm/xcode
builtin-SwiftPerFileCompile HTTPClientDelegate+getErrorFromResponseAndBody.swift
SwiftDriverJobDiscovery normal arm64 Compiling MockClientProtocol+asyncSupport.swift, MockClientProtocol.swift (in target 'AWSHttp' from project 'smoke-aws-support')
SwiftCompile normal arm64 Compiling\ XMLAWSHttpClientDelegate.swift,\ sha256Extensions.swift /Users/admin/builder/spi-builder-workspace/.dependencies/checkouts/smoke-aws-support/Sources/AWSHttp/XMLAWSHttpClientDelegate.swift /Users/admin/builder/spi-builder-workspace/.dependencies/checkouts/smoke-aws-support/Sources/AWSHttp/sha256Extensions.swift (in target 'AWSHttp' from project 'smoke-aws-support')
SwiftCompile normal arm64 /Users/admin/builder/spi-builder-workspace/.dependencies/checkouts/smoke-aws-support/Sources/AWSHttp/XMLAWSHttpClientDelegate.swift (in target 'AWSHttp' from project 'smoke-aws-support')
cd /Users/admin/builder/spi-builder-workspace/.swiftpm/xcode
builtin-SwiftPerFileCompile XMLAWSHttpClientDelegate.swift
SwiftCompile normal arm64 /Users/admin/builder/spi-builder-workspace/.dependencies/checkouts/smoke-aws-support/Sources/AWSHttp/sha256Extensions.swift (in target 'AWSHttp' from project 'smoke-aws-support')
cd /Users/admin/builder/spi-builder-workspace/.swiftpm/xcode
builtin-SwiftPerFileCompile sha256Extensions.swift
SwiftCompile normal arm64 Compiling\ AWSClientInvocationDelegate.swift,\ AWSClientInvocationTraceContext.swift,\ AWSClientProtocol+asyncSupport.swift /Users/admin/builder/spi-builder-workspace/.dependencies/checkouts/smoke-aws-support/Sources/AWSHttp/AWSClientInvocationDelegate.swift /Users/admin/builder/spi-builder-workspace/.dependencies/checkouts/smoke-aws-support/Sources/AWSHttp/AWSClientInvocationTraceContext.swift /Users/admin/builder/spi-builder-workspace/.dependencies/checkouts/smoke-aws-support/Sources/AWSHttp/AWSClientProtocol+asyncSupport.swift (in target 'AWSHttp' from project 'smoke-aws-support')
SwiftCompile normal arm64 /Users/admin/builder/spi-builder-workspace/.dependencies/checkouts/smoke-aws-support/Sources/AWSHttp/AWSClientInvocationDelegate.swift (in target 'AWSHttp' from project 'smoke-aws-support')
cd /Users/admin/builder/spi-builder-workspace/.swiftpm/xcode
builtin-SwiftPerFileCompile AWSClientInvocationDelegate.swift
SwiftCompile normal arm64 /Users/admin/builder/spi-builder-workspace/.dependencies/checkouts/smoke-aws-support/Sources/AWSHttp/AWSClientInvocationTraceContext.swift (in target 'AWSHttp' from project 'smoke-aws-support')
cd /Users/admin/builder/spi-builder-workspace/.swiftpm/xcode
builtin-SwiftPerFileCompile AWSClientInvocationTraceContext.swift
SwiftCompile normal arm64 /Users/admin/builder/spi-builder-workspace/.dependencies/checkouts/smoke-aws-support/Sources/AWSHttp/AWSClientProtocol+asyncSupport.swift (in target 'AWSHttp' from project 'smoke-aws-support')
cd /Users/admin/builder/spi-builder-workspace/.swiftpm/xcode
builtin-SwiftPerFileCompile AWSClientProtocol+asyncSupport.swift
SwiftEmitModule normal arm64_32 Emitting\ module\ for\ SmokeHTTPClient (in target 'SmokeHTTPClient' from project 'smoke-http')
SwiftCompile normal arm64_32 (in target 'SmokeHTTPClient' from project 'smoke-http')
cd /Users/admin/builder/spi-builder-workspace/.swiftpm/xcode
SwiftEmitModule normal arm64 Emitting\ module\ for\ SmokeHTTPClient (in target 'SmokeHTTPClient' from project 'smoke-http')
SwiftCompile normal arm64 (in target 'SmokeHTTPClient' from project 'smoke-http')
cd /Users/admin/builder/spi-builder-workspace/.swiftpm/xcode
SwiftCompile normal arm64 Compiling\ HTTPRequestInputProtocol.swift,\ HTTPResponseComponents.swift /Users/admin/builder/spi-builder-workspace/.dependencies/checkouts/smoke-http/Sources/SmokeHTTPClient/HTTPRequestInputProtocol.swift /Users/admin/builder/spi-builder-workspace/.dependencies/checkouts/smoke-http/Sources/SmokeHTTPClient/HTTPResponseComponents.swift (in target 'SmokeHTTPClient' from project 'smoke-http')
SwiftCompile normal arm64 /Users/admin/builder/spi-builder-workspace/.dependencies/checkouts/smoke-http/Sources/SmokeHTTPClient/HTTPRequestInputProtocol.swift (in target 'SmokeHTTPClient' from project 'smoke-http')
cd /Users/admin/builder/spi-builder-workspace/.swiftpm/xcode
builtin-SwiftPerFileCompile HTTPRequestInputProtocol.swift
SwiftCompile normal arm64 /Users/admin/builder/spi-builder-workspace/.dependencies/checkouts/smoke-http/Sources/SmokeHTTPClient/HTTPResponseComponents.swift (in target 'SmokeHTTPClient' from project 'smoke-http')
cd /Users/admin/builder/spi-builder-workspace/.swiftpm/xcode
builtin-SwiftPerFileCompile HTTPResponseComponents.swift
SwiftDriverJobDiscovery normal arm64 Compiling DataAWSHttpClientDelegate.swift, FormEncodedXMLAWSHttpClientDelegate.swift, HTTPClientDelegate+getErrorFromResponseAndBody.swift (in target 'AWSHttp' from project 'smoke-aws-support')
SwiftCompile normal arm64_32 Compiling\ HTTPOperationsClient+executeRetriableWithoutOutput.swift,\ HTTPOperationsClient+executeWithOutput.swift,\ HTTPOperationsClient+executeWithoutOutput.swift /Users/admin/builder/spi-builder-workspace/.dependencies/checkouts/smoke-http/Sources/SmokeHTTPClient/HTTPOperationsClient+executeRetriableWithoutOutput.swift /Users/admin/builder/spi-builder-workspace/.dependencies/checkouts/smoke-http/Sources/SmokeHTTPClient/HTTPOperationsClient+executeWithOutput.swift /Users/admin/builder/spi-builder-workspace/.dependencies/checkouts/smoke-http/Sources/SmokeHTTPClient/HTTPOperationsClient+executeWithoutOutput.swift (in target 'SmokeHTTPClient' from project 'smoke-http')
SwiftCompile normal arm64_32 /Users/admin/builder/spi-builder-workspace/.dependencies/checkouts/smoke-http/Sources/SmokeHTTPClient/HTTPOperationsClient+executeRetriableWithoutOutput.swift (in target 'SmokeHTTPClient' from project 'smoke-http')
cd /Users/admin/builder/spi-builder-workspace/.swiftpm/xcode
builtin-SwiftPerFileCompile HTTPOperationsClient+executeRetriableWithoutOutput.swift
SwiftCompile normal arm64_32 /Users/admin/builder/spi-builder-workspace/.dependencies/checkouts/smoke-http/Sources/SmokeHTTPClient/HTTPOperationsClient+executeWithOutput.swift (in target 'SmokeHTTPClient' from project 'smoke-http')
cd /Users/admin/builder/spi-builder-workspace/.swiftpm/xcode
builtin-SwiftPerFileCompile HTTPOperationsClient+executeWithOutput.swift
SwiftCompile normal arm64_32 /Users/admin/builder/spi-builder-workspace/.dependencies/checkouts/smoke-http/Sources/SmokeHTTPClient/HTTPOperationsClient+executeWithoutOutput.swift (in target 'SmokeHTTPClient' from project 'smoke-http')
cd /Users/admin/builder/spi-builder-workspace/.swiftpm/xcode
builtin-SwiftPerFileCompile HTTPOperationsClient+executeWithoutOutput.swift
SwiftDriverJobDiscovery normal arm64_32 Compiling DataAWSHttpClientDelegate.swift, FormEncodedXMLAWSHttpClientDelegate.swift, HTTPClientDelegate+getErrorFromResponseAndBody.swift (in target 'AWSHttp' from project 'smoke-aws-support')
SwiftCompile normal arm64_32 Compiling\ HTTPOperationsClient\ +executeAsyncWithOutput.swift,\ HTTPOperationsClient\ +executeAsyncWithoutOutput.swift,\ HTTPOperationsClient\ +executeSyncRetriableWithOutput.swift /Users/admin/builder/spi-builder-workspace/.dependencies/checkouts/smoke-http/Sources/SmokeHTTPClient/HTTPOperationsClient\ +executeAsyncWithOutput.swift /Users/admin/builder/spi-builder-workspace/.dependencies/checkouts/smoke-http/Sources/SmokeHTTPClient/HTTPOperationsClient\ +executeAsyncWithoutOutput.swift /Users/admin/builder/spi-builder-workspace/.dependencies/checkouts/smoke-http/Sources/SmokeHTTPClient/HTTPOperationsClient\ +executeSyncRetriableWithOutput.swift (in target 'SmokeHTTPClient' from project 'smoke-http')
SwiftCompile normal arm64_32 /Users/admin/builder/spi-builder-workspace/.dependencies/checkouts/smoke-http/Sources/SmokeHTTPClient/HTTPOperationsClient\ +executeAsyncWithOutput.swift (in target 'SmokeHTTPClient' from project 'smoke-http')
cd /Users/admin/builder/spi-builder-workspace/.swiftpm/xcode
builtin-SwiftPerFileCompile HTTPOperationsClient\ +executeAsyncWithOutput.swift
SwiftCompile normal arm64_32 /Users/admin/builder/spi-builder-workspace/.dependencies/checkouts/smoke-http/Sources/SmokeHTTPClient/HTTPOperationsClient\ +executeAsyncWithoutOutput.swift (in target 'SmokeHTTPClient' from project 'smoke-http')
cd /Users/admin/builder/spi-builder-workspace/.swiftpm/xcode
builtin-SwiftPerFileCompile HTTPOperationsClient\ +executeAsyncWithoutOutput.swift
SwiftCompile normal arm64_32 /Users/admin/builder/spi-builder-workspace/.dependencies/checkouts/smoke-http/Sources/SmokeHTTPClient/HTTPOperationsClient\ +executeSyncRetriableWithOutput.swift (in target 'SmokeHTTPClient' from project 'smoke-http')
cd /Users/admin/builder/spi-builder-workspace/.swiftpm/xcode
builtin-SwiftPerFileCompile HTTPOperationsClient\ +executeSyncRetriableWithOutput.swift
SwiftDriverJobDiscovery normal arm64 Compiling AWSClientInvocationDelegate.swift, AWSClientInvocationTraceContext.swift, AWSClientProtocol+asyncSupport.swift (in target 'AWSHttp' from project 'smoke-aws-support')
SwiftCompile normal arm64_32 Compiling\ HTTPOperationsClient.swift,\ HttpClientError.swift,\ InvocationTraceContext.swift /Users/admin/builder/spi-builder-workspace/.dependencies/checkouts/smoke-http/Sources/SmokeHTTPClient/HTTPOperationsClient.swift /Users/admin/builder/spi-builder-workspace/.dependencies/checkouts/smoke-http/Sources/SmokeHTTPClient/HttpClientError.swift /Users/admin/builder/spi-builder-workspace/.dependencies/checkouts/smoke-http/Sources/SmokeHTTPClient/InvocationTraceContext.swift (in target 'SmokeHTTPClient' from project 'smoke-http')
SwiftCompile normal arm64_32 /Users/admin/builder/spi-builder-workspace/.dependencies/checkouts/smoke-http/Sources/SmokeHTTPClient/HTTPOperationsClient.swift (in target 'SmokeHTTPClient' from project 'smoke-http')
cd /Users/admin/builder/spi-builder-workspace/.swiftpm/xcode
builtin-SwiftPerFileCompile HTTPOperationsClient.swift
SwiftCompile normal arm64_32 /Users/admin/builder/spi-builder-workspace/.dependencies/checkouts/smoke-http/Sources/SmokeHTTPClient/HttpClientError.swift (in target 'SmokeHTTPClient' from project 'smoke-http')
cd /Users/admin/builder/spi-builder-workspace/.swiftpm/xcode
builtin-SwiftPerFileCompile HttpClientError.swift
SwiftCompile normal arm64_32 /Users/admin/builder/spi-builder-workspace/.dependencies/checkouts/smoke-http/Sources/SmokeHTTPClient/InvocationTraceContext.swift (in target 'SmokeHTTPClient' from project 'smoke-http')
cd /Users/admin/builder/spi-builder-workspace/.swiftpm/xcode
builtin-SwiftPerFileCompile InvocationTraceContext.swift
SwiftDriverJobDiscovery normal arm64 Compiling XMLAWSHttpClientDelegate.swift, sha256Extensions.swift (in target 'AWSHttp' from project 'smoke-aws-support')
SwiftCompile normal arm64_32 Compiling\ HTTPOperationsClient+executeAsEventLoopFutureWithoutOutput.swift,\ HTTPOperationsClient+executeAsyncRetriableWithoutOutput.swift,\ HTTPOperationsClient+executeRetriableWithOutput.swift /Users/admin/builder/spi-builder-workspace/.dependencies/checkouts/smoke-http/Sources/SmokeHTTPClient/HTTPOperationsClient+executeAsEventLoopFutureWithoutOutput.swift /Users/admin/builder/spi-builder-workspace/.dependencies/checkouts/smoke-http/Sources/SmokeHTTPClient/HTTPOperationsClient+executeAsyncRetriableWithoutOutput.swift /Users/admin/builder/spi-builder-workspace/.dependencies/checkouts/smoke-http/Sources/SmokeHTTPClient/HTTPOperationsClient+executeRetriableWithOutput.swift (in target 'SmokeHTTPClient' from project 'smoke-http')
SwiftCompile normal arm64_32 /Users/admin/builder/spi-builder-workspace/.dependencies/checkouts/smoke-http/Sources/SmokeHTTPClient/HTTPOperationsClient+executeAsEventLoopFutureWithoutOutput.swift (in target 'SmokeHTTPClient' from project 'smoke-http')
cd /Users/admin/builder/spi-builder-workspace/.swiftpm/xcode
builtin-SwiftPerFileCompile HTTPOperationsClient+executeAsEventLoopFutureWithoutOutput.swift
SwiftCompile normal arm64_32 /Users/admin/builder/spi-builder-workspace/.dependencies/checkouts/smoke-http/Sources/SmokeHTTPClient/HTTPOperationsClient+executeAsyncRetriableWithoutOutput.swift (in target 'SmokeHTTPClient' from project 'smoke-http')
cd /Users/admin/builder/spi-builder-workspace/.swiftpm/xcode
builtin-SwiftPerFileCompile HTTPOperationsClient+executeAsyncRetriableWithoutOutput.swift
SwiftCompile normal arm64_32 /Users/admin/builder/spi-builder-workspace/.dependencies/checkouts/smoke-http/Sources/SmokeHTTPClient/HTTPOperationsClient+executeRetriableWithOutput.swift (in target 'SmokeHTTPClient' from project 'smoke-http')
cd /Users/admin/builder/spi-builder-workspace/.swiftpm/xcode
builtin-SwiftPerFileCompile HTTPOperationsClient+executeRetriableWithOutput.swift
SwiftCompile normal arm64_32 Compiling\ HTTPOperationsClient\ +executeSyncRetriableWithoutOutput.swift,\ HTTPOperationsClient\ +executeSyncWithOutput.swift,\ HTTPOperationsClient\ +executeSyncWithoutOutput.swift /Users/admin/builder/spi-builder-workspace/.dependencies/checkouts/smoke-http/Sources/SmokeHTTPClient/HTTPOperationsClient\ +executeSyncRetriableWithoutOutput.swift /Users/admin/builder/spi-builder-workspace/.dependencies/checkouts/smoke-http/Sources/SmokeHTTPClient/HTTPOperationsClient\ +executeSyncWithOutput.swift /Users/admin/builder/spi-builder-workspace/.dependencies/checkouts/smoke-http/Sources/SmokeHTTPClient/HTTPOperationsClient\ +executeSyncWithoutOutput.swift (in target 'SmokeHTTPClient' from project 'smoke-http')
SwiftCompile normal arm64_32 /Users/admin/builder/spi-builder-workspace/.dependencies/checkouts/smoke-http/Sources/SmokeHTTPClient/HTTPOperationsClient\ +executeSyncRetriableWithoutOutput.swift (in target 'SmokeHTTPClient' from project 'smoke-http')
cd /Users/admin/builder/spi-builder-workspace/.swiftpm/xcode
builtin-SwiftPerFileCompile HTTPOperationsClient\ +executeSyncRetriableWithoutOutput.swift
SwiftCompile normal arm64_32 /Users/admin/builder/spi-builder-workspace/.dependencies/checkouts/smoke-http/Sources/SmokeHTTPClient/HTTPOperationsClient\ +executeSyncWithOutput.swift (in target 'SmokeHTTPClient' from project 'smoke-http')
cd /Users/admin/builder/spi-builder-workspace/.swiftpm/xcode
builtin-SwiftPerFileCompile HTTPOperationsClient\ +executeSyncWithOutput.swift
SwiftCompile normal arm64_32 /Users/admin/builder/spi-builder-workspace/.dependencies/checkouts/smoke-http/Sources/SmokeHTTPClient/HTTPOperationsClient\ +executeSyncWithoutOutput.swift (in target 'SmokeHTTPClient' from project 'smoke-http')
cd /Users/admin/builder/spi-builder-workspace/.swiftpm/xcode
builtin-SwiftPerFileCompile HTTPOperationsClient\ +executeSyncWithoutOutput.swift
SwiftCompile normal arm64_32 Compiling\ HTTPClientCoreInvocationReporting.swift,\ HTTPClientDelegate.swift,\ HTTPClientRetryConfiguration.swift /Users/admin/builder/spi-builder-workspace/.dependencies/checkouts/smoke-http/Sources/SmokeHTTPClient/HTTPClientCoreInvocationReporting.swift /Users/admin/builder/spi-builder-workspace/.dependencies/checkouts/smoke-http/Sources/SmokeHTTPClient/HTTPClientDelegate.swift /Users/admin/builder/spi-builder-workspace/.dependencies/checkouts/smoke-http/Sources/SmokeHTTPClient/HTTPClientRetryConfiguration.swift (in target 'SmokeHTTPClient' from project 'smoke-http')
/Users/admin/builder/spi-builder-workspace/.dependencies/checkouts/smoke-http/Sources/SmokeHTTPClient/HTTPClientDelegate.swift:75:63: error: ambiguous use of 'none'
73 | // To help debugging, turn off certificate verification when locally calling.
74 | #if DEBUG
75 | let certificateVerification = CertificateVerification.none
| `- error: ambiguous use of 'none'
76 | #else
77 | let certificateVerification = CertificateVerification.fullVerification
NIOSSL.CertificateVerification.none:2:19: note: found this candidate in module 'NIOSSL'
1 | enum CertificateVerification {
2 | public static var none: NIOSSL.CertificateVerification { get }}
| `- note: found this candidate in module 'NIOSSL'
3 |
NIOSSL.CertificateVerification.none:2:6: note: found this candidate in module 'NIOSSL'
1 | enum CertificateVerification {
2 | case none(NIOSSL.CertificateVerification.NoneOptions)}
| `- note: found this candidate in module 'NIOSSL'
3 |
Failed frontend command:
/Applications/Xcode-27.0.0-Release.Candidate.app/Contents/Developer/Toolchains/XcodeDefault.xctoolchain/usr/bin/swift-frontend -frontend -c /Users/admin/builder/spi-builder-workspace/.dependencies/checkouts/smoke-http/Sources/SmokeHTTPClient/AsyncResponseInvocationStrategy.swift /Users/admin/builder/spi-builder-workspace/.dependencies/checkouts/smoke-http/Sources/SmokeHTTPClient/BodyHTTPRequestInput.swift /Users/admin/builder/spi-builder-workspace/.dependencies/checkouts/smoke-http/Sources/SmokeHTTPClient/GlobalDispatchQueueAsyncResponseInvocationStrategy.swift -primary-file /Users/admin/builder/spi-builder-workspace/.dependencies/checkouts/smoke-http/Sources/SmokeHTTPClient/HTTPClientCoreInvocationReporting.swift -primary-file /Users/admin/builder/spi-builder-workspace/.dependencies/checkouts/smoke-http/Sources/SmokeHTTPClient/HTTPClientDelegate.swift /Users/admin/builder/spi-builder-workspace/.dependencies/checkouts/smoke-http/Sources/SmokeHTTPClient/HTTPClientInnerRetryInvocationReporting.swift /Users/admin/builder/spi-builder-workspace/.dependencies/checkouts/smoke-http/Sources/SmokeHTTPClient/HTTPClientInvocationContext.swift /Users/admin/builder/spi-builder-workspace/.dependencies/checkouts/smoke-http/Sources/SmokeHTTPClient/HTTPClientInvocationDelegate.swift /Users/admin/builder/spi-builder-workspace/.dependencies/checkouts/smoke-http/Sources/SmokeHTTPClient/HTTPClientInvocationReporting.swift /Users/admin/builder/spi-builder-workspace/.dependencies/checkouts/smoke-http/Sources/SmokeHTTPClient/HTTPClientReportingConfiguration.swift -primary-file /Users/admin/builder/spi-builder-workspace/.dependencies/checkouts/smoke-http/Sources/SmokeHTTPClient/HTTPClientRetryConfiguration.swift /Users/admin/builder/spi-builder-workspace/.dependencies/checkouts/smoke-http/Sources/SmokeHTTPClient/HTTPError.swift /Users/admin/builder/spi-builder-workspace/.dependencies/checkouts/smoke-http/Sources/SmokeHTTPClient/HTTPInvocationClient.swift /Users/admin/builder/spi-builder-workspace/.dependencies/checkouts/smoke-http/Sources/SmokeHTTPClient/HTTPOperationsClient\ +executeAsyncRetriableWithOutput.swift /Users/admin/builder/spi-builder-workspace/.dependencies/checkouts/smoke-http/Sources/SmokeHTTPClient/HTTPOperationsClient\ +executeAsyncWithOutput.swift /Users/admin/builder/spi-builder-workspace/.dependencies/checkouts/smoke-http/Sources/SmokeHTTPClient/HTTPOperationsClient\ +executeAsyncWithoutOutput.swift /Users/admin/builder/spi-builder-workspace/.dependencies/checkouts/smoke-http/Sources/SmokeHTTPClient/HTTPOperationsClient\ +executeSyncRetriableWithOutput.swift /Users/admin/builder/spi-builder-workspace/.dependencies/checkouts/smoke-http/Sources/SmokeHTTPClient/HTTPOperationsClient\ +executeSyncRetriableWithoutOutput.swift /Users/admin/builder/spi-builder-workspace/.dependencies/checkouts/smoke-http/Sources/SmokeHTTPClient/HTTPOperationsClient\ +executeSyncWithOutput.swift /Users/admin/builder/spi-builder-workspace/.dependencies/checkouts/smoke-http/Sources/SmokeHTTPClient/HTTPOperationsClient\ +executeSyncWithoutOutput.swift /Users/admin/builder/spi-builder-workspace/.dependencies/checkouts/smoke-http/Sources/SmokeHTTPClient/HTTPOperationsClient+executeAsEventLoopFutureRetriableWithOutput.swift /Users/admin/builder/spi-builder-workspace/.dependencies/checkouts/smoke-http/Sources/SmokeHTTPClient/HTTPOperationsClient+executeAsEventLoopFutureRetriableWithoutOutput.swift /Users/admin/builder/spi-builder-workspace/.dependencies/checkouts/smoke-http/Sources/SmokeHTTPClient/HTTPOperationsClient+executeAsEventLoopFutureWithOutput.swift /Users/admin/builder/spi-builder-workspace/.dependencies/checkouts/smoke-http/Sources/SmokeHTTPClient/HTTPOperationsClient+executeAsEventLoopFutureWithoutOutput.swift /Users/admin/builder/spi-builder-workspace/.dependencies/checkouts/smoke-http/Sources/SmokeHTTPClient/HTTPOperationsClient+executeAsyncRetriableWithoutOutput.swift /Users/admin/builder/spi-builder-workspace/.dependencies/checkouts/smoke-http/Sources/SmokeHTTPClient/HTTPOperationsClient+executeRetriableWithOutput.swift /Users/admin/builder/spi-builder-workspace/.dependencies/checkouts/smoke-http/Sources/SmokeHTTPClient/HTTPOperationsClient+executeRetriableWithoutOutput.swift /Users/admin/builder/spi-builder-workspace/.dependencies/checkouts/smoke-http/Sources/SmokeHTTPClient/HTTPOperationsClient+executeWithOutput.swift /Users/admin/builder/spi-builder-workspace/.dependencies/checkouts/smoke-http/Sources/SmokeHTTPClient/HTTPOperationsClient+executeWithoutOutput.swift /Users/admin/builder/spi-builder-workspace/.dependencies/checkouts/smoke-http/Sources/SmokeHTTPClient/HTTPOperationsClient.swift /Users/admin/builder/spi-builder-workspace/.dependencies/checkouts/smoke-http/Sources/SmokeHTTPClient/HTTPRequestComponents.swift /Users/admin/builder/spi-builder-workspace/.dependencies/checkouts/smoke-http/Sources/SmokeHTTPClient/HTTPRequestInput.swift /Users/admin/builder/spi-builder-workspace/.dependencies/checkouts/smoke-http/Sources/SmokeHTTPClient/HTTPRequestInputProtocol.swift /Users/admin/builder/spi-builder-workspace/.dependencies/checkouts/smoke-http/Sources/SmokeHTTPClient/HTTPResponseComponents.swift /Users/admin/builder/spi-builder-workspace/.dependencies/checkouts/smoke-http/Sources/SmokeHTTPClient/HTTPResponseOutputProtocol.swift /Users/admin/builder/spi-builder-workspace/.dependencies/checkouts/smoke-http/Sources/SmokeHTTPClient/HttpClientError.swift /Users/admin/builder/spi-builder-workspace/.dependencies/checkouts/smoke-http/Sources/SmokeHTTPClient/InvocationTraceContext.swift /Users/admin/builder/spi-builder-workspace/.dependencies/checkouts/smoke-http/Sources/SmokeHTTPClient/MockCoreInvocationReporting.swift /Users/admin/builder/spi-builder-workspace/.dependencies/checkouts/smoke-http/Sources/SmokeHTTPClient/MockHTTPClient.swift /Users/admin/builder/spi-builder-workspace/.dependencies/checkouts/smoke-http/Sources/SmokeHTTPClient/MockHTTPInvocationClient.swift /Users/admin/builder/spi-builder-workspace/.dependencies/checkouts/smoke-http/Sources/SmokeHTTPClient/MockInvocationTraceContext.swift /Users/admin/builder/spi-builder-workspace/.dependencies/checkouts/smoke-http/Sources/SmokeHTTPClient/NoHTTPRequestInput.swift /Users/admin/builder/spi-builder-workspace/.dependencies/checkouts/smoke-http/Sources/SmokeHTTPClient/QueryHTTPRequestInput.swift /Users/admin/builder/spi-builder-workspace/.dependencies/checkouts/smoke-http/Sources/SmokeHTTPClient/RetriableOutwardsRequestLatencyAggregator.swift /Users/admin/builder/spi-builder-workspace/.dependencies/checkouts/smoke-http/Sources/SmokeHTTPClient/SameThreadAsyncResponseInvocationStrategy.swift /Users/admin/builder/spi-builder-workspace/.dependencies/checkouts/smoke-http/Sources/SmokeHTTPClient/StandardHTTPClientCoreInvocationReporting.swift /Users/admin/builder/spi-builder-workspace/.dependencies/checkouts/smoke-http/Sources/SmokeHTTPClient/StandardHTTPClientInvocationReporting.swift /Users/admin/builder/spi-builder-workspace/.dependencies/checkouts/smoke-http/Sources/SmokeHTTPClient/TestEventLoopProvider.swift -supplementary-output-file-map /Users/admin/builder/spi-builder-workspace/.derivedData/Build/Intermediates.noindex/smoke-http.build/Debug-watchos/SmokeHTTPClient-t.build/Objects-normal/arm64_32/supplementaryOutputs-12 -target arm64_32-apple-watchos9.0 -module-can-import-version _Concurrency 6.4.0.31 0 -disable-cross-import-overlay-search -swift-module-cross-import Darwin /Applications/Xcode-27.0.0-Release.Candidate.app/Contents/Developer/Platforms/WatchOS.platform/Developer/SDKs/WatchOS.sdk/usr/include/Darwin.swiftcrossimport/xlocale.swiftoverlay -load-resolved-plugin /Applications/Xcode-27.0.0-Release.Candidate.app/Contents/Developer/Platforms/WatchOS.platform/Developer/usr/lib/swift/host/plugins/libFoundationMacros.dylib\#/Applications/Xcode-27.0.0-Release.Candidate.app/Contents/Developer/Platforms/WatchOS.platform/Developer/usr/bin/swift-plugin-server\#FoundationMacros -load-resolved-plugin /Applications/Xcode-27.0.0-Release.Candidate.app/Contents/Developer/Platforms/WatchOS.platform/Developer/usr/lib/swift/host/plugins/libObservationMacros.dylib\#/Applications/Xcode-27.0.0-Release.Candidate.app/Contents/Developer/Platforms/WatchOS.platform/Developer/usr/bin/swift-plugin-server\#ObservationMacros -load-resolved-plugin /Applications/Xcode-27.0.0-Release.Candidate.app/Contents/Developer/Platforms/WatchOS.platform/Developer/usr/lib/swift/host/plugins/libSwiftMacros.dylib\#/Applications/Xcode-27.0.0-Release.Candidate.app/Contents/Developer/Platforms/WatchOS.platform/Developer/usr/bin/swift-plugin-server\#SwiftMacros -disable-implicit-swift-modules -Xcc -fno-implicit-modules -Xcc -fno-implicit-module-maps -explicit-swift-module-map-file /Users/admin/builder/spi-builder-workspace/.derivedData/Build/Intermediates.noindex/smoke-http.build/Debug-watchos/SmokeHTTPClient-t.build/Objects-normal/arm64_32/SmokeHTTPClient-dependencies-2.json -enable-objc-interop -sdk /Applications/Xcode-27.0.0-Release.Candidate.app/Contents/Developer/Platforms/WatchOS.platform/Developer/SDKs/WatchOS27.0.sdk -I /Users/admin/builder/spi-builder-workspace/.derivedData/Build/Products/Debug-watchos -Isystem /Applications/Xcode-27.0.0-Release.Candidate.app/Contents/Developer/Platforms/WatchOS.platform/Developer/usr/lib -F /Users/admin/builder/spi-builder-workspace/.derivedData/Build/Products/Debug-watchos/PackageFrameworks -F /Users/admin/builder/spi-builder-workspace/.derivedData/Build/Products/Debug-watchos -F /Applications/Xcode-27.0.0-Release.Candidate.app/Contents/Developer/Platforms/WatchOS.platform/Developer/Library/Frameworks -F /Applications/Xcode-27.0.0-Release.Candidate.app/Contents/Developer/Platforms/WatchOS.platform/Developer/SDKs/WatchOS27.0.sdk/Developer/Library/Frameworks -module-cache-path /Users/admin/builder/spi-builder-workspace/.derivedData/Build/Intermediates.noindex/SwiftExplicitPrecompiledModules -no-color-diagnostics -Xcc -fno-color-diagnostics -enable-testing -g -debug-info-format\=dwarf -dwarf-version\=4 -suppress-warnings -profile-generate -profile-coverage-mapping -swift-version 5 -Onone -D SWIFT_PACKAGE -D DEBUG -D SWIFT_MODULE_RESOURCE_BUNDLE_UNAVAILABLE -D Xcode -serialize-debugging-options -enable-experimental-feature DebugDescriptionMacro -empty-abi-descriptor -validate-clang-modules-once -clang-build-session-file /Users/admin/builder/spi-builder-workspace/.derivedData/ModuleCache.noindex/Session.modulevalidation -Xcc -working-directory -Xcc /Users/admin/builder/spi-builder-workspace/.swiftpm/xcode -enable-anonymous-context-mangled-names -file-compilation-dir /Users/admin/builder/spi-builder-workspace/.swiftpm/xcode -Xcc -fmodule-map-file\=/Users/admin/builder/spi-builder-workspace/.derivedData/Build/Intermediates.noindex/GeneratedModuleMaps-watchos/CNIOLLHTTP.modulemap -Xcc -fmodule-map-file\=/Users/admin/builder/spi-builder-workspace/.derivedData/Build/Intermediates.noindex/GeneratedModuleMaps-watchos/CNIOBoringSSLShims.modulemap -Xcc -fmodule-map-file\=/Users/admin/builder/spi-builder-workspace/.dependencies/checkouts/swift-nio-ssl/Sources/CNIOBoringSSL/include/module.modulemap -Xcc -fmodule-map-file\=/Users/admin/builder/spi-builder-workspace/.derivedData/Build/Intermediates.noindex/GeneratedModuleMaps-watchos/CNIOPosix.modulemap -Xcc -fmodule-map-file\=/Users/admin/builder/spi-builder-workspace/.derivedData/Build/Intermediates.noindex/GeneratedModuleMaps-watchos/CNIOWASI.modulemap -Xcc -fmodule-map-file\=/Users/admin/builder/spi-builder-workspace/.derivedData/Build/Intermediates.noindex/GeneratedModuleMaps-watchos/CNIOFreeBSD.modulemap -Xcc -fmodule-map-file\=/Users/admin/builder/spi-builder-workspace/.dependencies/checkouts/swift-nio/Sources/CNIOWindows/include/module.modulemap -Xcc -fmodule-map-file\=/Users/admin/builder/spi-builder-workspace/.derivedData/Build/Intermediates.noindex/GeneratedModuleMaps-watchos/CNIODarwin.modulemap -Xcc -fmodule-map-file\=/Users/admin/builder/spi-builder-workspace/.derivedData/Build/Intermediates.noindex/GeneratedModuleMaps-watchos/CNIOLinux.modulemap -Xcc -fmodule-map-file\=/Users/admin/builder/spi-builder-workspace/.derivedData/Build/Intermediates.noindex/GeneratedModuleMaps-watchos/CNIOOpenBSD.modulemap -Xcc -fmodule-map-file\=/Users/admin/builder/spi-builder-workspace/.derivedData/Build/Intermediates.noindex/GeneratedModuleMaps-watchos/CNIOAtomics.modulemap -Xcc -fmodule-map-file\=/Users/admin/builder/spi-builder-workspace/.derivedData/Build/Intermediates.noindex/GeneratedModuleMaps-watchos/CNIOExtrasZlib.modulemap -Xcc -fmodule-map-file\=/Users/admin/builder/spi-builder-workspace/.dependencies/checkouts/swift-atomics/Sources/_AtomicsShims/include/module.modulemap -Xcc -fmodule-map-file\=/Users/admin/builder/spi-builder-workspace/.dependencies/checkouts/swift-numerics/Sources/_NumericsShims/include/module.modulemap -Xcc -fmodule-map-file\=/Users/admin/builder/spi-builder-workspace/.dependencies/checkouts/swift-system/Sources/CSystem/include/module.modulemap -Xcc -fmodule-map-file\=/Users/admin/builder/spi-builder-workspace/.derivedData/Build/Intermediates.noindex/GeneratedModuleMaps-watchos/CAsyncHTTPClient.modulemap -Xcc -D_LIBCPP_HARDENING_MODE\=_LIBCPP_HARDENING_MODE_DEBUG -Xcc -ivfsstatcache -Xcc /Users/admin/builder/spi-builder-workspace/.derivedData/SDKStatCaches.noindex/watchos27.0-24R360-e829b21a6f8c9b70876ba0858053c04477534ef55a1706bf4c1112bbb242f0a2.sdkstatcache -Xcc -fmodules-prune-interval\=86400 -Xcc -fmodules-prune-after\=345600 -Xcc -I/Users/admin/builder/spi-builder-workspace/.dependencies/checkouts/swift-nio/Sources/CNIOLLHTTP/include -Xcc -I/Users/admin/builder/spi-builder-workspace/.dependencies/checkouts/swift-nio-ssl/Sources/CNIOBoringSSLShims/include -Xcc -I/Users/admin/builder/spi-builder-workspace/.dependencies/checkouts/swift-nio-ssl/Sources/CNIOBoringSSL/include -Xcc -I/Users/admin/builder/spi-builder-workspace/.dependencies/checkouts/swift-nio/Sources/CNIOPosix/include -Xcc -I/Users/admin/builder/spi-builder-workspace/.dependencies/checkouts/swift-nio/Sources/CNIOWASI/include -Xcc -I/Users/admin/builder/spi-builder-workspace/.dependencies/checkouts/swift-nio/Sources/CNIOFreeBSD/include -Xcc -I/Users/admin/builder/spi-builder-workspace/.dependencies/checkouts/swift-nio/Sources/CNIOWindows/include -Xcc -I/Users/admin/builder/spi-builder-workspace/.dependencies/checkouts/swift-nio/Sources/CNIODarwin/include -Xcc -I/Users/admin/builder/spi-builder-workspace/.dependencies/checkouts/swift-nio/Sources/CNIOLinux/include -Xcc -I/Users/admin/builder/spi-builder-workspace/.dependencies/checkouts/swift-nio/Sources/CNIOOpenBSD/include -Xcc -I/Users/admin/builder/spi-builder-workspace/.dependencies/checkouts/swift-nio/Sources/CNIOAtomics/include -Xcc -I/Users/admin/builder/spi-builder-workspace/.dependencies/checkouts/swift-nio-extras/Sources/CNIOExtrasZlib/include -Xcc -I/Users/admin/builder/spi-builder-workspace/.dependencies/checkouts/swift-atomics/Sources/_AtomicsShims/include -Xcc -I/Users/admin/builder/spi-builder-workspace/.dependencies/checkouts/swift-numerics/Sources/_NumericsShims/include -Xcc -I/Users/admin/builder/spi-builder-workspace/.dependencies/checkouts/swift-system/Sources/CSystem/include -Xcc -I/Users/admin/builder/spi-builder-workspace/.dependencies/checkouts/async-http-client/Sources/CAsyncHTTPClient/include -Xcc -I/Users/admin/builder/spi-builder-workspace/.derivedData/Build/Products/Debug-watchos/include -Xcc -I/Users/admin/builder/spi-builder-workspace/.derivedData/Build/Intermediates.noindex/smoke-http.build/Debug-watchos/SmokeHTTPClient-t.build/DerivedSources-normal/arm64_32 -Xcc -I/Users/admin/builder/spi-builder-workspace/.derivedData/Build/Intermediates.noindex/smoke-http.build/Debug-watchos/SmokeHTTPClient-t.build/DerivedSources/arm64_32 -Xcc -I/Users/admin/builder/spi-builder-workspace/.derivedData/Build/Intermediates.noindex/smoke-http.build/Debug-watchos/SmokeHTTPClient-t.build/DerivedSources -Xcc -DSWIFT_PACKAGE -Xcc -DDEBUG\=1 -no-auto-bridging-header-chaining -module-name SmokeHTTPClient -const-gather-protocols-file /Users/admin/builder/spi-builder-workspace/.derivedData/Build/Intermediates.noindex/smoke-http.build/Debug-watchos/SmokeHTTPClient-t.build/Objects-normal/arm64_32/SmokeHTTPClient_const_extract_protocols.json -disable-clang-spi -clang-target arm64_32-apple-watchos27.0 -target-sdk-version 27.0 -target-sdk-name watchos27.0 -in-process-plugin-server-path /Applications/Xcode-27.0.0-Release.Candidate.app/Contents/Developer/Toolchains/XcodeDefault.xctoolchain/usr/lib/swift/host/libSwiftInProcPluginServer.dylib -parse-as-library -o /Users/admin/builder/spi-builder-workspace/.derivedData/Build/Intermediates.noindex/smoke-http.build/Debug-watchos/SmokeHTTPClient-t.build/Objects-normal/arm64_32/HTTPClientCoreInvocationReporting.o -o /Users/admin/builder/spi-builder-workspace/.derivedData/Build/Intermediates.noindex/smoke-http.build/Debug-watchos/SmokeHTTPClient-t.build/Objects-normal/arm64_32/HTTPClientDelegate.o -o /Users/admin/builder/spi-builder-workspace/.derivedData/Build/Intermediates.noindex/smoke-http.build/Debug-watchos/SmokeHTTPClient-t.build/Objects-normal/arm64_32/HTTPClientRetryConfiguration.o -debug-module-path /Users/admin/builder/spi-builder-workspace/.derivedData/Build/Intermediates.noindex/smoke-http.build/Debug-watchos/SmokeHTTPClient-t.build/Objects-normal/arm64_32/SmokeHTTPClient.swiftmodule -index-unit-output-path /smoke-http.build/Debug-watchos/SmokeHTTPClient-t.build/Objects-normal/arm64_32/HTTPClientCoreInvocationReporting.o -index-unit-output-path /smoke-http.build/Debug-watchos/SmokeHTTPClient-t.build/Objects-normal/arm64_32/HTTPClientDelegate.o -index-unit-output-path /smoke-http.build/Debug-watchos/SmokeHTTPClient-t.build/Objects-normal/arm64_32/HTTPClientRetryConfiguration.o -index-store-path /Users/admin/builder/spi-builder-workspace/.derivedData/Index.noindex/DataStore -index-system-modules
SwiftCompile normal arm64_32 /Users/admin/builder/spi-builder-workspace/.dependencies/checkouts/smoke-http/Sources/SmokeHTTPClient/HTTPClientCoreInvocationReporting.swift (in target 'SmokeHTTPClient' from project 'smoke-http')
cd /Users/admin/builder/spi-builder-workspace/.swiftpm/xcode
builtin-SwiftPerFileCompile HTTPClientCoreInvocationReporting.swift
SwiftCompile normal arm64_32 /Users/admin/builder/spi-builder-workspace/.dependencies/checkouts/smoke-http/Sources/SmokeHTTPClient/HTTPClientDelegate.swift (in target 'SmokeHTTPClient' from project 'smoke-http')
cd /Users/admin/builder/spi-builder-workspace/.swiftpm/xcode
builtin-SwiftPerFileCompile HTTPClientDelegate.swift
SwiftCompile normal arm64_32 /Users/admin/builder/spi-builder-workspace/.dependencies/checkouts/smoke-http/Sources/SmokeHTTPClient/HTTPClientRetryConfiguration.swift (in target 'SmokeHTTPClient' from project 'smoke-http')
cd /Users/admin/builder/spi-builder-workspace/.swiftpm/xcode
builtin-SwiftPerFileCompile HTTPClientRetryConfiguration.swift
SwiftDriverJobDiscovery normal arm64 Compiling HTTPRequestInputProtocol.swift, HTTPResponseComponents.swift (in target 'SmokeHTTPClient' from project 'smoke-http')
SwiftCompile normal arm64 Compiling\ HTTPOperationsClient+executeAsEventLoopFutureWithOutput.swift /Users/admin/builder/spi-builder-workspace/.dependencies/checkouts/smoke-http/Sources/SmokeHTTPClient/HTTPOperationsClient+executeAsEventLoopFutureWithOutput.swift (in target 'SmokeHTTPClient' from project 'smoke-http')
SwiftCompile normal arm64 /Users/admin/builder/spi-builder-workspace/.dependencies/checkouts/smoke-http/Sources/SmokeHTTPClient/HTTPOperationsClient+executeAsEventLoopFutureWithOutput.swift (in target 'SmokeHTTPClient' from project 'smoke-http')
cd /Users/admin/builder/spi-builder-workspace/.swiftpm/xcode
builtin-SwiftPerFileCompile HTTPOperationsClient+executeAsEventLoopFutureWithOutput.swift
PruneExplicitPrecompiledModules /Users/admin/builder/spi-builder-workspace/.derivedData/SDKExplicitPrecompiledModules
PruneExplicitPrecompiledModules /Users/admin/builder/spi-builder-workspace/.derivedData/Build/Intermediates.noindex/SwiftExplicitPrecompiledModules
PruneExplicitPrecompiledModules /Users/admin/builder/spi-builder-workspace/.derivedData/Build/Intermediates.noindex/ExplicitPrecompiledModules
2026-09-21 19:13:59.034 xcodebuild[6650:23829] [MT] IDERunDestination: Supported platforms for the buildables in the current scheme is empty.
** BUILD FAILED **
The following build commands failed:
SwiftCompile normal arm64_32 Compiling\ HTTPClientCoreInvocationReporting.swift,\ HTTPClientDelegate.swift,\ HTTPClientRetryConfiguration.swift /Users/admin/builder/spi-builder-workspace/.dependencies/checkouts/smoke-http/Sources/SmokeHTTPClient/HTTPClientCoreInvocationReporting.swift /Users/admin/builder/spi-builder-workspace/.dependencies/checkouts/smoke-http/Sources/SmokeHTTPClient/HTTPClientDelegate.swift /Users/admin/builder/spi-builder-workspace/.dependencies/checkouts/smoke-http/Sources/SmokeHTTPClient/HTTPClientRetryConfiguration.swift (in target 'SmokeHTTPClient' from project 'smoke-http')
SwiftCompile normal arm64_32 /Users/admin/builder/spi-builder-workspace/.dependencies/checkouts/smoke-http/Sources/SmokeHTTPClient/HTTPClientDelegate.swift (in target 'SmokeHTTPClient' from project 'smoke-http')
Building workspace smoke-aws with scheme smoke-aws-Package
(3 failures)
BUILD FAILURE 6.4 watchOS