Build Information
Failed to build LayoutUI, reference master (8cc8e3), with Swift 6.4 for visionOS using Xcode 27.0 on 18 Sep 2026 12:25:53 UTC.
Build Command
env DEVELOPER_DIR=/Applications/Xcode-27.0.0-Release.Candidate.app xcrun xcodebuild -IDEClonedSourcePackagesDirPathOverride=$PWD/.dependencies -skipMacroValidation -skipPackagePluginValidation -derivedDataPath $PWD/.derivedData build -scheme LayoutUI -destination generic/platform=xrOSBuild Log
66 | self.base = base; self.value = value
67 | }
CoreFoundation.CGFloat:2:23: note: struct declared here
1 | @available(macOS 10.0, macCatalyst 13.0, iOS 2.0, watchOS 1.0, tvOS 9.0, *)
2 | @frozen public struct CGFloat : Sendable {
| `- note: struct declared here
3 | public typealias NativeType = Double
4 | public init()
/Users/admin/builder/spi-builder-workspace/Sources/LayoutUI/RectLayouts.swift:70:38: error: cannot find type 'CGRect' in scope
68 | @inlinable
69 | @inline(__always)
70 | public func layout(_ rect: inout CGRect, with source: CGRect) {
| `- error: cannot find type 'CGRect' in scope
71 | base.layout(&rect, with: source)
72 | rect.size.width *= value
/Users/admin/builder/spi-builder-workspace/Sources/LayoutUI/RectLayouts.swift:70:59: error: cannot find type 'CGRect' in scope
68 | @inlinable
69 | @inline(__always)
70 | public func layout(_ rect: inout CGRect, with source: CGRect) {
| `- error: cannot find type 'CGRect' in scope
71 | base.layout(&rect, with: source)
72 | rect.size.width *= value
/Users/admin/builder/spi-builder-workspace/Sources/LayoutUI/RectLayouts.swift:78:33: error: cannot find type 'CGFloat' in scope; did you mean to use 'CGFloat'?
76 | @inlinable
77 | @inline(__always)
78 | public func scaled(_ value: CGFloat) -> ScaledWidth<Self> {
| `- error: cannot find type 'CGFloat' in scope; did you mean to use 'CGFloat'?
79 | ScaledWidth(self, value: value)
80 | }
/Users/admin/builder/spi-builder-workspace/Sources/LayoutUI/RectLayouts.swift:78:17: warning: struct 'CGFloat' cannot be used in an '@inlinable' function because 'CoreFoundation' was not imported by this file; this is an error in the Swift 6 language mode
76 | @inlinable
77 | @inline(__always)
78 | public func scaled(_ value: CGFloat) -> ScaledWidth<Self> {
| |- warning: struct 'CGFloat' cannot be used in an '@inlinable' function because 'CoreFoundation' was not imported by this file; this is an error in the Swift 6 language mode
| `- note: The missing import of module 'CoreFoundation' will be added implicitly
79 | ScaledWidth(self, value: value)
80 | }
/Users/admin/builder/spi-builder-workspace/Sources/LayoutUI/RectLayouts.swift:87:16: error: cannot find type 'CGFloat' in scope; did you mean to use 'CGFloat'?
85 | let base: Base
86 | @usableFromInline
87 | let value: CGFloat
| `- error: cannot find type 'CGFloat' in scope; did you mean to use 'CGFloat'?
88 | @usableFromInline
89 | init(_ base: Base, value: CGFloat) {
/Users/admin/builder/spi-builder-workspace/Sources/LayoutUI/RectLayouts.swift:87:9: warning: cannot use struct 'CGFloat' in a property declaration marked public or in a '@frozen' or '@usableFromInline' context; 'CoreFoundation' was not imported by this file
85 | let base: Base
86 | @usableFromInline
87 | let value: CGFloat
| `- warning: cannot use struct 'CGFloat' in a property declaration marked public or in a '@frozen' or '@usableFromInline' context; 'CoreFoundation' was not imported by this file
88 | @usableFromInline
89 | init(_ base: Base, value: CGFloat) {
CoreFoundation.CGFloat:2:23: note: struct declared here
1 | @available(macOS 10.0, macCatalyst 13.0, iOS 2.0, watchOS 1.0, tvOS 9.0, *)
2 | @frozen public struct CGFloat : Sendable {
| `- note: struct declared here
3 | public typealias NativeType = Double
4 | public init()
/Users/admin/builder/spi-builder-workspace/Sources/LayoutUI/RectLayouts.swift:89:31: error: cannot find type 'CGFloat' in scope; did you mean to use 'CGFloat'?
87 | let value: CGFloat
88 | @usableFromInline
89 | init(_ base: Base, value: CGFloat) {
| `- error: cannot find type 'CGFloat' in scope; did you mean to use 'CGFloat'?
90 | self.base = base; self.value = value
91 | }
/Users/admin/builder/spi-builder-workspace/Sources/LayoutUI/RectLayouts.swift:89:5: warning: cannot use struct 'CGFloat' here; 'CoreFoundation' was not imported by this file
87 | let value: CGFloat
88 | @usableFromInline
89 | init(_ base: Base, value: CGFloat) {
| `- warning: cannot use struct 'CGFloat' here; 'CoreFoundation' was not imported by this file
90 | self.base = base; self.value = value
91 | }
CoreFoundation.CGFloat:2:23: note: struct declared here
1 | @available(macOS 10.0, macCatalyst 13.0, iOS 2.0, watchOS 1.0, tvOS 9.0, *)
2 | @frozen public struct CGFloat : Sendable {
| `- note: struct declared here
3 | public typealias NativeType = Double
4 | public init()
/Users/admin/builder/spi-builder-workspace/Sources/LayoutUI/RectLayouts.swift:94:38: error: cannot find type 'CGRect' in scope
92 | @inlinable
93 | @inline(__always)
94 | public func layout(_ rect: inout CGRect, with source: CGRect) {
| `- error: cannot find type 'CGRect' in scope
95 | base.layout(&rect, with: source)
96 | rect.size.width -= value
/Users/admin/builder/spi-builder-workspace/Sources/LayoutUI/RectLayouts.swift:94:59: error: cannot find type 'CGRect' in scope
92 | @inlinable
93 | @inline(__always)
94 | public func layout(_ rect: inout CGRect, with source: CGRect) {
| `- error: cannot find type 'CGRect' in scope
95 | base.layout(&rect, with: source)
96 | rect.size.width -= value
/Users/admin/builder/spi-builder-workspace/Sources/LayoutUI/RectLayouts.swift:102:32: error: cannot find type 'CGFloat' in scope; did you mean to use 'CGFloat'?
100 | @inlinable
101 | @inline(__always)
102 | public func inset(_ value: CGFloat) -> InsetWidth<Self> {
| `- error: cannot find type 'CGFloat' in scope; did you mean to use 'CGFloat'?
103 | InsetWidth(self, value: value)
104 | }
/Users/admin/builder/spi-builder-workspace/Sources/LayoutUI/RectLayouts.swift:102:17: warning: struct 'CGFloat' cannot be used in an '@inlinable' function because 'CoreFoundation' was not imported by this file; this is an error in the Swift 6 language mode
100 | @inlinable
101 | @inline(__always)
102 | public func inset(_ value: CGFloat) -> InsetWidth<Self> {
| |- warning: struct 'CGFloat' cannot be used in an '@inlinable' function because 'CoreFoundation' was not imported by this file; this is an error in the Swift 6 language mode
| `- note: The missing import of module 'CoreFoundation' will be added implicitly
103 | InsetWidth(self, value: value)
104 | }
/Users/admin/builder/spi-builder-workspace/Sources/LayoutUI/RectLayouts.swift:111:28: error: cannot find type 'CGFloat' in scope; did you mean to use 'CGFloat'?
109 | let base: Base
110 | @usableFromInline
111 | let value: ClosedRange<CGFloat>
| `- error: cannot find type 'CGFloat' in scope; did you mean to use 'CGFloat'?
112 | @usableFromInline
113 | init(_ base: Base, value: ClosedRange<CGFloat>) {
/Users/admin/builder/spi-builder-workspace/Sources/LayoutUI/RectLayouts.swift:111:9: warning: cannot use conformance of 'CGFloat' to 'Comparable' in a property declaration marked public or in a '@frozen' or '@usableFromInline' context; 'CoreFoundation' was not imported by this file; this is an error in the Swift 6 language mode
109 | let base: Base
110 | @usableFromInline
111 | let value: ClosedRange<CGFloat>
| |- warning: cannot use conformance of 'CGFloat' to 'Comparable' in a property declaration marked public or in a '@frozen' or '@usableFromInline' context; 'CoreFoundation' was not imported by this file; this is an error in the Swift 6 language mode
| `- note: The missing import of module 'CoreFoundation' will be added implicitly
112 | @usableFromInline
113 | init(_ base: Base, value: ClosedRange<CGFloat>) {
/Users/admin/builder/spi-builder-workspace/Sources/LayoutUI/RectLayouts.swift:111:9: warning: cannot use struct 'CGFloat' in a property declaration marked public or in a '@frozen' or '@usableFromInline' context; 'CoreFoundation' was not imported by this file
109 | let base: Base
110 | @usableFromInline
111 | let value: ClosedRange<CGFloat>
| `- warning: cannot use struct 'CGFloat' in a property declaration marked public or in a '@frozen' or '@usableFromInline' context; 'CoreFoundation' was not imported by this file
112 | @usableFromInline
113 | init(_ base: Base, value: ClosedRange<CGFloat>) {
CoreFoundation.CGFloat:2:23: note: struct declared here
1 | @available(macOS 10.0, macCatalyst 13.0, iOS 2.0, watchOS 1.0, tvOS 9.0, *)
2 | @frozen public struct CGFloat : Sendable {
| `- note: struct declared here
3 | public typealias NativeType = Double
4 | public init()
/Users/admin/builder/spi-builder-workspace/Sources/LayoutUI/RectLayouts.swift:113:43: error: cannot find type 'CGFloat' in scope; did you mean to use 'CGFloat'?
111 | let value: ClosedRange<CGFloat>
112 | @usableFromInline
113 | init(_ base: Base, value: ClosedRange<CGFloat>) {
| `- error: cannot find type 'CGFloat' in scope; did you mean to use 'CGFloat'?
114 | self.base = base; self.value = value
115 | }
/Users/admin/builder/spi-builder-workspace/Sources/LayoutUI/RectLayouts.swift:113:5: warning: cannot use conformance of 'CGFloat' to 'Comparable' here; 'CoreFoundation' was not imported by this file; this is an error in the Swift 6 language mode
111 | let value: ClosedRange<CGFloat>
112 | @usableFromInline
113 | init(_ base: Base, value: ClosedRange<CGFloat>) {
| |- warning: cannot use conformance of 'CGFloat' to 'Comparable' here; 'CoreFoundation' was not imported by this file; this is an error in the Swift 6 language mode
| `- note: The missing import of module 'CoreFoundation' will be added implicitly
114 | self.base = base; self.value = value
115 | }
/Users/admin/builder/spi-builder-workspace/Sources/LayoutUI/RectLayouts.swift:113:5: warning: cannot use struct 'CGFloat' here; 'CoreFoundation' was not imported by this file
111 | let value: ClosedRange<CGFloat>
112 | @usableFromInline
113 | init(_ base: Base, value: ClosedRange<CGFloat>) {
| `- warning: cannot use struct 'CGFloat' here; 'CoreFoundation' was not imported by this file
114 | self.base = base; self.value = value
115 | }
CoreFoundation.CGFloat:2:23: note: struct declared here
1 | @available(macOS 10.0, macCatalyst 13.0, iOS 2.0, watchOS 1.0, tvOS 9.0, *)
2 | @frozen public struct CGFloat : Sendable {
| `- note: struct declared here
3 | public typealias NativeType = Double
4 | public init()
/Users/admin/builder/spi-builder-workspace/Sources/LayoutUI/RectLayouts.swift:118:38: error: cannot find type 'CGRect' in scope
116 | @inlinable
117 | @inline(__always)
118 | public func layout(_ rect: inout CGRect, with source: CGRect) {
| `- error: cannot find type 'CGRect' in scope
119 | base.layout(&rect, with: source)
120 | rect.size.width = max(value.lowerBound, min(value.upperBound, rect.width))
/Users/admin/builder/spi-builder-workspace/Sources/LayoutUI/RectLayouts.swift:118:59: error: cannot find type 'CGRect' in scope
116 | @inlinable
117 | @inline(__always)
118 | public func layout(_ rect: inout CGRect, with source: CGRect) {
| `- error: cannot find type 'CGRect' in scope
119 | base.layout(&rect, with: source)
120 | rect.size.width = max(value.lowerBound, min(value.upperBound, rect.width))
/Users/admin/builder/spi-builder-workspace/Sources/LayoutUI/RectLayouts.swift:126:46: error: cannot find type 'CGFloat' in scope; did you mean to use 'CGFloat'?
124 | @inlinable
125 | @inline(__always)
126 | public func between(_ value: ClosedRange<CGFloat>) -> BetweenWidth<Self> {
| `- error: cannot find type 'CGFloat' in scope; did you mean to use 'CGFloat'?
127 | BetweenWidth(self, value: value)
128 | }
/Users/admin/builder/spi-builder-workspace/Sources/LayoutUI/RectLayouts.swift:126:17: warning: cannot use conformance of 'CGFloat' to 'Comparable' here; 'CoreFoundation' was not imported by this file; this is an error in the Swift 6 language mode
124 | @inlinable
125 | @inline(__always)
126 | public func between(_ value: ClosedRange<CGFloat>) -> BetweenWidth<Self> {
| |- warning: cannot use conformance of 'CGFloat' to 'Comparable' here; 'CoreFoundation' was not imported by this file; this is an error in the Swift 6 language mode
| `- note: The missing import of module 'CoreFoundation' will be added implicitly
127 | BetweenWidth(self, value: value)
128 | }
/Users/admin/builder/spi-builder-workspace/Sources/LayoutUI/RectLayouts.swift:126:17: warning: struct 'CGFloat' cannot be used in an '@inlinable' function because 'CoreFoundation' was not imported by this file; this is an error in the Swift 6 language mode
124 | @inlinable
125 | @inline(__always)
126 | public func between(_ value: ClosedRange<CGFloat>) -> BetweenWidth<Self> {
| |- warning: struct 'CGFloat' cannot be used in an '@inlinable' function because 'CoreFoundation' was not imported by this file; this is an error in the Swift 6 language mode
| `- note: The missing import of module 'CoreFoundation' will be added implicitly
127 | BetweenWidth(self, value: value)
128 | }
/Users/admin/builder/spi-builder-workspace/Sources/LayoutUI/RectLayouts.swift:131:54: error: cannot find type 'CGFloat' in scope; did you mean to use 'CGFloat'?
129 | @inlinable
130 | @inline(__always)
131 | public func between(_ value: PartialRangeThrough<CGFloat>) -> BetweenWidth<Self> {
| `- error: cannot find type 'CGFloat' in scope; did you mean to use 'CGFloat'?
132 | BetweenWidth(self, value: 0...value.upperBound)
133 | }
/Users/admin/builder/spi-builder-workspace/Sources/LayoutUI/RectLayouts.swift:131:17: warning: cannot use conformance of 'CGFloat' to 'Comparable' here; 'CoreFoundation' was not imported by this file; this is an error in the Swift 6 language mode
129 | @inlinable
130 | @inline(__always)
131 | public func between(_ value: PartialRangeThrough<CGFloat>) -> BetweenWidth<Self> {
| |- warning: cannot use conformance of 'CGFloat' to 'Comparable' here; 'CoreFoundation' was not imported by this file; this is an error in the Swift 6 language mode
| `- note: The missing import of module 'CoreFoundation' will be added implicitly
132 | BetweenWidth(self, value: 0...value.upperBound)
133 | }
/Users/admin/builder/spi-builder-workspace/Sources/LayoutUI/RectLayouts.swift:131:17: warning: struct 'CGFloat' cannot be used in an '@inlinable' function because 'CoreFoundation' was not imported by this file; this is an error in the Swift 6 language mode
129 | @inlinable
130 | @inline(__always)
131 | public func between(_ value: PartialRangeThrough<CGFloat>) -> BetweenWidth<Self> {
| |- warning: struct 'CGFloat' cannot be used in an '@inlinable' function because 'CoreFoundation' was not imported by this file; this is an error in the Swift 6 language mode
| `- note: The missing import of module 'CoreFoundation' will be added implicitly
132 | BetweenWidth(self, value: 0...value.upperBound)
133 | }
/Users/admin/builder/spi-builder-workspace/Sources/LayoutUI/RectLayouts.swift:136:51: error: cannot find type 'CGFloat' in scope; did you mean to use 'CGFloat'?
134 | @inlinable
135 | @inline(__always)
136 | public func between(_ value: PartialRangeFrom<CGFloat>) -> BetweenWidth<Self> {
| `- error: cannot find type 'CGFloat' in scope; did you mean to use 'CGFloat'?
137 | BetweenWidth(self, value: value.lowerBound ... .greatestFiniteMagnitude)
138 | }
/Users/admin/builder/spi-builder-workspace/Sources/LayoutUI/RectLayouts.swift:136:17: warning: cannot use conformance of 'CGFloat' to 'Comparable' here; 'CoreFoundation' was not imported by this file; this is an error in the Swift 6 language mode
134 | @inlinable
135 | @inline(__always)
136 | public func between(_ value: PartialRangeFrom<CGFloat>) -> BetweenWidth<Self> {
| |- warning: cannot use conformance of 'CGFloat' to 'Comparable' here; 'CoreFoundation' was not imported by this file; this is an error in the Swift 6 language mode
| `- note: The missing import of module 'CoreFoundation' will be added implicitly
137 | BetweenWidth(self, value: value.lowerBound ... .greatestFiniteMagnitude)
138 | }
/Users/admin/builder/spi-builder-workspace/Sources/LayoutUI/RectLayouts.swift:136:17: warning: struct 'CGFloat' cannot be used in an '@inlinable' function because 'CoreFoundation' was not imported by this file; this is an error in the Swift 6 language mode
134 | @inlinable
135 | @inline(__always)
136 | public func between(_ value: PartialRangeFrom<CGFloat>) -> BetweenWidth<Self> {
| |- warning: struct 'CGFloat' cannot be used in an '@inlinable' function because 'CoreFoundation' was not imported by this file; this is an error in the Swift 6 language mode
| `- note: The missing import of module 'CoreFoundation' will be added implicitly
137 | BetweenWidth(self, value: value.lowerBound ... .greatestFiniteMagnitude)
138 | }
/Users/admin/builder/spi-builder-workspace/Sources/LayoutUI/RectLayouts.swift:149:38: error: cannot find type 'CGRect' in scope
147 | @inlinable
148 | @inline(__always)
149 | public func layout(_ rect: inout CGRect, with source: CGRect) {
| `- error: cannot find type 'CGRect' in scope
150 | rect.size.height = source.size.height
151 | }
/Users/admin/builder/spi-builder-workspace/Sources/LayoutUI/RectLayouts.swift:149:59: error: cannot find type 'CGRect' in scope
147 | @inlinable
148 | @inline(__always)
149 | public func layout(_ rect: inout CGRect, with source: CGRect) {
| `- error: cannot find type 'CGRect' in scope
150 | rect.size.height = source.size.height
151 | }
/Users/admin/builder/spi-builder-workspace/Sources/LayoutUI/RectLayouts.swift:157:20: error: cannot find type 'CGFloat' in scope; did you mean to use 'CGFloat'?
155 | public struct Constant: RectBasedLayout {
156 | @usableFromInline
157 | let value: CGFloat
| `- error: cannot find type 'CGFloat' in scope; did you mean to use 'CGFloat'?
158 | @inlinable
159 | @inline(__always)
/Users/admin/builder/spi-builder-workspace/Sources/LayoutUI/RectLayouts.swift:157:13: warning: cannot use struct 'CGFloat' in a property declaration marked public or in a '@frozen' or '@usableFromInline' context; 'CoreFoundation' was not imported by this file
155 | public struct Constant: RectBasedLayout {
156 | @usableFromInline
157 | let value: CGFloat
| `- warning: cannot use struct 'CGFloat' in a property declaration marked public or in a '@frozen' or '@usableFromInline' context; 'CoreFoundation' was not imported by this file
158 | @inlinable
159 | @inline(__always)
CoreFoundation.CGFloat:2:23: note: struct declared here
1 | @available(macOS 10.0, macCatalyst 13.0, iOS 2.0, watchOS 1.0, tvOS 9.0, *)
2 | @frozen public struct CGFloat : Sendable {
| `- note: struct declared here
3 | public typealias NativeType = Double
4 | public init()
/Users/admin/builder/spi-builder-workspace/Sources/LayoutUI/RectLayouts.swift:160:30: error: cannot find type 'CGFloat' in scope; did you mean to use 'CGFloat'?
158 | @inlinable
159 | @inline(__always)
160 | public init(_ value: CGFloat) { self.value = value }
| `- error: cannot find type 'CGFloat' in scope; did you mean to use 'CGFloat'?
161 | @inlinable
162 | @inline(__always)
/Users/admin/builder/spi-builder-workspace/Sources/LayoutUI/RectLayouts.swift:160:16: warning: struct 'CGFloat' cannot be used in an '@inlinable' function because 'CoreFoundation' was not imported by this file; this is an error in the Swift 6 language mode
158 | @inlinable
159 | @inline(__always)
160 | public init(_ value: CGFloat) { self.value = value }
| |- warning: struct 'CGFloat' cannot be used in an '@inlinable' function because 'CoreFoundation' was not imported by this file; this is an error in the Swift 6 language mode
| `- note: The missing import of module 'CoreFoundation' will be added implicitly
161 | @inlinable
162 | @inline(__always)
/Users/admin/builder/spi-builder-workspace/Sources/LayoutUI/RectLayouts.swift:163:42: error: cannot find type 'CGRect' in scope
161 | @inlinable
162 | @inline(__always)
163 | public func layout(_ rect: inout CGRect, with _: CGRect) {
| `- error: cannot find type 'CGRect' in scope
164 | rect.size.height = value
165 | }
/Users/admin/builder/spi-builder-workspace/Sources/LayoutUI/RectLayouts.swift:163:58: error: cannot find type 'CGRect' in scope
161 | @inlinable
162 | @inline(__always)
163 | public func layout(_ rect: inout CGRect, with _: CGRect) {
| `- error: cannot find type 'CGRect' in scope
164 | rect.size.height = value
165 | }
/Users/admin/builder/spi-builder-workspace/Sources/LayoutUI/RectLayouts.swift:169:20: error: cannot find type 'CGFloat' in scope; did you mean to use 'CGFloat'?
167 | public struct Ratio: RectBasedLayout {
168 | @usableFromInline
169 | let value: CGFloat
| `- error: cannot find type 'CGFloat' in scope; did you mean to use 'CGFloat'?
170 | @inlinable
171 | @inline(__always)
/Users/admin/builder/spi-builder-workspace/Sources/LayoutUI/RectLayouts.swift:169:13: warning: cannot use struct 'CGFloat' in a property declaration marked public or in a '@frozen' or '@usableFromInline' context; 'CoreFoundation' was not imported by this file
167 | public struct Ratio: RectBasedLayout {
168 | @usableFromInline
169 | let value: CGFloat
| `- warning: cannot use struct 'CGFloat' in a property declaration marked public or in a '@frozen' or '@usableFromInline' context; 'CoreFoundation' was not imported by this file
170 | @inlinable
171 | @inline(__always)
CoreFoundation.CGFloat:2:23: note: struct declared here
1 | @available(macOS 10.0, macCatalyst 13.0, iOS 2.0, watchOS 1.0, tvOS 9.0, *)
2 | @frozen public struct CGFloat : Sendable {
| `- note: struct declared here
3 | public typealias NativeType = Double
4 | public init()
/Users/admin/builder/spi-builder-workspace/Sources/LayoutUI/RectLayouts.swift:172:30: error: cannot find type 'CGFloat' in scope; did you mean to use 'CGFloat'?
170 | @inlinable
171 | @inline(__always)
172 | public init(_ value: CGFloat) { self.value = value }
| `- error: cannot find type 'CGFloat' in scope; did you mean to use 'CGFloat'?
173 | @inlinable
174 | @inline(__always)
/Users/admin/builder/spi-builder-workspace/Sources/LayoutUI/RectLayouts.swift:172:16: warning: struct 'CGFloat' cannot be used in an '@inlinable' function because 'CoreFoundation' was not imported by this file; this is an error in the Swift 6 language mode
170 | @inlinable
171 | @inline(__always)
172 | public init(_ value: CGFloat) { self.value = value }
| |- warning: struct 'CGFloat' cannot be used in an '@inlinable' function because 'CoreFoundation' was not imported by this file; this is an error in the Swift 6 language mode
| `- note: The missing import of module 'CoreFoundation' will be added implicitly
173 | @inlinable
174 | @inline(__always)
/Users/admin/builder/spi-builder-workspace/Sources/LayoutUI/RectLayouts.swift:175:42: error: cannot find type 'CGRect' in scope
173 | @inlinable
174 | @inline(__always)
175 | public func layout(_ rect: inout CGRect, with source: CGRect) {
| `- error: cannot find type 'CGRect' in scope
176 | rect.size.height = rect.width * value
177 | }
/Users/admin/builder/spi-builder-workspace/Sources/LayoutUI/RectLayouts.swift:175:63: error: cannot find type 'CGRect' in scope
173 | @inlinable
174 | @inline(__always)
175 | public func layout(_ rect: inout CGRect, with source: CGRect) {
| `- error: cannot find type 'CGRect' in scope
176 | rect.size.height = rect.width * value
177 | }
/Users/admin/builder/spi-builder-workspace/Sources/LayoutUI/RectLayouts.swift:185:16: error: cannot find type 'CGFloat' in scope; did you mean to use 'CGFloat'?
183 | let base: Base
184 | @usableFromInline
185 | let value: CGFloat
| `- error: cannot find type 'CGFloat' in scope; did you mean to use 'CGFloat'?
186 | @usableFromInline
187 | init(_ base: Base, value: CGFloat) {
/Users/admin/builder/spi-builder-workspace/Sources/LayoutUI/RectLayouts.swift:185:9: warning: cannot use struct 'CGFloat' in a property declaration marked public or in a '@frozen' or '@usableFromInline' context; 'CoreFoundation' was not imported by this file
183 | let base: Base
184 | @usableFromInline
185 | let value: CGFloat
| `- warning: cannot use struct 'CGFloat' in a property declaration marked public or in a '@frozen' or '@usableFromInline' context; 'CoreFoundation' was not imported by this file
186 | @usableFromInline
187 | init(_ base: Base, value: CGFloat) {
CoreFoundation.CGFloat:2:23: note: struct declared here
1 | @available(macOS 10.0, macCatalyst 13.0, iOS 2.0, watchOS 1.0, tvOS 9.0, *)
2 | @frozen public struct CGFloat : Sendable {
| `- note: struct declared here
3 | public typealias NativeType = Double
4 | public init()
/Users/admin/builder/spi-builder-workspace/Sources/LayoutUI/RectLayouts.swift:187:31: error: cannot find type 'CGFloat' in scope; did you mean to use 'CGFloat'?
185 | let value: CGFloat
186 | @usableFromInline
187 | init(_ base: Base, value: CGFloat) {
| `- error: cannot find type 'CGFloat' in scope; did you mean to use 'CGFloat'?
188 | self.base = base; self.value = value
189 | }
/Users/admin/builder/spi-builder-workspace/Sources/LayoutUI/RectLayouts.swift:187:5: warning: cannot use struct 'CGFloat' here; 'CoreFoundation' was not imported by this file
185 | let value: CGFloat
186 | @usableFromInline
187 | init(_ base: Base, value: CGFloat) {
| `- warning: cannot use struct 'CGFloat' here; 'CoreFoundation' was not imported by this file
188 | self.base = base; self.value = value
189 | }
CoreFoundation.CGFloat:2:23: note: struct declared here
1 | @available(macOS 10.0, macCatalyst 13.0, iOS 2.0, watchOS 1.0, tvOS 9.0, *)
2 | @frozen public struct CGFloat : Sendable {
| `- note: struct declared here
3 | public typealias NativeType = Double
4 | public init()
/Users/admin/builder/spi-builder-workspace/Sources/LayoutUI/RectLayouts.swift:192:38: error: cannot find type 'CGRect' in scope
190 | @inlinable
191 | @inline(__always)
192 | public func layout(_ rect: inout CGRect, with source: CGRect) {
| `- error: cannot find type 'CGRect' in scope
193 | base.layout(&rect, with: source)
194 | rect.size.height *= value
/Users/admin/builder/spi-builder-workspace/Sources/LayoutUI/RectLayouts.swift:192:59: error: cannot find type 'CGRect' in scope
190 | @inlinable
191 | @inline(__always)
192 | public func layout(_ rect: inout CGRect, with source: CGRect) {
| `- error: cannot find type 'CGRect' in scope
193 | base.layout(&rect, with: source)
194 | rect.size.height *= value
/Users/admin/builder/spi-builder-workspace/Sources/LayoutUI/RectLayouts.swift:200:33: error: cannot find type 'CGFloat' in scope; did you mean to use 'CGFloat'?
198 | @inlinable
199 | @inline(__always)
200 | public func scaled(_ value: CGFloat) -> ScaledHeight<Self> {
| `- error: cannot find type 'CGFloat' in scope; did you mean to use 'CGFloat'?
201 | ScaledHeight(self, value: value)
202 | }
/Users/admin/builder/spi-builder-workspace/Sources/LayoutUI/RectLayouts.swift:200:17: warning: struct 'CGFloat' cannot be used in an '@inlinable' function because 'CoreFoundation' was not imported by this file; this is an error in the Swift 6 language mode
198 | @inlinable
199 | @inline(__always)
200 | public func scaled(_ value: CGFloat) -> ScaledHeight<Self> {
| |- warning: struct 'CGFloat' cannot be used in an '@inlinable' function because 'CoreFoundation' was not imported by this file; this is an error in the Swift 6 language mode
| `- note: The missing import of module 'CoreFoundation' will be added implicitly
201 | ScaledHeight(self, value: value)
202 | }
/Users/admin/builder/spi-builder-workspace/Sources/LayoutUI/RectLayouts.swift:209:16: error: cannot find type 'CGFloat' in scope; did you mean to use 'CGFloat'?
207 | let base: Base
208 | @usableFromInline
209 | let value: CGFloat
| `- error: cannot find type 'CGFloat' in scope; did you mean to use 'CGFloat'?
210 | @usableFromInline
211 | init(_ base: Base, value: CGFloat) {
/Users/admin/builder/spi-builder-workspace/Sources/LayoutUI/RectLayouts.swift:209:9: warning: cannot use struct 'CGFloat' in a property declaration marked public or in a '@frozen' or '@usableFromInline' context; 'CoreFoundation' was not imported by this file
207 | let base: Base
208 | @usableFromInline
209 | let value: CGFloat
| `- warning: cannot use struct 'CGFloat' in a property declaration marked public or in a '@frozen' or '@usableFromInline' context; 'CoreFoundation' was not imported by this file
210 | @usableFromInline
211 | init(_ base: Base, value: CGFloat) {
CoreFoundation.CGFloat:2:23: note: struct declared here
1 | @available(macOS 10.0, macCatalyst 13.0, iOS 2.0, watchOS 1.0, tvOS 9.0, *)
2 | @frozen public struct CGFloat : Sendable {
| `- note: struct declared here
3 | public typealias NativeType = Double
4 | public init()
/Users/admin/builder/spi-builder-workspace/Sources/LayoutUI/RectLayouts.swift:211:31: error: cannot find type 'CGFloat' in scope; did you mean to use 'CGFloat'?
209 | let value: CGFloat
210 | @usableFromInline
211 | init(_ base: Base, value: CGFloat) {
| `- error: cannot find type 'CGFloat' in scope; did you mean to use 'CGFloat'?
212 | self.base = base; self.value = value
213 | }
/Users/admin/builder/spi-builder-workspace/Sources/LayoutUI/RectLayouts.swift:211:5: warning: cannot use struct 'CGFloat' here; 'CoreFoundation' was not imported by this file
209 | let value: CGFloat
210 | @usableFromInline
211 | init(_ base: Base, value: CGFloat) {
| `- warning: cannot use struct 'CGFloat' here; 'CoreFoundation' was not imported by this file
212 | self.base = base; self.value = value
213 | }
CoreFoundation.CGFloat:2:23: note: struct declared here
1 | @available(macOS 10.0, macCatalyst 13.0, iOS 2.0, watchOS 1.0, tvOS 9.0, *)
2 | @frozen public struct CGFloat : Sendable {
| `- note: struct declared here
3 | public typealias NativeType = Double
4 | public init()
/Users/admin/builder/spi-builder-workspace/Sources/LayoutUI/RectLayouts.swift:216:38: error: cannot find type 'CGRect' in scope
214 | @inlinable
215 | @inline(__always)
216 | public func layout(_ rect: inout CGRect, with source: CGRect) {
| `- error: cannot find type 'CGRect' in scope
217 | base.layout(&rect, with: source)
218 | rect.size.height -= value
/Users/admin/builder/spi-builder-workspace/Sources/LayoutUI/RectLayouts.swift:216:59: error: cannot find type 'CGRect' in scope
214 | @inlinable
215 | @inline(__always)
216 | public func layout(_ rect: inout CGRect, with source: CGRect) {
| `- error: cannot find type 'CGRect' in scope
217 | base.layout(&rect, with: source)
218 | rect.size.height -= value
/Users/admin/builder/spi-builder-workspace/Sources/LayoutUI/RectLayouts.swift:224:32: error: cannot find type 'CGFloat' in scope; did you mean to use 'CGFloat'?
222 | @inlinable
223 | @inline(__always)
224 | public func inset(_ value: CGFloat) -> InsetHeight<Self> {
| `- error: cannot find type 'CGFloat' in scope; did you mean to use 'CGFloat'?
225 | InsetHeight(self, value: value)
226 | }
/Users/admin/builder/spi-builder-workspace/Sources/LayoutUI/RectLayouts.swift:224:17: warning: struct 'CGFloat' cannot be used in an '@inlinable' function because 'CoreFoundation' was not imported by this file; this is an error in the Swift 6 language mode
222 | @inlinable
223 | @inline(__always)
224 | public func inset(_ value: CGFloat) -> InsetHeight<Self> {
| |- warning: struct 'CGFloat' cannot be used in an '@inlinable' function because 'CoreFoundation' was not imported by this file; this is an error in the Swift 6 language mode
| `- note: The missing import of module 'CoreFoundation' will be added implicitly
225 | InsetHeight(self, value: value)
226 | }
/Users/admin/builder/spi-builder-workspace/Sources/LayoutUI/RectLayouts.swift:233:28: error: cannot find type 'CGFloat' in scope; did you mean to use 'CGFloat'?
231 | let base: Base
232 | @usableFromInline
233 | let value: ClosedRange<CGFloat>
| `- error: cannot find type 'CGFloat' in scope; did you mean to use 'CGFloat'?
234 | @usableFromInline
235 | init(_ base: Base, value: ClosedRange<CGFloat>) {
/Users/admin/builder/spi-builder-workspace/Sources/LayoutUI/RectLayouts.swift:233:9: warning: cannot use conformance of 'CGFloat' to 'Comparable' in a property declaration marked public or in a '@frozen' or '@usableFromInline' context; 'CoreFoundation' was not imported by this file; this is an error in the Swift 6 language mode
231 | let base: Base
232 | @usableFromInline
233 | let value: ClosedRange<CGFloat>
| |- warning: cannot use conformance of 'CGFloat' to 'Comparable' in a property declaration marked public or in a '@frozen' or '@usableFromInline' context; 'CoreFoundation' was not imported by this file; this is an error in the Swift 6 language mode
| `- note: The missing import of module 'CoreFoundation' will be added implicitly
234 | @usableFromInline
235 | init(_ base: Base, value: ClosedRange<CGFloat>) {
/Users/admin/builder/spi-builder-workspace/Sources/LayoutUI/RectLayouts.swift:233:9: warning: cannot use struct 'CGFloat' in a property declaration marked public or in a '@frozen' or '@usableFromInline' context; 'CoreFoundation' was not imported by this file
231 | let base: Base
232 | @usableFromInline
233 | let value: ClosedRange<CGFloat>
| `- warning: cannot use struct 'CGFloat' in a property declaration marked public or in a '@frozen' or '@usableFromInline' context; 'CoreFoundation' was not imported by this file
234 | @usableFromInline
235 | init(_ base: Base, value: ClosedRange<CGFloat>) {
CoreFoundation.CGFloat:2:23: note: struct declared here
1 | @available(macOS 10.0, macCatalyst 13.0, iOS 2.0, watchOS 1.0, tvOS 9.0, *)
2 | @frozen public struct CGFloat : Sendable {
| `- note: struct declared here
3 | public typealias NativeType = Double
4 | public init()
/Users/admin/builder/spi-builder-workspace/Sources/LayoutUI/RectLayouts.swift:235:43: error: cannot find type 'CGFloat' in scope; did you mean to use 'CGFloat'?
233 | let value: ClosedRange<CGFloat>
234 | @usableFromInline
235 | init(_ base: Base, value: ClosedRange<CGFloat>) {
| `- error: cannot find type 'CGFloat' in scope; did you mean to use 'CGFloat'?
236 | self.base = base; self.value = value
237 | }
/Users/admin/builder/spi-builder-workspace/Sources/LayoutUI/RectLayouts.swift:235:5: warning: cannot use conformance of 'CGFloat' to 'Comparable' here; 'CoreFoundation' was not imported by this file; this is an error in the Swift 6 language mode
233 | let value: ClosedRange<CGFloat>
234 | @usableFromInline
235 | init(_ base: Base, value: ClosedRange<CGFloat>) {
| |- warning: cannot use conformance of 'CGFloat' to 'Comparable' here; 'CoreFoundation' was not imported by this file; this is an error in the Swift 6 language mode
| `- note: The missing import of module 'CoreFoundation' will be added implicitly
236 | self.base = base; self.value = value
237 | }
/Users/admin/builder/spi-builder-workspace/Sources/LayoutUI/RectLayouts.swift:235:5: warning: cannot use struct 'CGFloat' here; 'CoreFoundation' was not imported by this file
233 | let value: ClosedRange<CGFloat>
234 | @usableFromInline
235 | init(_ base: Base, value: ClosedRange<CGFloat>) {
| `- warning: cannot use struct 'CGFloat' here; 'CoreFoundation' was not imported by this file
236 | self.base = base; self.value = value
237 | }
CoreFoundation.CGFloat:2:23: note: struct declared here
1 | @available(macOS 10.0, macCatalyst 13.0, iOS 2.0, watchOS 1.0, tvOS 9.0, *)
2 | @frozen public struct CGFloat : Sendable {
| `- note: struct declared here
3 | public typealias NativeType = Double
4 | public init()
/Users/admin/builder/spi-builder-workspace/Sources/LayoutUI/RectLayouts.swift:240:38: error: cannot find type 'CGRect' in scope
238 | @inlinable
239 | @inline(__always)
240 | public func layout(_ rect: inout CGRect, with source: CGRect) {
| `- error: cannot find type 'CGRect' in scope
241 | base.layout(&rect, with: source)
242 | rect.size.height = max(value.lowerBound, min(value.upperBound, rect.height))
/Users/admin/builder/spi-builder-workspace/Sources/LayoutUI/RectLayouts.swift:240:59: error: cannot find type 'CGRect' in scope
238 | @inlinable
239 | @inline(__always)
240 | public func layout(_ rect: inout CGRect, with source: CGRect) {
| `- error: cannot find type 'CGRect' in scope
241 | base.layout(&rect, with: source)
242 | rect.size.height = max(value.lowerBound, min(value.upperBound, rect.height))
/Users/admin/builder/spi-builder-workspace/Sources/LayoutUI/RectLayouts.swift:248:46: error: cannot find type 'CGFloat' in scope; did you mean to use 'CGFloat'?
246 | @inlinable
247 | @inline(__always)
248 | public func between(_ value: ClosedRange<CGFloat>) -> BetweenHeight<Self> {
| `- error: cannot find type 'CGFloat' in scope; did you mean to use 'CGFloat'?
249 | BetweenHeight(self, value: value)
250 | }
/Users/admin/builder/spi-builder-workspace/Sources/LayoutUI/RectLayouts.swift:248:17: warning: cannot use conformance of 'CGFloat' to 'Comparable' here; 'CoreFoundation' was not imported by this file; this is an error in the Swift 6 language mode
246 | @inlinable
247 | @inline(__always)
248 | public func between(_ value: ClosedRange<CGFloat>) -> BetweenHeight<Self> {
| |- warning: cannot use conformance of 'CGFloat' to 'Comparable' here; 'CoreFoundation' was not imported by this file; this is an error in the Swift 6 language mode
| `- note: The missing import of module 'CoreFoundation' will be added implicitly
249 | BetweenHeight(self, value: value)
250 | }
/Users/admin/builder/spi-builder-workspace/Sources/LayoutUI/RectLayouts.swift:248:17: warning: struct 'CGFloat' cannot be used in an '@inlinable' function because 'CoreFoundation' was not imported by this file; this is an error in the Swift 6 language mode
246 | @inlinable
247 | @inline(__always)
248 | public func between(_ value: ClosedRange<CGFloat>) -> BetweenHeight<Self> {
| |- warning: struct 'CGFloat' cannot be used in an '@inlinable' function because 'CoreFoundation' was not imported by this file; this is an error in the Swift 6 language mode
| `- note: The missing import of module 'CoreFoundation' will be added implicitly
249 | BetweenHeight(self, value: value)
250 | }
/Users/admin/builder/spi-builder-workspace/Sources/LayoutUI/RectLayouts.swift:253:54: error: cannot find type 'CGFloat' in scope; did you mean to use 'CGFloat'?
251 | @inlinable
252 | @inline(__always)
253 | public func between(_ value: PartialRangeThrough<CGFloat>) -> BetweenHeight<Self> {
| `- error: cannot find type 'CGFloat' in scope; did you mean to use 'CGFloat'?
254 | BetweenHeight(self, value: 0...value.upperBound)
255 | }
/Users/admin/builder/spi-builder-workspace/Sources/LayoutUI/RectLayouts.swift:253:17: warning: cannot use conformance of 'CGFloat' to 'Comparable' here; 'CoreFoundation' was not imported by this file; this is an error in the Swift 6 language mode
251 | @inlinable
252 | @inline(__always)
253 | public func between(_ value: PartialRangeThrough<CGFloat>) -> BetweenHeight<Self> {
| |- warning: cannot use conformance of 'CGFloat' to 'Comparable' here; 'CoreFoundation' was not imported by this file; this is an error in the Swift 6 language mode
| `- note: The missing import of module 'CoreFoundation' will be added implicitly
254 | BetweenHeight(self, value: 0...value.upperBound)
255 | }
/Users/admin/builder/spi-builder-workspace/Sources/LayoutUI/RectLayouts.swift:253:17: warning: struct 'CGFloat' cannot be used in an '@inlinable' function because 'CoreFoundation' was not imported by this file; this is an error in the Swift 6 language mode
251 | @inlinable
252 | @inline(__always)
253 | public func between(_ value: PartialRangeThrough<CGFloat>) -> BetweenHeight<Self> {
| |- warning: struct 'CGFloat' cannot be used in an '@inlinable' function because 'CoreFoundation' was not imported by this file; this is an error in the Swift 6 language mode
| `- note: The missing import of module 'CoreFoundation' will be added implicitly
254 | BetweenHeight(self, value: 0...value.upperBound)
255 | }
/Users/admin/builder/spi-builder-workspace/Sources/LayoutUI/RectLayouts.swift:258:51: error: cannot find type 'CGFloat' in scope; did you mean to use 'CGFloat'?
256 | @inlinable
257 | @inline(__always)
258 | public func between(_ value: PartialRangeFrom<CGFloat>) -> BetweenHeight<Self> {
| `- error: cannot find type 'CGFloat' in scope; did you mean to use 'CGFloat'?
259 | BetweenHeight(self, value: value.lowerBound ... .greatestFiniteMagnitude)
260 | }
/Users/admin/builder/spi-builder-workspace/Sources/LayoutUI/RectLayouts.swift:258:17: warning: cannot use conformance of 'CGFloat' to 'Comparable' here; 'CoreFoundation' was not imported by this file; this is an error in the Swift 6 language mode
256 | @inlinable
257 | @inline(__always)
258 | public func between(_ value: PartialRangeFrom<CGFloat>) -> BetweenHeight<Self> {
| |- warning: cannot use conformance of 'CGFloat' to 'Comparable' here; 'CoreFoundation' was not imported by this file; this is an error in the Swift 6 language mode
| `- note: The missing import of module 'CoreFoundation' will be added implicitly
259 | BetweenHeight(self, value: value.lowerBound ... .greatestFiniteMagnitude)
260 | }
/Users/admin/builder/spi-builder-workspace/Sources/LayoutUI/RectLayouts.swift:258:17: warning: struct 'CGFloat' cannot be used in an '@inlinable' function because 'CoreFoundation' was not imported by this file; this is an error in the Swift 6 language mode
256 | @inlinable
257 | @inline(__always)
258 | public func between(_ value: PartialRangeFrom<CGFloat>) -> BetweenHeight<Self> {
| |- warning: struct 'CGFloat' cannot be used in an '@inlinable' function because 'CoreFoundation' was not imported by this file; this is an error in the Swift 6 language mode
| `- note: The missing import of module 'CoreFoundation' will be added implicitly
259 | BetweenHeight(self, value: value.lowerBound ... .greatestFiniteMagnitude)
260 | }
/Users/admin/builder/spi-builder-workspace/Sources/LayoutUI/RectLayouts.swift:276:42: error: cannot find type 'CGRect' in scope
274 | @inlinable
275 | @inline(__always)
276 | public func layout(_ rect: inout CGRect, with source: CGRect) {
| `- error: cannot find type 'CGRect' in scope
277 | rect.origin.x = source.minX - rect.size.width
278 | }
/Users/admin/builder/spi-builder-workspace/Sources/LayoutUI/RectLayouts.swift:276:63: error: cannot find type 'CGRect' in scope
274 | @inlinable
275 | @inline(__always)
276 | public func layout(_ rect: inout CGRect, with source: CGRect) {
| `- error: cannot find type 'CGRect' in scope
277 | rect.origin.x = source.minX - rect.size.width
278 | }
/Users/admin/builder/spi-builder-workspace/Sources/LayoutUI/RectLayouts.swift:288:42: error: cannot find type 'CGRect' in scope
286 | @inlinable
287 | @inline(__always)
288 | public func layout(_ rect: inout CGRect, with source: CGRect) {
| `- error: cannot find type 'CGRect' in scope
289 | rect.origin.x = source.minX
290 | }
/Users/admin/builder/spi-builder-workspace/Sources/LayoutUI/RectLayouts.swift:288:63: error: cannot find type 'CGRect' in scope
286 | @inlinable
287 | @inline(__always)
288 | public func layout(_ rect: inout CGRect, with source: CGRect) {
| `- error: cannot find type 'CGRect' in scope
289 | rect.origin.x = source.minX
290 | }
/Users/admin/builder/spi-builder-workspace/Sources/LayoutUI/RectLayouts.swift:300:42: error: cannot find type 'CGRect' in scope
298 | @inlinable
299 | @inline(__always)
300 | public func layout(_ rect: inout CGRect, with source: CGRect) {
| `- error: cannot find type 'CGRect' in scope
301 | rect.origin.x = source.minX - rect.size.width * 0.5
302 | }
/Users/admin/builder/spi-builder-workspace/Sources/LayoutUI/RectLayouts.swift:300:63: error: cannot find type 'CGRect' in scope
298 | @inlinable
299 | @inline(__always)
300 | public func layout(_ rect: inout CGRect, with source: CGRect) {
| `- error: cannot find type 'CGRect' in scope
301 | rect.origin.x = source.minX - rect.size.width * 0.5
302 | }
/Users/admin/builder/spi-builder-workspace/Sources/LayoutUI/RectLayouts.swift:309:16: error: cannot find type 'CGFloat' in scope; did you mean to use 'CGFloat'?
307 | let base: Base
308 | @usableFromInline
309 | let value: CGFloat
| `- error: cannot find type 'CGFloat' in scope; did you mean to use 'CGFloat'?
310 | @usableFromInline
311 | init(_ base: Base, value: CGFloat) {
/Users/admin/builder/spi-builder-workspace/Sources/LayoutUI/RectLayouts.swift:309:9: warning: cannot use struct 'CGFloat' in a property declaration marked public or in a '@frozen' or '@usableFromInline' context; 'CoreFoundation' was not imported by this file
307 | let base: Base
308 | @usableFromInline
309 | let value: CGFloat
| `- warning: cannot use struct 'CGFloat' in a property declaration marked public or in a '@frozen' or '@usableFromInline' context; 'CoreFoundation' was not imported by this file
310 | @usableFromInline
311 | init(_ base: Base, value: CGFloat) {
CoreFoundation.CGFloat:2:23: note: struct declared here
1 | @available(macOS 10.0, macCatalyst 13.0, iOS 2.0, watchOS 1.0, tvOS 9.0, *)
2 | @frozen public struct CGFloat : Sendable {
| `- note: struct declared here
3 | public typealias NativeType = Double
4 | public init()
/Users/admin/builder/spi-builder-workspace/Sources/LayoutUI/RectLayouts.swift:311:31: error: cannot find type 'CGFloat' in scope; did you mean to use 'CGFloat'?
309 | let value: CGFloat
310 | @usableFromInline
311 | init(_ base: Base, value: CGFloat) {
| `- error: cannot find type 'CGFloat' in scope; did you mean to use 'CGFloat'?
312 | self.base = base; self.value = value
313 | }
/Users/admin/builder/spi-builder-workspace/Sources/LayoutUI/RectLayouts.swift:311:5: warning: cannot use struct 'CGFloat' here; 'CoreFoundation' was not imported by this file
309 | let value: CGFloat
310 | @usableFromInline
311 | init(_ base: Base, value: CGFloat) {
| `- warning: cannot use struct 'CGFloat' here; 'CoreFoundation' was not imported by this file
312 | self.base = base; self.value = value
313 | }
CoreFoundation.CGFloat:2:23: note: struct declared here
1 | @available(macOS 10.0, macCatalyst 13.0, iOS 2.0, watchOS 1.0, tvOS 9.0, *)
2 | @frozen public struct CGFloat : Sendable {
| `- note: struct declared here
3 | public typealias NativeType = Double
4 | public init()
/Users/admin/builder/spi-builder-workspace/Sources/LayoutUI/RectLayouts.swift:316:38: error: cannot find type 'CGRect' in scope
314 | @inlinable
315 | @inline(__always)
316 | public func layout(_ rect: inout CGRect, with source: CGRect) {
| `- error: cannot find type 'CGRect' in scope
317 | base.layout(&rect, with: source)
318 | rect.origin.x += value
/Users/admin/builder/spi-builder-workspace/Sources/LayoutUI/RectLayouts.swift:316:59: error: cannot find type 'CGRect' in scope
314 | @inlinable
315 | @inline(__always)
316 | public func layout(_ rect: inout CGRect, with source: CGRect) {
| `- error: cannot find type 'CGRect' in scope
317 | base.layout(&rect, with: source)
318 | rect.origin.x += value
/Users/admin/builder/spi-builder-workspace/Sources/LayoutUI/RectLayouts.swift:324:33: error: cannot find type 'CGFloat' in scope; did you mean to use 'CGFloat'?
322 | @inlinable
323 | @inline(__always)
324 | public func offset(_ value: CGFloat) -> MinXOffset<Self> {
| `- error: cannot find type 'CGFloat' in scope; did you mean to use 'CGFloat'?
325 | MinXOffset(self, value: value)
326 | }
/Users/admin/builder/spi-builder-workspace/Sources/LayoutUI/RectLayouts.swift:324:17: warning: struct 'CGFloat' cannot be used in an '@inlinable' function because 'CoreFoundation' was not imported by this file; this is an error in the Swift 6 language mode
322 | @inlinable
323 | @inline(__always)
324 | public func offset(_ value: CGFloat) -> MinXOffset<Self> {
| |- warning: struct 'CGFloat' cannot be used in an '@inlinable' function because 'CoreFoundation' was not imported by this file; this is an error in the Swift 6 language mode
| `- note: The missing import of module 'CoreFoundation' will be added implicitly
325 | MinXOffset(self, value: value)
326 | }
/Users/admin/builder/spi-builder-workspace/Sources/LayoutUI/RectLayouts.swift:332:16: error: cannot find type 'CGFloat' in scope; did you mean to use 'CGFloat'?
330 | let base: Base
331 | @usableFromInline
332 | let value: CGFloat
| `- error: cannot find type 'CGFloat' in scope; did you mean to use 'CGFloat'?
333 | @usableFromInline
334 | init(_ base: Base, value: CGFloat) {
/Users/admin/builder/spi-builder-workspace/Sources/LayoutUI/RectLayouts.swift:332:9: warning: cannot use struct 'CGFloat' in a property declaration marked public or in a '@frozen' or '@usableFromInline' context; 'CoreFoundation' was not imported by this file
330 | let base: Base
331 | @usableFromInline
332 | let value: CGFloat
| `- warning: cannot use struct 'CGFloat' in a property declaration marked public or in a '@frozen' or '@usableFromInline' context; 'CoreFoundation' was not imported by this file
333 | @usableFromInline
334 | init(_ base: Base, value: CGFloat) {
CoreFoundation.CGFloat:2:23: note: struct declared here
1 | @available(macOS 10.0, macCatalyst 13.0, iOS 2.0, watchOS 1.0, tvOS 9.0, *)
2 | @frozen public struct CGFloat : Sendable {
| `- note: struct declared here
3 | public typealias NativeType = Double
4 | public init()
/Users/admin/builder/spi-builder-workspace/Sources/LayoutUI/RectLayouts.swift:334:31: error: cannot find type 'CGFloat' in scope; did you mean to use 'CGFloat'?
332 | let value: CGFloat
333 | @usableFromInline
334 | init(_ base: Base, value: CGFloat) {
| `- error: cannot find type 'CGFloat' in scope; did you mean to use 'CGFloat'?
335 | self.base = base; self.value = value
336 | }
/Users/admin/builder/spi-builder-workspace/Sources/LayoutUI/RectLayouts.swift:334:5: warning: cannot use struct 'CGFloat' here; 'CoreFoundation' was not imported by this file
332 | let value: CGFloat
333 | @usableFromInline
334 | init(_ base: Base, value: CGFloat) {
| `- warning: cannot use struct 'CGFloat' here; 'CoreFoundation' was not imported by this file
335 | self.base = base; self.value = value
336 | }
CoreFoundation.CGFloat:2:23: note: struct declared here
1 | @available(macOS 10.0, macCatalyst 13.0, iOS 2.0, watchOS 1.0, tvOS 9.0, *)
2 | @frozen public struct CGFloat : Sendable {
| `- note: struct declared here
3 | public typealias NativeType = Double
4 | public init()
/Users/admin/builder/spi-builder-workspace/Sources/LayoutUI/RectLayouts.swift:339:38: error: cannot find type 'CGRect' in scope
337 | @inlinable
338 | @inline(__always)
339 | public func layout(_ rect: inout CGRect, with source: CGRect) {
| `- error: cannot find type 'CGRect' in scope
340 | base.layout(&rect, with: source)
341 | rect.origin.x += source.width * value
/Users/admin/builder/spi-builder-workspace/Sources/LayoutUI/RectLayouts.swift:339:59: error: cannot find type 'CGRect' in scope
337 | @inlinable
338 | @inline(__always)
339 | public func layout(_ rect: inout CGRect, with source: CGRect) {
| `- error: cannot find type 'CGRect' in scope
340 | base.layout(&rect, with: source)
341 | rect.origin.x += source.width * value
/Users/admin/builder/spi-builder-workspace/Sources/LayoutUI/RectLayouts.swift:347:42: error: cannot find type 'CGFloat' in scope; did you mean to use 'CGFloat'?
345 | @inlinable
346 | @inline(__always)
347 | public func offset(multiplier value: CGFloat) -> MinXOffsetMultiplier<Self> {
| `- error: cannot find type 'CGFloat' in scope; did you mean to use 'CGFloat'?
348 | MinXOffsetMultiplier(self, value: value)
349 | }
/Users/admin/builder/spi-builder-workspace/Sources/LayoutUI/RectLayouts.swift:347:17: warning: struct 'CGFloat' cannot be used in an '@inlinable' function because 'CoreFoundation' was not imported by this file; this is an error in the Swift 6 language mode
345 | @inlinable
346 | @inline(__always)
347 | public func offset(multiplier value: CGFloat) -> MinXOffsetMultiplier<Self> {
| |- warning: struct 'CGFloat' cannot be used in an '@inlinable' function because 'CoreFoundation' was not imported by this file; this is an error in the Swift 6 language mode
| `- note: The missing import of module 'CoreFoundation' will be added implicitly
348 | MinXOffsetMultiplier(self, value: value)
349 | }
/Users/admin/builder/spi-builder-workspace/Sources/LayoutUI/RectLayouts.swift:362:42: error: cannot find type 'CGRect' in scope
360 | @inlinable
361 | @inline(__always)
362 | public func layout(_ rect: inout CGRect, with source: CGRect) {
| `- error: cannot find type 'CGRect' in scope
363 | rect.origin.x = source.maxX - rect.size.width
364 | }
/Users/admin/builder/spi-builder-workspace/Sources/LayoutUI/RectLayouts.swift:362:63: error: cannot find type 'CGRect' in scope
360 | @inlinable
361 | @inline(__always)
362 | public func layout(_ rect: inout CGRect, with source: CGRect) {
| `- error: cannot find type 'CGRect' in scope
363 | rect.origin.x = source.maxX - rect.size.width
364 | }
/Users/admin/builder/spi-builder-workspace/Sources/LayoutUI/RectLayouts.swift:374:42: error: cannot find type 'CGRect' in scope
372 | @inlinable
373 | @inline(__always)
374 | public func layout(_ rect: inout CGRect, with source: CGRect) {
| `- error: cannot find type 'CGRect' in scope
375 | rect.origin.x = source.maxX
376 | }
/Users/admin/builder/spi-builder-workspace/Sources/LayoutUI/RectLayouts.swift:374:63: error: cannot find type 'CGRect' in scope
372 | @inlinable
373 | @inline(__always)
374 | public func layout(_ rect: inout CGRect, with source: CGRect) {
| `- error: cannot find type 'CGRect' in scope
375 | rect.origin.x = source.maxX
376 | }
/Users/admin/builder/spi-builder-workspace/Sources/LayoutUI/RectLayouts.swift:386:42: error: cannot find type 'CGRect' in scope
384 | @inlinable
385 | @inline(__always)
386 | public func layout(_ rect: inout CGRect, with source: CGRect) {
| `- error: cannot find type 'CGRect' in scope
387 | rect.origin.x = source.maxX - rect.size.width * 0.5
388 | }
/Users/admin/builder/spi-builder-workspace/Sources/LayoutUI/RectLayouts.swift:386:63: error: cannot find type 'CGRect' in scope
384 | @inlinable
385 | @inline(__always)
386 | public func layout(_ rect: inout CGRect, with source: CGRect) {
| `- error: cannot find type 'CGRect' in scope
387 | rect.origin.x = source.maxX - rect.size.width * 0.5
388 | }
/Users/admin/builder/spi-builder-workspace/Sources/LayoutUI/RectLayouts.swift:407:42: error: cannot find type 'CGRect' in scope
405 | @inlinable
406 | @inline(__always)
407 | public func layout(_ rect: inout CGRect, with source: CGRect) {
| `- error: cannot find type 'CGRect' in scope
408 | rect.origin.y = source.minY - rect.size.height
409 | }
/Users/admin/builder/spi-builder-workspace/Sources/LayoutUI/RectLayouts.swift:407:63: error: cannot find type 'CGRect' in scope
405 | @inlinable
406 | @inline(__always)
407 | public func layout(_ rect: inout CGRect, with source: CGRect) {
| `- error: cannot find type 'CGRect' in scope
408 | rect.origin.y = source.minY - rect.size.height
409 | }
/Users/admin/builder/spi-builder-workspace/Sources/LayoutUI/RectLayouts.swift:419:42: error: cannot find type 'CGRect' in scope
417 | @inlinable
418 | @inline(__always)
419 | public func layout(_ rect: inout CGRect, with source: CGRect) {
| `- error: cannot find type 'CGRect' in scope
420 | rect.origin.y = source.minY
421 | }
/Users/admin/builder/spi-builder-workspace/Sources/LayoutUI/RectLayouts.swift:419:63: error: cannot find type 'CGRect' in scope
417 | @inlinable
418 | @inline(__always)
419 | public func layout(_ rect: inout CGRect, with source: CGRect) {
| `- error: cannot find type 'CGRect' in scope
420 | rect.origin.y = source.minY
421 | }
/Users/admin/builder/spi-builder-workspace/Sources/LayoutUI/RectLayouts.swift:431:42: error: cannot find type 'CGRect' in scope
429 | @inlinable
430 | @inline(__always)
431 | public func layout(_ rect: inout CGRect, with source: CGRect) {
| `- error: cannot find type 'CGRect' in scope
432 | rect.origin.y = source.minY - rect.size.height * 0.5
433 | }
/Users/admin/builder/spi-builder-workspace/Sources/LayoutUI/RectLayouts.swift:431:63: error: cannot find type 'CGRect' in scope
429 | @inlinable
430 | @inline(__always)
431 | public func layout(_ rect: inout CGRect, with source: CGRect) {
| `- error: cannot find type 'CGRect' in scope
432 | rect.origin.y = source.minY - rect.size.height * 0.5
433 | }
/Users/admin/builder/spi-builder-workspace/Sources/LayoutUI/RectLayouts.swift:440:16: error: cannot find type 'CGFloat' in scope; did you mean to use 'CGFloat'?
438 | let base: Base
439 | @usableFromInline
440 | let value: CGFloat
| `- error: cannot find type 'CGFloat' in scope; did you mean to use 'CGFloat'?
441 | @usableFromInline
442 | init(_ base: Base, value: CGFloat) {
/Users/admin/builder/spi-builder-workspace/Sources/LayoutUI/RectLayouts.swift:440:9: warning: cannot use struct 'CGFloat' in a property declaration marked public or in a '@frozen' or '@usableFromInline' context; 'CoreFoundation' was not imported by this file
438 | let base: Base
439 | @usableFromInline
440 | let value: CGFloat
| `- warning: cannot use struct 'CGFloat' in a property declaration marked public or in a '@frozen' or '@usableFromInline' context; 'CoreFoundation' was not imported by this file
441 | @usableFromInline
442 | init(_ base: Base, value: CGFloat) {
CoreFoundation.CGFloat:2:23: note: struct declared here
1 | @available(macOS 10.0, macCatalyst 13.0, iOS 2.0, watchOS 1.0, tvOS 9.0, *)
2 | @frozen public struct CGFloat : Sendable {
| `- note: struct declared here
3 | public typealias NativeType = Double
4 | public init()
/Users/admin/builder/spi-builder-workspace/Sources/LayoutUI/RectLayouts.swift:442:31: error: cannot find type 'CGFloat' in scope; did you mean to use 'CGFloat'?
440 | let value: CGFloat
441 | @usableFromInline
442 | init(_ base: Base, value: CGFloat) {
| `- error: cannot find type 'CGFloat' in scope; did you mean to use 'CGFloat'?
443 | self.base = base; self.value = value
444 | }
/Users/admin/builder/spi-builder-workspace/Sources/LayoutUI/RectLayouts.swift:442:5: warning: cannot use struct 'CGFloat' here; 'CoreFoundation' was not imported by this file
440 | let value: CGFloat
441 | @usableFromInline
442 | init(_ base: Base, value: CGFloat) {
| `- warning: cannot use struct 'CGFloat' here; 'CoreFoundation' was not imported by this file
443 | self.base = base; self.value = value
444 | }
CoreFoundation.CGFloat:2:23: note: struct declared here
1 | @available(macOS 10.0, macCatalyst 13.0, iOS 2.0, watchOS 1.0, tvOS 9.0, *)
2 | @frozen public struct CGFloat : Sendable {
| `- note: struct declared here
3 | public typealias NativeType = Double
4 | public init()
/Users/admin/builder/spi-builder-workspace/Sources/LayoutUI/RectLayouts.swift:447:38: error: cannot find type 'CGRect' in scope
445 | @inlinable
446 | @inline(__always)
447 | public func layout(_ rect: inout CGRect, with source: CGRect) {
| `- error: cannot find type 'CGRect' in scope
448 | base.layout(&rect, with: source)
449 | rect.origin.y += value
/Users/admin/builder/spi-builder-workspace/Sources/LayoutUI/RectLayouts.swift:447:59: error: cannot find type 'CGRect' in scope
445 | @inlinable
446 | @inline(__always)
447 | public func layout(_ rect: inout CGRect, with source: CGRect) {
| `- error: cannot find type 'CGRect' in scope
448 | base.layout(&rect, with: source)
449 | rect.origin.y += value
/Users/admin/builder/spi-builder-workspace/Sources/LayoutUI/RectLayouts.swift:455:33: error: cannot find type 'CGFloat' in scope; did you mean to use 'CGFloat'?
453 | @inlinable
454 | @inline(__always)
455 | public func offset(_ value: CGFloat) -> MinYOffset<Self> {
| `- error: cannot find type 'CGFloat' in scope; did you mean to use 'CGFloat'?
456 | MinYOffset(self, value: value)
457 | }
/Users/admin/builder/spi-builder-workspace/Sources/LayoutUI/RectLayouts.swift:455:17: warning: struct 'CGFloat' cannot be used in an '@inlinable' function because 'CoreFoundation' was not imported by this file; this is an error in the Swift 6 language mode
453 | @inlinable
454 | @inline(__always)
455 | public func offset(_ value: CGFloat) -> MinYOffset<Self> {
| |- warning: struct 'CGFloat' cannot be used in an '@inlinable' function because 'CoreFoundation' was not imported by this file; this is an error in the Swift 6 language mode
| `- note: The missing import of module 'CoreFoundation' will be added implicitly
456 | MinYOffset(self, value: value)
457 | }
/Users/admin/builder/spi-builder-workspace/Sources/LayoutUI/RectLayouts.swift:463:16: error: cannot find type 'CGFloat' in scope; did you mean to use 'CGFloat'?
461 | let base: Base
462 | @usableFromInline
463 | let value: CGFloat
| `- error: cannot find type 'CGFloat' in scope; did you mean to use 'CGFloat'?
464 | @usableFromInline
465 | init(_ base: Base, value: CGFloat) {
/Users/admin/builder/spi-builder-workspace/Sources/LayoutUI/RectLayouts.swift:463:9: warning: cannot use struct 'CGFloat' in a property declaration marked public or in a '@frozen' or '@usableFromInline' context; 'CoreFoundation' was not imported by this file
461 | let base: Base
462 | @usableFromInline
463 | let value: CGFloat
| `- warning: cannot use struct 'CGFloat' in a property declaration marked public or in a '@frozen' or '@usableFromInline' context; 'CoreFoundation' was not imported by this file
464 | @usableFromInline
465 | init(_ base: Base, value: CGFloat) {
CoreFoundation.CGFloat:2:23: note: struct declared here
1 | @available(macOS 10.0, macCatalyst 13.0, iOS 2.0, watchOS 1.0, tvOS 9.0, *)
2 | @frozen public struct CGFloat : Sendable {
| `- note: struct declared here
3 | public typealias NativeType = Double
4 | public init()
/Users/admin/builder/spi-builder-workspace/Sources/LayoutUI/RectLayouts.swift:465:31: error: cannot find type 'CGFloat' in scope; did you mean to use 'CGFloat'?
463 | let value: CGFloat
464 | @usableFromInline
465 | init(_ base: Base, value: CGFloat) {
| `- error: cannot find type 'CGFloat' in scope; did you mean to use 'CGFloat'?
466 | self.base = base; self.value = value
467 | }
/Users/admin/builder/spi-builder-workspace/Sources/LayoutUI/RectLayouts.swift:465:5: warning: cannot use struct 'CGFloat' here; 'CoreFoundation' was not imported by this file
463 | let value: CGFloat
464 | @usableFromInline
465 | init(_ base: Base, value: CGFloat) {
| `- warning: cannot use struct 'CGFloat' here; 'CoreFoundation' was not imported by this file
466 | self.base = base; self.value = value
467 | }
CoreFoundation.CGFloat:2:23: note: struct declared here
1 | @available(macOS 10.0, macCatalyst 13.0, iOS 2.0, watchOS 1.0, tvOS 9.0, *)
2 | @frozen public struct CGFloat : Sendable {
| `- note: struct declared here
3 | public typealias NativeType = Double
4 | public init()
/Users/admin/builder/spi-builder-workspace/Sources/LayoutUI/RectLayouts.swift:470:38: error: cannot find type 'CGRect' in scope
468 | @inlinable
469 | @inline(__always)
470 | public func layout(_ rect: inout CGRect, with source: CGRect) {
| `- error: cannot find type 'CGRect' in scope
471 | base.layout(&rect, with: source)
472 | rect.origin.y += source.height * value
/Users/admin/builder/spi-builder-workspace/Sources/LayoutUI/RectLayouts.swift:470:59: error: cannot find type 'CGRect' in scope
468 | @inlinable
469 | @inline(__always)
470 | public func layout(_ rect: inout CGRect, with source: CGRect) {
| `- error: cannot find type 'CGRect' in scope
471 | base.layout(&rect, with: source)
472 | rect.origin.y += source.height * value
/Users/admin/builder/spi-builder-workspace/Sources/LayoutUI/RectLayouts.swift:478:42: error: cannot find type 'CGFloat' in scope; did you mean to use 'CGFloat'?
476 | @inlinable
477 | @inline(__always)
478 | public func offset(multiplier value: CGFloat) -> MinYOffsetMultiplier<Self> {
| `- error: cannot find type 'CGFloat' in scope; did you mean to use 'CGFloat'?
479 | MinYOffsetMultiplier(self, value: value)
480 | }
/Users/admin/builder/spi-builder-workspace/Sources/LayoutUI/RectLayouts.swift:478:17: warning: struct 'CGFloat' cannot be used in an '@inlinable' function because 'CoreFoundation' was not imported by this file; this is an error in the Swift 6 language mode
476 | @inlinable
477 | @inline(__always)
478 | public func offset(multiplier value: CGFloat) -> MinYOffsetMultiplier<Self> {
| |- warning: struct 'CGFloat' cannot be used in an '@inlinable' function because 'CoreFoundation' was not imported by this file; this is an error in the Swift 6 language mode
| `- note: The missing import of module 'CoreFoundation' will be added implicitly
479 | MinYOffsetMultiplier(self, value: value)
480 | }
/Users/admin/builder/spi-builder-workspace/Sources/LayoutUI/RectLayouts.swift:493:42: error: cannot find type 'CGRect' in scope
491 | @inlinable
492 | @inline(__always)
493 | public func layout(_ rect: inout CGRect, with source: CGRect) {
| `- error: cannot find type 'CGRect' in scope
494 | rect.origin.y = source.maxY - rect.size.height
495 | }
/Users/admin/builder/spi-builder-workspace/Sources/LayoutUI/RectLayouts.swift:493:63: error: cannot find type 'CGRect' in scope
491 | @inlinable
492 | @inline(__always)
493 | public func layout(_ rect: inout CGRect, with source: CGRect) {
| `- error: cannot find type 'CGRect' in scope
494 | rect.origin.y = source.maxY - rect.size.height
495 | }
/Users/admin/builder/spi-builder-workspace/Sources/LayoutUI/RectLayouts.swift:505:42: error: cannot find type 'CGRect' in scope
503 | @inlinable
504 | @inline(__always)
505 | public func layout(_ rect: inout CGRect, with source: CGRect) {
| `- error: cannot find type 'CGRect' in scope
506 | rect.origin.y = source.maxY
507 | }
/Users/admin/builder/spi-builder-workspace/Sources/LayoutUI/RectLayouts.swift:505:63: error: cannot find type 'CGRect' in scope
503 | @inlinable
504 | @inline(__always)
505 | public func layout(_ rect: inout CGRect, with source: CGRect) {
| `- error: cannot find type 'CGRect' in scope
506 | rect.origin.y = source.maxY
507 | }
/Users/admin/builder/spi-builder-workspace/Sources/LayoutUI/RectLayouts.swift:517:42: error: cannot find type 'CGRect' in scope
515 | @inlinable
516 | @inline(__always)
517 | public func layout(_ rect: inout CGRect, with source: CGRect) {
| `- error: cannot find type 'CGRect' in scope
518 | rect.origin.y = source.maxY - rect.size.height * 0.5
519 | }
/Users/admin/builder/spi-builder-workspace/Sources/LayoutUI/RectLayouts.swift:517:63: error: cannot find type 'CGRect' in scope
515 | @inlinable
516 | @inline(__always)
517 | public func layout(_ rect: inout CGRect, with source: CGRect) {
| `- error: cannot find type 'CGRect' in scope
518 | rect.origin.y = source.maxY - rect.size.height * 0.5
519 | }
/Users/admin/builder/spi-builder-workspace/Sources/LayoutUI/RectLayouts.swift:536:42: error: cannot find type 'CGRect' in scope
534 | @inlinable
535 | @inline(__always)
536 | public func layout(_ rect: inout CGRect, with source: CGRect) {
| `- error: cannot find type 'CGRect' in scope
537 | rect.origin.x = source.midX - rect.size.width
538 | }
/Users/admin/builder/spi-builder-workspace/Sources/LayoutUI/RectLayouts.swift:536:63: error: cannot find type 'CGRect' in scope
534 | @inlinable
535 | @inline(__always)
536 | public func layout(_ rect: inout CGRect, with source: CGRect) {
| `- error: cannot find type 'CGRect' in scope
537 | rect.origin.x = source.midX - rect.size.width
538 | }
/Users/admin/builder/spi-builder-workspace/Sources/LayoutUI/RectLayouts.swift:548:42: error: cannot find type 'CGRect' in scope
546 | @inlinable
547 | @inline(__always)
548 | public func layout(_ rect: inout CGRect, with source: CGRect) {
| `- error: cannot find type 'CGRect' in scope
549 | rect.origin.x = source.midX
550 | }
/Users/admin/builder/spi-builder-workspace/Sources/LayoutUI/RectLayouts.swift:548:63: error: cannot find type 'CGRect' in scope
546 | @inlinable
547 | @inline(__always)
548 | public func layout(_ rect: inout CGRect, with source: CGRect) {
| `- error: cannot find type 'CGRect' in scope
549 | rect.origin.x = source.midX
550 | }
/Users/admin/builder/spi-builder-workspace/Sources/LayoutUI/RectLayouts.swift:560:42: error: cannot find type 'CGRect' in scope
558 | @inlinable
559 | @inline(__always)
560 | public func layout(_ rect: inout CGRect, with source: CGRect) {
| `- error: cannot find type 'CGRect' in scope
561 | rect.origin.x = source.midX - rect.size.width * 0.5
562 | }
/Users/admin/builder/spi-builder-workspace/Sources/LayoutUI/RectLayouts.swift:560:63: error: cannot find type 'CGRect' in scope
558 | @inlinable
559 | @inline(__always)
560 | public func layout(_ rect: inout CGRect, with source: CGRect) {
| `- error: cannot find type 'CGRect' in scope
561 | rect.origin.x = source.midX - rect.size.width * 0.5
562 | }
/Users/admin/builder/spi-builder-workspace/Sources/LayoutUI/RectLayouts.swift:579:42: error: cannot find type 'CGRect' in scope
577 | @inlinable
578 | @inline(__always)
579 | public func layout(_ rect: inout CGRect, with source: CGRect) {
| `- error: cannot find type 'CGRect' in scope
580 | rect.origin.y = source.midY - rect.size.height
581 | }
/Users/admin/builder/spi-builder-workspace/Sources/LayoutUI/RectLayouts.swift:579:63: error: cannot find type 'CGRect' in scope
577 | @inlinable
578 | @inline(__always)
579 | public func layout(_ rect: inout CGRect, with source: CGRect) {
| `- error: cannot find type 'CGRect' in scope
580 | rect.origin.y = source.midY - rect.size.height
581 | }
/Users/admin/builder/spi-builder-workspace/Sources/LayoutUI/RectLayouts.swift:591:42: error: cannot find type 'CGRect' in scope
589 | @inlinable
590 | @inline(__always)
591 | public func layout(_ rect: inout CGRect, with source: CGRect) {
| `- error: cannot find type 'CGRect' in scope
592 | rect.origin.y = source.midY
593 | }
/Users/admin/builder/spi-builder-workspace/Sources/LayoutUI/RectLayouts.swift:591:63: error: cannot find type 'CGRect' in scope
589 | @inlinable
590 | @inline(__always)
591 | public func layout(_ rect: inout CGRect, with source: CGRect) {
| `- error: cannot find type 'CGRect' in scope
592 | rect.origin.y = source.midY
593 | }
/Users/admin/builder/spi-builder-workspace/Sources/LayoutUI/RectLayouts.swift:603:42: error: cannot find type 'CGRect' in scope
601 | @inlinable
602 | @inline(__always)
603 | public func layout(_ rect: inout CGRect, with source: CGRect) {
| `- error: cannot find type 'CGRect' in scope
604 | rect.origin.y = source.midY - rect.size.height * 0.5
605 | }
/Users/admin/builder/spi-builder-workspace/Sources/LayoutUI/RectLayouts.swift:603:63: error: cannot find type 'CGRect' in scope
601 | @inlinable
602 | @inline(__always)
603 | public func layout(_ rect: inout CGRect, with source: CGRect) {
| `- error: cannot find type 'CGRect' in scope
604 | rect.origin.y = source.midY - rect.size.height * 0.5
605 | }
/Users/admin/builder/spi-builder-workspace/Sources/LayoutUI/RectLayouts.swift:132:36: warning: cannot use conformance of 'CGFloat' to 'Comparable' here; 'CoreFoundation' was not imported by this file; this is an error in the Swift 6 language mode
130 | @inline(__always)
131 | public func between(_ value: PartialRangeThrough<CGFloat>) -> BetweenWidth<Self> {
132 | BetweenWidth(self, value: 0...value.upperBound)
| |- warning: cannot use conformance of 'CGFloat' to 'Comparable' here; 'CoreFoundation' was not imported by this file; this is an error in the Swift 6 language mode
| `- note: The missing import of module 'CoreFoundation' will be added implicitly
133 | }
134 | @inlinable
/Users/admin/builder/spi-builder-workspace/Sources/LayoutUI/RectLayouts.swift:132:35: warning: struct 'CGFloat' cannot be used in an '@inlinable' function because 'CoreFoundation' was not imported by this file; this is an error in the Swift 6 language mode
130 | @inline(__always)
131 | public func between(_ value: PartialRangeThrough<CGFloat>) -> BetweenWidth<Self> {
132 | BetweenWidth(self, value: 0...value.upperBound)
| |- warning: struct 'CGFloat' cannot be used in an '@inlinable' function because 'CoreFoundation' was not imported by this file; this is an error in the Swift 6 language mode
| `- note: The missing import of module 'CoreFoundation' will be added implicitly
133 | }
134 | @inlinable
/Users/admin/builder/spi-builder-workspace/Sources/LayoutUI/RectLayouts.swift:132:35: warning: initializer 'init(integerLiteral:)' cannot be used in an '@inlinable' function because 'CoreFoundation' was not imported by this file; this is an error in the Swift 6 language mode
130 | @inline(__always)
131 | public func between(_ value: PartialRangeThrough<CGFloat>) -> BetweenWidth<Self> {
132 | BetweenWidth(self, value: 0...value.upperBound)
| |- warning: initializer 'init(integerLiteral:)' cannot be used in an '@inlinable' function because 'CoreFoundation' was not imported by this file; this is an error in the Swift 6 language mode
| `- note: The missing import of module 'CoreFoundation' will be added implicitly
133 | }
134 | @inlinable
/Users/admin/builder/spi-builder-workspace/Sources/LayoutUI/RectLayouts.swift:132:45: warning: cannot use conformance of 'CGFloat' to 'Comparable' here; 'CoreFoundation' was not imported by this file; this is an error in the Swift 6 language mode
130 | @inline(__always)
131 | public func between(_ value: PartialRangeThrough<CGFloat>) -> BetweenWidth<Self> {
132 | BetweenWidth(self, value: 0...value.upperBound)
| |- warning: cannot use conformance of 'CGFloat' to 'Comparable' here; 'CoreFoundation' was not imported by this file; this is an error in the Swift 6 language mode
| `- note: The missing import of module 'CoreFoundation' will be added implicitly
133 | }
134 | @inlinable
/Users/admin/builder/spi-builder-workspace/Sources/LayoutUI/RectLayouts.swift:137:52: warning: cannot use conformance of 'CGFloat' to 'Comparable' here; 'CoreFoundation' was not imported by this file; this is an error in the Swift 6 language mode
135 | @inline(__always)
136 | public func between(_ value: PartialRangeFrom<CGFloat>) -> BetweenWidth<Self> {
137 | BetweenWidth(self, value: value.lowerBound ... .greatestFiniteMagnitude)
| |- warning: cannot use conformance of 'CGFloat' to 'Comparable' here; 'CoreFoundation' was not imported by this file; this is an error in the Swift 6 language mode
| `- note: The missing import of module 'CoreFoundation' will be added implicitly
138 | }
139 | }
/Users/admin/builder/spi-builder-workspace/Sources/LayoutUI/RectLayouts.swift:137:41: warning: cannot use conformance of 'CGFloat' to 'Comparable' here; 'CoreFoundation' was not imported by this file; this is an error in the Swift 6 language mode
135 | @inline(__always)
136 | public func between(_ value: PartialRangeFrom<CGFloat>) -> BetweenWidth<Self> {
137 | BetweenWidth(self, value: value.lowerBound ... .greatestFiniteMagnitude)
| |- warning: cannot use conformance of 'CGFloat' to 'Comparable' here; 'CoreFoundation' was not imported by this file; this is an error in the Swift 6 language mode
| `- note: The missing import of module 'CoreFoundation' will be added implicitly
138 | }
139 | }
/Users/admin/builder/spi-builder-workspace/Sources/LayoutUI/RectLayouts.swift:137:57: warning: static property 'greatestFiniteMagnitude' cannot be used in an '@inlinable' function because 'CoreFoundation' was not imported by this file; this is an error in the Swift 6 language mode
135 | @inline(__always)
136 | public func between(_ value: PartialRangeFrom<CGFloat>) -> BetweenWidth<Self> {
137 | BetweenWidth(self, value: value.lowerBound ... .greatestFiniteMagnitude)
| |- warning: static property 'greatestFiniteMagnitude' cannot be used in an '@inlinable' function because 'CoreFoundation' was not imported by this file; this is an error in the Swift 6 language mode
| `- note: The missing import of module 'CoreFoundation' will be added implicitly
138 | }
139 | }
/Users/admin/builder/spi-builder-workspace/Sources/LayoutUI/RectLayouts.swift:254:37: warning: cannot use conformance of 'CGFloat' to 'Comparable' here; 'CoreFoundation' was not imported by this file; this is an error in the Swift 6 language mode
252 | @inline(__always)
253 | public func between(_ value: PartialRangeThrough<CGFloat>) -> BetweenHeight<Self> {
254 | BetweenHeight(self, value: 0...value.upperBound)
| |- warning: cannot use conformance of 'CGFloat' to 'Comparable' here; 'CoreFoundation' was not imported by this file; this is an error in the Swift 6 language mode
| `- note: The missing import of module 'CoreFoundation' will be added implicitly
255 | }
256 | @inlinable
/Users/admin/builder/spi-builder-workspace/Sources/LayoutUI/RectLayouts.swift:254:36: warning: struct 'CGFloat' cannot be used in an '@inlinable' function because 'CoreFoundation' was not imported by this file; this is an error in the Swift 6 language mode
252 | @inline(__always)
253 | public func between(_ value: PartialRangeThrough<CGFloat>) -> BetweenHeight<Self> {
254 | BetweenHeight(self, value: 0...value.upperBound)
| |- warning: struct 'CGFloat' cannot be used in an '@inlinable' function because 'CoreFoundation' was not imported by this file; this is an error in the Swift 6 language mode
| `- note: The missing import of module 'CoreFoundation' will be added implicitly
255 | }
256 | @inlinable
/Users/admin/builder/spi-builder-workspace/Sources/LayoutUI/RectLayouts.swift:254:36: warning: initializer 'init(integerLiteral:)' cannot be used in an '@inlinable' function because 'CoreFoundation' was not imported by this file; this is an error in the Swift 6 language mode
252 | @inline(__always)
253 | public func between(_ value: PartialRangeThrough<CGFloat>) -> BetweenHeight<Self> {
254 | BetweenHeight(self, value: 0...value.upperBound)
| |- warning: initializer 'init(integerLiteral:)' cannot be used in an '@inlinable' function because 'CoreFoundation' was not imported by this file; this is an error in the Swift 6 language mode
| `- note: The missing import of module 'CoreFoundation' will be added implicitly
255 | }
256 | @inlinable
/Users/admin/builder/spi-builder-workspace/Sources/LayoutUI/RectLayouts.swift:254:46: warning: cannot use conformance of 'CGFloat' to 'Comparable' here; 'CoreFoundation' was not imported by this file; this is an error in the Swift 6 language mode
252 | @inline(__always)
253 | public func between(_ value: PartialRangeThrough<CGFloat>) -> BetweenHeight<Self> {
254 | BetweenHeight(self, value: 0...value.upperBound)
| |- warning: cannot use conformance of 'CGFloat' to 'Comparable' here; 'CoreFoundation' was not imported by this file; this is an error in the Swift 6 language mode
| `- note: The missing import of module 'CoreFoundation' will be added implicitly
255 | }
256 | @inlinable
/Users/admin/builder/spi-builder-workspace/Sources/LayoutUI/RectLayouts.swift:259:53: warning: cannot use conformance of 'CGFloat' to 'Comparable' here; 'CoreFoundation' was not imported by this file; this is an error in the Swift 6 language mode
257 | @inline(__always)
258 | public func between(_ value: PartialRangeFrom<CGFloat>) -> BetweenHeight<Self> {
259 | BetweenHeight(self, value: value.lowerBound ... .greatestFiniteMagnitude)
| |- warning: cannot use conformance of 'CGFloat' to 'Comparable' here; 'CoreFoundation' was not imported by this file; this is an error in the Swift 6 language mode
| `- note: The missing import of module 'CoreFoundation' will be added implicitly
260 | }
261 | }
/Users/admin/builder/spi-builder-workspace/Sources/LayoutUI/RectLayouts.swift:259:42: warning: cannot use conformance of 'CGFloat' to 'Comparable' here; 'CoreFoundation' was not imported by this file; this is an error in the Swift 6 language mode
257 | @inline(__always)
258 | public func between(_ value: PartialRangeFrom<CGFloat>) -> BetweenHeight<Self> {
259 | BetweenHeight(self, value: value.lowerBound ... .greatestFiniteMagnitude)
| |- warning: cannot use conformance of 'CGFloat' to 'Comparable' here; 'CoreFoundation' was not imported by this file; this is an error in the Swift 6 language mode
| `- note: The missing import of module 'CoreFoundation' will be added implicitly
260 | }
261 | }
SwiftCompile normal arm64 /Users/admin/builder/spi-builder-workspace/Sources/LayoutUI/RectLayouts.swift (in target 'LayoutUI' from project 'LayoutUI')
cd /Users/admin/builder/spi-builder-workspace/.swiftpm/xcode
builtin-SwiftPerFileCompile RectLayouts.swift
SwiftCompile normal arm64 Compiling\ SwiftUI.swift /Users/admin/builder/spi-builder-workspace/Sources/LayoutUI/SwiftUI.swift (in target 'LayoutUI' from project 'LayoutUI')
SwiftCompile normal arm64 /Users/admin/builder/spi-builder-workspace/Sources/LayoutUI/SwiftUI.swift (in target 'LayoutUI' from project 'LayoutUI')
cd /Users/admin/builder/spi-builder-workspace/.swiftpm/xcode
builtin-SwiftPerFileCompile SwiftUI.swift
SwiftCompile normal arm64 Compiling\ LayoutBuilder.swift,\ LayoutBuilders.swift /Users/admin/builder/spi-builder-workspace/Sources/LayoutUI/LayoutBuilder.swift /Users/admin/builder/spi-builder-workspace/Sources/LayoutUI/LayoutBuilders.swift (in target 'LayoutUI' from project 'LayoutUI')
SwiftCompile normal arm64 /Users/admin/builder/spi-builder-workspace/Sources/LayoutUI/LayoutBuilder.swift (in target 'LayoutUI' from project 'LayoutUI')
cd /Users/admin/builder/spi-builder-workspace/.swiftpm/xcode
builtin-SwiftPerFileCompile LayoutBuilder.swift
SwiftCompile normal arm64 /Users/admin/builder/spi-builder-workspace/Sources/LayoutUI/LayoutBuilders.swift (in target 'LayoutUI' from project 'LayoutUI')
cd /Users/admin/builder/spi-builder-workspace/.swiftpm/xcode
builtin-SwiftPerFileCompile LayoutBuilders.swift
SwiftCompile normal arm64 Compiling\ RectAccessors.swift,\ RectBasedLayout.swift /Users/admin/builder/spi-builder-workspace/Sources/LayoutUI/RectAccessors.swift /Users/admin/builder/spi-builder-workspace/Sources/LayoutUI/RectBasedLayout.swift (in target 'LayoutUI' from project 'LayoutUI')
SwiftCompile normal arm64 /Users/admin/builder/spi-builder-workspace/Sources/LayoutUI/RectAccessors.swift (in target 'LayoutUI' from project 'LayoutUI')
cd /Users/admin/builder/spi-builder-workspace/.swiftpm/xcode
builtin-SwiftPerFileCompile RectAccessors.swift
SwiftCompile normal arm64 /Users/admin/builder/spi-builder-workspace/Sources/LayoutUI/RectBasedLayout.swift (in target 'LayoutUI' from project 'LayoutUI')
cd /Users/admin/builder/spi-builder-workspace/.swiftpm/xcode
builtin-SwiftPerFileCompile RectBasedLayout.swift
SwiftCompile normal arm64 Compiling\ StackLayout.swift /Users/admin/builder/spi-builder-workspace/Sources/LayoutUI/StackLayout.swift (in target 'LayoutUI' from project 'LayoutUI')
/Users/admin/builder/spi-builder-workspace/Sources/LayoutUI/StackLayout.swift:37:32: warning: static property 'null' cannot be used in an '@inlinable' function because 'CoreGraphics' was not imported by this file; this is an error in the Swift 6 language mode
35 | @inline(__always)
36 | public func layout(to rect: inout CGRect, with view: Scheme.View, in source: CGRect) {
37 | var unionRect = CGRect.null
| |- warning: static property 'null' cannot be used in an '@inlinable' function because 'CoreGraphics' was not imported by this file; this is an error in the Swift 6 language mode
| `- note: The missing import of module 'CoreGraphics' will be added implicitly
38 | for element in data {
39 | var r = source
/Users/admin/builder/spi-builder-workspace/Sources/LayoutUI/StackLayout.swift:41:35: warning: instance method 'union' cannot be used in an '@inlinable' function because 'CoreGraphics' was not imported by this file; this is an error in the Swift 6 language mode
39 | var r = source
40 | scheme(element).layout(to: &r, with: view, in: source)
41 | unionRect = unionRect.union(r)
| |- warning: instance method 'union' cannot be used in an '@inlinable' function because 'CoreGraphics' was not imported by this file; this is an error in the Swift 6 language mode
| `- note: The missing import of module 'CoreGraphics' will be added implicitly
42 | }
43 | rect = unionRect
/Users/admin/builder/spi-builder-workspace/Sources/LayoutUI/StackLayout.swift:188:32: warning: static property 'null' cannot be used in an '@inlinable' function because 'CoreGraphics' was not imported by this file; this is an error in the Swift 6 language mode
186 | @inline(__always)
187 | public func layout(to rect: inout CGRect, with view: Scheme.View, in source: CGRect) {
188 | var unionRect = CGRect.null
| |- warning: static property 'null' cannot be used in an '@inlinable' function because 'CoreGraphics' was not imported by this file; this is an error in the Swift 6 language mode
| `- note: The missing import of module 'CoreGraphics' will be added implicitly
189 | reducer.reduce(source) { result, element -> SublayoutForRectCalculating<Scheme> in
190 | let l = scheme(result, element)
/Users/admin/builder/spi-builder-workspace/Sources/LayoutUI/StackLayouts.swift:76:63: error: cannot find type 'CGFloat' in scope; did you mean to use 'CGFloat'?
74 | @inline(__always)
75 | public init<C>(
76 | id: Int? = nil, horizontalStack elements: C, spacing: CGFloat = 0,
| `- error: cannot find type 'CGFloat' in scope; did you mean to use 'CGFloat'?
77 | @LayoutBuilder scheme: @escaping (Int, C.Element) -> Scheme
78 | ) where Reducer == VStackReducer<C> {
/Users/admin/builder/spi-builder-workspace/Sources/LayoutUI/StackLayouts.swift:162:63: error: cannot find type 'CGFloat' in scope; did you mean to use 'CGFloat'?
160 | @inline(__always)
161 | public init<C>(
162 | id: Int? = nil, horizontalStack elements: C, spacing: CGFloat = 0,
| `- error: cannot find type 'CGFloat' in scope; did you mean to use 'CGFloat'?
163 | @LayoutBuilder scheme: @escaping (Int, C.Element) -> Scheme
164 | ) where Reducer == HStackReducer<C> {
/Users/admin/builder/spi-builder-workspace/Sources/LayoutUI/StackLayouts.swift:93:51: error: cannot find type 'CGFloat' in scope; did you mean to use 'CGFloat'?
91 | @inlinable
92 | @inline(__always)
93 | public init<Content>(id: Int? = nil, spacing: CGFloat = 0, @LayoutBuilder scheme: () -> Content) where Content: CompoundLayout, Reducer == VStackReducer<Content>, Scheme == Content.Sublayout {
| `- error: cannot find type 'CGFloat' in scope; did you mean to use 'CGFloat'?
94 | self.init(id: id, reducer: VStackReducer(spacing: spacing, scheme: scheme), scheme: { _, el in el })
95 | }
/Users/admin/builder/spi-builder-workspace/Sources/LayoutUI/StackLayouts.swift:179:51: error: cannot find type 'CGFloat' in scope; did you mean to use 'CGFloat'?
177 | @inlinable
178 | @inline(__always)
179 | public init<Content>(id: Int? = nil, spacing: CGFloat = 0, @LayoutBuilder scheme: () -> Content) where Content: CompoundLayout, Reducer == HStackReducer<Content>, Scheme == Content.Sublayout {
| `- error: cannot find type 'CGFloat' in scope; did you mean to use 'CGFloat'?
180 | self.init(id: id, reducer: HStackReducer(spacing: spacing, scheme: scheme), scheme: { _, el in el })
181 | }
/Users/admin/builder/spi-builder-workspace/Sources/LayoutUI/StackLayouts.swift:76:63: error: cannot find type 'CGFloat' in scope; did you mean to use 'CGFloat'?
74 | @inline(__always)
75 | public init<C>(
76 | id: Int? = nil, horizontalStack elements: C, spacing: CGFloat = 0,
| `- error: cannot find type 'CGFloat' in scope; did you mean to use 'CGFloat'?
77 | @LayoutBuilder scheme: @escaping (Int, C.Element) -> Scheme
78 | ) where Reducer == VStackReducer<C> {
/Users/admin/builder/spi-builder-workspace/Sources/LayoutUI/StackLayouts.swift:93:51: error: cannot find type 'CGFloat' in scope; did you mean to use 'CGFloat'?
91 | @inlinable
92 | @inline(__always)
93 | public init<Content>(id: Int? = nil, spacing: CGFloat = 0, @LayoutBuilder scheme: () -> Content) where Content: CompoundLayout, Reducer == VStackReducer<Content>, Scheme == Content.Sublayout {
| `- error: cannot find type 'CGFloat' in scope; did you mean to use 'CGFloat'?
94 | self.init(id: id, reducer: VStackReducer(spacing: spacing, scheme: scheme), scheme: { _, el in el })
95 | }
/Users/admin/builder/spi-builder-workspace/Sources/LayoutUI/StackLayouts.swift:162:63: error: cannot find type 'CGFloat' in scope; did you mean to use 'CGFloat'?
160 | @inline(__always)
161 | public init<C>(
162 | id: Int? = nil, horizontalStack elements: C, spacing: CGFloat = 0,
| `- error: cannot find type 'CGFloat' in scope; did you mean to use 'CGFloat'?
163 | @LayoutBuilder scheme: @escaping (Int, C.Element) -> Scheme
164 | ) where Reducer == HStackReducer<C> {
SwiftCompile normal arm64 /Users/admin/builder/spi-builder-workspace/Sources/LayoutUI/StackLayout.swift (in target 'LayoutUI' from project 'LayoutUI')
cd /Users/admin/builder/spi-builder-workspace/.swiftpm/xcode
builtin-SwiftPerFileCompile StackLayout.swift
SwiftCompile normal arm64 Compiling\ StackLayouts.swift /Users/admin/builder/spi-builder-workspace/Sources/LayoutUI/StackLayouts.swift (in target 'LayoutUI' from project 'LayoutUI')
SwiftCompile normal arm64 /Users/admin/builder/spi-builder-workspace/Sources/LayoutUI/StackLayouts.swift (in target 'LayoutUI' from project 'LayoutUI')
cd /Users/admin/builder/spi-builder-workspace/.swiftpm/xcode
builtin-SwiftPerFileCompile StackLayouts.swift
PruneExplicitPrecompiledModules /Users/admin/builder/spi-builder-workspace/.derivedData/Build/Intermediates.noindex/ExplicitPrecompiledModules
PruneExplicitPrecompiledModules /Users/admin/builder/spi-builder-workspace/.derivedData/SDKExplicitPrecompiledModules
PruneExplicitPrecompiledModules /Users/admin/builder/spi-builder-workspace/.derivedData/Build/Intermediates.noindex/SwiftExplicitPrecompiledModules
2026-09-18 08:25:40.085 xcodebuild[653:4195] [MT] IDERunDestination: Supported platforms for the buildables in the current scheme is empty.
** BUILD FAILED **
The following build commands failed:
SwiftCompile normal arm64 Compiling\ RectConstraints.swift /Users/admin/builder/spi-builder-workspace/Sources/LayoutUI/RectConstraints.swift (in target 'LayoutUI' from project 'LayoutUI')
SwiftCompile normal arm64 /Users/admin/builder/spi-builder-workspace/Sources/LayoutUI/RectConstraints.swift (in target 'LayoutUI' from project 'LayoutUI')
Building workspace LayoutUI with scheme LayoutUI
(3 failures)
Command line invocation:
/Applications/Xcode-27.0.0-Release.Candidate.app/Contents/Developer/usr/bin/xcodebuild -IDEClonedSourcePackagesDirPathOverride=/Users/admin/builder/spi-builder-workspace/.dependencies -resolvePackageDependencies
Resolve Package Graph
Resolved source packages:
LayoutUI: /Users/admin/builder/spi-builder-workspace
resolved source packages: LayoutUI
2026-09-18 08:25:49.387 xcodebuild[768:4654] [MT] IDERunDestination: Supported platforms for the buildables in the current scheme is empty.
{
"dependencies" : [
],
"manifest_display_name" : "LayoutUI",
"name" : "LayoutUI",
"path" : "/Users/admin/builder/spi-builder-workspace",
"platforms" : [
{
"name" : "ios",
"version" : "13.0"
},
{
"name" : "macos",
"version" : "10.10"
},
{
"name" : "watchos",
"version" : "6.0"
},
{
"name" : "tvos",
"version" : "13.0"
}
],
"products" : [
{
"name" : "LayoutUI",
"targets" : [
"LayoutUI"
],
"type" : {
"library" : [
"automatic"
]
}
}
],
"targets" : [
{
"c99name" : "LayoutUITests",
"module_type" : "SwiftTarget",
"name" : "LayoutUITests",
"path" : "Tests/LayoutUITests",
"sources" : [
"LayoutUITests.swift"
],
"target_dependencies" : [
"LayoutUI"
],
"type" : "test"
},
{
"c99name" : "LayoutUI",
"module_type" : "SwiftTarget",
"name" : "LayoutUI",
"path" : "Sources/LayoutUI",
"product_memberships" : [
"LayoutUI"
],
"sources" : [
"LayoutBuilder.swift",
"LayoutBuilders.swift",
"RectAccessors.swift",
"RectBasedLayout.swift",
"RectConstraints.swift",
"RectLayouts.swift",
"StackLayout.swift",
"StackLayouts.swift",
"SwiftUI.swift",
"UIKit+AppKit.swift",
"ViewBasedLayout.swift",
"ViewConstraints.swift"
],
"type" : "library"
}
],
"tools_version" : "5.6"
}
{
"workspace" : {
"name" : "LayoutUI",
"schemes" : [
"LayoutUI"
]
}
}
2026-09-18 08:25:50.687 xcodebuild[776:4723] [MT] IDERunDestination: Supported platforms for the buildables in the current scheme is empty.
Running build ...
env DEVELOPER_DIR=/Applications/Xcode-27.0.0-Release.Candidate.app xcrun xcodebuild -IDEClonedSourcePackagesDirPathOverride=$PWD/.dependencies -skipMacroValidation -skipPackagePluginValidation -derivedDataPath $PWD/.derivedData build -scheme LayoutUI -destination generic/platform=xrOS
Command line invocation:
/Applications/Xcode-27.0.0-Release.Candidate.app/Contents/Developer/usr/bin/xcodebuild -IDEClonedSourcePackagesDirPathOverride=/Users/admin/builder/spi-builder-workspace/.dependencies -skipMacroValidation -skipPackagePluginValidation -derivedDataPath /Users/admin/builder/spi-builder-workspace/.derivedData build -scheme LayoutUI -destination generic/platform=xrOS
Resolve Package Graph
Resolved source packages:
LayoutUI: /Users/admin/builder/spi-builder-workspace
ComputePackagePrebuildTargetDependencyGraph
Prepare packages
CreateBuildRequest
SendProjectDescription
CreateBuildOperation
ComputeTargetDependencyGraph
note: Building targets in dependency order
note: Target dependency graph (2 targets)
Target 'LayoutUI-product' in project 'LayoutUI'
➜ Explicit dependency on target 'LayoutUI' in project 'LayoutUI'
Target 'LayoutUI' in project 'LayoutUI' (no dependencies)
GatherProvisioningInputs
CreateBuildDescription
ClangStatCache /Applications/Xcode-27.0.0-Release.Candidate.app/Contents/Developer/Toolchains/XcodeDefault.xctoolchain/usr/bin/clang-stat-cache /Applications/Xcode-27.0.0-Release.Candidate.app/Contents/Developer/Platforms/XROS.platform/Developer/SDKs/XROS27.0.sdk /Users/admin/builder/spi-builder-workspace/.derivedData/SDKStatCaches.noindex/xros27.0-24M361-e829b21a6f8c9b70876ba0858053c044735bd543db762f57723cac368afd1ce4.sdkstatcache
cd /Users/admin/builder/spi-builder-workspace/.swiftpm/xcode
/Applications/Xcode-27.0.0-Release.Candidate.app/Contents/Developer/Toolchains/XcodeDefault.xctoolchain/usr/bin/clang-stat-cache /Applications/Xcode-27.0.0-Release.Candidate.app/Contents/Developer/Platforms/XROS.platform/Developer/SDKs/XROS27.0.sdk -o /Users/admin/builder/spi-builder-workspace/.derivedData/SDKStatCaches.noindex/xros27.0-24M361-e829b21a6f8c9b70876ba0858053c044735bd543db762f57723cac368afd1ce4.sdkstatcache
SwiftDriver LayoutUI normal arm64 com.apple.xcode.tools.swift.compiler (in target 'LayoutUI' from project 'LayoutUI')
cd /Users/admin/builder/spi-builder-workspace/.swiftpm/xcode
builtin-SwiftDriver -- /Applications/Xcode-27.0.0-Release.Candidate.app/Contents/Developer/Toolchains/XcodeDefault.xctoolchain/usr/bin/swiftc -parse-as-library -module-name LayoutUI -Onone @/Users/admin/builder/spi-builder-workspace/.derivedData/Build/Intermediates.noindex/LayoutUI.build/Debug-xros/LayoutUI-t.build/Objects-normal/arm64/LayoutUI.SwiftFileList -DSWIFT_PACKAGE -DDEBUG -DSWIFT_MODULE_RESOURCE_BUNDLE_UNAVAILABLE -DXcode -plugin-path /Applications/Xcode-27.0.0-Release.Candidate.app/Contents/Developer/Toolchains/XcodeDefault.xctoolchain/usr/lib/swift/host/plugins/testing -enable-experimental-feature DebugDescriptionMacro -sdk /Applications/Xcode-27.0.0-Release.Candidate.app/Contents/Developer/Platforms/XROS.platform/Developer/SDKs/XROS27.0.sdk -target arm64-apple-xros1.0 -g -module-cache-path /Users/admin/builder/spi-builder-workspace/.derivedData/ModuleCache.noindex -Xfrontend -serialize-debugging-options -profile-coverage-mapping -profile-generate -enable-testing -index-store-path /Users/admin/builder/spi-builder-workspace/.derivedData/Index.noindex/DataStore -Xcc -D_LIBCPP_HARDENING_MODE\=_LIBCPP_HARDENING_MODE_DEBUG -swift-version 5 -I /Users/admin/builder/spi-builder-workspace/.derivedData/Build/Products/Debug-xros -Isystem /Applications/Xcode-27.0.0-Release.Candidate.app/Contents/Developer/Platforms/XROS.platform/Developer/usr/lib -F /Users/admin/builder/spi-builder-workspace/.derivedData/Build/Products/Debug-xros -F /Applications/Xcode-27.0.0-Release.Candidate.app/Contents/Developer/Platforms/XROS.platform/Developer/Library/Frameworks -F /Applications/Xcode-27.0.0-Release.Candidate.app/Contents/Developer/Platforms/XROS.platform/Developer/SDKs/XROS27.0.sdk/Developer/Library/Frameworks -c -j10 -enable-batch-mode -incremental -Xcc -ivfsstatcache -Xcc /Users/admin/builder/spi-builder-workspace/.derivedData/SDKStatCaches.noindex/xros27.0-24M361-e829b21a6f8c9b70876ba0858053c044735bd543db762f57723cac368afd1ce4.sdkstatcache -output-file-map /Users/admin/builder/spi-builder-workspace/.derivedData/Build/Intermediates.noindex/LayoutUI.build/Debug-xros/LayoutUI-t.build/Objects-normal/arm64/LayoutUI-OutputFileMap.json -save-temps -no-color-diagnostics -explicit-module-build -module-cache-path /Users/admin/builder/spi-builder-workspace/.derivedData/Build/Intermediates.noindex/SwiftExplicitPrecompiledModules -clang-scanner-module-cache-path /Users/admin/builder/spi-builder-workspace/.derivedData/ModuleCache.noindex -sdk-module-cache-path /Users/admin/builder/spi-builder-workspace/.derivedData/SDKExplicitPrecompiledModules -emit-dependencies -emit-module -emit-module-path /Users/admin/builder/spi-builder-workspace/.derivedData/Build/Intermediates.noindex/LayoutUI.build/Debug-xros/LayoutUI-t.build/Objects-normal/arm64/LayoutUI.swiftmodule -serialize-diagnostics -dependency-scan-serialize-diagnostics-path /Users/admin/builder/spi-builder-workspace/.derivedData/Build/Intermediates.noindex/LayoutUI.build/Debug-xros/LayoutUI-t.build/Objects-normal/arm64/LayoutUI-dependency-scan.dia -validate-clang-modules-once -clang-build-session-file /Users/admin/builder/spi-builder-workspace/.derivedData/ModuleCache.noindex/Session.modulevalidation -Xcc -fmodules-prune-interval\=86400 -Xcc -fmodules-prune-after\=345600 -emit-const-values -const-gather-protocols-list /Users/admin/builder/spi-builder-workspace/.derivedData/Build/Intermediates.noindex/LayoutUI.build/Debug-xros/LayoutUI-t.build/Objects-normal/arm64/LayoutUI_const_extract_protocols.json -Xcc -I/Users/admin/builder/spi-builder-workspace/.derivedData/Build/Products/Debug-xros/include -Xcc -I/Users/admin/builder/spi-builder-workspace/.derivedData/Build/Intermediates.noindex/LayoutUI.build/Debug-xros/LayoutUI-t.build/DerivedSources-normal/arm64 -Xcc -I/Users/admin/builder/spi-builder-workspace/.derivedData/Build/Intermediates.noindex/LayoutUI.build/Debug-xros/LayoutUI-t.build/DerivedSources/arm64 -Xcc -I/Users/admin/builder/spi-builder-workspace/.derivedData/Build/Intermediates.noindex/LayoutUI.build/Debug-xros/LayoutUI-t.build/DerivedSources -Xcc -DSWIFT_PACKAGE -Xcc -DDEBUG\=1 -emit-objc-header -emit-objc-header-path /Users/admin/builder/spi-builder-workspace/.derivedData/Build/Intermediates.noindex/LayoutUI.build/Debug-xros/LayoutUI-t.build/Objects-normal/arm64/LayoutUI-Swift.h -working-directory /Users/admin/builder/spi-builder-workspace/.swiftpm/xcode -experimental-emit-module-separately -disable-cmo
SwiftCompile normal arm64 Compiling\ RectAccessors.swift,\ RectBasedLayout.swift /Users/admin/builder/spi-builder-workspace/Sources/LayoutUI/RectAccessors.swift /Users/admin/builder/spi-builder-workspace/Sources/LayoutUI/RectBasedLayout.swift (in target 'LayoutUI' from project 'LayoutUI')
SwiftCompile normal arm64 /Users/admin/builder/spi-builder-workspace/Sources/LayoutUI/RectAccessors.swift (in target 'LayoutUI' from project 'LayoutUI')
cd /Users/admin/builder/spi-builder-workspace/.swiftpm/xcode
builtin-SwiftPerFileCompile RectAccessors.swift
SwiftCompile normal arm64 /Users/admin/builder/spi-builder-workspace/Sources/LayoutUI/RectBasedLayout.swift (in target 'LayoutUI' from project 'LayoutUI')
cd /Users/admin/builder/spi-builder-workspace/.swiftpm/xcode
builtin-SwiftPerFileCompile RectBasedLayout.swift
SwiftCompile normal arm64 Compiling\ LayoutBuilder.swift,\ LayoutBuilders.swift /Users/admin/builder/spi-builder-workspace/Sources/LayoutUI/LayoutBuilder.swift /Users/admin/builder/spi-builder-workspace/Sources/LayoutUI/LayoutBuilders.swift (in target 'LayoutUI' from project 'LayoutUI')
SwiftCompile normal arm64 /Users/admin/builder/spi-builder-workspace/Sources/LayoutUI/LayoutBuilder.swift (in target 'LayoutUI' from project 'LayoutUI')
cd /Users/admin/builder/spi-builder-workspace/.swiftpm/xcode
builtin-SwiftPerFileCompile LayoutBuilder.swift
SwiftCompile normal arm64 /Users/admin/builder/spi-builder-workspace/Sources/LayoutUI/LayoutBuilders.swift (in target 'LayoutUI' from project 'LayoutUI')
cd /Users/admin/builder/spi-builder-workspace/.swiftpm/xcode
builtin-SwiftPerFileCompile LayoutBuilders.swift
SwiftCompile normal arm64 Compiling\ RectConstraints.swift /Users/admin/builder/spi-builder-workspace/Sources/LayoutUI/RectConstraints.swift (in target 'LayoutUI' from project 'LayoutUI')
/Users/admin/builder/spi-builder-workspace/Sources/LayoutUI/RectConstraints.swift:22:42: error: cannot find type 'CGRect' in scope
20 | @inlinable
21 | @inline(__always)
22 | public func layout(_ rect: inout CGRect, with source: CGRect) {
| `- error: cannot find type 'CGRect' in scope
23 | let anchor = source.minX
24 | rect.size.width = max(0, min(rect.width, anchor - rect.minX))
/Users/admin/builder/spi-builder-workspace/Sources/LayoutUI/RectConstraints.swift:22:63: error: cannot find type 'CGRect' in scope
20 | @inlinable
21 | @inline(__always)
22 | public func layout(_ rect: inout CGRect, with source: CGRect) {
| `- error: cannot find type 'CGRect' in scope
23 | let anchor = source.minX
24 | rect.size.width = max(0, min(rect.width, anchor - rect.minX))
/Users/admin/builder/spi-builder-workspace/Sources/LayoutUI/RectConstraints.swift:36:42: error: cannot find type 'CGRect' in scope
34 | @inlinable
35 | @inline(__always)
36 | public func layout(_ rect: inout CGRect, with source: CGRect) {
| `- error: cannot find type 'CGRect' in scope
37 | let anchor = source.minX
38 | rect.size.width = max(0, min(rect.width, rect.maxX - anchor))
/Users/admin/builder/spi-builder-workspace/Sources/LayoutUI/RectConstraints.swift:36:63: error: cannot find type 'CGRect' in scope
34 | @inlinable
35 | @inline(__always)
36 | public func layout(_ rect: inout CGRect, with source: CGRect) {
| `- error: cannot find type 'CGRect' in scope
37 | let anchor = source.minX
38 | rect.size.width = max(0, min(rect.width, rect.maxX - anchor))
/Users/admin/builder/spi-builder-workspace/Sources/LayoutUI/RectConstraints.swift:50:42: error: cannot find type 'CGRect' in scope
48 | @inlinable
49 | @inline(__always)
50 | public func layout(_ rect: inout CGRect, with source: CGRect) {
| `- error: cannot find type 'CGRect' in scope
51 | let anchor = source.minX
52 | rect.size.width = max(0, anchor - rect.minX)
/Users/admin/builder/spi-builder-workspace/Sources/LayoutUI/RectConstraints.swift:50:63: error: cannot find type 'CGRect' in scope
48 | @inlinable
49 | @inline(__always)
50 | public func layout(_ rect: inout CGRect, with source: CGRect) {
| `- error: cannot find type 'CGRect' in scope
51 | let anchor = source.minX
52 | rect.size.width = max(0, anchor - rect.minX)
/Users/admin/builder/spi-builder-workspace/Sources/LayoutUI/RectConstraints.swift:64:42: error: cannot find type 'CGRect' in scope
62 | @inlinable
63 | @inline(__always)
64 | public func layout(_ rect: inout CGRect, with source: CGRect) {
| `- error: cannot find type 'CGRect' in scope
65 | let anchor = source.minX
66 | rect.size.width = max(0, rect.maxX - anchor)
/Users/admin/builder/spi-builder-workspace/Sources/LayoutUI/RectConstraints.swift:64:63: error: cannot find type 'CGRect' in scope
62 | @inlinable
63 | @inline(__always)
64 | public func layout(_ rect: inout CGRect, with source: CGRect) {
| `- error: cannot find type 'CGRect' in scope
65 | let anchor = source.minX
66 | rect.size.width = max(0, rect.maxX - anchor)
/Users/admin/builder/spi-builder-workspace/Sources/LayoutUI/RectConstraints.swift:82:42: error: cannot find type 'CGRect' in scope
80 | @inlinable
81 | @inline(__always)
82 | public func layout(_ rect: inout CGRect, with source: CGRect) {
| `- error: cannot find type 'CGRect' in scope
83 | let anchor = source.maxX
84 | rect.size.width = max(0, min(rect.width, anchor - rect.minX))
/Users/admin/builder/spi-builder-workspace/Sources/LayoutUI/RectConstraints.swift:82:63: error: cannot find type 'CGRect' in scope
80 | @inlinable
81 | @inline(__always)
82 | public func layout(_ rect: inout CGRect, with source: CGRect) {
| `- error: cannot find type 'CGRect' in scope
83 | let anchor = source.maxX
84 | rect.size.width = max(0, min(rect.width, anchor - rect.minX))
/Users/admin/builder/spi-builder-workspace/Sources/LayoutUI/RectConstraints.swift:96:42: error: cannot find type 'CGRect' in scope
94 | @inlinable
95 | @inline(__always)
96 | public func layout(_ rect: inout CGRect, with source: CGRect) {
| `- error: cannot find type 'CGRect' in scope
97 | let anchor = source.maxX
98 | rect.size.width = max(0, min(rect.width, rect.maxX - anchor))
/Users/admin/builder/spi-builder-workspace/Sources/LayoutUI/RectConstraints.swift:96:63: error: cannot find type 'CGRect' in scope
94 | @inlinable
95 | @inline(__always)
96 | public func layout(_ rect: inout CGRect, with source: CGRect) {
| `- error: cannot find type 'CGRect' in scope
97 | let anchor = source.maxX
98 | rect.size.width = max(0, min(rect.width, rect.maxX - anchor))
/Users/admin/builder/spi-builder-workspace/Sources/LayoutUI/RectConstraints.swift:110:42: error: cannot find type 'CGRect' in scope
108 | @inlinable
109 | @inline(__always)
110 | public func layout(_ rect: inout CGRect, with source: CGRect) {
| `- error: cannot find type 'CGRect' in scope
111 | let anchor = source.maxX
112 | rect.size.width = max(0, anchor - rect.minX)
/Users/admin/builder/spi-builder-workspace/Sources/LayoutUI/RectConstraints.swift:110:63: error: cannot find type 'CGRect' in scope
108 | @inlinable
109 | @inline(__always)
110 | public func layout(_ rect: inout CGRect, with source: CGRect) {
| `- error: cannot find type 'CGRect' in scope
111 | let anchor = source.maxX
112 | rect.size.width = max(0, anchor - rect.minX)
/Users/admin/builder/spi-builder-workspace/Sources/LayoutUI/RectConstraints.swift:124:42: error: cannot find type 'CGRect' in scope
122 | @inlinable
123 | @inline(__always)
124 | public func layout(_ rect: inout CGRect, with source: CGRect) {
| `- error: cannot find type 'CGRect' in scope
125 | let anchor = source.maxX
126 | rect.size.width = max(0, rect.maxX - anchor)
/Users/admin/builder/spi-builder-workspace/Sources/LayoutUI/RectConstraints.swift:124:63: error: cannot find type 'CGRect' in scope
122 | @inlinable
123 | @inline(__always)
124 | public func layout(_ rect: inout CGRect, with source: CGRect) {
| `- error: cannot find type 'CGRect' in scope
125 | let anchor = source.maxX
126 | rect.size.width = max(0, rect.maxX - anchor)
/Users/admin/builder/spi-builder-workspace/Sources/LayoutUI/RectConstraints.swift:142:42: error: cannot find type 'CGRect' in scope
140 | @inlinable
141 | @inline(__always)
142 | public func layout(_ rect: inout CGRect, with source: CGRect) {
| `- error: cannot find type 'CGRect' in scope
143 | let anchor = source.minY
144 | rect.size.height = max(0, min(rect.height, anchor - rect.minY))
/Users/admin/builder/spi-builder-workspace/Sources/LayoutUI/RectConstraints.swift:142:63: error: cannot find type 'CGRect' in scope
140 | @inlinable
141 | @inline(__always)
142 | public func layout(_ rect: inout CGRect, with source: CGRect) {
| `- error: cannot find type 'CGRect' in scope
143 | let anchor = source.minY
144 | rect.size.height = max(0, min(rect.height, anchor - rect.minY))
/Users/admin/builder/spi-builder-workspace/Sources/LayoutUI/RectConstraints.swift:156:42: error: cannot find type 'CGRect' in scope
154 | @inlinable
155 | @inline(__always)
156 | public func layout(_ rect: inout CGRect, with source: CGRect) {
| `- error: cannot find type 'CGRect' in scope
157 | let anchor = source.minY
158 | rect.size.height = max(0, min(rect.height, rect.maxY - anchor))
/Users/admin/builder/spi-builder-workspace/Sources/LayoutUI/RectConstraints.swift:156:63: error: cannot find type 'CGRect' in scope
154 | @inlinable
155 | @inline(__always)
156 | public func layout(_ rect: inout CGRect, with source: CGRect) {
| `- error: cannot find type 'CGRect' in scope
157 | let anchor = source.minY
158 | rect.size.height = max(0, min(rect.height, rect.maxY - anchor))
/Users/admin/builder/spi-builder-workspace/Sources/LayoutUI/RectConstraints.swift:170:42: error: cannot find type 'CGRect' in scope
168 | @inlinable
169 | @inline(__always)
170 | public func layout(_ rect: inout CGRect, with source: CGRect) {
| `- error: cannot find type 'CGRect' in scope
171 | let anchor = source.minY
172 | rect.size.height = max(0, anchor - rect.minY)
/Users/admin/builder/spi-builder-workspace/Sources/LayoutUI/RectConstraints.swift:170:63: error: cannot find type 'CGRect' in scope
168 | @inlinable
169 | @inline(__always)
170 | public func layout(_ rect: inout CGRect, with source: CGRect) {
| `- error: cannot find type 'CGRect' in scope
171 | let anchor = source.minY
172 | rect.size.height = max(0, anchor - rect.minY)
/Users/admin/builder/spi-builder-workspace/Sources/LayoutUI/RectConstraints.swift:184:42: error: cannot find type 'CGRect' in scope
182 | @inlinable
183 | @inline(__always)
184 | public func layout(_ rect: inout CGRect, with source: CGRect) {
| `- error: cannot find type 'CGRect' in scope
185 | let anchor = source.minY
186 | rect.size.height = max(0, rect.maxY - anchor)
/Users/admin/builder/spi-builder-workspace/Sources/LayoutUI/RectConstraints.swift:184:63: error: cannot find type 'CGRect' in scope
182 | @inlinable
183 | @inline(__always)
184 | public func layout(_ rect: inout CGRect, with source: CGRect) {
| `- error: cannot find type 'CGRect' in scope
185 | let anchor = source.minY
186 | rect.size.height = max(0, rect.maxY - anchor)
/Users/admin/builder/spi-builder-workspace/Sources/LayoutUI/RectConstraints.swift:202:42: error: cannot find type 'CGRect' in scope
200 | @inlinable
201 | @inline(__always)
202 | public func layout(_ rect: inout CGRect, with source: CGRect) {
| `- error: cannot find type 'CGRect' in scope
203 | let anchor = source.maxY
204 | rect.size.height = max(0, min(rect.height, anchor - rect.minY))
/Users/admin/builder/spi-builder-workspace/Sources/LayoutUI/RectConstraints.swift:202:63: error: cannot find type 'CGRect' in scope
200 | @inlinable
201 | @inline(__always)
202 | public func layout(_ rect: inout CGRect, with source: CGRect) {
| `- error: cannot find type 'CGRect' in scope
203 | let anchor = source.maxY
204 | rect.size.height = max(0, min(rect.height, anchor - rect.minY))
/Users/admin/builder/spi-builder-workspace/Sources/LayoutUI/RectConstraints.swift:216:42: error: cannot find type 'CGRect' in scope
214 | @inlinable
215 | @inline(__always)
216 | public func layout(_ rect: inout CGRect, with source: CGRect) {
| `- error: cannot find type 'CGRect' in scope
217 | let anchor = source.maxY
218 | rect.size.height = max(0, min(rect.height, rect.maxY - anchor))
/Users/admin/builder/spi-builder-workspace/Sources/LayoutUI/RectConstraints.swift:216:63: error: cannot find type 'CGRect' in scope
214 | @inlinable
215 | @inline(__always)
216 | public func layout(_ rect: inout CGRect, with source: CGRect) {
| `- error: cannot find type 'CGRect' in scope
217 | let anchor = source.maxY
218 | rect.size.height = max(0, min(rect.height, rect.maxY - anchor))
/Users/admin/builder/spi-builder-workspace/Sources/LayoutUI/RectConstraints.swift:230:42: error: cannot find type 'CGRect' in scope
228 | @inlinable
229 | @inline(__always)
230 | public func layout(_ rect: inout CGRect, with source: CGRect) {
| `- error: cannot find type 'CGRect' in scope
231 | let anchor = source.maxY
232 | rect.size.height = max(0, anchor - rect.minY)
/Users/admin/builder/spi-builder-workspace/Sources/LayoutUI/RectConstraints.swift:230:63: error: cannot find type 'CGRect' in scope
228 | @inlinable
229 | @inline(__always)
230 | public func layout(_ rect: inout CGRect, with source: CGRect) {
| `- error: cannot find type 'CGRect' in scope
231 | let anchor = source.maxY
232 | rect.size.height = max(0, anchor - rect.minY)
/Users/admin/builder/spi-builder-workspace/Sources/LayoutUI/RectConstraints.swift:244:42: error: cannot find type 'CGRect' in scope
242 | @inlinable
243 | @inline(__always)
244 | public func layout(_ rect: inout CGRect, with source: CGRect) {
| `- error: cannot find type 'CGRect' in scope
245 | let anchor = source.maxY
246 | rect.size.height = max(0, rect.maxY - anchor)
/Users/admin/builder/spi-builder-workspace/Sources/LayoutUI/RectConstraints.swift:244:63: error: cannot find type 'CGRect' in scope
242 | @inlinable
243 | @inline(__always)
244 | public func layout(_ rect: inout CGRect, with source: CGRect) {
| `- error: cannot find type 'CGRect' in scope
245 | let anchor = source.maxY
246 | rect.size.height = max(0, rect.maxY - anchor)
/Users/admin/builder/spi-builder-workspace/Sources/LayoutUI/RectConstraints.swift:262:42: error: cannot find type 'CGRect' in scope
260 | @inlinable
261 | @inline(__always)
262 | public func layout(_ rect: inout CGRect, with source: CGRect) {
| `- error: cannot find type 'CGRect' in scope
263 | let anchor = source.midX
264 | rect.size.width = max(0, min(rect.width, anchor - rect.minX))
/Users/admin/builder/spi-builder-workspace/Sources/LayoutUI/RectConstraints.swift:262:63: error: cannot find type 'CGRect' in scope
260 | @inlinable
261 | @inline(__always)
262 | public func layout(_ rect: inout CGRect, with source: CGRect) {
| `- error: cannot find type 'CGRect' in scope
263 | let anchor = source.midX
264 | rect.size.width = max(0, min(rect.width, anchor - rect.minX))
/Users/admin/builder/spi-builder-workspace/Sources/LayoutUI/RectConstraints.swift:276:42: error: cannot find type 'CGRect' in scope
274 | @inlinable
275 | @inline(__always)
276 | public func layout(_ rect: inout CGRect, with source: CGRect) {
| `- error: cannot find type 'CGRect' in scope
277 | let anchor = source.midX
278 | rect.size.width = max(0, min(rect.width, rect.maxX - anchor))
/Users/admin/builder/spi-builder-workspace/Sources/LayoutUI/RectConstraints.swift:276:63: error: cannot find type 'CGRect' in scope
274 | @inlinable
275 | @inline(__always)
276 | public func layout(_ rect: inout CGRect, with source: CGRect) {
| `- error: cannot find type 'CGRect' in scope
277 | let anchor = source.midX
278 | rect.size.width = max(0, min(rect.width, rect.maxX - anchor))
/Users/admin/builder/spi-builder-workspace/Sources/LayoutUI/RectConstraints.swift:290:42: error: cannot find type 'CGRect' in scope
288 | @inlinable
289 | @inline(__always)
290 | public func layout(_ rect: inout CGRect, with source: CGRect) {
| `- error: cannot find type 'CGRect' in scope
291 | let anchor = source.midX
292 | rect.size.width = max(0, anchor - rect.minX)
/Users/admin/builder/spi-builder-workspace/Sources/LayoutUI/RectConstraints.swift:290:63: error: cannot find type 'CGRect' in scope
288 | @inlinable
289 | @inline(__always)
290 | public func layout(_ rect: inout CGRect, with source: CGRect) {
| `- error: cannot find type 'CGRect' in scope
291 | let anchor = source.midX
292 | rect.size.width = max(0, anchor - rect.minX)
/Users/admin/builder/spi-builder-workspace/Sources/LayoutUI/RectConstraints.swift:304:42: error: cannot find type 'CGRect' in scope
302 | @inlinable
303 | @inline(__always)
304 | public func layout(_ rect: inout CGRect, with source: CGRect) {
| `- error: cannot find type 'CGRect' in scope
305 | let anchor = source.midX
306 | rect.size.width = max(0, rect.maxX - anchor)
/Users/admin/builder/spi-builder-workspace/Sources/LayoutUI/RectConstraints.swift:304:63: error: cannot find type 'CGRect' in scope
302 | @inlinable
303 | @inline(__always)
304 | public func layout(_ rect: inout CGRect, with source: CGRect) {
| `- error: cannot find type 'CGRect' in scope
305 | let anchor = source.midX
306 | rect.size.width = max(0, rect.maxX - anchor)
/Users/admin/builder/spi-builder-workspace/Sources/LayoutUI/RectConstraints.swift:322:42: error: cannot find type 'CGRect' in scope
320 | @inlinable
321 | @inline(__always)
322 | public func layout(_ rect: inout CGRect, with source: CGRect) {
| `- error: cannot find type 'CGRect' in scope
323 | let anchor = source.midY
324 | rect.size.height = max(0, min(rect.height, anchor - rect.minY))
/Users/admin/builder/spi-builder-workspace/Sources/LayoutUI/RectConstraints.swift:322:63: error: cannot find type 'CGRect' in scope
320 | @inlinable
321 | @inline(__always)
322 | public func layout(_ rect: inout CGRect, with source: CGRect) {
| `- error: cannot find type 'CGRect' in scope
323 | let anchor = source.midY
324 | rect.size.height = max(0, min(rect.height, anchor - rect.minY))
/Users/admin/builder/spi-builder-workspace/Sources/LayoutUI/RectConstraints.swift:336:42: error: cannot find type 'CGRect' in scope
334 | @inlinable
335 | @inline(__always)
336 | public func layout(_ rect: inout CGRect, with source: CGRect) {
| `- error: cannot find type 'CGRect' in scope
337 | let anchor = source.midY
338 | rect.size.height = max(0, min(rect.height, rect.maxY - anchor))
/Users/admin/builder/spi-builder-workspace/Sources/LayoutUI/RectConstraints.swift:336:63: error: cannot find type 'CGRect' in scope
334 | @inlinable
335 | @inline(__always)
336 | public func layout(_ rect: inout CGRect, with source: CGRect) {
| `- error: cannot find type 'CGRect' in scope
337 | let anchor = source.midY
338 | rect.size.height = max(0, min(rect.height, rect.maxY - anchor))
/Users/admin/builder/spi-builder-workspace/Sources/LayoutUI/RectConstraints.swift:350:42: error: cannot find type 'CGRect' in scope
348 | @inlinable
349 | @inline(__always)
350 | public func layout(_ rect: inout CGRect, with source: CGRect) {
| `- error: cannot find type 'CGRect' in scope
351 | let anchor = source.midY
352 | rect.size.height = max(0, anchor - rect.minY)
/Users/admin/builder/spi-builder-workspace/Sources/LayoutUI/RectConstraints.swift:350:63: error: cannot find type 'CGRect' in scope
348 | @inlinable
349 | @inline(__always)
350 | public func layout(_ rect: inout CGRect, with source: CGRect) {
| `- error: cannot find type 'CGRect' in scope
351 | let anchor = source.midY
352 | rect.size.height = max(0, anchor - rect.minY)
/Users/admin/builder/spi-builder-workspace/Sources/LayoutUI/RectConstraints.swift:364:42: error: cannot find type 'CGRect' in scope
362 | @inlinable
363 | @inline(__always)
364 | public func layout(_ rect: inout CGRect, with source: CGRect) {
| `- error: cannot find type 'CGRect' in scope
365 | let anchor = source.midY
366 | rect.size.height = max(0, rect.maxY - anchor)
/Users/admin/builder/spi-builder-workspace/Sources/LayoutUI/RectConstraints.swift:364:63: error: cannot find type 'CGRect' in scope
362 | @inlinable
363 | @inline(__always)
364 | public func layout(_ rect: inout CGRect, with source: CGRect) {
| `- error: cannot find type 'CGRect' in scope
365 | let anchor = source.midY
366 | rect.size.height = max(0, rect.maxY - anchor)
Failed frontend command:
/Applications/Xcode-27.0.0-Release.Candidate.app/Contents/Developer/Toolchains/XcodeDefault.xctoolchain/usr/bin/swift-frontend -frontend -c /Users/admin/builder/spi-builder-workspace/Sources/LayoutUI/LayoutBuilder.swift /Users/admin/builder/spi-builder-workspace/Sources/LayoutUI/LayoutBuilders.swift /Users/admin/builder/spi-builder-workspace/Sources/LayoutUI/RectAccessors.swift /Users/admin/builder/spi-builder-workspace/Sources/LayoutUI/RectBasedLayout.swift -primary-file /Users/admin/builder/spi-builder-workspace/Sources/LayoutUI/RectConstraints.swift /Users/admin/builder/spi-builder-workspace/Sources/LayoutUI/RectLayouts.swift /Users/admin/builder/spi-builder-workspace/Sources/LayoutUI/StackLayout.swift /Users/admin/builder/spi-builder-workspace/Sources/LayoutUI/StackLayouts.swift /Users/admin/builder/spi-builder-workspace/Sources/LayoutUI/SwiftUI.swift /Users/admin/builder/spi-builder-workspace/Sources/LayoutUI/UIKit+AppKit.swift /Users/admin/builder/spi-builder-workspace/Sources/LayoutUI/ViewBasedLayout.swift /Users/admin/builder/spi-builder-workspace/Sources/LayoutUI/ViewConstraints.swift -emit-dependencies-path /Users/admin/builder/spi-builder-workspace/.derivedData/Build/Intermediates.noindex/LayoutUI.build/Debug-xros/LayoutUI-t.build/Objects-normal/arm64/RectConstraints.d -emit-const-values-path /Users/admin/builder/spi-builder-workspace/.derivedData/Build/Intermediates.noindex/LayoutUI.build/Debug-xros/LayoutUI-t.build/Objects-normal/arm64/RectConstraints.swiftconstvalues -emit-reference-dependencies-path /Users/admin/builder/spi-builder-workspace/.derivedData/Build/Intermediates.noindex/LayoutUI.build/Debug-xros/LayoutUI-t.build/Objects-normal/arm64/RectConstraints.swiftdeps -serialize-diagnostics-path /Users/admin/builder/spi-builder-workspace/.derivedData/Build/Intermediates.noindex/LayoutUI.build/Debug-xros/LayoutUI-t.build/Objects-normal/arm64/RectConstraints.dia -target arm64-apple-xros1.0 -module-can-import-version SwiftUI 8.0.84.1 8.0.84 -module-can-import-version UIKit 9127.0.84.1 9127.0.84 -disable-cross-import-overlay-search -load-resolved-plugin /Applications/Xcode-27.0.0-Release.Candidate.app/Contents/Developer/Platforms/XROS.platform/Developer/usr/lib/swift/host/plugins/libFoundationMacros.dylib\#/Applications/Xcode-27.0.0-Release.Candidate.app/Contents/Developer/Platforms/XROS.platform/Developer/usr/bin/swift-plugin-server\#FoundationMacros -load-resolved-plugin /Applications/Xcode-27.0.0-Release.Candidate.app/Contents/Developer/Platforms/XROS.platform/Developer/usr/lib/swift/host/plugins/libObservationMacros.dylib\#/Applications/Xcode-27.0.0-Release.Candidate.app/Contents/Developer/Platforms/XROS.platform/Developer/usr/bin/swift-plugin-server\#ObservationMacros -load-resolved-plugin /Applications/Xcode-27.0.0-Release.Candidate.app/Contents/Developer/Platforms/XROS.platform/Developer/usr/lib/swift/host/plugins/libPreviewsMacros.dylib\#/Applications/Xcode-27.0.0-Release.Candidate.app/Contents/Developer/Platforms/XROS.platform/Developer/usr/bin/swift-plugin-server\#PreviewsMacros -load-resolved-plugin /Applications/Xcode-27.0.0-Release.Candidate.app/Contents/Developer/Platforms/XROS.platform/Developer/usr/lib/swift/host/plugins/libSwiftMacros.dylib\#/Applications/Xcode-27.0.0-Release.Candidate.app/Contents/Developer/Platforms/XROS.platform/Developer/usr/bin/swift-plugin-server\#SwiftMacros -load-resolved-plugin /Applications/Xcode-27.0.0-Release.Candidate.app/Contents/Developer/Platforms/XROS.platform/Developer/usr/lib/swift/host/plugins/libSwiftUIMacros.dylib\#/Applications/Xcode-27.0.0-Release.Candidate.app/Contents/Developer/Platforms/XROS.platform/Developer/usr/bin/swift-plugin-server\#SwiftUIMacros -disable-implicit-swift-modules -Xcc -fno-implicit-modules -Xcc -fno-implicit-module-maps -explicit-swift-module-map-file /Users/admin/builder/spi-builder-workspace/.derivedData/Build/Intermediates.noindex/LayoutUI.build/Debug-xros/LayoutUI-t.build/Objects-normal/arm64/LayoutUI-dependencies-1.json -Xllvm -aarch64-use-tbi -enable-objc-interop -stack-check -sdk /Applications/Xcode-27.0.0-Release.Candidate.app/Contents/Developer/Platforms/XROS.platform/Developer/SDKs/XROS27.0.sdk -I /Users/admin/builder/spi-builder-workspace/.derivedData/Build/Products/Debug-xros -Isystem /Applications/Xcode-27.0.0-Release.Candidate.app/Contents/Developer/Platforms/XROS.platform/Developer/usr/lib -F /Users/admin/builder/spi-builder-workspace/.derivedData/Build/Products/Debug-xros -F /Applications/Xcode-27.0.0-Release.Candidate.app/Contents/Developer/Platforms/XROS.platform/Developer/Library/Frameworks -F /Applications/Xcode-27.0.0-Release.Candidate.app/Contents/Developer/Platforms/XROS.platform/Developer/SDKs/XROS27.0.sdk/Developer/Library/Frameworks -module-cache-path /Users/admin/builder/spi-builder-workspace/.derivedData/Build/Intermediates.noindex/SwiftExplicitPrecompiledModules -no-color-diagnostics -Xcc -fno-color-diagnostics -enable-testing -g -debug-info-format\=dwarf -dwarf-version\=4 -profile-generate -profile-coverage-mapping -swift-version 5 -Onone -D SWIFT_PACKAGE -D DEBUG -D SWIFT_MODULE_RESOURCE_BUNDLE_UNAVAILABLE -D Xcode -serialize-debugging-options -enable-experimental-feature DebugDescriptionMacro -empty-abi-descriptor -validate-clang-modules-once -clang-build-session-file /Users/admin/builder/spi-builder-workspace/.derivedData/ModuleCache.noindex/Session.modulevalidation -Xcc -working-directory -Xcc /Users/admin/builder/spi-builder-workspace/.swiftpm/xcode -enable-anonymous-context-mangled-names -file-compilation-dir /Users/admin/builder/spi-builder-workspace/.swiftpm/xcode -Xcc -D_LIBCPP_HARDENING_MODE\=_LIBCPP_HARDENING_MODE_DEBUG -Xcc -ivfsstatcache -Xcc /Users/admin/builder/spi-builder-workspace/.derivedData/SDKStatCaches.noindex/xros27.0-24M361-e829b21a6f8c9b70876ba0858053c044735bd543db762f57723cac368afd1ce4.sdkstatcache -Xcc -fmodules-prune-interval\=86400 -Xcc -fmodules-prune-after\=345600 -Xcc -I/Users/admin/builder/spi-builder-workspace/.derivedData/Build/Products/Debug-xros/include -Xcc -I/Users/admin/builder/spi-builder-workspace/.derivedData/Build/Intermediates.noindex/LayoutUI.build/Debug-xros/LayoutUI-t.build/DerivedSources-normal/arm64 -Xcc -I/Users/admin/builder/spi-builder-workspace/.derivedData/Build/Intermediates.noindex/LayoutUI.build/Debug-xros/LayoutUI-t.build/DerivedSources/arm64 -Xcc -I/Users/admin/builder/spi-builder-workspace/.derivedData/Build/Intermediates.noindex/LayoutUI.build/Debug-xros/LayoutUI-t.build/DerivedSources -Xcc -DSWIFT_PACKAGE -Xcc -DDEBUG\=1 -no-auto-bridging-header-chaining -module-name LayoutUI -const-gather-protocols-file /Users/admin/builder/spi-builder-workspace/.derivedData/Build/Intermediates.noindex/LayoutUI.build/Debug-xros/LayoutUI-t.build/Objects-normal/arm64/LayoutUI_const_extract_protocols.json -disable-clang-spi -clang-target arm64-apple-xros27.0 -target-sdk-version 27.0 -target-sdk-name xros27.0 -in-process-plugin-server-path /Applications/Xcode-27.0.0-Release.Candidate.app/Contents/Developer/Toolchains/XcodeDefault.xctoolchain/usr/lib/swift/host/libSwiftInProcPluginServer.dylib -parse-as-library -o /Users/admin/builder/spi-builder-workspace/.derivedData/Build/Intermediates.noindex/LayoutUI.build/Debug-xros/LayoutUI-t.build/Objects-normal/arm64/RectConstraints.o -debug-module-path /Users/admin/builder/spi-builder-workspace/.derivedData/Build/Intermediates.noindex/LayoutUI.build/Debug-xros/LayoutUI-t.build/Objects-normal/arm64/LayoutUI.swiftmodule -index-unit-output-path /LayoutUI.build/Debug-xros/LayoutUI-t.build/Objects-normal/arm64/RectConstraints.o -index-store-path /Users/admin/builder/spi-builder-workspace/.derivedData/Index.noindex/DataStore -index-system-modules
SwiftCompile normal arm64 /Users/admin/builder/spi-builder-workspace/Sources/LayoutUI/RectConstraints.swift (in target 'LayoutUI' from project 'LayoutUI')
cd /Users/admin/builder/spi-builder-workspace/.swiftpm/xcode
builtin-SwiftPerFileCompile RectConstraints.swift
SwiftCompile normal arm64 Compiling\ StackLayouts.swift /Users/admin/builder/spi-builder-workspace/Sources/LayoutUI/StackLayouts.swift (in target 'LayoutUI' from project 'LayoutUI')
/Users/admin/builder/spi-builder-workspace/Sources/LayoutUI/StackLayouts.swift:17:18: error: cannot find type 'CGFloat' in scope
15 | let data: Elements
16 | @usableFromInline
17 | let spacing: CGFloat
| `- error: cannot find type 'CGFloat' in scope
18 | @usableFromInline
19 | init(_ data: Elements, initial result: Int, spacing: CGFloat) {
/Users/admin/builder/spi-builder-workspace/Sources/LayoutUI/StackLayouts.swift:19:58: error: cannot find type 'CGFloat' in scope
17 | let spacing: CGFloat
18 | @usableFromInline
19 | init(_ data: Elements, initial result: Int, spacing: CGFloat) {
| `- error: cannot find type 'CGFloat' in scope
20 | self.initialResult = result
21 | self.data = data
/Users/admin/builder/spi-builder-workspace/Sources/LayoutUI/StackLayouts.swift:26:45: error: cannot find type 'CGRect' in scope
24 | @inlinable
25 | @inline(__always)
26 | public func reduce<Sublayout>(_ bounds: CGRect, scheme: (Int, Elements.Element) -> Sublayout) where Sublayout: SublayoutProtocol {
| `- error: cannot find type 'CGRect' in scope
27 | var filled: CGFloat = 0
28 | var rects: [(CGRect, Sublayout, Bool)] = []
/Users/admin/builder/spi-builder-workspace/Sources/LayoutUI/StackLayouts.swift:76:63: error: cannot find type 'CGFloat' in scope; did you mean to use 'CGFloat'?
74 | @inline(__always)
75 | public init<C>(
76 | id: Int? = nil, horizontalStack elements: C, spacing: CGFloat = 0,
| `- error: cannot find type 'CGFloat' in scope; did you mean to use 'CGFloat'?
77 | @LayoutBuilder scheme: @escaping (Int, C.Element) -> Scheme
78 | ) where Reducer == VStackReducer<C> {
/Users/admin/builder/spi-builder-workspace/Sources/LayoutUI/StackLayouts.swift:76:63: error: cannot find type 'CGFloat' in scope; did you mean to use 'CGFloat'?
74 | @inline(__always)
75 | public init<C>(
76 | id: Int? = nil, horizontalStack elements: C, spacing: CGFloat = 0,
| `- error: cannot find type 'CGFloat' in scope; did you mean to use 'CGFloat'?
77 | @LayoutBuilder scheme: @escaping (Int, C.Element) -> Scheme
78 | ) where Reducer == VStackReducer<C> {
/Users/admin/builder/spi-builder-workspace/Sources/LayoutUI/StackLayouts.swift:75:12: warning: struct 'CGFloat' cannot be used in an '@inlinable' function because 'CoreFoundation' was not imported by this file; this is an error in the Swift 6 language mode
73 | @inlinable
74 | @inline(__always)
75 | public init<C>(
| |- warning: struct 'CGFloat' cannot be used in an '@inlinable' function because 'CoreFoundation' was not imported by this file; this is an error in the Swift 6 language mode
| `- note: The missing import of module 'CoreFoundation' will be added implicitly
76 | id: Int? = nil, horizontalStack elements: C, spacing: CGFloat = 0,
77 | @LayoutBuilder scheme: @escaping (Int, C.Element) -> Scheme
/Users/admin/builder/spi-builder-workspace/Sources/LayoutUI/StackLayouts.swift:76:73: warning: struct 'CGFloat' cannot be used in a default argument value because 'CoreFoundation' was not imported by this file; this is an error in the Swift 6 language mode
74 | @inline(__always)
75 | public init<C>(
76 | id: Int? = nil, horizontalStack elements: C, spacing: CGFloat = 0,
| |- warning: struct 'CGFloat' cannot be used in a default argument value because 'CoreFoundation' was not imported by this file; this is an error in the Swift 6 language mode
| `- note: The missing import of module 'CoreFoundation' will be added implicitly
77 | @LayoutBuilder scheme: @escaping (Int, C.Element) -> Scheme
78 | ) where Reducer == VStackReducer<C> {
/Users/admin/builder/spi-builder-workspace/Sources/LayoutUI/StackLayouts.swift:76:73: warning: initializer 'init(integerLiteral:)' cannot be used in a default argument value because 'CoreFoundation' was not imported by this file; this is an error in the Swift 6 language mode
74 | @inline(__always)
75 | public init<C>(
76 | id: Int? = nil, horizontalStack elements: C, spacing: CGFloat = 0,
| |- warning: initializer 'init(integerLiteral:)' cannot be used in a default argument value because 'CoreFoundation' was not imported by this file; this is an error in the Swift 6 language mode
| `- note: The missing import of module 'CoreFoundation' will be added implicitly
77 | @LayoutBuilder scheme: @escaping (Int, C.Element) -> Scheme
78 | ) where Reducer == VStackReducer<C> {
/Users/admin/builder/spi-builder-workspace/Sources/LayoutUI/StackLayouts.swift:85:26: error: cannot find type 'CGFloat' in scope; did you mean to use 'CGFloat'?
83 | @inlinable
84 | @inline(__always)
85 | public init(spacing: CGFloat = 0, @LayoutBuilder scheme: () -> Elements) where Elements: CompoundLayout {
| `- error: cannot find type 'CGFloat' in scope; did you mean to use 'CGFloat'?
86 | self.init(scheme(), initial: 0, spacing: spacing)
87 | }
/Users/admin/builder/spi-builder-workspace/Sources/LayoutUI/StackLayouts.swift:85:26: error: cannot find type 'CGFloat' in scope; did you mean to use 'CGFloat'?
83 | @inlinable
84 | @inline(__always)
85 | public init(spacing: CGFloat = 0, @LayoutBuilder scheme: () -> Elements) where Elements: CompoundLayout {
| `- error: cannot find type 'CGFloat' in scope; did you mean to use 'CGFloat'?
86 | self.init(scheme(), initial: 0, spacing: spacing)
87 | }
/Users/admin/builder/spi-builder-workspace/Sources/LayoutUI/StackLayouts.swift:85:12: warning: struct 'CGFloat' cannot be used in an '@inlinable' function because 'CoreFoundation' was not imported by this file; this is an error in the Swift 6 language mode
83 | @inlinable
84 | @inline(__always)
85 | public init(spacing: CGFloat = 0, @LayoutBuilder scheme: () -> Elements) where Elements: CompoundLayout {
| |- warning: struct 'CGFloat' cannot be used in an '@inlinable' function because 'CoreFoundation' was not imported by this file; this is an error in the Swift 6 language mode
| `- note: The missing import of module 'CoreFoundation' will be added implicitly
86 | self.init(scheme(), initial: 0, spacing: spacing)
87 | }
/Users/admin/builder/spi-builder-workspace/Sources/LayoutUI/StackLayouts.swift:85:36: warning: struct 'CGFloat' cannot be used in a default argument value because 'CoreFoundation' was not imported by this file; this is an error in the Swift 6 language mode
83 | @inlinable
84 | @inline(__always)
85 | public init(spacing: CGFloat = 0, @LayoutBuilder scheme: () -> Elements) where Elements: CompoundLayout {
| |- warning: struct 'CGFloat' cannot be used in a default argument value because 'CoreFoundation' was not imported by this file; this is an error in the Swift 6 language mode
| `- note: The missing import of module 'CoreFoundation' will be added implicitly
86 | self.init(scheme(), initial: 0, spacing: spacing)
87 | }
/Users/admin/builder/spi-builder-workspace/Sources/LayoutUI/StackLayouts.swift:85:36: warning: initializer 'init(integerLiteral:)' cannot be used in a default argument value because 'CoreFoundation' was not imported by this file; this is an error in the Swift 6 language mode
83 | @inlinable
84 | @inline(__always)
85 | public init(spacing: CGFloat = 0, @LayoutBuilder scheme: () -> Elements) where Elements: CompoundLayout {
| |- warning: initializer 'init(integerLiteral:)' cannot be used in a default argument value because 'CoreFoundation' was not imported by this file; this is an error in the Swift 6 language mode
| `- note: The missing import of module 'CoreFoundation' will be added implicitly
86 | self.init(scheme(), initial: 0, spacing: spacing)
87 | }
/Users/admin/builder/spi-builder-workspace/Sources/LayoutUI/StackLayouts.swift:93:51: error: cannot find type 'CGFloat' in scope; did you mean to use 'CGFloat'?
91 | @inlinable
92 | @inline(__always)
93 | public init<Content>(id: Int? = nil, spacing: CGFloat = 0, @LayoutBuilder scheme: () -> Content) where Content: CompoundLayout, Reducer == VStackReducer<Content>, Scheme == Content.Sublayout {
| `- error: cannot find type 'CGFloat' in scope; did you mean to use 'CGFloat'?
94 | self.init(id: id, reducer: VStackReducer(spacing: spacing, scheme: scheme), scheme: { _, el in el })
95 | }
/Users/admin/builder/spi-builder-workspace/Sources/LayoutUI/StackLayouts.swift:93:51: error: cannot find type 'CGFloat' in scope; did you mean to use 'CGFloat'?
91 | @inlinable
92 | @inline(__always)
93 | public init<Content>(id: Int? = nil, spacing: CGFloat = 0, @LayoutBuilder scheme: () -> Content) where Content: CompoundLayout, Reducer == VStackReducer<Content>, Scheme == Content.Sublayout {
| `- error: cannot find type 'CGFloat' in scope; did you mean to use 'CGFloat'?
94 | self.init(id: id, reducer: VStackReducer(spacing: spacing, scheme: scheme), scheme: { _, el in el })
95 | }
/Users/admin/builder/spi-builder-workspace/Sources/LayoutUI/StackLayouts.swift:93:12: warning: struct 'CGFloat' cannot be used in an '@inlinable' function because 'CoreFoundation' was not imported by this file; this is an error in the Swift 6 language mode
91 | @inlinable
92 | @inline(__always)
93 | public init<Content>(id: Int? = nil, spacing: CGFloat = 0, @LayoutBuilder scheme: () -> Content) where Content: CompoundLayout, Reducer == VStackReducer<Content>, Scheme == Content.Sublayout {
| |- warning: struct 'CGFloat' cannot be used in an '@inlinable' function because 'CoreFoundation' was not imported by this file; this is an error in the Swift 6 language mode
| `- note: The missing import of module 'CoreFoundation' will be added implicitly
94 | self.init(id: id, reducer: VStackReducer(spacing: spacing, scheme: scheme), scheme: { _, el in el })
95 | }
/Users/admin/builder/spi-builder-workspace/Sources/LayoutUI/StackLayouts.swift:93:61: warning: struct 'CGFloat' cannot be used in a default argument value because 'CoreFoundation' was not imported by this file; this is an error in the Swift 6 language mode
91 | @inlinable
92 | @inline(__always)
93 | public init<Content>(id: Int? = nil, spacing: CGFloat = 0, @LayoutBuilder scheme: () -> Content) where Content: CompoundLayout, Reducer == VStackReducer<Content>, Scheme == Content.Sublayout {
| |- warning: struct 'CGFloat' cannot be used in a default argument value because 'CoreFoundation' was not imported by this file; this is an error in the Swift 6 language mode
| `- note: The missing import of module 'CoreFoundation' will be added implicitly
94 | self.init(id: id, reducer: VStackReducer(spacing: spacing, scheme: scheme), scheme: { _, el in el })
95 | }
/Users/admin/builder/spi-builder-workspace/Sources/LayoutUI/StackLayouts.swift:93:61: warning: initializer 'init(integerLiteral:)' cannot be used in a default argument value because 'CoreFoundation' was not imported by this file; this is an error in the Swift 6 language mode
91 | @inlinable
92 | @inline(__always)
93 | public init<Content>(id: Int? = nil, spacing: CGFloat = 0, @LayoutBuilder scheme: () -> Content) where Content: CompoundLayout, Reducer == VStackReducer<Content>, Scheme == Content.Sublayout {
| |- warning: initializer 'init(integerLiteral:)' cannot be used in a default argument value because 'CoreFoundation' was not imported by this file; this is an error in the Swift 6 language mode
| `- note: The missing import of module 'CoreFoundation' will be added implicitly
94 | self.init(id: id, reducer: VStackReducer(spacing: spacing, scheme: scheme), scheme: { _, el in el })
95 | }
/Users/admin/builder/spi-builder-workspace/Sources/LayoutUI/StackLayouts.swift:103:18: error: cannot find type 'CGFloat' in scope; did you mean to use 'CGFloat'?
101 | let data: Elements
102 | @usableFromInline
103 | let spacing: CGFloat
| `- error: cannot find type 'CGFloat' in scope; did you mean to use 'CGFloat'?
104 | @usableFromInline
105 | init(_ data: Elements, initial result: Int, spacing: CGFloat) {
/Users/admin/builder/spi-builder-workspace/Sources/LayoutUI/StackLayouts.swift:103:9: warning: cannot use struct 'CGFloat' in a property declaration marked public or in a '@frozen' or '@usableFromInline' context; 'CoreFoundation' was not imported by this file
101 | let data: Elements
102 | @usableFromInline
103 | let spacing: CGFloat
| `- warning: cannot use struct 'CGFloat' in a property declaration marked public or in a '@frozen' or '@usableFromInline' context; 'CoreFoundation' was not imported by this file
104 | @usableFromInline
105 | init(_ data: Elements, initial result: Int, spacing: CGFloat) {
CoreFoundation.CGFloat:2:23: note: struct declared here
1 | @available(macOS 10.0, macCatalyst 13.0, iOS 2.0, watchOS 1.0, tvOS 9.0, *)
2 | @frozen public struct CGFloat : Sendable {
| `- note: struct declared here
3 | public typealias NativeType = Double
4 | public init()
/Users/admin/builder/spi-builder-workspace/Sources/LayoutUI/StackLayouts.swift:105:58: error: cannot find type 'CGFloat' in scope; did you mean to use 'CGFloat'?
103 | let spacing: CGFloat
104 | @usableFromInline
105 | init(_ data: Elements, initial result: Int, spacing: CGFloat) {
| `- error: cannot find type 'CGFloat' in scope; did you mean to use 'CGFloat'?
106 | self.initialResult = result
107 | self.data = data
/Users/admin/builder/spi-builder-workspace/Sources/LayoutUI/StackLayouts.swift:105:5: warning: cannot use struct 'CGFloat' here; 'CoreFoundation' was not imported by this file
103 | let spacing: CGFloat
104 | @usableFromInline
105 | init(_ data: Elements, initial result: Int, spacing: CGFloat) {
| `- warning: cannot use struct 'CGFloat' here; 'CoreFoundation' was not imported by this file
106 | self.initialResult = result
107 | self.data = data
CoreFoundation.CGFloat:2:23: note: struct declared here
1 | @available(macOS 10.0, macCatalyst 13.0, iOS 2.0, watchOS 1.0, tvOS 9.0, *)
2 | @frozen public struct CGFloat : Sendable {
| `- note: struct declared here
3 | public typealias NativeType = Double
4 | public init()
/Users/admin/builder/spi-builder-workspace/Sources/LayoutUI/StackLayouts.swift:112:45: error: cannot find type 'CGRect' in scope
110 | @inlinable
111 | @inline(__always)
112 | public func reduce<Sublayout>(_ bounds: CGRect, scheme: (Int, Elements.Element) -> Sublayout) where Sublayout: SublayoutProtocol {
| `- error: cannot find type 'CGRect' in scope
113 | var filled: CGFloat = 0
114 | var rects: [(CGRect, Sublayout, Bool)] = []
/Users/admin/builder/spi-builder-workspace/Sources/LayoutUI/StackLayouts.swift:162:63: error: cannot find type 'CGFloat' in scope; did you mean to use 'CGFloat'?
160 | @inline(__always)
161 | public init<C>(
162 | id: Int? = nil, horizontalStack elements: C, spacing: CGFloat = 0,
| `- error: cannot find type 'CGFloat' in scope; did you mean to use 'CGFloat'?
163 | @LayoutBuilder scheme: @escaping (Int, C.Element) -> Scheme
164 | ) where Reducer == HStackReducer<C> {
/Users/admin/builder/spi-builder-workspace/Sources/LayoutUI/StackLayouts.swift:162:63: error: cannot find type 'CGFloat' in scope; did you mean to use 'CGFloat'?
160 | @inline(__always)
161 | public init<C>(
162 | id: Int? = nil, horizontalStack elements: C, spacing: CGFloat = 0,
| `- error: cannot find type 'CGFloat' in scope; did you mean to use 'CGFloat'?
163 | @LayoutBuilder scheme: @escaping (Int, C.Element) -> Scheme
164 | ) where Reducer == HStackReducer<C> {
/Users/admin/builder/spi-builder-workspace/Sources/LayoutUI/StackLayouts.swift:161:12: warning: struct 'CGFloat' cannot be used in an '@inlinable' function because 'CoreFoundation' was not imported by this file; this is an error in the Swift 6 language mode
159 | @inlinable
160 | @inline(__always)
161 | public init<C>(
| |- warning: struct 'CGFloat' cannot be used in an '@inlinable' function because 'CoreFoundation' was not imported by this file; this is an error in the Swift 6 language mode
| `- note: The missing import of module 'CoreFoundation' will be added implicitly
162 | id: Int? = nil, horizontalStack elements: C, spacing: CGFloat = 0,
163 | @LayoutBuilder scheme: @escaping (Int, C.Element) -> Scheme
/Users/admin/builder/spi-builder-workspace/Sources/LayoutUI/StackLayouts.swift:162:73: warning: struct 'CGFloat' cannot be used in a default argument value because 'CoreFoundation' was not imported by this file; this is an error in the Swift 6 language mode
160 | @inline(__always)
161 | public init<C>(
162 | id: Int? = nil, horizontalStack elements: C, spacing: CGFloat = 0,
| |- warning: struct 'CGFloat' cannot be used in a default argument value because 'CoreFoundation' was not imported by this file; this is an error in the Swift 6 language mode
| `- note: The missing import of module 'CoreFoundation' will be added implicitly
163 | @LayoutBuilder scheme: @escaping (Int, C.Element) -> Scheme
164 | ) where Reducer == HStackReducer<C> {
/Users/admin/builder/spi-builder-workspace/Sources/LayoutUI/StackLayouts.swift:162:73: warning: initializer 'init(integerLiteral:)' cannot be used in a default argument value because 'CoreFoundation' was not imported by this file; this is an error in the Swift 6 language mode
160 | @inline(__always)
161 | public init<C>(
162 | id: Int? = nil, horizontalStack elements: C, spacing: CGFloat = 0,
| |- warning: initializer 'init(integerLiteral:)' cannot be used in a default argument value because 'CoreFoundation' was not imported by this file; this is an error in the Swift 6 language mode
| `- note: The missing import of module 'CoreFoundation' will be added implicitly
163 | @LayoutBuilder scheme: @escaping (Int, C.Element) -> Scheme
164 | ) where Reducer == HStackReducer<C> {
/Users/admin/builder/spi-builder-workspace/Sources/LayoutUI/StackLayouts.swift:171:26: error: cannot find type 'CGFloat' in scope; did you mean to use 'CGFloat'?
169 | @inlinable
170 | @inline(__always)
171 | public init(spacing: CGFloat = 0, @LayoutBuilder scheme: () -> Elements) where Elements: CompoundLayout {
| `- error: cannot find type 'CGFloat' in scope; did you mean to use 'CGFloat'?
172 | self.init(scheme(), initial: 0, spacing: spacing)
173 | }
/Users/admin/builder/spi-builder-workspace/Sources/LayoutUI/StackLayouts.swift:171:26: error: cannot find type 'CGFloat' in scope; did you mean to use 'CGFloat'?
169 | @inlinable
170 | @inline(__always)
171 | public init(spacing: CGFloat = 0, @LayoutBuilder scheme: () -> Elements) where Elements: CompoundLayout {
| `- error: cannot find type 'CGFloat' in scope; did you mean to use 'CGFloat'?
172 | self.init(scheme(), initial: 0, spacing: spacing)
173 | }
/Users/admin/builder/spi-builder-workspace/Sources/LayoutUI/StackLayouts.swift:171:12: warning: struct 'CGFloat' cannot be used in an '@inlinable' function because 'CoreFoundation' was not imported by this file; this is an error in the Swift 6 language mode
169 | @inlinable
170 | @inline(__always)
171 | public init(spacing: CGFloat = 0, @LayoutBuilder scheme: () -> Elements) where Elements: CompoundLayout {
| |- warning: struct 'CGFloat' cannot be used in an '@inlinable' function because 'CoreFoundation' was not imported by this file; this is an error in the Swift 6 language mode
| `- note: The missing import of module 'CoreFoundation' will be added implicitly
172 | self.init(scheme(), initial: 0, spacing: spacing)
173 | }
/Users/admin/builder/spi-builder-workspace/Sources/LayoutUI/StackLayouts.swift:171:36: warning: struct 'CGFloat' cannot be used in a default argument value because 'CoreFoundation' was not imported by this file; this is an error in the Swift 6 language mode
169 | @inlinable
170 | @inline(__always)
171 | public init(spacing: CGFloat = 0, @LayoutBuilder scheme: () -> Elements) where Elements: CompoundLayout {
| |- warning: struct 'CGFloat' cannot be used in a default argument value because 'CoreFoundation' was not imported by this file; this is an error in the Swift 6 language mode
| `- note: The missing import of module 'CoreFoundation' will be added implicitly
172 | self.init(scheme(), initial: 0, spacing: spacing)
173 | }
/Users/admin/builder/spi-builder-workspace/Sources/LayoutUI/StackLayouts.swift:171:36: warning: initializer 'init(integerLiteral:)' cannot be used in a default argument value because 'CoreFoundation' was not imported by this file; this is an error in the Swift 6 language mode
169 | @inlinable
170 | @inline(__always)
171 | public init(spacing: CGFloat = 0, @LayoutBuilder scheme: () -> Elements) where Elements: CompoundLayout {
| |- warning: initializer 'init(integerLiteral:)' cannot be used in a default argument value because 'CoreFoundation' was not imported by this file; this is an error in the Swift 6 language mode
| `- note: The missing import of module 'CoreFoundation' will be added implicitly
172 | self.init(scheme(), initial: 0, spacing: spacing)
173 | }
/Users/admin/builder/spi-builder-workspace/Sources/LayoutUI/StackLayouts.swift:179:51: error: cannot find type 'CGFloat' in scope; did you mean to use 'CGFloat'?
177 | @inlinable
178 | @inline(__always)
179 | public init<Content>(id: Int? = nil, spacing: CGFloat = 0, @LayoutBuilder scheme: () -> Content) where Content: CompoundLayout, Reducer == HStackReducer<Content>, Scheme == Content.Sublayout {
| `- error: cannot find type 'CGFloat' in scope; did you mean to use 'CGFloat'?
180 | self.init(id: id, reducer: HStackReducer(spacing: spacing, scheme: scheme), scheme: { _, el in el })
181 | }
/Users/admin/builder/spi-builder-workspace/Sources/LayoutUI/StackLayouts.swift:179:51: error: cannot find type 'CGFloat' in scope; did you mean to use 'CGFloat'?
177 | @inlinable
178 | @inline(__always)
179 | public init<Content>(id: Int? = nil, spacing: CGFloat = 0, @LayoutBuilder scheme: () -> Content) where Content: CompoundLayout, Reducer == HStackReducer<Content>, Scheme == Content.Sublayout {
| `- error: cannot find type 'CGFloat' in scope; did you mean to use 'CGFloat'?
180 | self.init(id: id, reducer: HStackReducer(spacing: spacing, scheme: scheme), scheme: { _, el in el })
181 | }
/Users/admin/builder/spi-builder-workspace/Sources/LayoutUI/StackLayouts.swift:179:12: warning: struct 'CGFloat' cannot be used in an '@inlinable' function because 'CoreFoundation' was not imported by this file; this is an error in the Swift 6 language mode
177 | @inlinable
178 | @inline(__always)
179 | public init<Content>(id: Int? = nil, spacing: CGFloat = 0, @LayoutBuilder scheme: () -> Content) where Content: CompoundLayout, Reducer == HStackReducer<Content>, Scheme == Content.Sublayout {
| |- warning: struct 'CGFloat' cannot be used in an '@inlinable' function because 'CoreFoundation' was not imported by this file; this is an error in the Swift 6 language mode
| `- note: The missing import of module 'CoreFoundation' will be added implicitly
180 | self.init(id: id, reducer: HStackReducer(spacing: spacing, scheme: scheme), scheme: { _, el in el })
181 | }
/Users/admin/builder/spi-builder-workspace/Sources/LayoutUI/StackLayouts.swift:179:61: warning: struct 'CGFloat' cannot be used in a default argument value because 'CoreFoundation' was not imported by this file; this is an error in the Swift 6 language mode
177 | @inlinable
178 | @inline(__always)
179 | public init<Content>(id: Int? = nil, spacing: CGFloat = 0, @LayoutBuilder scheme: () -> Content) where Content: CompoundLayout, Reducer == HStackReducer<Content>, Scheme == Content.Sublayout {
| |- warning: struct 'CGFloat' cannot be used in a default argument value because 'CoreFoundation' was not imported by this file; this is an error in the Swift 6 language mode
| `- note: The missing import of module 'CoreFoundation' will be added implicitly
180 | self.init(id: id, reducer: HStackReducer(spacing: spacing, scheme: scheme), scheme: { _, el in el })
181 | }
/Users/admin/builder/spi-builder-workspace/Sources/LayoutUI/StackLayouts.swift:179:61: warning: initializer 'init(integerLiteral:)' cannot be used in a default argument value because 'CoreFoundation' was not imported by this file; this is an error in the Swift 6 language mode
177 | @inlinable
178 | @inline(__always)
179 | public init<Content>(id: Int? = nil, spacing: CGFloat = 0, @LayoutBuilder scheme: () -> Content) where Content: CompoundLayout, Reducer == HStackReducer<Content>, Scheme == Content.Sublayout {
| |- warning: initializer 'init(integerLiteral:)' cannot be used in a default argument value because 'CoreFoundation' was not imported by this file; this is an error in the Swift 6 language mode
| `- note: The missing import of module 'CoreFoundation' will be added implicitly
180 | self.init(id: id, reducer: HStackReducer(spacing: spacing, scheme: scheme), scheme: { _, el in el })
181 | }
/Users/admin/builder/spi-builder-workspace/Sources/LayoutUI/StackLayouts.swift:27:21: error: cannot find type 'CGFloat' in scope; did you mean to use 'CGFloat'?
25 | @inline(__always)
26 | public func reduce<Sublayout>(_ bounds: CGRect, scheme: (Int, Elements.Element) -> Sublayout) where Sublayout: SublayoutProtocol {
27 | var filled: CGFloat = 0
| `- error: cannot find type 'CGFloat' in scope; did you mean to use 'CGFloat'?
28 | var rects: [(CGRect, Sublayout, Bool)] = []
29 | let idOffset = initialResult
/Users/admin/builder/spi-builder-workspace/Sources/LayoutUI/StackLayouts.swift:27:13: warning: struct 'CGFloat' cannot be used in an '@inlinable' function because 'CoreFoundation' was not imported by this file; this is an error in the Swift 6 language mode
25 | @inline(__always)
26 | public func reduce<Sublayout>(_ bounds: CGRect, scheme: (Int, Elements.Element) -> Sublayout) where Sublayout: SublayoutProtocol {
27 | var filled: CGFloat = 0
| |- warning: struct 'CGFloat' cannot be used in an '@inlinable' function because 'CoreFoundation' was not imported by this file; this is an error in the Swift 6 language mode
| `- note: The missing import of module 'CoreFoundation' will be added implicitly
28 | var rects: [(CGRect, Sublayout, Bool)] = []
29 | let idOffset = initialResult
/Users/admin/builder/spi-builder-workspace/Sources/LayoutUI/StackLayouts.swift:27:31: warning: struct 'CGFloat' cannot be used in an '@inlinable' function because 'CoreFoundation' was not imported by this file; this is an error in the Swift 6 language mode
25 | @inline(__always)
26 | public func reduce<Sublayout>(_ bounds: CGRect, scheme: (Int, Elements.Element) -> Sublayout) where Sublayout: SublayoutProtocol {
27 | var filled: CGFloat = 0
| |- warning: struct 'CGFloat' cannot be used in an '@inlinable' function because 'CoreFoundation' was not imported by this file; this is an error in the Swift 6 language mode
| `- note: The missing import of module 'CoreFoundation' will be added implicitly
28 | var rects: [(CGRect, Sublayout, Bool)] = []
29 | let idOffset = initialResult
/Users/admin/builder/spi-builder-workspace/Sources/LayoutUI/StackLayouts.swift:27:31: warning: initializer 'init(integerLiteral:)' cannot be used in an '@inlinable' function because 'CoreFoundation' was not imported by this file; this is an error in the Swift 6 language mode
25 | @inline(__always)
26 | public func reduce<Sublayout>(_ bounds: CGRect, scheme: (Int, Elements.Element) -> Sublayout) where Sublayout: SublayoutProtocol {
27 | var filled: CGFloat = 0
| |- warning: initializer 'init(integerLiteral:)' cannot be used in an '@inlinable' function because 'CoreFoundation' was not imported by this file; this is an error in the Swift 6 language mode
| `- note: The missing import of module 'CoreFoundation' will be added implicitly
28 | var rects: [(CGRect, Sublayout, Bool)] = []
29 | let idOffset = initialResult
/Users/admin/builder/spi-builder-workspace/Sources/LayoutUI/StackLayouts.swift:28:22: error: cannot find type 'CGRect' in scope
26 | public func reduce<Sublayout>(_ bounds: CGRect, scheme: (Int, Elements.Element) -> Sublayout) where Sublayout: SublayoutProtocol {
27 | var filled: CGFloat = 0
28 | var rects: [(CGRect, Sublayout, Bool)] = []
| `- error: cannot find type 'CGRect' in scope
29 | let idOffset = initialResult
30 | var flexibleCount: CGFloat = 0
/Users/admin/builder/spi-builder-workspace/Sources/LayoutUI/StackLayouts.swift:30:28: error: cannot find type 'CGFloat' in scope; did you mean to use 'CGFloat'?
28 | var rects: [(CGRect, Sublayout, Bool)] = []
29 | let idOffset = initialResult
30 | var flexibleCount: CGFloat = 0
| `- error: cannot find type 'CGFloat' in scope; did you mean to use 'CGFloat'?
31 | for (i, element) in data.enumerated() {
32 | let l = scheme(idOffset + i, element)
/Users/admin/builder/spi-builder-workspace/Sources/LayoutUI/StackLayouts.swift:30:13: warning: struct 'CGFloat' cannot be used in an '@inlinable' function because 'CoreFoundation' was not imported by this file; this is an error in the Swift 6 language mode
28 | var rects: [(CGRect, Sublayout, Bool)] = []
29 | let idOffset = initialResult
30 | var flexibleCount: CGFloat = 0
| |- warning: struct 'CGFloat' cannot be used in an '@inlinable' function because 'CoreFoundation' was not imported by this file; this is an error in the Swift 6 language mode
| `- note: The missing import of module 'CoreFoundation' will be added implicitly
31 | for (i, element) in data.enumerated() {
32 | let l = scheme(idOffset + i, element)
/Users/admin/builder/spi-builder-workspace/Sources/LayoutUI/StackLayouts.swift:30:38: warning: struct 'CGFloat' cannot be used in an '@inlinable' function because 'CoreFoundation' was not imported by this file; this is an error in the Swift 6 language mode
28 | var rects: [(CGRect, Sublayout, Bool)] = []
29 | let idOffset = initialResult
30 | var flexibleCount: CGFloat = 0
| |- warning: struct 'CGFloat' cannot be used in an '@inlinable' function because 'CoreFoundation' was not imported by this file; this is an error in the Swift 6 language mode
| `- note: The missing import of module 'CoreFoundation' will be added implicitly
31 | for (i, element) in data.enumerated() {
32 | let l = scheme(idOffset + i, element)
/Users/admin/builder/spi-builder-workspace/Sources/LayoutUI/StackLayouts.swift:30:38: warning: initializer 'init(integerLiteral:)' cannot be used in an '@inlinable' function because 'CoreFoundation' was not imported by this file; this is an error in the Swift 6 language mode
28 | var rects: [(CGRect, Sublayout, Bool)] = []
29 | let idOffset = initialResult
30 | var flexibleCount: CGFloat = 0
| |- warning: initializer 'init(integerLiteral:)' cannot be used in an '@inlinable' function because 'CoreFoundation' was not imported by this file; this is an error in the Swift 6 language mode
| `- note: The missing import of module 'CoreFoundation' will be added implicitly
31 | for (i, element) in data.enumerated() {
32 | let l = scheme(idOffset + i, element)
/Users/admin/builder/spi-builder-workspace/Sources/LayoutUI/StackLayouts.swift:39:31: warning: cannot use conformance of 'CGFloat' to 'AdditiveArithmetic' here; 'CoreFoundation' was not imported by this file; this is an error in the Swift 6 language mode
37 | filled += r.height + spacing
38 | } else {
39 | flexibleCount += 1
| |- warning: cannot use conformance of 'CGFloat' to 'AdditiveArithmetic' here; 'CoreFoundation' was not imported by this file; this is an error in the Swift 6 language mode
| `- note: The missing import of module 'CoreFoundation' will be added implicitly
40 | }
41 | }
/Users/admin/builder/spi-builder-workspace/Sources/LayoutUI/StackLayouts.swift:39:34: warning: struct 'CGFloat' cannot be used in an '@inlinable' function because 'CoreFoundation' was not imported by this file; this is an error in the Swift 6 language mode
37 | filled += r.height + spacing
38 | } else {
39 | flexibleCount += 1
| |- warning: struct 'CGFloat' cannot be used in an '@inlinable' function because 'CoreFoundation' was not imported by this file; this is an error in the Swift 6 language mode
| `- note: The missing import of module 'CoreFoundation' will be added implicitly
40 | }
41 | }
/Users/admin/builder/spi-builder-workspace/Sources/LayoutUI/StackLayouts.swift:39:34: warning: initializer 'init(integerLiteral:)' cannot be used in an '@inlinable' function because 'CoreFoundation' was not imported by this file; this is an error in the Swift 6 language mode
37 | filled += r.height + spacing
38 | } else {
39 | flexibleCount += 1
| |- warning: initializer 'init(integerLiteral:)' cannot be used in an '@inlinable' function because 'CoreFoundation' was not imported by this file; this is an error in the Swift 6 language mode
| `- note: The missing import of module 'CoreFoundation' will be added implicitly
40 | }
41 | }
/Users/admin/builder/spi-builder-workspace/Sources/LayoutUI/StackLayouts.swift:43:27: error: cannot find type 'CGFloat' in scope; did you mean to use 'CGFloat'?
41 | }
42 | let free = bounds.height - filled + spacing
43 | let flexibleSize: CGFloat
| `- error: cannot find type 'CGFloat' in scope; did you mean to use 'CGFloat'?
44 | var offset: CGFloat
45 | if free <= 0 || flexibleCount == 0 {
/Users/admin/builder/spi-builder-workspace/Sources/LayoutUI/StackLayouts.swift:43:13: warning: struct 'CGFloat' cannot be used in an '@inlinable' function because 'CoreFoundation' was not imported by this file; this is an error in the Swift 6 language mode
41 | }
42 | let free = bounds.height - filled + spacing
43 | let flexibleSize: CGFloat
| |- warning: struct 'CGFloat' cannot be used in an '@inlinable' function because 'CoreFoundation' was not imported by this file; this is an error in the Swift 6 language mode
| `- note: The missing import of module 'CoreFoundation' will be added implicitly
44 | var offset: CGFloat
45 | if free <= 0 || flexibleCount == 0 {
/Users/admin/builder/spi-builder-workspace/Sources/LayoutUI/StackLayouts.swift:44:21: error: cannot find type 'CGFloat' in scope; did you mean to use 'CGFloat'?
42 | let free = bounds.height - filled + spacing
43 | let flexibleSize: CGFloat
44 | var offset: CGFloat
| `- error: cannot find type 'CGFloat' in scope; did you mean to use 'CGFloat'?
45 | if free <= 0 || flexibleCount == 0 {
46 | flexibleSize = 0
/Users/admin/builder/spi-builder-workspace/Sources/LayoutUI/StackLayouts.swift:44:13: warning: struct 'CGFloat' cannot be used in an '@inlinable' function because 'CoreFoundation' was not imported by this file; this is an error in the Swift 6 language mode
42 | let free = bounds.height - filled + spacing
43 | let flexibleSize: CGFloat
44 | var offset: CGFloat
| |- warning: struct 'CGFloat' cannot be used in an '@inlinable' function because 'CoreFoundation' was not imported by this file; this is an error in the Swift 6 language mode
| `- note: The missing import of module 'CoreFoundation' will be added implicitly
45 | if free <= 0 || flexibleCount == 0 {
46 | flexibleSize = 0
/Users/admin/builder/spi-builder-workspace/Sources/LayoutUI/StackLayouts.swift:46:28: warning: struct 'CGFloat' cannot be used in an '@inlinable' function because 'CoreFoundation' was not imported by this file; this is an error in the Swift 6 language mode
44 | var offset: CGFloat
45 | if free <= 0 || flexibleCount == 0 {
46 | flexibleSize = 0
| |- warning: struct 'CGFloat' cannot be used in an '@inlinable' function because 'CoreFoundation' was not imported by this file; this is an error in the Swift 6 language mode
| `- note: The missing import of module 'CoreFoundation' will be added implicitly
47 | offset = free / 2 + bounds.minY
48 | } else {
/Users/admin/builder/spi-builder-workspace/Sources/LayoutUI/StackLayouts.swift:46:28: warning: initializer 'init(integerLiteral:)' cannot be used in an '@inlinable' function because 'CoreFoundation' was not imported by this file; this is an error in the Swift 6 language mode
44 | var offset: CGFloat
45 | if free <= 0 || flexibleCount == 0 {
46 | flexibleSize = 0
| |- warning: initializer 'init(integerLiteral:)' cannot be used in an '@inlinable' function because 'CoreFoundation' was not imported by this file; this is an error in the Swift 6 language mode
| `- note: The missing import of module 'CoreFoundation' will be added implicitly
47 | offset = free / 2 + bounds.minY
48 | } else {
/Users/admin/builder/spi-builder-workspace/Sources/LayoutUI/StackLayouts.swift:55:24: error: cannot find 'CGRect' in scope
53 | let size = el.2 ? el.0.height : flexibleSize
54 | offset += i > 0 ? spacing : 0
55 | let rect = CGRect(
| `- error: cannot find 'CGRect' in scope
56 | x: el.0.minX, y: offset,
57 | width: el.0.width, height: size
/Users/admin/builder/spi-builder-workspace/Sources/LayoutUI/StackLayouts.swift:79:88: error: extra argument 'initial' in call
77 | @LayoutBuilder scheme: @escaping (Int, C.Element) -> Scheme
78 | ) where Reducer == VStackReducer<C> {
79 | self.init(id: id, reducer: VStackReducer(elements, initial: id.map({ $0 + 1 }) ?? 0, spacing: spacing), scheme: scheme)
| `- error: extra argument 'initial' in call
80 | }
81 | }
/Users/admin/builder/spi-builder-workspace/Sources/LayoutUI/StackLayouts.swift:79:50: error: cannot convert value of type 'C' to expected argument type '() -> C'
77 | @LayoutBuilder scheme: @escaping (Int, C.Element) -> Scheme
78 | ) where Reducer == VStackReducer<C> {
79 | self.init(id: id, reducer: VStackReducer(elements, initial: id.map({ $0 + 1 }) ?? 0, spacing: spacing), scheme: scheme)
| `- error: cannot convert value of type 'C' to expected argument type '() -> C'
80 | }
81 | }
/Users/admin/builder/spi-builder-workspace/Sources/LayoutUI/StackLayouts.swift:79:36: error: initializer 'init(spacing:scheme:)' requires that 'C' conform to 'CompoundLayout'
77 | @LayoutBuilder scheme: @escaping (Int, C.Element) -> Scheme
78 | ) where Reducer == VStackReducer<C> {
79 | self.init(id: id, reducer: VStackReducer(elements, initial: id.map({ $0 + 1 }) ?? 0, spacing: spacing), scheme: scheme)
| `- error: initializer 'init(spacing:scheme:)' requires that 'C' conform to 'CompoundLayout'
80 | }
81 | }
:
83 | @inlinable
84 | @inline(__always)
85 | public init(spacing: CGFloat = 0, @LayoutBuilder scheme: () -> Elements) where Elements: CompoundLayout {
| `- note: where 'Elements' = 'C'
86 | self.init(scheme(), initial: 0, spacing: spacing)
87 | }
/Users/admin/builder/spi-builder-workspace/Sources/LayoutUI/StackLayouts.swift:86:38: error: extra argument 'initial' in call
84 | @inline(__always)
85 | public init(spacing: CGFloat = 0, @LayoutBuilder scheme: () -> Elements) where Elements: CompoundLayout {
86 | self.init(scheme(), initial: 0, spacing: spacing)
| `- error: extra argument 'initial' in call
87 | }
88 | }
SwiftCompile normal arm64 /Users/admin/builder/spi-builder-workspace/Sources/LayoutUI/StackLayouts.swift (in target 'LayoutUI' from project 'LayoutUI')
cd /Users/admin/builder/spi-builder-workspace/.swiftpm/xcode
builtin-SwiftPerFileCompile StackLayouts.swift
SwiftCompile normal arm64 Compiling\ UIKit+AppKit.swift /Users/admin/builder/spi-builder-workspace/Sources/LayoutUI/UIKit+AppKit.swift (in target 'LayoutUI' from project 'LayoutUI')
SwiftCompile normal arm64 /Users/admin/builder/spi-builder-workspace/Sources/LayoutUI/UIKit+AppKit.swift (in target 'LayoutUI' from project 'LayoutUI')
cd /Users/admin/builder/spi-builder-workspace/.swiftpm/xcode
builtin-SwiftPerFileCompile UIKit+AppKit.swift
SwiftEmitModule normal arm64 Emitting\ module\ for\ LayoutUI (in target 'LayoutUI' from project 'LayoutUI')
SwiftCompile normal arm64 (in target 'LayoutUI' from project 'LayoutUI')
cd /Users/admin/builder/spi-builder-workspace/.swiftpm/xcode
SwiftCompile normal arm64 Compiling\ ViewBasedLayout.swift /Users/admin/builder/spi-builder-workspace/Sources/LayoutUI/ViewBasedLayout.swift (in target 'LayoutUI' from project 'LayoutUI')
SwiftCompile normal arm64 /Users/admin/builder/spi-builder-workspace/Sources/LayoutUI/ViewBasedLayout.swift (in target 'LayoutUI' from project 'LayoutUI')
cd /Users/admin/builder/spi-builder-workspace/.swiftpm/xcode
builtin-SwiftPerFileCompile ViewBasedLayout.swift
SwiftCompile normal arm64 Compiling\ ViewConstraints.swift /Users/admin/builder/spi-builder-workspace/Sources/LayoutUI/ViewConstraints.swift (in target 'LayoutUI' from project 'LayoutUI')
SwiftCompile normal arm64 /Users/admin/builder/spi-builder-workspace/Sources/LayoutUI/ViewConstraints.swift (in target 'LayoutUI' from project 'LayoutUI')
cd /Users/admin/builder/spi-builder-workspace/.swiftpm/xcode
builtin-SwiftPerFileCompile ViewConstraints.swift
SwiftCompile normal arm64 Compiling\ SwiftUI.swift /Users/admin/builder/spi-builder-workspace/Sources/LayoutUI/SwiftUI.swift (in target 'LayoutUI' from project 'LayoutUI')
SwiftCompile normal arm64 /Users/admin/builder/spi-builder-workspace/Sources/LayoutUI/SwiftUI.swift (in target 'LayoutUI' from project 'LayoutUI')
cd /Users/admin/builder/spi-builder-workspace/.swiftpm/xcode
builtin-SwiftPerFileCompile SwiftUI.swift
SwiftCompile normal arm64 Compiling\ StackLayout.swift /Users/admin/builder/spi-builder-workspace/Sources/LayoutUI/StackLayout.swift (in target 'LayoutUI' from project 'LayoutUI')
/Users/admin/builder/spi-builder-workspace/Sources/LayoutUI/StackLayout.swift:37:32: warning: static property 'null' cannot be used in an '@inlinable' function because 'CoreGraphics' was not imported by this file; this is an error in the Swift 6 language mode
35 | @inline(__always)
36 | public func layout(to rect: inout CGRect, with view: Scheme.View, in source: CGRect) {
37 | var unionRect = CGRect.null
| |- warning: static property 'null' cannot be used in an '@inlinable' function because 'CoreGraphics' was not imported by this file; this is an error in the Swift 6 language mode
| `- note: The missing import of module 'CoreGraphics' will be added implicitly
38 | for element in data {
39 | var r = source
/Users/admin/builder/spi-builder-workspace/Sources/LayoutUI/StackLayout.swift:41:35: warning: instance method 'union' cannot be used in an '@inlinable' function because 'CoreGraphics' was not imported by this file; this is an error in the Swift 6 language mode
39 | var r = source
40 | scheme(element).layout(to: &r, with: view, in: source)
41 | unionRect = unionRect.union(r)
| |- warning: instance method 'union' cannot be used in an '@inlinable' function because 'CoreGraphics' was not imported by this file; this is an error in the Swift 6 language mode
| `- note: The missing import of module 'CoreGraphics' will be added implicitly
42 | }
43 | rect = unionRect
/Users/admin/builder/spi-builder-workspace/Sources/LayoutUI/StackLayout.swift:188:32: warning: static property 'null' cannot be used in an '@inlinable' function because 'CoreGraphics' was not imported by this file; this is an error in the Swift 6 language mode
186 | @inline(__always)
187 | public func layout(to rect: inout CGRect, with view: Scheme.View, in source: CGRect) {
188 | var unionRect = CGRect.null
| |- warning: static property 'null' cannot be used in an '@inlinable' function because 'CoreGraphics' was not imported by this file; this is an error in the Swift 6 language mode
| `- note: The missing import of module 'CoreGraphics' will be added implicitly
189 | reducer.reduce(source) { result, element -> SublayoutForRectCalculating<Scheme> in
190 | let l = scheme(result, element)
/Users/admin/builder/spi-builder-workspace/Sources/LayoutUI/StackLayouts.swift:76:63: error: cannot find type 'CGFloat' in scope; did you mean to use 'CGFloat'?
74 | @inline(__always)
75 | public init<C>(
76 | id: Int? = nil, horizontalStack elements: C, spacing: CGFloat = 0,
| `- error: cannot find type 'CGFloat' in scope; did you mean to use 'CGFloat'?
77 | @LayoutBuilder scheme: @escaping (Int, C.Element) -> Scheme
78 | ) where Reducer == VStackReducer<C> {
/Users/admin/builder/spi-builder-workspace/Sources/LayoutUI/StackLayouts.swift:162:63: error: cannot find type 'CGFloat' in scope; did you mean to use 'CGFloat'?
160 | @inline(__always)
161 | public init<C>(
162 | id: Int? = nil, horizontalStack elements: C, spacing: CGFloat = 0,
| `- error: cannot find type 'CGFloat' in scope; did you mean to use 'CGFloat'?
163 | @LayoutBuilder scheme: @escaping (Int, C.Element) -> Scheme
164 | ) where Reducer == HStackReducer<C> {
/Users/admin/builder/spi-builder-workspace/Sources/LayoutUI/StackLayouts.swift:93:51: error: cannot find type 'CGFloat' in scope; did you mean to use 'CGFloat'?
91 | @inlinable
92 | @inline(__always)
93 | public init<Content>(id: Int? = nil, spacing: CGFloat = 0, @LayoutBuilder scheme: () -> Content) where Content: CompoundLayout, Reducer == VStackReducer<Content>, Scheme == Content.Sublayout {
| `- error: cannot find type 'CGFloat' in scope; did you mean to use 'CGFloat'?
94 | self.init(id: id, reducer: VStackReducer(spacing: spacing, scheme: scheme), scheme: { _, el in el })
95 | }
/Users/admin/builder/spi-builder-workspace/Sources/LayoutUI/StackLayouts.swift:179:51: error: cannot find type 'CGFloat' in scope; did you mean to use 'CGFloat'?
177 | @inlinable
178 | @inline(__always)
179 | public init<Content>(id: Int? = nil, spacing: CGFloat = 0, @LayoutBuilder scheme: () -> Content) where Content: CompoundLayout, Reducer == HStackReducer<Content>, Scheme == Content.Sublayout {
| `- error: cannot find type 'CGFloat' in scope; did you mean to use 'CGFloat'?
180 | self.init(id: id, reducer: HStackReducer(spacing: spacing, scheme: scheme), scheme: { _, el in el })
181 | }
/Users/admin/builder/spi-builder-workspace/Sources/LayoutUI/StackLayouts.swift:76:63: error: cannot find type 'CGFloat' in scope; did you mean to use 'CGFloat'?
74 | @inline(__always)
75 | public init<C>(
76 | id: Int? = nil, horizontalStack elements: C, spacing: CGFloat = 0,
| `- error: cannot find type 'CGFloat' in scope; did you mean to use 'CGFloat'?
77 | @LayoutBuilder scheme: @escaping (Int, C.Element) -> Scheme
78 | ) where Reducer == VStackReducer<C> {
/Users/admin/builder/spi-builder-workspace/Sources/LayoutUI/StackLayouts.swift:93:51: error: cannot find type 'CGFloat' in scope; did you mean to use 'CGFloat'?
91 | @inlinable
92 | @inline(__always)
93 | public init<Content>(id: Int? = nil, spacing: CGFloat = 0, @LayoutBuilder scheme: () -> Content) where Content: CompoundLayout, Reducer == VStackReducer<Content>, Scheme == Content.Sublayout {
| `- error: cannot find type 'CGFloat' in scope; did you mean to use 'CGFloat'?
94 | self.init(id: id, reducer: VStackReducer(spacing: spacing, scheme: scheme), scheme: { _, el in el })
95 | }
/Users/admin/builder/spi-builder-workspace/Sources/LayoutUI/StackLayouts.swift:162:63: error: cannot find type 'CGFloat' in scope; did you mean to use 'CGFloat'?
160 | @inline(__always)
161 | public init<C>(
162 | id: Int? = nil, horizontalStack elements: C, spacing: CGFloat = 0,
| `- error: cannot find type 'CGFloat' in scope; did you mean to use 'CGFloat'?
163 | @LayoutBuilder scheme: @escaping (Int, C.Element) -> Scheme
164 | ) where Reducer == HStackReducer<C> {
SwiftCompile normal arm64 /Users/admin/builder/spi-builder-workspace/Sources/LayoutUI/StackLayout.swift (in target 'LayoutUI' from project 'LayoutUI')
cd /Users/admin/builder/spi-builder-workspace/.swiftpm/xcode
builtin-SwiftPerFileCompile StackLayout.swift
SwiftCompile normal arm64 Compiling\ RectLayouts.swift /Users/admin/builder/spi-builder-workspace/Sources/LayoutUI/RectLayouts.swift (in target 'LayoutUI' from project 'LayoutUI')
SwiftCompile normal arm64 /Users/admin/builder/spi-builder-workspace/Sources/LayoutUI/RectLayouts.swift (in target 'LayoutUI' from project 'LayoutUI')
cd /Users/admin/builder/spi-builder-workspace/.swiftpm/xcode
builtin-SwiftPerFileCompile RectLayouts.swift
PruneExplicitPrecompiledModules /Users/admin/builder/spi-builder-workspace/.derivedData/Build/Intermediates.noindex/ExplicitPrecompiledModules
PruneExplicitPrecompiledModules /Users/admin/builder/spi-builder-workspace/.derivedData/Build/Intermediates.noindex/SwiftExplicitPrecompiledModules
PruneExplicitPrecompiledModules /Users/admin/builder/spi-builder-workspace/.derivedData/SDKExplicitPrecompiledModules
2026-09-18 08:25:51.695 xcodebuild[777:4750] [MT] IDERunDestination: Supported platforms for the buildables in the current scheme is empty.
** BUILD FAILED **
The following build commands failed:
SwiftCompile normal arm64 Compiling\ RectConstraints.swift /Users/admin/builder/spi-builder-workspace/Sources/LayoutUI/RectConstraints.swift (in target 'LayoutUI' from project 'LayoutUI')
SwiftCompile normal arm64 /Users/admin/builder/spi-builder-workspace/Sources/LayoutUI/RectConstraints.swift (in target 'LayoutUI' from project 'LayoutUI')
Building workspace LayoutUI with scheme LayoutUI
(3 failures)
BUILD FAILURE 6.4 visionOS