The Swift Package Index logo.Swift Package Index

Build Information

Failed to build Console, reference 0.14.1 (9f4946), with Swift 6.4 for Android on 20 Sep 2026 23:19:40 UTC.

Build Command

bash -c docker run --pull=always --rm -v "checkouts-54344845-3":/host -w "$PWD" -e JAVA_HOME="/root/.sdkman/candidates/java/current" -e SPI_BUILD="1" -e SPI_PROCESSING="1" registry.gitlab.com/saguaro1/spi-images:android-6.4-latest swift build --swift-sdk aarch64-unknown-linux-android28 2>&1

Build Log

========================================
RunAll
========================================
Builder version: 5.1.0
Interrupt handler set up.
========================================
Checkout
========================================
Clone URL: https://github.com/luizzak/console.git
Reference: 0.14.1
Initialized empty Git repository in /host/spi-builder-workspace/.git/
hint: Using 'master' as the name for the initial branch. This default branch name
hint: is subject to change. To configure the initial branch name to use in all
hint: of your new repositories, which will suppress this warning, call:
hint:
hint: 	git config --global init.defaultBranch <name>
hint:
hint: Names commonly chosen instead of 'master' are 'main', 'trunk' and
hint: 'development'. The just-created branch can be renamed via this command:
hint:
hint: 	git branch -m <name>
From https://github.com/luizzak/console
 * tag               0.14.1     -> FETCH_HEAD
HEAD is now at 9f49469 Fixes to NO_COLOR detection and adding StandardErrorTextStream/NullOutputStream
Cloned https://github.com/luizzak/console.git
Revision (git rev-parse @):
9f4946929b7aac54ecc642c3ef15ec4fc05618a0
SUCCESS checkout https://github.com/luizzak/console.git at 0.14.1
========================================
Build
========================================
Selected platform:         android
Swift version:             6.4
Building package at path:  $PWD
https://github.com/luizzak/console.git
Running build ...
bash -c docker run --pull=always --rm -v "checkouts-54344845-3":/host -w "$PWD" -e JAVA_HOME="/root/.sdkman/candidates/java/current" -e SPI_BUILD="1" -e SPI_PROCESSING="1" registry.gitlab.com/saguaro1/spi-images:android-6.4-latest swift build --swift-sdk aarch64-unknown-linux-android28 2>&1
android-6.4-latest: Pulling from saguaro1/spi-images
Digest: sha256:abadcff584c273feba50641b454858d377ba30b35ea7287a94f45ebd8afd0ea0
Status: Image is up to date for registry.gitlab.com/saguaro1/spi-images:android-6.4-latest
Building for debugging...
[Provisioning 1 / 5]
[Pre-planning 1 / 124]
[Planning deferred tasks]
[26 / 42] Console
/host/spi-builder-workspace/Sources/Console/Platform/FileHandle+Ext.swift:5:1: warning: extension declares a conformance of imported type 'FileHandle' to imported protocol 'TextOutputStream'; this will not behave correctly if the owners of 'Foundation' introduce this conformance in the future
 3 | var standardError = FileHandle.standardError
 4 |
 5 | extension FileHandle: TextOutputStream {
   | |- warning: extension declares a conformance of imported type 'FileHandle' to imported protocol 'TextOutputStream'; this will not behave correctly if the owners of 'Foundation' introduce this conformance in the future
   | `- note: add '@retroactive' to silence this warning
 6 |     public func write(_ string: String) {
 7 |         guard let data = string.data(using: .utf8) else { return }
[35 / 51] Console
[36 / 51] Console
[43 / 55] ConsoleTestHelpers
[44 / 55]
[49 / 55] Console
/host/spi-builder-workspace/Sources/Console/Platform/FileHandle+Ext.swift:5:1: warning: extension declares a conformance of imported type 'FileHandle' to imported protocol 'TextOutputStream'; this will not behave correctly if the owners of 'Foundation' introduce this conformance in the future
 3 | var standardError = FileHandle.standardError
 4 |
 5 | extension FileHandle: TextOutputStream {
   | |- warning: extension declares a conformance of imported type 'FileHandle' to imported protocol 'TextOutputStream'; this will not behave correctly if the owners of 'Foundation' introduce this conformance in the future
   | `- note: add '@retroactive' to silence this warning
 6 |     public func write(_ string: String) {
 7 |         guard let data = string.data(using: .utf8) else { return }
error: SwiftCompile normal aarch64 /host/spi-builder-workspace/Sources/Console/Console+Static.swift failed with a nonzero exit code. Command line:     cd /host
    builtin-SwiftPerFileCompile Console+Static.swift
error: SwiftCompile normal aarch64 /host/spi-builder-workspace/Sources/Console/Console.swift failed with a nonzero exit code. Command line:     cd /host
    builtin-SwiftPerFileCompile Console.swift
/host/spi-builder-workspace/Sources/Console/Console+Static.swift:23:9: error: cannot find 'isatty' in scope
21 |     /// terminal.
22 |     static func isTerminalStandardInput() -> Bool {
23 |         isatty(fileno(stdin)) == 1
   |         `- error: cannot find 'isatty' in scope
24 |     }
25 |
/host/spi-builder-workspace/Sources/Console/Console+Static.swift:29:9: error: cannot find 'isatty' in scope
27 |     /// terminal.
28 |     static func isTerminalStandardOutput() -> Bool {
29 |         isatty(fileno(stdout)) == 1
   |         `- error: cannot find 'isatty' in scope
30 |     }
31 |
/host/spi-builder-workspace/Sources/Console/Console+Static.swift:35:9: error: cannot find 'isatty' in scope
33 |     /// terminal.
34 |     static func isTerminalStandardError() -> Bool {
35 |         isatty(fileno(stderr)) == 1
   |         `- error: cannot find 'isatty' in scope
36 |     }
37 | }
/host/spi-builder-workspace/Sources/Console/Console.swift:247:9: error: cannot find 'errno' in scope
245 |
246 |     open func recordExitCode(_ code: Int) {
247 |         errno = Int32(code)
    |         `- error: cannot find 'errno' in scope
248 |     }
249 |
/android-ndk/android-ndk-r27d/toolchains/llvm/prebuilt/linux-x86_64/sysroot/usr/include/errno.h:58:9: note: macro 'errno' unavailable: structure not supported
56 |  * thread.
57 |  */
58 | #define errno (*__errno())
   |         `- note: macro 'errno' unavailable: structure not supported
59 |
60 | __END_DECLS
Failed frontend command:
/root/.local/share/swiftly/toolchains/6.4.x-snapshot-2026-09-04/usr/bin/swift-frontend -frontend -c /host/spi-builder-workspace/Sources/Console/Console+Command.swift /host/spi-builder-workspace/Sources/Console/Console+Paging.swift -primary-file /host/spi-builder-workspace/Sources/Console/Console+Static.swift -primary-file /host/spi-builder-workspace/Sources/Console/Console.swift /host/spi-builder-workspace/Sources/Console/ConsoleDataProvider.swift /host/spi-builder-workspace/Sources/Console/ConsoleMenuController.swift /host/spi-builder-workspace/Sources/Console/ConsoleOutputStream.swift /host/spi-builder-workspace/Sources/Console/ConsoleString.swift /host/spi-builder-workspace/Sources/Console/ConsoleType.swift /host/spi-builder-workspace/Sources/Console/Formatting/ConsoleColor.swift /host/spi-builder-workspace/Sources/Console/Formatting/ConsoleFormat.swift /host/spi-builder-workspace/Sources/Console/Formatting/String+ConsoleFormatting.swift /host/spi-builder-workspace/Sources/Console/LinuxSupport.swift /host/spi-builder-workspace/Sources/Console/Platform/FileHandle+Ext.swift -emit-dependencies-path /host/spi-builder-workspace/.build/out/Intermediates.noindex/Console.build/Debug-android-aarch64/Console-t.build/Objects-normal/aarch64/Console+Static.d -emit-const-values-path /host/spi-builder-workspace/.build/out/Intermediates.noindex/Console.build/Debug-android-aarch64/Console-t.build/Objects-normal/aarch64/Console+Static.swiftconstvalues -emit-reference-dependencies-path /host/spi-builder-workspace/.build/out/Intermediates.noindex/Console.build/Debug-android-aarch64/Console-t.build/Objects-normal/aarch64/Console+Static.swiftdeps -serialize-diagnostics-path /host/spi-builder-workspace/.build/out/Intermediates.noindex/Console.build/Debug-android-aarch64/Console-t.build/Objects-normal/aarch64/Console+Static.dia -emit-dependencies-path /host/spi-builder-workspace/.build/out/Intermediates.noindex/Console.build/Debug-android-aarch64/Console-t.build/Objects-normal/aarch64/Console.d -emit-const-values-path /host/spi-builder-workspace/.build/out/Intermediates.noindex/Console.build/Debug-android-aarch64/Console-t.build/Objects-normal/aarch64/Console.swiftconstvalues -emit-reference-dependencies-path /host/spi-builder-workspace/.build/out/Intermediates.noindex/Console.build/Debug-android-aarch64/Console-t.build/Objects-normal/aarch64/Console.swiftdeps -serialize-diagnostics-path /host/spi-builder-workspace/.build/out/Intermediates.noindex/Console.build/Debug-android-aarch64/Console-t.build/Objects-normal/aarch64/Console.dia -target aarch64-unknown-linux-android28 -Xllvm -aarch64-use-tbi -disable-objc-interop -sdk /android-ndk/android-ndk-r27d/toolchains/llvm/prebuilt/linux-x86_64/sysroot -sysroot /android-ndk/android-ndk-r27d/toolchains/llvm/prebuilt/linux-x86_64/sysroot -I /host/spi-builder-workspace/.build/out/Products/Debug-android-aarch64 -module-cache-path /host/spi-builder-workspace/.build/out/ModuleCache.noindex -color-diagnostics -Xcc -fcolor-diagnostics -enable-testing -g -debug-info-format\=dwarf -dwarf-version\=4 -swift-version 5 -Onone -D SWIFT_PACKAGE -D DEBUG -D SWIFT_MODULE_RESOURCE_BUNDLE_UNAVAILABLE -D Xcode -serialize-debugging-options -enable-experimental-feature DebugDescriptionMacro -empty-abi-descriptor -external-plugin-path /root/.local/share/swiftly/toolchains/6.4.x-snapshot-2026-09-04/usr/lib/swift/host/plugins/testing\#/root/.local/share/swiftly/toolchains/6.4.x-snapshot-2026-09-04/usr/bin/swift-plugin-server -validate-clang-modules-once -clang-build-session-file /host/spi-builder-workspace/.build/out/ModuleCache.noindex/Session.modulevalidation -Xcc -working-directory -Xcc /host -resource-dir /root/.swiftpm/swift-sdks/swift-6.4.x-DEVELOPMENT-SNAPSHOT-2026-09-04-a_android.artifactbundle/swift-android/swift-resources/usr/lib/swift-aarch64 -enable-anonymous-context-mangled-names -file-compilation-dir /host -Xcc -resource-dir -Xcc /android-ndk/android-ndk-r27d/toolchains/llvm/prebuilt/linux-x86_64/lib/clang/18 -Xcc -fno-omit-frame-pointer -Xcc -D_LIBCPP_HARDENING_MODE\=_LIBCPP_HARDENING_MODE_DEBUG -Xcc -fmodules-prune-interval\=86400 -Xcc -fmodules-prune-after\=345600 -Xcc -I/host/spi-builder-workspace/.build/out/Products/Debug-android-aarch64/include -Xcc -I/host/spi-builder-workspace/.build/out/Intermediates.noindex/Console.build/Debug-android-aarch64/Console-t.build/DerivedSources-normal/aarch64 -Xcc -I/host/spi-builder-workspace/.build/out/Intermediates.noindex/Console.build/Debug-android-aarch64/Console-t.build/DerivedSources/aarch64 -Xcc -I/host/spi-builder-workspace/.build/out/Intermediates.noindex/Console.build/Debug-android-aarch64/Console-t.build/DerivedSources -Xcc -DSWIFT_PACKAGE -Xcc -DDEBUG\=1 -no-auto-bridging-header-chaining -module-name Console -const-gather-protocols-file /host/spi-builder-workspace/.build/out/Intermediates.noindex/Console.build/Debug-android-aarch64/Console-t.build/Objects-normal/aarch64/Console_const_extract_protocols.json -in-process-plugin-server-path /root/.local/share/swiftly/toolchains/6.4.x-snapshot-2026-09-04/usr/lib/swift/host/libSwiftInProcPluginServer.so -plugin-path /root/.local/share/swiftly/toolchains/6.4.x-snapshot-2026-09-04/usr/lib/swift/host/plugins -plugin-path /root/.local/share/swiftly/toolchains/6.4.x-snapshot-2026-09-04/usr/local/lib/swift/host/plugins -parse-as-library -o /host/spi-builder-workspace/.build/out/Intermediates.noindex/Console.build/Debug-android-aarch64/Console-t.build/Objects-normal/aarch64/Console+Static.o -o /host/spi-builder-workspace/.build/out/Intermediates.noindex/Console.build/Debug-android-aarch64/Console-t.build/Objects-normal/aarch64/Console.o -index-unit-output-path /Console.build/Debug-android-aarch64/Console-t.build/Objects-normal/aarch64/Console+Static.o -index-unit-output-path /Console.build/Debug-android-aarch64/Console-t.build/Objects-normal/aarch64/Console.o -index-store-path /host/spi-builder-workspace/.build/out -index-system-modules
error: Build failed
BUILD FAILURE 6.4 android