Build Information
Failed to build Pusher, reference main (8b6089), with Swift 6.1 for Android on 4 Oct 2026 16:03:13 UTC.
Build Command
bash -c docker run --pull=always --rm -v "checkouts-54344844-0":/host -w "$PWD" -e JAVA_HOME="/root/.sdkman/candidates/java/current" -e SPI_BUILD="1" -e SPI_PROCESSING="1" registry.gitlab.com/saguaro1/spi-images:android-6.1-latest swift build --swift-sdk aarch64-unknown-linux-android24 2>&1Build Log
========================================
RunAll
========================================
Builder version: 5.1.1
Interrupt handler set up.
========================================
Checkout
========================================
Clone URL: https://github.com/pusher/pusher-http-swift.git
Reference: main
Initialized empty Git repository in /host/spi-builder-workspace/.git/
hint: Using 'master' as the name for the initial branch. This default branch name
hint: is subject to change. To configure the initial branch name to use in all
hint: of your new repositories, which will suppress this warning, call:
hint:
hint: git config --global init.defaultBranch <name>
hint:
hint: Names commonly chosen instead of 'master' are 'main', 'trunk' and
hint: 'development'. The just-created branch can be renamed via this command:
hint:
hint: git branch -m <name>
From https://github.com/pusher/pusher-http-swift
* branch main -> FETCH_HEAD
* [new branch] main -> origin/main
HEAD is now at 8b60894 Merge pull request #50 from pusher/bump-ios-minimum-to-15
Cloned https://github.com/pusher/pusher-http-swift.git
Revision (git rev-parse @):
8b60894d924f6851e24191581f09300f18a1903f
SUCCESS checkout https://github.com/pusher/pusher-http-swift.git at main
========================================
Build
========================================
Selected platform: android
Swift version: 6.1
Building package at path: $PWD
https://github.com/pusher/pusher-http-swift.git
https://github.com/pusher/pusher-http-swift.git
WARNING: environment variable SUPPRESS_SWIFT_6_FLAGS is not set
Running build ...
bash -c docker run --pull=always --rm -v "checkouts-54344844-0":/host -w "$PWD" -e JAVA_HOME="/root/.sdkman/candidates/java/current" -e SPI_BUILD="1" -e SPI_PROCESSING="1" registry.gitlab.com/saguaro1/spi-images:android-6.1-latest swift build --swift-sdk aarch64-unknown-linux-android24 -Xswiftc -Xfrontend -Xswiftc -stats-output-dir -Xswiftc -Xfrontend -Xswiftc .stats -Xswiftc -strict-concurrency=complete -Xswiftc -enable-upcoming-feature -Xswiftc StrictConcurrency -Xswiftc -enable-upcoming-feature -Xswiftc DisableOutwardActorInference -Xswiftc -enable-upcoming-feature -Xswiftc GlobalActorIsolatedTypesUsability -Xswiftc -enable-upcoming-feature -Xswiftc InferSendableFromCaptures 2>&1
android-6.1-latest: Pulling from saguaro1/spi-images
Digest: sha256:a7f4f752e160f6cbd9e0c26490aa43ccd5312d524c4c6d77f8b144559b526afa
Status: Image is up to date for registry.gitlab.com/saguaro1/spi-images:android-6.1-latest
Fetching https://github.com/bitmark-inc/tweetnacl-swiftwrap
[1/421] Fetching tweetnacl-swiftwrap
Fetched https://github.com/bitmark-inc/tweetnacl-swiftwrap from cache (0.46s)
Fetching https://github.com/apple/swift-crypto
Fetching https://github.com/Flight-School/AnyCodable
Fetching https://github.com/danielrbrowne/APIota
Fetching https://github.com/realm/SwiftLint
[1/782] Fetching anycodable
[322/19354] Fetching anycodable, swift-crypto
Fetched https://github.com/Flight-School/AnyCodable from cache (0.39s)
[186/18572] Fetching swift-crypto
[1116/19276] Fetching swift-crypto, apiota
Fetched https://github.com/danielrbrowne/APIota from cache (0.63s)
[2043/18572] Fetching swift-crypto
[15973/184486] Fetching swift-crypto, swiftlint
Fetched https://github.com/apple/swift-crypto from cache (1.63s)
[19910/165914] Fetching swiftlint
Fetched https://github.com/realm/SwiftLint from cache (48.99s)
Computing version for https://github.com/danielrbrowne/APIota
Computed https://github.com/danielrbrowne/APIota at 0.2.0 (50.16s)
Computing version for https://github.com/apple/swift-crypto
Computed https://github.com/apple/swift-crypto at 1.1.7 (2.05s)
Computing version for https://github.com/Flight-School/AnyCodable
Computed https://github.com/Flight-School/AnyCodable at 0.6.7 (1.29s)
Computing version for https://github.com/realm/SwiftLint
Computed https://github.com/realm/SwiftLint at 0.65.1 (1.28s)
Fetching https://github.com/jpsim/SourceKitten.git
Fetching https://github.com/jpsim/Yams.git
Fetching https://github.com/krzyzanowskim/CryptoSwift.git
Fetching https://github.com/JohnSundell/CollectionConcurrencyKit.git
Fetching https://github.com/scottrhoyt/SwiftyTextTable.git
Fetching https://github.com/ileitch/swift-filename-matcher
[1/63] Fetching swift-filename-matcher
[73/992] Fetching swift-filename-matcher, swiftytexttable
[130/1093] Fetching swift-filename-matcher, swiftytexttable, collectionconcurrencykit
[453/14532] Fetching swift-filename-matcher, swiftytexttable, collectionconcurrencykit, cryptoswift
[1901/26393] Fetching swift-filename-matcher, swiftytexttable, collectionconcurrencykit, cryptoswift, yams
Fetched https://github.com/ileitch/swift-filename-matcher from cache (1.08s)
[5759/26330] Fetching swiftytexttable, collectionconcurrencykit, cryptoswift, yams
Fetching https://github.com/swiftlang/swift-syntax.git
[8607/42708] Fetching swiftytexttable, collectionconcurrencykit, cryptoswift, yams, sourcekitten
Fetched https://github.com/scottrhoyt/SwiftyTextTable.git from cache (1.36s)
Fetched https://github.com/JohnSundell/CollectionConcurrencyKit.git from cache (1.37s)
Fetching https://github.com/apple/swift-argument-parser.git
[9987/41678] Fetching cryptoswift, yams, sourcekitten
[41679/60725] Fetching cryptoswift, yams, sourcekitten, swift-argument-parser
[57298/140994] Fetching cryptoswift, yams, sourcekitten, swift-argument-parser, swift-syntax
Fetched https://github.com/jpsim/SourceKitten.git from cache (3.68s)
[67626/124616] Fetching cryptoswift, yams, swift-argument-parser, swift-syntax
Fetched https://github.com/krzyzanowskim/CryptoSwift.git from cache (3.68s)
[54989/111177] Fetching yams, swift-argument-parser, swift-syntax
Fetched https://github.com/jpsim/Yams.git from cache (3.77s)
[47142/99316] Fetching swift-argument-parser, swift-syntax
Fetched https://github.com/apple/swift-argument-parser.git from cache (2.56s)
[32911/80269] Fetching swift-syntax
Fetched https://github.com/swiftlang/swift-syntax.git from cache (6.04s)
Computing version for https://github.com/ileitch/swift-filename-matcher
Computed https://github.com/ileitch/swift-filename-matcher at 2.0.1 (8.17s)
Computing version for https://github.com/JohnSundell/CollectionConcurrencyKit.git
Computed https://github.com/JohnSundell/CollectionConcurrencyKit.git at 0.2.0 (0.87s)
Computing version for https://github.com/scottrhoyt/SwiftyTextTable.git
Computed https://github.com/scottrhoyt/SwiftyTextTable.git at 0.9.0 (0.63s)
Computing version for https://github.com/krzyzanowskim/CryptoSwift.git
Computed https://github.com/krzyzanowskim/CryptoSwift.git at 1.10.0 (1.10s)
Computing version for https://github.com/jpsim/SourceKitten.git
Computed https://github.com/jpsim/SourceKitten.git at 0.39.0 (0.88s)
Fetching https://github.com/drmohundro/SWXMLHash.git
[1/2879] Fetching swxmlhash
Fetched https://github.com/drmohundro/SWXMLHash.git from cache (2.07s)
Computing version for https://github.com/drmohundro/SWXMLHash.git
Computed https://github.com/drmohundro/SWXMLHash.git at 7.0.2 (2.84s)
Computing version for https://github.com/jpsim/Yams.git
Computed https://github.com/jpsim/Yams.git at 6.2.2 (0.43s)
Computing version for https://github.com/apple/swift-argument-parser.git
Computed https://github.com/apple/swift-argument-parser.git at 1.8.2 (0.35s)
Computing version for https://github.com/swiftlang/swift-syntax.git
Computed https://github.com/swiftlang/swift-syntax.git at 605.0.0-prerelease-2026-06-26 (0.85s)
Creating working copy for https://github.com/apple/swift-argument-parser.git
Working copy of https://github.com/apple/swift-argument-parser.git resolved at 1.8.2
Creating working copy for https://github.com/drmohundro/SWXMLHash.git
Working copy of https://github.com/drmohundro/SWXMLHash.git resolved at 7.0.2
Creating working copy for https://github.com/krzyzanowskim/CryptoSwift.git
Working copy of https://github.com/krzyzanowskim/CryptoSwift.git resolved at 1.10.0
Creating working copy for https://github.com/jpsim/SourceKitten.git
Working copy of https://github.com/jpsim/SourceKitten.git resolved at 0.39.0
Creating working copy for https://github.com/apple/swift-crypto
Working copy of https://github.com/apple/swift-crypto resolved at 1.1.7
Creating working copy for https://github.com/jpsim/Yams.git
Working copy of https://github.com/jpsim/Yams.git resolved at 6.2.2
Creating working copy for https://github.com/ileitch/swift-filename-matcher
Working copy of https://github.com/ileitch/swift-filename-matcher resolved at 2.0.1
Creating working copy for https://github.com/Flight-School/AnyCodable
Working copy of https://github.com/Flight-School/AnyCodable resolved at 0.6.7
Creating working copy for https://github.com/JohnSundell/CollectionConcurrencyKit.git
Working copy of https://github.com/JohnSundell/CollectionConcurrencyKit.git resolved at 0.2.0
Creating working copy for https://github.com/swiftlang/swift-syntax.git
Working copy of https://github.com/swiftlang/swift-syntax.git resolved at 605.0.0-prerelease-2026-06-26
Creating working copy for https://github.com/bitmark-inc/tweetnacl-swiftwrap
Working copy of https://github.com/bitmark-inc/tweetnacl-swiftwrap resolved at f8fd111642bf2336b11ef9ea828510693106e954
Creating working copy for https://github.com/danielrbrowne/APIota
Working copy of https://github.com/danielrbrowne/APIota resolved at 0.2.0
Creating working copy for https://github.com/scottrhoyt/SwiftyTextTable.git
Working copy of https://github.com/scottrhoyt/SwiftyTextTable.git resolved at 0.9.0
Creating working copy for https://github.com/realm/SwiftLint
Working copy of https://github.com/realm/SwiftLint resolved at 0.65.1
Downloading binary artifact https://github.com/realm/SwiftLint/releases/download/0.65.1/SwiftLintBinary.artifactbundle.zip
[822/75992853] Downloading https://github.com/realm/SwiftLint/releases/download/0.65.1/SwiftLintBinary.artifactbundle.zip
Downloaded https://github.com/realm/SwiftLint/releases/download/0.65.1/SwiftLintBinary.artifactbundle.zip (5.76s)
[1/1] Compiling plugin SwiftLintCommandPlugin
[2/2] Compiling plugin SwiftLintBuildToolPlugin
[3/3] Compiling plugin GenerateManual
[4/4] Compiling plugin GenerateDoccReference
Building for debugging...
[4/416] Write sources
[9/416] Compiling CTweetNacl ctweetnacl.c
[10/416] Compiling v3_prn.c
[11/416] Compiling x509name.c
[12/416] Compiling x509cset.c
[13/416] Compiling v3_utl.c
[14/416] Compiling CCryptoBoringSSLShims shims.c
[15/416] Write swift-version-24593BA9C3E375BF.txt
[16/416] Compiling v3_purp.c
[17/416] Compiling v3_skey.c
[18/416] Compiling v3_ocsp.c
[19/416] Compiling v3_pcons.c
[20/416] Compiling v3_pmaps.c
[21/416] Compiling v3_pcia.c
[22/419] Compiling v3_pci.c
[23/419] Compiling v3_ncons.c
[24/419] Compiling v3_ia5.c
[25/432] Compiling v3_lib.c
[26/432] Compiling v3_int.c
[27/432] Compiling v3_info.c
[28/432] Compiling v3_extku.c
[29/432] Compiling v3_genn.c
[30/432] Compiling v3_enum.c
[31/432] Compiling v3_bitst.c
[32/432] Compiling v3_conf.c
[33/432] Compiling v3_bcons.c
[34/432] Compiling v3_crld.c
[35/432] Compiling v3_cpols.c
[36/432] Compiling v3_alt.c
[37/432] Compiling v3_akeya.c
[38/432] Compiling pcy_tree.c
[39/432] Compiling v3_akey.c
[40/432] Compiling pcy_node.c
[41/432] Compiling pcy_data.c
[42/432] Compiling pcy_lib.c
[43/432] Compiling x_x509.c
[44/432] Compiling pcy_map.c
[45/432] Compiling x_val.c
[46/432] Compiling pcy_cache.c
[47/432] Compiling x_spki.c
[48/432] Compiling x_x509a.c
[49/432] Compiling x_sig.c
[50/432] Compiling x_req.c
[51/432] Compiling x_info.c
[52/432] Compiling x_pkey.c
[53/432] Compiling x_name.c
[54/432] Compiling x_pubkey.c
[55/432] Compiling x_all.c
[56/432] Compiling x_crl.c
[57/432] Compiling x_exten.c
[58/432] Compiling x509rset.c
[59/432] Compiling x_attrib.c
[60/432] Compiling x509spki.c
[61/432] Compiling x_algor.c
[62/432] Compiling x509_txt.c
[63/432] Compiling x509_set.c
[64/432] Compiling x509_v3.c
[65/432] Compiling x509_trs.c
[66/432] Compiling x509_vpm.c
[67/432] Compiling x509_vfy.c
[68/432] Compiling x509_def.c
[69/432] Compiling x509_obj.c
[70/432] Compiling x509_req.c
[71/432] Compiling x509_d2.c
[72/432] Compiling x509_ext.c
[73/432] Compiling x509_lu.c
[74/432] Compiling x509_att.c
[75/432] Compiling t_x509a.c
[76/432] Compiling x509.c
[77/432] Compiling x509_cmp.c
[78/432] Compiling t_x509.c
[79/432] Compiling i2d_pr.c
[80/432] Compiling t_crl.c
[81/432] Compiling t_req.c
[82/432] Compiling rsa_pss.c
[83/432] Compiling by_file.c
[84/432] Compiling a_strex.c
[85/432] Compiling a_verify.c
[86/432] Compiling algorithm.c
[86/432] Compiling by_dir.c
[88/432] Compiling asn1_gen.c
[89/432] Compiling a_sign.c
[90/432] Compiling thread_win.c
[91/432] Compiling thread_pthread.c
[92/432] Compiling a_digest.c
[93/432] Compiling voprf.c
[94/432] Compiling trust_token.c
[95/432] Compiling thread_none.c
[96/432] Compiling thread.c
[97/432] Compiling pmbtoken.c
[98/432] Compiling siphash.c
[99/432] Compiling rsa_print.c
[100/432] Compiling stack.c
[101/432] Compiling refcount_lock.c
[102/432] Compiling windows.c
[103/432] Compiling refcount_c11.c
[104/432] Compiling rc4.c
[105/432] Compiling rsa_asn1.c
[106/432] Compiling rand_extra.c
[107/432] Compiling fuchsia.c
[108/432] Compiling passive.c
[109/432] Compiling deterministic.c
[110/432] Compiling poly1305_arm_asm.S
[111/432] Compiling forkunsafe.c
[112/432] Compiling poly1305_vec.c
[113/432] Compiling pool.c
[114/432] Compiling poly1305.c
[115/432] Compiling poly1305_arm.c
[117/432] Emitting module TweetNacl
[117/432] Compiling pkcs7.c
[118/432] Compiling p5_pbev2.c
[119/432] Compiling pem_x509.c
[120/432] Compiling pkcs8.c
[121/432] Compiling pem_pkey.c
[122/432] Compiling pem_xaux.c
[123/432] Compiling pkcs7_x509.c
[124/432] Compiling pkcs8_x509.c
[125/432] Compiling pem_oth.c
[126/432] Compiling obj_xref.c
[127/432] Compiling pem_lib.c
[127/432] Compiling pem_all.c
[129/432] Compiling pem_pk8.c
[130/432] Compiling pem_info.c
[131/432] Compiling mem.c
[132/432] Compiling poly_rq_mul.S
[133/432] Compiling lhash.c
[134/432] Compiling hpke.c
[135/432] Compiling x86_64-mont5.mac.x86_64.S
[136/432] Compiling hkdf.c
[137/432] Compiling x86_64-mont.linux.x86_64.S
[138/432] Compiling x86_64-mont.mac.x86_64.S
[139/432] Compiling x86-mont.windows.x86.S
[140/432] Compiling x86_64-mont5.linux.x86_64.S
[142/432] Emitting module APIota
[142/433] Compiling vpaes-x86_64.mac.x86_64.S
[143/433] Compiling vpaes-x86_64.linux.x86_64.S
[144/433] Compiling x86-mont.linux.x86.S
[145/433] Compiling obj.c
[146/433] Compiling vpaes-armv8.linux.aarch64.S
[147/433] Compiling hrss.c
[147/433] Compiling vpaes-x86.windows.x86.S
[149/433] Compiling vpaes-armv8.ios.aarch64.S
[150/433] Compiling vpaes-x86.linux.x86.S
[151/433] Compiling vpaes-armv7.linux.arm.S
[152/433] Compiling kdf.c
[153/433] Compiling sha512-x86_64.linux.x86_64.S
[154/433] Compiling vpaes-armv7.ios.arm.S
[155/433] Compiling sha512-armv8.ios.aarch64.S
[156/433] Compiling sha512-armv4.linux.arm.S
[157/433] Compiling sha512-x86_64.mac.x86_64.S
[158/433] Compiling sha512-armv8.linux.aarch64.S
[159/433] Compiling sha512-armv4.ios.arm.S
[160/433] Compiling sha256-x86_64.mac.x86_64.S
[160/433] Compiling sha512-586.linux.x86.S
[162/433] Compiling sha512-586.windows.x86.S
[163/433] Compiling sha256-x86_64.linux.x86_64.S
[164/433] Compiling sha256-armv4.linux.arm.S
[165/433] Compiling sha256-armv4.ios.arm.S
[166/433] Compiling sha256-586.windows.x86.S
[167/433] Compiling sha256-armv8.ios.aarch64.S
[168/433] Compiling sha1-x86_64.mac.x86_64.S
[169/433] Compiling sha256-586.linux.x86.S
[170/433] Compiling sha256-armv8.linux.aarch64.S
[171/433] Compiling sha1-armv8.linux.aarch64.S
[172/433] Compiling sha1-x86_64.linux.x86_64.S
[173/433] Compiling sha1-armv8.ios.aarch64.S
[173/433] Compiling sha1-armv4-large.linux.arm.S
[175/433] Compiling sha1-586.linux.x86.S
[176/433] Compiling sha1-armv4-large.ios.arm.S
[177/433] Compiling sha512.c
[178/433] Compiling sha256.c
[179/433] Compiling sha1-altivec.c
[180/433] Compiling rsaz-avx2.mac.x86_64.S
[181/433] Compiling sha1-586.windows.x86.S
[182/433] Compiling sha1.c
[183/433] Compiling rsaz-avx2.linux.x86_64.S
[184/433] Compiling self_check.c
[185/433] Compiling rsa_impl.c
[186/433] Compiling rdrand-x86_64.mac.x86_64.S
[187/433] Compiling rsa.c
[188/433] Compiling rdrand-x86_64.linux.x86_64.S
[189/433] Compiling blinding.c
[190/433] Compiling padding.c
[191/433] Compiling p256_beeu-x86_64-asm.mac.x86_64.S
[192/433] Compiling fork_detect.c
[193/433] Compiling rand.c
[194/433] Compiling urandom.c
[195/433] Compiling p256-x86_64-asm.mac.x86_64.S
[196/433] Compiling ctrdrbg.c
[197/433] Compiling p256-x86_64-asm.linux.x86_64.S
[198/433] Compiling p256_beeu-x86_64-asm.linux.x86_64.S
[199/433] Compiling ofb.c
[200/433] Compiling polyval.c
[201/433] Compiling gcm_nohw.c
[202/433] Compiling cbc.c
[203/433] Compiling ctr.c
[204/433] Compiling gcm.c
[205/433] Compiling cfb.c
[206/433] Compiling md5-586.linux.x86.S
[207/433] Compiling md5-x86_64.mac.x86_64.S
[208/433] Compiling md5-x86_64.linux.x86_64.S
[209/433] Compiling md5-586.windows.x86.S
[210/433] Compiling is_fips.c
[211/433] Compiling md4.c
[212/433] Compiling md5.c
[213/433] Compiling ghashv8-armx64.linux.aarch64.S
[214/433] Compiling ghashv8-armx32.linux.arm.S
[215/433] Compiling hmac.c
[216/433] Compiling ghashv8-armx64.ios.aarch64.S
[217/433] Compiling ghash-x86_64.mac.x86_64.S
[218/433] Compiling ghash-x86_64.linux.x86_64.S
[219/433] Compiling ghash-x86.windows.x86.S
[220/433] Compiling ghashv8-armx32.ios.arm.S
[221/433] Compiling ghash-x86.linux.x86.S
[222/433] Compiling ghash-ssse3-x86.linux.x86.S
[223/433] Compiling ghash-ssse3-x86.windows.x86.S
[224/433] Compiling ghash-ssse3-x86_64.linux.x86_64.S
[224/433] Compiling ghash-ssse3-x86_64.mac.x86_64.S
[226/433] Compiling ghash-neon-armv8.linux.aarch64.S
[227/433] Compiling ghash-neon-armv8.ios.aarch64.S
[228/433] Compiling fips_shared_support.c
[229/433] Compiling ghash-armv4.linux.arm.S
[230/433] Compiling ghash-armv4.ios.arm.S
[231/433] Compiling ecdsa.c
[232/433] Compiling util.c
[233/433] Compiling ecdh.c
[234/433] Compiling simple_mul.c
[235/433] Compiling wnaf.c
[236/433] Compiling simple.c
[237/433] Compiling oct.c
[238/433] Compiling p256-x86_64.c
[239/433] Compiling p256.c
[240/433] Compiling ec_montgomery.c
[241/433] Compiling p224-64.c
[242/433] Compiling felem.c
[243/433] Compiling scalar.c
[244/433] Compiling ec.c
[245/433] Compiling ec_key.c
[246/433] Compiling digest.c
[247/433] Compiling check.c
[248/433] Compiling digests.c
[249/433] Compiling co-586.windows.x86.S
[250/433] Compiling dh.c
[251/433] Compiling co-586.linux.x86.S
[252/433] Compiling aead.c
[253/433] Compiling e_des.c
[254/433] Compiling bsaes-armv7.ios.arm.S
[255/433] Compiling des.c
[256/433] Compiling bsaes-armv7.linux.arm.S
[257/433] Compiling cipher.c
[258/433] Compiling e_aes.c
[259/433] Compiling rsaz_exp.c
[260/433] Compiling sqrt.c
[261/433] Compiling shift.c
[262/433] Compiling montgomery_inv.c
[263/433] Compiling random.c
[264/433] Compiling montgomery.c
[265/433] Compiling prime.c
[266/433] Compiling mul.c
[267/433] Compiling jacobi.c
[268/433] Compiling gcd.c
[269/433] Compiling gcd_extra.c
[270/433] Compiling ctx.c
[271/433] Compiling exponentiation.c
[272/433] Compiling generic.c
[273/433] Compiling div_extra.c
[274/433] Compiling cmp.c
[275/433] Compiling div.c
[276/433] Compiling bn.c
[277/433] Compiling bytes.c
[278/433] Compiling bn-586.windows.x86.S
[279/433] Compiling armv8-mont.linux.aarch64.S
[280/433] Compiling x86_64-gcc.c
[281/433] Compiling bn-586.linux.x86.S
[282/433] Compiling armv4-mont.linux.arm.S
[283/433] Compiling armv4-mont.ios.arm.S
[284/433] Compiling aesv8-armx64.linux.aarch64.S
[285/433] Compiling aesv8-armx64.ios.aarch64.S
[286/433] Compiling add.c
[287/433] Compiling aesv8-armx32.ios.arm.S
[288/433] Compiling aesv8-armx32.linux.arm.S
[289/433] Compiling aesni-x86_64.mac.x86_64.S
[290/433] Compiling armv8-mont.ios.aarch64.S
[291/433] Compiling aesni-x86.windows.x86.S
[292/433] Compiling aesni-x86.linux.x86.S
[293/433] Compiling aesni-x86_64.linux.x86_64.S
[294/433] Compiling aesni-gcm-x86_64.mac.x86_64.S
[295/433] Compiling mode_wrappers.c
[296/433] Compiling aesni-gcm-x86_64.linux.x86_64.S
[297/433] Compiling key_wrap.c
[298/433] Compiling sign.c
[299/433] Compiling aes.c
[300/433] Compiling scrypt.c
[301/433] Compiling ex_data.c
[302/433] Compiling aes_nohw.c
[303/433] Compiling print.c
[304/433] Compiling pbkdf.c
[305/433] Compiling p_x25519_asn1.c
[306/433] Compiling p_rsa.c
[307/433] Compiling p_ec_asn1.c
[308/433] Compiling p_x25519.c
[309/433] Compiling p_rsa_asn1.c
[310/433] Compiling p_ed25519.c
[311/433] Compiling p_ed25519_asn1.c
[312/433] Compiling p_ec.c
[313/433] Compiling p_dsa_asn1.c
[314/433] Compiling err_data.c
[315/433] Compiling err.c
[316/433] Compiling evp_ctx.c
[317/433] Compiling engine.c
[318/433] Compiling evp_asn1.c
[319/433] Compiling digestsign.c
[320/433] Compiling evp.c
[321/433] Compiling ecdh_extra.c
[322/433] Compiling ecdsa_asn1.c
[323/433] Compiling hash_to_curve.c
[324/433] Compiling ec_derive.c
[325/433] Compiling digest_extra.c
[326/433] Compiling dh_asn1.c
[327/433] Compiling ec_asn1.c
[328/433] Compiling dsa.c
[329/433] Compiling dsa_asn1.c
[330/433] Compiling params.c
[331/433] Compiling x25519-asm-arm.S
[332/433] Compiling cpu-ppc64le.c
[333/433] Compiling crypto.c
[334/433] Compiling cpu-intel.c
[335/433] Compiling spake25519.c
[336/433] Compiling cpu-arm.c
[337/433] Compiling cpu-arm-linux.c
[338/433] Compiling cpu-aarch64-fuchsia.c
[339/433] Compiling cpu-aarch64-linux.c
[340/433] Compiling curve25519.c
[341/433] Compiling cpu-aarch64-win.c
[342/433] Compiling cmac.c
[343/433] Compiling conf.c
[344/433] Compiling e_rc4.c
[345/433] Compiling tls_cbc.c
[346/433] Compiling e_tls.c
[347/433] Compiling e_null.c
[348/433] Compiling e_chacha20poly1305.c
[349/433] Compiling e_aesgcmsiv.c
[350/433] Compiling e_rc2.c
[351/433] Compiling e_aesctrhmac.c
[352/433] Compiling derive_key.c
[353/433] Compiling e_aesccm.c
[354/433] Compiling cipher_extra.c
[355/433] Compiling chacha20_poly1305_x86_64.linux.x86_64.S
[356/433] Compiling chacha20_poly1305_x86_64.mac.x86_64.S
[357/433] Compiling aes128gcmsiv-x86_64.mac.x86_64.S
[358/433] Compiling aes128gcmsiv-x86_64.linux.x86_64.S
[359/433] Compiling chacha-x86_64.linux.x86_64.S
[360/433] Compiling chacha-x86.windows.x86.S
[361/433] Compiling chacha-x86_64.mac.x86_64.S
[362/433] Compiling chacha.c
[363/433] Compiling chacha-x86.linux.x86.S
[364/433] Compiling chacha-armv8.linux.aarch64.S
[365/433] Compiling chacha-armv8.ios.aarch64.S
[366/433] Compiling chacha-armv4.ios.arm.S
[367/433] Compiling unicode.c
[368/433] Compiling chacha-armv4.linux.arm.S
[369/433] Compiling ber.c
[370/433] Compiling asn1_compat.c
[371/433] Compiling buf.c
[372/433] Compiling cbb.c
[373/433] Compiling cbs.c
[374/433] Compiling bn_asn1.c
[375/433] Compiling blake2.c
[376/433] Compiling convert.c
[377/433] Compiling printf.c
[378/433] Compiling socket.c
[379/433] Compiling socket_helper.c
[380/433] Compiling pair.c
[381/433] Compiling connect.c
[382/433] Compiling file.c
[383/433] Compiling hexdump.c
[384/433] Compiling bio_mem.c
[385/433] Compiling fd.c
[386/433] Compiling time_support.c
[387/433] Compiling base64.c
[388/433] Compiling bio.c
[389/433] Compiling tasn_utl.c
[390/433] Compiling tasn_typ.c
[391/433] Compiling tasn_fre.c
[392/433] Compiling f_string.c
[394/433] Compiling APIota HTTPStatusCode.swift
[394/433] Compiling tasn_new.c
[395/433] Compiling f_int.c
[396/433] Compiling tasn_enc.c
[398/433] Compiling AnyCodable AnyCodable.swift
[399/433] Emitting module AnyCodable
[400/433] Compiling APIota HTTPHeader.swift
[400/433] Compiling asn_pack.c
[401/433] Compiling f_enum.c
[403/433] Compiling APIota HTTPMediaType.swift
[404/433] Compiling APIota HTTPMethod.swift
[405/433] Compiling APIota HTTPHeaders.swift
[405/433] Compiling tasn_dec.c
[406/433] Compiling asn1_par.c
[408/433] Compiling AnyCodable AnyEncodable.swift
[408/433] Compiling a_utctm.c
[409/433] Compiling a_type.c
[410/433] Compiling asn1_lib.c
[412/433] Compiling APIota APIotaClientError.swift
[413/433] Compiling APIota APIotaClient.swift
[414/433] Compiling APIota APIotaCodableEndpoint.swift
[415/433] Compiling APIota APIotaURLEncodedFormEndpoint.swift
[416/434] Compiling TweetNacl Constant.swift
[417/434] Compiling AnyCodable AnyDecodable.swift
[418/435] Compiling TweetNacl TweetNacl.swift
/host/spi-builder-workspace/.build/checkouts/tweetnacl-swiftwrap/Sources/TweetNacl/TweetNacl.swift:62:20: error: cannot find 'SecRandomCopyBytes' in scope
60 | var randomData = Data(count: count)
61 | let result = randomData.withUnsafeMutableBytes {
62 | return SecRandomCopyBytes(kSecRandomDefault, count, $0)
| `- error: cannot find 'SecRandomCopyBytes' in scope
63 | }
64 | guard result == errSecSuccess else {
/host/spi-builder-workspace/.build/checkouts/tweetnacl-swiftwrap/Sources/TweetNacl/TweetNacl.swift:62:39: error: cannot find 'kSecRandomDefault' in scope
60 | var randomData = Data(count: count)
61 | let result = randomData.withUnsafeMutableBytes {
62 | return SecRandomCopyBytes(kSecRandomDefault, count, $0)
| `- error: cannot find 'kSecRandomDefault' in scope
63 | }
64 | guard result == errSecSuccess else {
/host/spi-builder-workspace/.build/checkouts/tweetnacl-swiftwrap/Sources/TweetNacl/TweetNacl.swift:64:25: error: cannot find 'errSecSuccess' in scope
62 | return SecRandomCopyBytes(kSecRandomDefault, count, $0)
63 | }
64 | guard result == errSecSuccess else {
| `- error: cannot find 'errSecSuccess' in scope
65 | throw NaclUtilError.internalError
66 | }
[418/435] Compiling a_strnid.c
[418/435] Compiling a_time.c
[418/435] Compiling a_print.c
[418/435] Compiling a_octet.c
[418/435] Compiling a_utf8.c
Running build ...
bash -c docker run --pull=always --rm -v "checkouts-54344844-0":/host -w "$PWD" -e JAVA_HOME="/root/.sdkman/candidates/java/current" -e SPI_BUILD="1" -e SPI_PROCESSING="1" registry.gitlab.com/saguaro1/spi-images:android-6.1-latest swift build --swift-sdk aarch64-unknown-linux-android24 2>&1
android-6.1-latest: Pulling from saguaro1/spi-images
Digest: sha256:a7f4f752e160f6cbd9e0c26490aa43ccd5312d524c4c6d77f8b144559b526afa
Status: Image is up to date for registry.gitlab.com/saguaro1/spi-images:android-6.1-latest
[0/1] Planning build
[1/1] Compiling plugin SwiftLintCommandPlugin
[2/2] Compiling plugin SwiftLintBuildToolPlugin
[3/3] Compiling plugin GenerateManual
[4/4] Compiling plugin GenerateDoccReference
Building for debugging...
[4/20] Compiling a_strnid.c
[5/20] Compiling a_mbstr.c
[6/20] Compiling a_print.c
[7/20] Compiling a_utf8.c
[8/20] Compiling a_octet.c
[9/20] Compiling a_time.c
[10/20] Compiling a_i2d_fp.c
[11/20] Compiling a_int.c
[12/20] Write swift-version-24593BA9C3E375BF.txt
[13/20] Compiling a_d2i_fp.c
[14/20] Compiling a_bool.c
[15/20] Compiling a_enum.c
[16/20] Compiling a_gentm.c
[17/20] Compiling a_object.c
[18/20] Compiling a_dup.c
[18/20] Compiling a_bitstr.c
[21/69] Emitting module TweetNacl
[22/90] Compiling TweetNacl Constant.swift
[23/90] Compiling TweetNacl TweetNacl.swift
/host/spi-builder-workspace/.build/checkouts/tweetnacl-swiftwrap/Sources/TweetNacl/TweetNacl.swift:62:20: error: cannot find 'SecRandomCopyBytes' in scope
60 | var randomData = Data(count: count)
61 | let result = randomData.withUnsafeMutableBytes {
62 | return SecRandomCopyBytes(kSecRandomDefault, count, $0)
| `- error: cannot find 'SecRandomCopyBytes' in scope
63 | }
64 | guard result == errSecSuccess else {
/host/spi-builder-workspace/.build/checkouts/tweetnacl-swiftwrap/Sources/TweetNacl/TweetNacl.swift:62:39: error: cannot find 'kSecRandomDefault' in scope
60 | var randomData = Data(count: count)
61 | let result = randomData.withUnsafeMutableBytes {
62 | return SecRandomCopyBytes(kSecRandomDefault, count, $0)
| `- error: cannot find 'kSecRandomDefault' in scope
63 | }
64 | guard result == errSecSuccess else {
/host/spi-builder-workspace/.build/checkouts/tweetnacl-swiftwrap/Sources/TweetNacl/TweetNacl.swift:64:25: error: cannot find 'errSecSuccess' in scope
62 | return SecRandomCopyBytes(kSecRandomDefault, count, $0)
63 | }
64 | guard result == errSecSuccess else {
| `- error: cannot find 'errSecSuccess' in scope
65 | throw NaclUtilError.internalError
66 | }
[24/90] Compiling APIota APIotaClientError.swift
BUILD FAILURE 6.1 android