Build Information
Failed to build xcdiff, reference main (8580d8), with Swift 6.3 for Android on 28 Sep 2026 23:18:57 UTC.
Build Command
bash -c docker run --pull=always --rm -v "checkouts-54344843-0":/host -w "$PWD" -e JAVA_HOME="/root/.sdkman/candidates/java/current" -e SPI_BUILD="1" -e SPI_PROCESSING="1" registry.gitlab.com/saguaro1/spi-images:android-6.3-latest swift build --swift-sdk aarch64-unknown-linux-android28 2>&1Build Log
========================================
RunAll
========================================
Builder version: 5.1.0
Interrupt handler set up.
========================================
Checkout
========================================
Clone URL: https://github.com/bloomberg/xcdiff.git
Reference: main
Initialized empty Git repository in /host/spi-builder-workspace/.git/
hint: Using 'master' as the name for the initial branch. This default branch name
hint: is subject to change. To configure the initial branch name to use in all
hint: of your new repositories, which will suppress this warning, call:
hint:
hint: git config --global init.defaultBranch <name>
hint:
hint: Names commonly chosen instead of 'master' are 'main', 'trunk' and
hint: 'development'. The just-created branch can be renamed via this command:
hint:
hint: git branch -m <name>
From https://github.com/bloomberg/xcdiff
* branch main -> FETCH_HEAD
* [new branch] main -> origin/main
HEAD is now at 8580d81 Flag duplicate targets in the diff (#156)
Cloned https://github.com/bloomberg/xcdiff.git
Revision (git rev-parse @):
8580d816f462d9512059b17f27d8281ad6ee3652
SUCCESS checkout https://github.com/bloomberg/xcdiff.git at main
========================================
Build
========================================
Selected platform: android
Swift version: 6.3
Building package at path: $PWD
https://github.com/bloomberg/xcdiff.git
Running build ...
bash -c docker run --pull=always --rm -v "checkouts-54344843-0":/host -w "$PWD" -e JAVA_HOME="/root/.sdkman/candidates/java/current" -e SPI_BUILD="1" -e SPI_PROCESSING="1" registry.gitlab.com/saguaro1/spi-images:android-6.3-latest swift build --swift-sdk aarch64-unknown-linux-android28 2>&1
android-6.3-latest: Pulling from saguaro1/spi-images
Digest: sha256:8ca9e1e6d70fd53f5b05e4f64d92569d697563f7f457a1485802bc9eb2cd1382
Status: Image is up to date for registry.gitlab.com/saguaro1/spi-images:android-6.3-latest
Fetching https://github.com/apple/swift-argument-parser
Fetching https://github.com/apple/swift-tools-support-core.git
Fetching https://github.com/tuist/xcodeproj.git
Fetching https://github.com/kylef/PathKit
[1/1460] Fetching pathkit
[1461/8865] Fetching pathkit, swift-tools-support-core
[8866/27813] Fetching pathkit, swift-tools-support-core, swift-argument-parser
[12656/52959] Fetching pathkit, swift-tools-support-core, swift-argument-parser, xcodeproj
Fetched https://github.com/apple/swift-tools-support-core.git from cache (0.85s)
[37256/45554] Fetching pathkit, swift-argument-parser, xcodeproj
Fetched https://github.com/apple/swift-argument-parser from cache (0.85s)
[18811/26606] Fetching pathkit, xcodeproj
Fetched https://github.com/kylef/PathKit from cache (1.21s)
Fetched https://github.com/tuist/xcodeproj.git from cache (1.23s)
Computing version for https://github.com/kylef/PathKit
Computed https://github.com/kylef/PathKit at 1.0.1 (2.10s)
Fetching https://github.com/kylef/Spectre.git
[1/1021] Fetching spectre
Fetched https://github.com/kylef/Spectre.git from cache (0.94s)
Computing version for https://github.com/kylef/Spectre.git
Computed https://github.com/kylef/Spectre.git at 0.10.1 (1.11s)
Computing version for https://github.com/tuist/xcodeproj.git
Computed https://github.com/tuist/xcodeproj.git at 8.27.7 (0.13s)
Fetching https://github.com/tadija/AEXML.git
[1/2159] Fetching aexml
Fetched https://github.com/tadija/AEXML.git from cache (0.95s)
Computing version for https://github.com/tadija/AEXML.git
Computed https://github.com/tadija/AEXML.git at 4.7.0 (1.09s)
Computing version for https://github.com/apple/swift-argument-parser
Computed https://github.com/apple/swift-argument-parser at 1.8.2 (0.16s)
Computing version for https://github.com/apple/swift-tools-support-core.git
Computed https://github.com/apple/swift-tools-support-core.git at 0.8.0 (0.21s)
Creating working copy for https://github.com/tadija/AEXML.git
Working copy of https://github.com/tadija/AEXML.git resolved at 4.7.0
Creating working copy for https://github.com/tuist/xcodeproj.git
Working copy of https://github.com/tuist/xcodeproj.git resolved at 8.27.7
Creating working copy for https://github.com/apple/swift-argument-parser
Working copy of https://github.com/apple/swift-argument-parser resolved at 1.8.2
Creating working copy for https://github.com/kylef/PathKit
Working copy of https://github.com/kylef/PathKit resolved at 1.0.1
Creating working copy for https://github.com/kylef/Spectre.git
Working copy of https://github.com/kylef/Spectre.git resolved at 0.10.1
Creating working copy for https://github.com/apple/swift-tools-support-core.git
Working copy of https://github.com/apple/swift-tools-support-core.git resolved at 0.8.0
[1/1] Compiling plugin GenerateManual
[2/2] Compiling plugin GenerateDoccReference
Building for debugging...
[2/30] Write sources
[13/30] Compiling TSCclibc libc.c
[14/30] Compiling TSCclibc strerror.c
[15/30] Compiling TSCclibc process.c
[16/30] Write swift-version-272D24FF697CF451.txt
error: emit-module command failed with exit code 1 (use -v to see invocation)
[18/43] Emitting module PathKit
/host/spi-builder-workspace/.build/checkouts/PathKit/Sources/PathKit.swift:8:8: error: no such module 'Darwin'
6 | let system_glob = Glibc.glob
7 | #else
8 | import Darwin
| `- error: no such module 'Darwin'
9 |
10 | let system_glob = Darwin.glob
[19/43] Emitting module AEXML
[20/43] Emitting module ArgumentParserToolInfo
[21/43] Compiling ArgumentParserToolInfo ToolInfo.swift
[22/44] Wrapping AST for ArgumentParserToolInfo for debugging
[24/91] Compiling TSCLibc libc.swift
[25/91] Emitting module TSCLibc
[26/92] Wrapping AST for TSCLibc for debugging
[28/125] Compiling PathKit PathKit.swift
/host/spi-builder-workspace/.build/checkouts/PathKit/Sources/PathKit.swift:8:8: error: no such module 'Darwin'
6 | let system_glob = Glibc.glob
7 | #else
8 | import Darwin
| `- error: no such module 'Darwin'
9 |
10 | let system_glob = Darwin.glob
BUILD FAILURE 6.3 android