Build Information
Failed to build AsyncLocationKit, reference 2.0.1 (872f1b), with Swift 6.4 for tvOS using Xcode 27.0 on 24 Sep 2026 20:25:34 UTC.
Build Command
env DEVELOPER_DIR=/Applications/Xcode-27.0.0-Release.Candidate.app xcrun xcodebuild -IDEClonedSourcePackagesDirPathOverride=$PWD/.dependencies -skipMacroValidation -skipPackagePluginValidation -derivedDataPath $PWD/.derivedData build -scheme AsyncLocationKit -destination generic/platform=tvOSBuild Log
========================================
RunAll
========================================
Builder version: 5.1.0
Interrupt handler set up.
========================================
Checkout
========================================
Clone URL: https://github.com/AsyncSwift/AsyncLocationKit.git
Reference: 2.0.1
Initialized empty Git repository in /Users/admin/builder/spi-builder-workspace/.git/
From https://github.com/AsyncSwift/AsyncLocationKit
* tag 2.0.1 -> FETCH_HEAD
HEAD is now at 872f1bc Bump version
Cloned https://github.com/AsyncSwift/AsyncLocationKit.git
Revision (git rev-parse @):
872f1bc3db10aaa8dc37c9bdf63e82af62de8d41
SUCCESS checkout https://github.com/AsyncSwift/AsyncLocationKit.git at 2.0.1
========================================
Build
========================================
Selected platform: tvOS
Swift version: 6.4
Building package at path: $PWD
https://github.com/AsyncSwift/AsyncLocationKit.git
Command line invocation:
/Applications/Xcode-27.0.0-Release.Candidate.app/Contents/Developer/usr/bin/xcodebuild -IDEClonedSourcePackagesDirPathOverride=/Users/admin/builder/spi-builder-workspace/.dependencies -resolvePackageDependencies
Resolve Package Graph
Resolve Package Graph
Resolved source packages:
AsyncLocationKit: /Users/admin/builder/spi-builder-workspace
resolved source packages: AsyncLocationKit
2026-09-24 16:24:42.654 xcodebuild[529:3033] [MT] IDERunDestination: Supported platforms for the buildables in the current scheme is empty.
{
"dependencies" : [
],
"manifest_display_name" : "AsyncLocationKit",
"name" : "AsyncLocationKit",
"path" : "/Users/admin/builder/spi-builder-workspace",
"platforms" : [
{
"name" : "ios",
"version" : "13.0"
},
{
"name" : "macos",
"version" : "12.0"
},
{
"name" : "watchos",
"version" : "6.0"
}
],
"products" : [
{
"name" : "AsyncLocationKit",
"targets" : [
"AsyncLocationKit"
],
"type" : {
"library" : [
"automatic"
]
}
}
],
"swift_languages_versions" : [
"5"
],
"targets" : [
{
"c99name" : "AsyncLocationKitTests",
"module_type" : "SwiftTarget",
"name" : "AsyncLocationKitTests",
"path" : "Tests/AsyncLocationKitTests",
"sources" : [
"AsyncLocationKitTests.swift",
"LocationManager.swift"
],
"target_dependencies" : [
"AsyncLocationKit"
],
"type" : "test"
},
{
"c99name" : "AsyncLocationKit",
"module_type" : "SwiftTarget",
"name" : "AsyncLocationKit",
"path" : "Sources/AsyncLocationKit",
"product_memberships" : [
"AsyncLocationKit"
],
"sources" : [
"AnyLocationPerformer.swift",
"ApplicationStateMonitor.swift",
"AsyncDelegateProxy.swift",
"AsyncLocationKit.swift",
"AsyncLocationManager.swift",
"CoreLocationEvents.swift",
"Extensions/Array+Extensions.swift",
"Helpers/NotificationNames.swift",
"LocationDelegate.swift",
"Performers/AccuracyAuthorizationMonitoringPerformer.swift",
"Performers/AccuracyAuthorizationPerformer.swift",
"Performers/AuthorizationMonitoringPerformer.swift",
"Performers/AuthorizationPerformer.swift",
"Performers/BeaconsRangePerformer.swift",
"Performers/HeadingMonitorPerformer.swift",
"Performers/LocationEnabledMonitoringPerformer.swift",
"Performers/MonitoringUpdateLocationPerformer.swift",
"Performers/RegionMonitoringPerformer.swift",
"Performers/SignificantLocationChangeMonitoringPerformer.swift",
"Performers/SingleLocationUpdatePerformer.swift",
"Performers/VisitMonitoringPerformer.swift",
"Settings/LocationAccuracy.swift",
"Settings/LocationPermission.swift"
],
"type" : "library"
}
],
"tools_version" : "5.5"
}
{
"workspace" : {
"name" : "AsyncLocationKit",
"schemes" : [
"AsyncLocationKit"
]
}
}
2026-09-24 16:25:24.018 xcodebuild[650:4169] [MT] IDERunDestination: Supported platforms for the buildables in the current scheme is empty.
Running build ...
env DEVELOPER_DIR=/Applications/Xcode-27.0.0-Release.Candidate.app xcrun xcodebuild -IDEClonedSourcePackagesDirPathOverride=$PWD/.dependencies -skipMacroValidation -skipPackagePluginValidation -derivedDataPath $PWD/.derivedData build -scheme AsyncLocationKit -destination generic/platform=tvOS
Command line invocation:
/Applications/Xcode-27.0.0-Release.Candidate.app/Contents/Developer/usr/bin/xcodebuild -IDEClonedSourcePackagesDirPathOverride=/Users/admin/builder/spi-builder-workspace/.dependencies -skipMacroValidation -skipPackagePluginValidation -derivedDataPath /Users/admin/builder/spi-builder-workspace/.derivedData build -scheme AsyncLocationKit -destination generic/platform=tvOS
Resolve Package Graph
Resolved source packages:
AsyncLocationKit: /Users/admin/builder/spi-builder-workspace
ComputePackagePrebuildTargetDependencyGraph
Prepare packages
CreateBuildRequest
SendProjectDescription
CreateBuildOperation
ComputeTargetDependencyGraph
note: Building targets in dependency order
note: Target dependency graph (2 targets)
Target 'AsyncLocationKit-product' in project 'AsyncLocationKit'
➜ Explicit dependency on target 'AsyncLocationKit' in project 'AsyncLocationKit'
Target 'AsyncLocationKit' in project 'AsyncLocationKit' (no dependencies)
GatherProvisioningInputs
CreateBuildDescription
ExecuteExternalTool /Applications/Xcode-27.0.0-Release.Candidate.app/Contents/Developer/Toolchains/XcodeDefault.xctoolchain/usr/bin/clang -v -E -dM -isysroot /Applications/Xcode-27.0.0-Release.Candidate.app/Contents/Developer/Platforms/AppleTVOS.platform/Developer/SDKs/AppleTVOS27.0.sdk -x c -c /dev/null
ExecuteExternalTool /Applications/Xcode-27.0.0-Release.Candidate.app/Contents/Developer/Toolchains/XcodeDefault.xctoolchain/usr/bin/swiftc --version
ExecuteExternalTool /Applications/Xcode-27.0.0-Release.Candidate.app/Contents/Developer/Toolchains/XcodeDefault.xctoolchain/usr/bin/ld -version_details
Build description signature: 1515476b3171ff1faa2b8f3f41b211fb
Build description path: /Users/admin/builder/spi-builder-workspace/.derivedData/Build/Intermediates.noindex/XCBuildData/1515476b3171ff1faa2b8f3f41b211fb.xcbuilddata
CreateBuildDirectory /Users/admin/builder/spi-builder-workspace/.derivedData/ModuleCache.noindex
cd /Users/admin/builder/spi-builder-workspace/.swiftpm/xcode
builtin-create-build-directory /Users/admin/builder/spi-builder-workspace/.derivedData/ModuleCache.noindex
CreateBuildDirectory /Users/admin/builder/spi-builder-workspace/.derivedData/SDKExplicitPrecompiledModules
cd /Users/admin/builder/spi-builder-workspace/.swiftpm/xcode
builtin-create-build-directory /Users/admin/builder/spi-builder-workspace/.derivedData/SDKExplicitPrecompiledModules
CreateBuildDirectory /Users/admin/builder/spi-builder-workspace/.derivedData/CompilationCache.noindex
cd /Users/admin/builder/spi-builder-workspace/.swiftpm/xcode
builtin-create-build-directory /Users/admin/builder/spi-builder-workspace/.derivedData/CompilationCache.noindex
ClangStatCache /Applications/Xcode-27.0.0-Release.Candidate.app/Contents/Developer/Toolchains/XcodeDefault.xctoolchain/usr/bin/clang-stat-cache /Applications/Xcode-27.0.0-Release.Candidate.app/Contents/Developer/Platforms/AppleTVOS.platform/Developer/SDKs/AppleTVOS27.0.sdk /Users/admin/builder/spi-builder-workspace/.derivedData/SDKStatCaches.noindex/appletvos27.0-24J360-e829b21a6f8c9b70876ba0858053c044b32bfd8d43560033f8d89884cdb90028.sdkstatcache
cd /Users/admin/builder/spi-builder-workspace/.swiftpm/xcode
/Applications/Xcode-27.0.0-Release.Candidate.app/Contents/Developer/Toolchains/XcodeDefault.xctoolchain/usr/bin/clang-stat-cache /Applications/Xcode-27.0.0-Release.Candidate.app/Contents/Developer/Platforms/AppleTVOS.platform/Developer/SDKs/AppleTVOS27.0.sdk -o /Users/admin/builder/spi-builder-workspace/.derivedData/SDKStatCaches.noindex/appletvos27.0-24J360-e829b21a6f8c9b70876ba0858053c044b32bfd8d43560033f8d89884cdb90028.sdkstatcache
CreateBuildDirectory /Users/admin/builder/spi-builder-workspace/.derivedData/Build/Intermediates.noindex
cd /Users/admin/builder/spi-builder-workspace/.swiftpm/xcode
builtin-create-build-directory /Users/admin/builder/spi-builder-workspace/.derivedData/Build/Intermediates.noindex
CreateBuildDirectory /Users/admin/builder/spi-builder-workspace/.derivedData/Build/Products
cd /Users/admin/builder/spi-builder-workspace/.swiftpm/xcode
builtin-create-build-directory /Users/admin/builder/spi-builder-workspace/.derivedData/Build/Products
CreateBuildDirectory /Users/admin/builder/spi-builder-workspace/.derivedData/Build/Intermediates.noindex/SwiftExplicitPrecompiledModules
cd /Users/admin/builder/spi-builder-workspace/.swiftpm/xcode
builtin-create-build-directory /Users/admin/builder/spi-builder-workspace/.derivedData/Build/Intermediates.noindex/SwiftExplicitPrecompiledModules
CreateBuildDirectory /Users/admin/builder/spi-builder-workspace/.derivedData/Build/Intermediates.noindex/PrecompiledHeaders
cd /Users/admin/builder/spi-builder-workspace/.swiftpm/xcode
builtin-create-build-directory /Users/admin/builder/spi-builder-workspace/.derivedData/Build/Intermediates.noindex/PrecompiledHeaders
CreateBuildDirectory /Users/admin/builder/spi-builder-workspace/.derivedData/Build/Intermediates.noindex/ExplicitPrecompiledModules
cd /Users/admin/builder/spi-builder-workspace/.swiftpm/xcode
builtin-create-build-directory /Users/admin/builder/spi-builder-workspace/.derivedData/Build/Intermediates.noindex/ExplicitPrecompiledModules
CreateBuildDirectory /Users/admin/builder/spi-builder-workspace/.derivedData/Build/Products/Debug-appletvos
cd /Users/admin/builder/spi-builder-workspace/.swiftpm/xcode
builtin-create-build-directory /Users/admin/builder/spi-builder-workspace/.derivedData/Build/Products/Debug-appletvos
CreateBuildDirectory /Users/admin/builder/spi-builder-workspace/.derivedData/Build/Intermediates.noindex/EagerLinkingTBDs/Debug-appletvos
cd /Users/admin/builder/spi-builder-workspace/.swiftpm/xcode
builtin-create-build-directory /Users/admin/builder/spi-builder-workspace/.derivedData/Build/Intermediates.noindex/EagerLinkingTBDs/Debug-appletvos
CreateBuildDirectory /Users/admin/builder/spi-builder-workspace/.derivedData/Build/Products/Debug-appletvos/PackageFrameworks
cd /Users/admin/builder/spi-builder-workspace/.swiftpm/xcode
builtin-create-build-directory /Users/admin/builder/spi-builder-workspace/.derivedData/Build/Products/Debug-appletvos/PackageFrameworks
WriteAuxiliaryFile /Users/admin/builder/spi-builder-workspace/.derivedData/Build/Intermediates.noindex/AsyncLocationKit.build/Debug-appletvos/AsyncLocationKit-t.build/AsyncLocationKit.DependencyStaticMetadataFileList (in target 'AsyncLocationKit' from project 'AsyncLocationKit')
cd /Users/admin/builder/spi-builder-workspace
write-file /Users/admin/builder/spi-builder-workspace/.derivedData/Build/Intermediates.noindex/AsyncLocationKit.build/Debug-appletvos/AsyncLocationKit-t.build/AsyncLocationKit.DependencyStaticMetadataFileList
WriteAuxiliaryFile /Users/admin/builder/spi-builder-workspace/.derivedData/Build/Intermediates.noindex/AsyncLocationKit.build/Debug-appletvos/AsyncLocationKit-t.build/AsyncLocationKit.modulemap (in target 'AsyncLocationKit' from project 'AsyncLocationKit')
cd /Users/admin/builder/spi-builder-workspace
write-file /Users/admin/builder/spi-builder-workspace/.derivedData/Build/Intermediates.noindex/AsyncLocationKit.build/Debug-appletvos/AsyncLocationKit-t.build/AsyncLocationKit.modulemap
WriteAuxiliaryFile /Users/admin/builder/spi-builder-workspace/.derivedData/Build/Intermediates.noindex/AsyncLocationKit.build/Debug-appletvos/AsyncLocationKit-t.build/AsyncLocationKit.DependencyMetadataFileList (in target 'AsyncLocationKit' from project 'AsyncLocationKit')
cd /Users/admin/builder/spi-builder-workspace
write-file /Users/admin/builder/spi-builder-workspace/.derivedData/Build/Intermediates.noindex/AsyncLocationKit.build/Debug-appletvos/AsyncLocationKit-t.build/AsyncLocationKit.DependencyMetadataFileList
WriteAuxiliaryFile /Users/admin/builder/spi-builder-workspace/.derivedData/Build/Intermediates.noindex/AsyncLocationKit.build/Debug-appletvos/AsyncLocationKit-t.build/Objects-normal/arm64/AsyncLocationKit.SwiftFileList (in target 'AsyncLocationKit' from project 'AsyncLocationKit')
cd /Users/admin/builder/spi-builder-workspace
write-file /Users/admin/builder/spi-builder-workspace/.derivedData/Build/Intermediates.noindex/AsyncLocationKit.build/Debug-appletvos/AsyncLocationKit-t.build/Objects-normal/arm64/AsyncLocationKit.SwiftFileList
WriteAuxiliaryFile /Users/admin/builder/spi-builder-workspace/.derivedData/Build/Intermediates.noindex/AsyncLocationKit.build/Debug-appletvos/AsyncLocationKit-t.build/Objects-normal/arm64/AsyncLocationKit-OutputFileMap.json (in target 'AsyncLocationKit' from project 'AsyncLocationKit')
cd /Users/admin/builder/spi-builder-workspace
write-file /Users/admin/builder/spi-builder-workspace/.derivedData/Build/Intermediates.noindex/AsyncLocationKit.build/Debug-appletvos/AsyncLocationKit-t.build/Objects-normal/arm64/AsyncLocationKit-OutputFileMap.json
WriteAuxiliaryFile /Users/admin/builder/spi-builder-workspace/.derivedData/Build/Intermediates.noindex/AsyncLocationKit.build/Debug-appletvos/AsyncLocationKit-t.build/Objects-normal/arm64/AsyncLocationKit.LinkFileList (in target 'AsyncLocationKit' from project 'AsyncLocationKit')
cd /Users/admin/builder/spi-builder-workspace
write-file /Users/admin/builder/spi-builder-workspace/.derivedData/Build/Intermediates.noindex/AsyncLocationKit.build/Debug-appletvos/AsyncLocationKit-t.build/Objects-normal/arm64/AsyncLocationKit.LinkFileList
WriteAuxiliaryFile /Users/admin/builder/spi-builder-workspace/.derivedData/Build/Intermediates.noindex/AsyncLocationKit.build/Debug-appletvos/AsyncLocationKit-t.build/Objects-normal/arm64/AsyncLocationKit.SwiftConstValuesFileList (in target 'AsyncLocationKit' from project 'AsyncLocationKit')
cd /Users/admin/builder/spi-builder-workspace
write-file /Users/admin/builder/spi-builder-workspace/.derivedData/Build/Intermediates.noindex/AsyncLocationKit.build/Debug-appletvos/AsyncLocationKit-t.build/Objects-normal/arm64/AsyncLocationKit.SwiftConstValuesFileList
WriteAuxiliaryFile /Users/admin/builder/spi-builder-workspace/.derivedData/Build/Intermediates.noindex/AsyncLocationKit.build/Debug-appletvos/AsyncLocationKit-t.build/Objects-normal/arm64/AsyncLocationKit_const_extract_protocols.json (in target 'AsyncLocationKit' from project 'AsyncLocationKit')
cd /Users/admin/builder/spi-builder-workspace
write-file /Users/admin/builder/spi-builder-workspace/.derivedData/Build/Intermediates.noindex/AsyncLocationKit.build/Debug-appletvos/AsyncLocationKit-t.build/Objects-normal/arm64/AsyncLocationKit_const_extract_protocols.json
Copy /Users/admin/builder/spi-builder-workspace/.derivedData/Build/Intermediates.noindex/GeneratedModuleMaps-appletvos/AsyncLocationKit.modulemap /Users/admin/builder/spi-builder-workspace/.derivedData/Build/Intermediates.noindex/AsyncLocationKit.build/Debug-appletvos/AsyncLocationKit-t.build/AsyncLocationKit.modulemap (in target 'AsyncLocationKit' from project 'AsyncLocationKit')
cd /Users/admin/builder/spi-builder-workspace
builtin-copy -exclude .DS_Store -exclude CVS -exclude .svn -exclude .git -exclude .hg -resolve-src-symlinks /Users/admin/builder/spi-builder-workspace/.derivedData/Build/Intermediates.noindex/AsyncLocationKit.build/Debug-appletvos/AsyncLocationKit-t.build/AsyncLocationKit.modulemap /Users/admin/builder/spi-builder-workspace/.derivedData/Build/Intermediates.noindex/GeneratedModuleMaps-appletvos
SwiftDriver AsyncLocationKit normal arm64 com.apple.xcode.tools.swift.compiler (in target 'AsyncLocationKit' from project 'AsyncLocationKit')
cd /Users/admin/builder/spi-builder-workspace/.swiftpm/xcode
builtin-SwiftDriver -- /Applications/Xcode-27.0.0-Release.Candidate.app/Contents/Developer/Toolchains/XcodeDefault.xctoolchain/usr/bin/swiftc -parse-as-library -module-name AsyncLocationKit -Onone @/Users/admin/builder/spi-builder-workspace/.derivedData/Build/Intermediates.noindex/AsyncLocationKit.build/Debug-appletvos/AsyncLocationKit-t.build/Objects-normal/arm64/AsyncLocationKit.SwiftFileList -DSWIFT_PACKAGE -DDEBUG -DSWIFT_MODULE_RESOURCE_BUNDLE_UNAVAILABLE -DXcode -plugin-path /Applications/Xcode-27.0.0-Release.Candidate.app/Contents/Developer/Toolchains/XcodeDefault.xctoolchain/usr/lib/swift/host/plugins/testing -enable-experimental-feature DebugDescriptionMacro -sdk /Applications/Xcode-27.0.0-Release.Candidate.app/Contents/Developer/Platforms/AppleTVOS.platform/Developer/SDKs/AppleTVOS27.0.sdk -target arm64-apple-tvos15.0 -g -module-cache-path /Users/admin/builder/spi-builder-workspace/.derivedData/ModuleCache.noindex -Xfrontend -serialize-debugging-options -profile-coverage-mapping -profile-generate -enable-testing -index-store-path /Users/admin/builder/spi-builder-workspace/.derivedData/Index.noindex/DataStore -Xcc -D_LIBCPP_HARDENING_MODE\=_LIBCPP_HARDENING_MODE_DEBUG -swift-version 5 -I /Users/admin/builder/spi-builder-workspace/.derivedData/Build/Products/Debug-appletvos -Isystem /Applications/Xcode-27.0.0-Release.Candidate.app/Contents/Developer/Platforms/AppleTVOS.platform/Developer/usr/lib -F /Users/admin/builder/spi-builder-workspace/.derivedData/Build/Products/Debug-appletvos -F /Applications/Xcode-27.0.0-Release.Candidate.app/Contents/Developer/Platforms/AppleTVOS.platform/Developer/Library/Frameworks -F /Applications/Xcode-27.0.0-Release.Candidate.app/Contents/Developer/Platforms/AppleTVOS.platform/Developer/SDKs/AppleTVOS27.0.sdk/Developer/Library/Frameworks -c -j10 -enable-batch-mode -incremental -Xcc -ivfsstatcache -Xcc /Users/admin/builder/spi-builder-workspace/.derivedData/SDKStatCaches.noindex/appletvos27.0-24J360-e829b21a6f8c9b70876ba0858053c044b32bfd8d43560033f8d89884cdb90028.sdkstatcache -output-file-map /Users/admin/builder/spi-builder-workspace/.derivedData/Build/Intermediates.noindex/AsyncLocationKit.build/Debug-appletvos/AsyncLocationKit-t.build/Objects-normal/arm64/AsyncLocationKit-OutputFileMap.json -save-temps -no-color-diagnostics -explicit-module-build -module-cache-path /Users/admin/builder/spi-builder-workspace/.derivedData/Build/Intermediates.noindex/SwiftExplicitPrecompiledModules -clang-scanner-module-cache-path /Users/admin/builder/spi-builder-workspace/.derivedData/ModuleCache.noindex -sdk-module-cache-path /Users/admin/builder/spi-builder-workspace/.derivedData/SDKExplicitPrecompiledModules -emit-dependencies -emit-module -emit-module-path /Users/admin/builder/spi-builder-workspace/.derivedData/Build/Intermediates.noindex/AsyncLocationKit.build/Debug-appletvos/AsyncLocationKit-t.build/Objects-normal/arm64/AsyncLocationKit.swiftmodule -serialize-diagnostics -dependency-scan-serialize-diagnostics-path /Users/admin/builder/spi-builder-workspace/.derivedData/Build/Intermediates.noindex/AsyncLocationKit.build/Debug-appletvos/AsyncLocationKit-t.build/Objects-normal/arm64/AsyncLocationKit-dependency-scan.dia -validate-clang-modules-once -clang-build-session-file /Users/admin/builder/spi-builder-workspace/.derivedData/ModuleCache.noindex/Session.modulevalidation -Xcc -fmodules-prune-interval\=86400 -Xcc -fmodules-prune-after\=345600 -emit-const-values -const-gather-protocols-list /Users/admin/builder/spi-builder-workspace/.derivedData/Build/Intermediates.noindex/AsyncLocationKit.build/Debug-appletvos/AsyncLocationKit-t.build/Objects-normal/arm64/AsyncLocationKit_const_extract_protocols.json -Xcc -I/Users/admin/builder/spi-builder-workspace/.derivedData/Build/Products/Debug-appletvos/include -Xcc -I/Users/admin/builder/spi-builder-workspace/.derivedData/Build/Intermediates.noindex/AsyncLocationKit.build/Debug-appletvos/AsyncLocationKit-t.build/DerivedSources-normal/arm64 -Xcc -I/Users/admin/builder/spi-builder-workspace/.derivedData/Build/Intermediates.noindex/AsyncLocationKit.build/Debug-appletvos/AsyncLocationKit-t.build/DerivedSources/arm64 -Xcc -I/Users/admin/builder/spi-builder-workspace/.derivedData/Build/Intermediates.noindex/AsyncLocationKit.build/Debug-appletvos/AsyncLocationKit-t.build/DerivedSources -Xcc -DSWIFT_PACKAGE -Xcc -DDEBUG\=1 -emit-objc-header -emit-objc-header-path /Users/admin/builder/spi-builder-workspace/.derivedData/Build/Intermediates.noindex/AsyncLocationKit.build/Debug-appletvos/AsyncLocationKit-t.build/Objects-normal/arm64/AsyncLocationKit-Swift.h -working-directory /Users/admin/builder/spi-builder-workspace/.swiftpm/xcode -experimental-emit-module-separately -disable-cmo
SwiftExplicitDependencyGeneratePcm arm64 /Users/admin/builder/spi-builder-workspace/.derivedData/SDKExplicitPrecompiledModules/_AvailabilityInternal-BV2EDDP0MI5QJDDPEEV4D9D3V.pcm
SwiftExplicitDependencyGeneratePcm arm64 /Users/admin/builder/spi-builder-workspace/.derivedData/SDKExplicitPrecompiledModules/SwiftShims-8N4EXJ4RUJTR8K9OO3CMOH1EP.pcm
SwiftExplicitDependencyGeneratePcm arm64 /Users/admin/builder/spi-builder-workspace/.derivedData/SDKExplicitPrecompiledModules/_Builtin_stdarg-BO2OCAUYVAXDRVQWQ8ISKGNUQ.pcm
SwiftExplicitDependencyGeneratePcm arm64 /Users/admin/builder/spi-builder-workspace/.derivedData/SDKExplicitPrecompiledModules/_Builtin_stdbool-AHRDH5EKLY6D04C5E42F3VCQI.pcm
SwiftExplicitDependencyGeneratePcm arm64 /Users/admin/builder/spi-builder-workspace/.derivedData/SDKExplicitPrecompiledModules/_SwiftConcurrencyShims-BY5PD8KF1L5KF6F4Q69HE3TJ4.pcm
SwiftExplicitDependencyGeneratePcm arm64 /Users/admin/builder/spi-builder-workspace/.derivedData/SDKExplicitPrecompiledModules/ptrcheck-2AZ6B5IBYD3RRRTFWN2ONASY3.pcm
SwiftExplicitDependencyGeneratePcm arm64 /Users/admin/builder/spi-builder-workspace/.derivedData/SDKExplicitPrecompiledModules/_Builtin_float-8ZJAYZ85YBOAOP52Y9H6IUNP3.pcm
SwiftExplicitDependencyGeneratePcm arm64 /Users/admin/builder/spi-builder-workspace/.derivedData/SDKExplicitPrecompiledModules/_Builtin_stddef-9ZJZ6FDEZNKTZU8YLPMFT9RAQ.pcm
SwiftExplicitDependencyGeneratePcm arm64 /Users/admin/builder/spi-builder-workspace/.derivedData/SDKExplicitPrecompiledModules/DeveloperToolsSupport-B1X8RI63V48AJRTH2RK6JAARV.pcm
SwiftExplicitDependencyGeneratePcm arm64 /Users/admin/builder/spi-builder-workspace/.derivedData/SDKExplicitPrecompiledModules/ptrauth-8X2KEPL7CTRPS40TUB9APHPK6.pcm
SwiftExplicitDependencyGeneratePcm arm64 /Users/admin/builder/spi-builder-workspace/.derivedData/SDKExplicitPrecompiledModules/_DarwinFoundation1-JOTYMOA1YZCIJ2NON6FQ848O.pcm
SwiftExplicitDependencyGeneratePcm arm64 /Users/admin/builder/spi-builder-workspace/.derivedData/SDKExplicitPrecompiledModules/_Builtin_limits-7JU2HP127LIT1X9E2V3D8WZ1.pcm
SwiftExplicitDependencyGeneratePcm arm64 /Users/admin/builder/spi-builder-workspace/.derivedData/SDKExplicitPrecompiledModules/_DarwinFoundation2-AOGAN1O02NKXRJN5V73AV3V3M.pcm
SwiftExplicitDependencyGeneratePcm arm64 /Users/admin/builder/spi-builder-workspace/.derivedData/SDKExplicitPrecompiledModules/string_h-6EVHP7A717OUS5DMC78F79HWO.pcm
SwiftExplicitDependencyGeneratePcm arm64 /Users/admin/builder/spi-builder-workspace/.derivedData/SDKExplicitPrecompiledModules/_Builtin_stdint-6NFTB6IBKS143IVPGT1EKB7HO.pcm
SwiftExplicitDependencyGeneratePcm arm64 /Users/admin/builder/spi-builder-workspace/.derivedData/SDKExplicitPrecompiledModules/_Builtin_tgmath-7ULT1EUHDHW4OZPSTT33H6QGE.pcm
SwiftExplicitDependencyGeneratePcm arm64 /Users/admin/builder/spi-builder-workspace/.derivedData/SDKExplicitPrecompiledModules/sys_types-8GCAV1YMG5UUGHUID3CA20TCH.pcm
SwiftExplicitDependencyGeneratePcm arm64 /Users/admin/builder/spi-builder-workspace/.derivedData/SDKExplicitPrecompiledModules/_Builtin_intrinsics-437O2R2NID4WAQVENR63GR82C.pcm
SwiftExplicitDependencyGeneratePcm arm64 /Users/admin/builder/spi-builder-workspace/.derivedData/SDKExplicitPrecompiledModules/_Builtin_stdatomic-3YXHN678NGYM3NL9POJ2HVEIF.pcm
SwiftExplicitDependencyGeneratePcm arm64 /Users/admin/builder/spi-builder-workspace/.derivedData/SDKExplicitPrecompiledModules/_DarwinFoundation3-8SR3855WDFHQPR6G9GHOI2C07.pcm
SwiftExplicitDependencyGeneratePcm arm64 /Users/admin/builder/spi-builder-workspace/.derivedData/SDKExplicitPrecompiledModules/_Builtin_inttypes-6X1IQ3QK9KEVKXOK9Y79EW7J3.pcm
SwiftExplicitDependencyGeneratePcm arm64 /Users/admin/builder/spi-builder-workspace/.derivedData/SDKExplicitPrecompiledModules/Darwin-DBSQAVBBPC3D2OMU5ZI2RXMST.pcm
SwiftExplicitDependencyGeneratePcm arm64 /Users/admin/builder/spi-builder-workspace/.derivedData/SDKExplicitPrecompiledModules/simd-117QUXEUT3Z7UQCUYWV2UA228.pcm
SwiftExplicitDependencyGeneratePcm arm64 /Users/admin/builder/spi-builder-workspace/.derivedData/SDKExplicitPrecompiledModules/MachO-EH3F5PJCIZG05NO51CEFSZYPW.pcm
SwiftExplicitDependencyGeneratePcm arm64 /Users/admin/builder/spi-builder-workspace/.derivedData/SDKExplicitPrecompiledModules/ObjectiveC-5250FDCE56N8508OR6XUYDKZM.pcm
SwiftExplicitDependencyGeneratePcm arm64 /Users/admin/builder/spi-builder-workspace/.derivedData/SDKExplicitPrecompiledModules/os_object-E2DGZ0SX0TULQHULZRPO6OKNW.pcm
SwiftExplicitDependencyGeneratePcm arm64 /Users/admin/builder/spi-builder-workspace/.derivedData/SDKExplicitPrecompiledModules/os_workgroup-DBUFF7811DKMX7VPBOJPGGF1U.pcm
SwiftExplicitDependencyGeneratePcm arm64 /Users/admin/builder/spi-builder-workspace/.derivedData/SDKExplicitPrecompiledModules/Dispatch-1QL58A0V50C39KVAIC6C38SHL.pcm
SwiftExplicitDependencyGeneratePcm arm64 /Users/admin/builder/spi-builder-workspace/.derivedData/SDKExplicitPrecompiledModules/Spatial-7U8NLEFXSB8BR7PJQGVMF5A4Q.pcm
SwiftExplicitDependencyGeneratePcm arm64 /Users/admin/builder/spi-builder-workspace/.derivedData/SDKExplicitPrecompiledModules/CoreFoundation-7TPJ7ENDC4L1A1ESHYI9TXS0D.pcm
SwiftExplicitDependencyGeneratePcm arm64 /Users/admin/builder/spi-builder-workspace/.derivedData/SDKExplicitPrecompiledModules/XPC-6O2DJFT3QUJ7QKTD3SNUB6PCR.pcm
SwiftExplicitDependencyGeneratePcm arm64 /Users/admin/builder/spi-builder-workspace/.derivedData/SDKExplicitPrecompiledModules/os-3GJI8H0BNAEZPQPQ1V0VVY3FY.pcm
SwiftExplicitDependencyGeneratePcm arm64 /Users/admin/builder/spi-builder-workspace/.derivedData/SDKExplicitPrecompiledModules/CFNetwork-2CUR2VK9S3S3WPFXPNXNUWYGN.pcm
SwiftExplicitDependencyGeneratePcm arm64 /Users/admin/builder/spi-builder-workspace/.derivedData/SDKExplicitPrecompiledModules/Security-8VMXEKVDA3MHUH9AOTP905DID.pcm
SwiftExplicitDependencyGeneratePcm arm64 /Users/admin/builder/spi-builder-workspace/.derivedData/SDKExplicitPrecompiledModules/CoreGraphics-CWSP3J98S2658BYCVL6RP99T3.pcm
SwiftExplicitDependencyGeneratePcm arm64 /Users/admin/builder/spi-builder-workspace/.derivedData/SDKExplicitPrecompiledModules/Foundation-BSSIP64DIGUKMAYJOG1WPQ78X.pcm
SwiftExplicitDependencyGeneratePcm arm64 /Users/admin/builder/spi-builder-workspace/.derivedData/SDKExplicitPrecompiledModules/ImageIO-88D4CLEBD4CLWQKT78PZ6H1O8.pcm
SwiftExplicitDependencyGeneratePcm arm64 /Users/admin/builder/spi-builder-workspace/.derivedData/SDKExplicitPrecompiledModules/CoreText-59NY7PABM0I4V978161FOC04A.pcm
SwiftExplicitDependencyGeneratePcm arm64 /Users/admin/builder/spi-builder-workspace/.derivedData/SDKExplicitPrecompiledModules/_LocationEssentials-ETSJ65FELPWR8WH8G49R1DF2E.pcm
SwiftExplicitDependencyGeneratePcm arm64 /Users/admin/builder/spi-builder-workspace/.derivedData/SDKExplicitPrecompiledModules/DataDetection-37JIYZ2GWDA1L166PP1D9JKAF.pcm
SwiftExplicitDependencyGeneratePcm arm64 /Users/admin/builder/spi-builder-workspace/.derivedData/SDKExplicitPrecompiledModules/UniformTypeIdentifiers-95CC8U42ZA9STP5K6GP9ZVJS5.pcm
SwiftExplicitDependencyGeneratePcm arm64 /Users/admin/builder/spi-builder-workspace/.derivedData/SDKExplicitPrecompiledModules/UserNotifications-E9ZW5TH066WIJWH9080RC5NG4.pcm
SwiftExplicitDependencyGeneratePcm arm64 /Users/admin/builder/spi-builder-workspace/.derivedData/SDKExplicitPrecompiledModules/UIUtilities-6ZFJ1AK4H8IBGEBMYQBWGBYLK.pcm
SwiftExplicitDependencyGeneratePcm arm64 /Users/admin/builder/spi-builder-workspace/.derivedData/SDKExplicitPrecompiledModules/CoreTransferable-7V4O8DATEQ9F7SDNTCW8YWLG3.pcm
SwiftExplicitDependencyGeneratePcm arm64 /Users/admin/builder/spi-builder-workspace/.derivedData/SDKExplicitPrecompiledModules/Accessibility-B6BODGZ4MQQTY0PBC4SHRP009.pcm
SwiftExplicitDependencyGeneratePcm arm64 /Users/admin/builder/spi-builder-workspace/.derivedData/SDKExplicitPrecompiledModules/IOSurface-38FJ1CKX9FV2RD97O64Z7QB17.pcm
SwiftExplicitDependencyGeneratePcm arm64 /Users/admin/builder/spi-builder-workspace/.derivedData/SDKExplicitPrecompiledModules/Symbols-B5AU9VM9Y7NU79RLMH13Z4IFM.pcm
SwiftExplicitDependencyGeneratePcm arm64 /Users/admin/builder/spi-builder-workspace/.derivedData/SDKExplicitPrecompiledModules/OSLog-7OT6HHTMY0ZFEQJ095LJZ6NLC.pcm
SwiftExplicitDependencyGeneratePcm arm64 /Users/admin/builder/spi-builder-workspace/.derivedData/SDKExplicitPrecompiledModules/CoreLocation-YVXXAOMVX0JH2KO1XTTKTY51.pcm
SwiftExplicitDependencyGeneratePcm arm64 /Users/admin/builder/spi-builder-workspace/.derivedData/SDKExplicitPrecompiledModules/OpenGLES-4NY99CNDU9WUNUYEIXSS1QFGE.pcm
SwiftExplicitDependencyGeneratePcm arm64 /Users/admin/builder/spi-builder-workspace/.derivedData/SDKExplicitPrecompiledModules/Metal-2KYBS7IML1SD788M91YV7Q0CC.pcm
SwiftExplicitDependencyGeneratePcm arm64 /Users/admin/builder/spi-builder-workspace/.derivedData/SDKExplicitPrecompiledModules/CoreVideo-DPU0PB5X0XLSVA2ETRGI6FJBM.pcm
SwiftExplicitDependencyGeneratePcm arm64 /Users/admin/builder/spi-builder-workspace/.derivedData/SDKExplicitPrecompiledModules/QuartzCore-DJSYAWKXFGVSAK5CQMOB3JSR.pcm
SwiftExplicitDependencyGeneratePcm arm64 /Users/admin/builder/spi-builder-workspace/.derivedData/SDKExplicitPrecompiledModules/CoreImage-7S2AFJ8EIY3DUFYLEAX1JR1QV.pcm
SwiftExplicitDependencyGeneratePcm arm64 /Users/admin/builder/spi-builder-workspace/.derivedData/SDKExplicitPrecompiledModules/SwiftUICore-543QU5V2NHKUFCYFJDKUJ7NYG.pcm
SwiftExplicitDependencyGeneratePcm arm64 /Users/admin/builder/spi-builder-workspace/.derivedData/SDKExplicitPrecompiledModules/UIKit-1TKWN7VC2X6N3ITMRVA2G0EB2.pcm
SwiftCompile normal arm64 Compiling\ Array+Extensions.swift,\ NotificationNames.swift,\ LocationDelegate.swift /Users/admin/builder/spi-builder-workspace/Sources/AsyncLocationKit/Extensions/Array+Extensions.swift /Users/admin/builder/spi-builder-workspace/Sources/AsyncLocationKit/Helpers/NotificationNames.swift /Users/admin/builder/spi-builder-workspace/Sources/AsyncLocationKit/LocationDelegate.swift (in target 'AsyncLocationKit' from project 'AsyncLocationKit')
SwiftCompile normal arm64 /Users/admin/builder/spi-builder-workspace/Sources/AsyncLocationKit/Extensions/Array+Extensions.swift (in target 'AsyncLocationKit' from project 'AsyncLocationKit')
cd /Users/admin/builder/spi-builder-workspace/.swiftpm/xcode
builtin-SwiftPerFileCompile Array+Extensions.swift
SwiftCompile normal arm64 /Users/admin/builder/spi-builder-workspace/Sources/AsyncLocationKit/Helpers/NotificationNames.swift (in target 'AsyncLocationKit' from project 'AsyncLocationKit')
cd /Users/admin/builder/spi-builder-workspace/.swiftpm/xcode
builtin-SwiftPerFileCompile NotificationNames.swift
SwiftCompile normal arm64 /Users/admin/builder/spi-builder-workspace/Sources/AsyncLocationKit/LocationDelegate.swift (in target 'AsyncLocationKit' from project 'AsyncLocationKit')
cd /Users/admin/builder/spi-builder-workspace/.swiftpm/xcode
builtin-SwiftPerFileCompile LocationDelegate.swift
SwiftCompile normal arm64 Compiling\ LocationEnabledMonitoringPerformer.swift,\ MonitoringUpdateLocationPerformer.swift /Users/admin/builder/spi-builder-workspace/Sources/AsyncLocationKit/Performers/LocationEnabledMonitoringPerformer.swift /Users/admin/builder/spi-builder-workspace/Sources/AsyncLocationKit/Performers/MonitoringUpdateLocationPerformer.swift (in target 'AsyncLocationKit' from project 'AsyncLocationKit')
SwiftCompile normal arm64 /Users/admin/builder/spi-builder-workspace/Sources/AsyncLocationKit/Performers/LocationEnabledMonitoringPerformer.swift (in target 'AsyncLocationKit' from project 'AsyncLocationKit')
cd /Users/admin/builder/spi-builder-workspace/.swiftpm/xcode
builtin-SwiftPerFileCompile LocationEnabledMonitoringPerformer.swift
SwiftCompile normal arm64 /Users/admin/builder/spi-builder-workspace/Sources/AsyncLocationKit/Performers/MonitoringUpdateLocationPerformer.swift (in target 'AsyncLocationKit' from project 'AsyncLocationKit')
cd /Users/admin/builder/spi-builder-workspace/.swiftpm/xcode
builtin-SwiftPerFileCompile MonitoringUpdateLocationPerformer.swift
SwiftEmitModule normal arm64 Emitting\ module\ for\ AsyncLocationKit (in target 'AsyncLocationKit' from project 'AsyncLocationKit')
/Users/admin/builder/spi-builder-workspace/Sources/AsyncLocationKit/Performers/BeaconsRangePerformer.swift:46:6: error: stored properties cannot be marked unavailable with '@available'
44 |
45 | @available(watchOS, unavailable)
46 | @available(tvOS, unavailable)
| `- error: stored properties cannot be marked unavailable with '@available'
47 | var satisfying: CLBeaconIdentityConstraint
48 |
/Users/admin/builder/spi-builder-workspace/Sources/AsyncLocationKit/Performers/BeaconsRangePerformer.swift:47:21: error: 'CLBeaconIdentityConstraint' is unavailable in tvOS
45 | @available(watchOS, unavailable)
46 | @available(tvOS, unavailable)
47 | var satisfying: CLBeaconIdentityConstraint
| `- error: 'CLBeaconIdentityConstraint' is unavailable in tvOS
48 |
49 | @available(watchOS, unavailable)
/Applications/Xcode-27.0.0-Release.Candidate.app/Contents/Developer/Platforms/AppleTVOS.platform/Developer/SDKs/AppleTVOS27.0.sdk/System/Library/Frameworks/CoreLocation.framework/Headers/CLBeaconIdentityConstraint.h:30:12: note: 'CLBeaconIdentityConstraint' has been explicitly marked unavailable here
28 | API_UNAVAILABLE(watchos, tvos)
29 | API_UNAVAILABLE(visionos)
30 | @interface CLBeaconIdentityConstraint : CLBeaconIdentityCondition<NSCopying, NSSecureCoding>
| `- note: 'CLBeaconIdentityConstraint' has been explicitly marked unavailable here
31 |
32 | @end
/Users/admin/builder/spi-builder-workspace/Sources/AsyncLocationKit/Performers/BeaconsRangePerformer.swift:50:6: error: stored properties cannot be marked unavailable with '@available'
48 |
49 | @available(watchOS, unavailable)
50 | @available(tvOS, unavailable)
| `- error: stored properties cannot be marked unavailable with '@available'
51 | var stream: BeaconsRangingStream.Continuation?
52 |
/Users/admin/builder/spi-builder-workspace/Sources/AsyncLocationKit/Performers/BeaconsRangePerformer.swift:51:17: error: 'BeaconsRangingStream' is unavailable in tvOS
49 | @available(watchOS, unavailable)
50 | @available(tvOS, unavailable)
51 | var stream: BeaconsRangingStream.Continuation?
| `- error: 'BeaconsRangingStream' is unavailable in tvOS
52 |
53 | @available(watchOS, unavailable)
/Users/admin/builder/spi-builder-workspace/Sources/AsyncLocationKit/AsyncLocationManager.swift:39:18: note: 'BeaconsRangingStream' has been explicitly marked unavailable here
37 | @available(watchOS, unavailable)
38 | @available(tvOS, unavailable)
39 | public typealias BeaconsRangingStream = AsyncStream<BeaconRangeEvent>
| `- note: 'BeaconsRangingStream' has been explicitly marked unavailable here
40 |
41 | /// Modern async/await wrapper for CoreLocation framework.
Failed frontend command:
/Applications/Xcode-27.0.0-Release.Candidate.app/Contents/Developer/Toolchains/XcodeDefault.xctoolchain/usr/bin/swift-frontend -frontend -emit-module -experimental-skip-non-inlinable-function-bodies-without-types /Users/admin/builder/spi-builder-workspace/Sources/AsyncLocationKit/AnyLocationPerformer.swift /Users/admin/builder/spi-builder-workspace/Sources/AsyncLocationKit/ApplicationStateMonitor.swift /Users/admin/builder/spi-builder-workspace/Sources/AsyncLocationKit/AsyncDelegateProxy.swift /Users/admin/builder/spi-builder-workspace/Sources/AsyncLocationKit/AsyncLocationKit.swift /Users/admin/builder/spi-builder-workspace/Sources/AsyncLocationKit/AsyncLocationManager.swift /Users/admin/builder/spi-builder-workspace/Sources/AsyncLocationKit/CoreLocationEvents.swift /Users/admin/builder/spi-builder-workspace/Sources/AsyncLocationKit/Extensions/Array+Extensions.swift /Users/admin/builder/spi-builder-workspace/Sources/AsyncLocationKit/Helpers/NotificationNames.swift /Users/admin/builder/spi-builder-workspace/Sources/AsyncLocationKit/LocationDelegate.swift /Users/admin/builder/spi-builder-workspace/Sources/AsyncLocationKit/Performers/AccuracyAuthorizationMonitoringPerformer.swift /Users/admin/builder/spi-builder-workspace/Sources/AsyncLocationKit/Performers/AccuracyAuthorizationPerformer.swift /Users/admin/builder/spi-builder-workspace/Sources/AsyncLocationKit/Performers/AuthorizationMonitoringPerformer.swift /Users/admin/builder/spi-builder-workspace/Sources/AsyncLocationKit/Performers/AuthorizationPerformer.swift /Users/admin/builder/spi-builder-workspace/Sources/AsyncLocationKit/Performers/BeaconsRangePerformer.swift /Users/admin/builder/spi-builder-workspace/Sources/AsyncLocationKit/Performers/HeadingMonitorPerformer.swift /Users/admin/builder/spi-builder-workspace/Sources/AsyncLocationKit/Performers/LocationEnabledMonitoringPerformer.swift /Users/admin/builder/spi-builder-workspace/Sources/AsyncLocationKit/Performers/MonitoringUpdateLocationPerformer.swift /Users/admin/builder/spi-builder-workspace/Sources/AsyncLocationKit/Performers/RegionMonitoringPerformer.swift /Users/admin/builder/spi-builder-workspace/Sources/AsyncLocationKit/Performers/SignificantLocationChangeMonitoringPerformer.swift /Users/admin/builder/spi-builder-workspace/Sources/AsyncLocationKit/Performers/SingleLocationUpdatePerformer.swift /Users/admin/builder/spi-builder-workspace/Sources/AsyncLocationKit/Performers/VisitMonitoringPerformer.swift /Users/admin/builder/spi-builder-workspace/Sources/AsyncLocationKit/Settings/LocationAccuracy.swift /Users/admin/builder/spi-builder-workspace/Sources/AsyncLocationKit/Settings/LocationPermission.swift -target arm64-apple-tvos15.0 -disable-cross-import-overlay-search -load-resolved-plugin /Applications/Xcode-27.0.0-Release.Candidate.app/Contents/Developer/Platforms/AppleTVOS.platform/Developer/usr/lib/swift/host/plugins/libFoundationMacros.dylib\#/Applications/Xcode-27.0.0-Release.Candidate.app/Contents/Developer/Platforms/AppleTVOS.platform/Developer/usr/bin/swift-plugin-server\#FoundationMacros -load-resolved-plugin /Applications/Xcode-27.0.0-Release.Candidate.app/Contents/Developer/Platforms/AppleTVOS.platform/Developer/usr/lib/swift/host/plugins/libObservationMacros.dylib\#/Applications/Xcode-27.0.0-Release.Candidate.app/Contents/Developer/Platforms/AppleTVOS.platform/Developer/usr/bin/swift-plugin-server\#ObservationMacros -load-resolved-plugin /Applications/Xcode-27.0.0-Release.Candidate.app/Contents/Developer/Platforms/AppleTVOS.platform/Developer/usr/lib/swift/host/plugins/libPreviewsMacros.dylib\#/Applications/Xcode-27.0.0-Release.Candidate.app/Contents/Developer/Platforms/AppleTVOS.platform/Developer/usr/bin/swift-plugin-server\#PreviewsMacros -load-resolved-plugin /Applications/Xcode-27.0.0-Release.Candidate.app/Contents/Developer/Platforms/AppleTVOS.platform/Developer/usr/lib/swift/host/plugins/libSwiftMacros.dylib\#/Applications/Xcode-27.0.0-Release.Candidate.app/Contents/Developer/Platforms/AppleTVOS.platform/Developer/usr/bin/swift-plugin-server\#SwiftMacros -load-resolved-plugin /Applications/Xcode-27.0.0-Release.Candidate.app/Contents/Developer/Platforms/AppleTVOS.platform/Developer/usr/lib/swift/host/plugins/libSwiftUIMacros.dylib\#/Applications/Xcode-27.0.0-Release.Candidate.app/Contents/Developer/Platforms/AppleTVOS.platform/Developer/usr/bin/swift-plugin-server\#SwiftUIMacros -disable-implicit-swift-modules -Xcc -fno-implicit-modules -Xcc -fno-implicit-module-maps -explicit-swift-module-map-file /Users/admin/builder/spi-builder-workspace/.derivedData/Build/Intermediates.noindex/AsyncLocationKit.build/Debug-appletvos/AsyncLocationKit-t.build/Objects-normal/arm64/AsyncLocationKit-dependencies-1.json -Xllvm -aarch64-use-tbi -enable-objc-interop -stack-check -sdk /Applications/Xcode-27.0.0-Release.Candidate.app/Contents/Developer/Platforms/AppleTVOS.platform/Developer/SDKs/AppleTVOS27.0.sdk -I /Users/admin/builder/spi-builder-workspace/.derivedData/Build/Products/Debug-appletvos -Isystem /Applications/Xcode-27.0.0-Release.Candidate.app/Contents/Developer/Platforms/AppleTVOS.platform/Developer/usr/lib -F /Users/admin/builder/spi-builder-workspace/.derivedData/Build/Products/Debug-appletvos -F /Applications/Xcode-27.0.0-Release.Candidate.app/Contents/Developer/Platforms/AppleTVOS.platform/Developer/Library/Frameworks -F /Applications/Xcode-27.0.0-Release.Candidate.app/Contents/Developer/Platforms/AppleTVOS.platform/Developer/SDKs/AppleTVOS27.0.sdk/Developer/Library/Frameworks -module-cache-path /Users/admin/builder/spi-builder-workspace/.derivedData/Build/Intermediates.noindex/SwiftExplicitPrecompiledModules -no-color-diagnostics -Xcc -fno-color-diagnostics -enable-testing -g -debug-info-format\=dwarf -dwarf-version\=4 -profile-generate -profile-coverage-mapping -swift-version 5 -Onone -D SWIFT_PACKAGE -D DEBUG -D SWIFT_MODULE_RESOURCE_BUNDLE_UNAVAILABLE -D Xcode -serialize-debugging-options -enable-experimental-feature DebugDescriptionMacro -empty-abi-descriptor -validate-clang-modules-once -clang-build-session-file /Users/admin/builder/spi-builder-workspace/.derivedData/ModuleCache.noindex/Session.modulevalidation -Xcc -working-directory -Xcc /Users/admin/builder/spi-builder-workspace/.swiftpm/xcode -enable-anonymous-context-mangled-names -file-compilation-dir /Users/admin/builder/spi-builder-workspace/.swiftpm/xcode -Xcc -D_LIBCPP_HARDENING_MODE\=_LIBCPP_HARDENING_MODE_DEBUG -Xcc -ivfsstatcache -Xcc /Users/admin/builder/spi-builder-workspace/.derivedData/SDKStatCaches.noindex/appletvos27.0-24J360-e829b21a6f8c9b70876ba0858053c044b32bfd8d43560033f8d89884cdb90028.sdkstatcache -Xcc -fmodules-prune-interval\=86400 -Xcc -fmodules-prune-after\=345600 -Xcc -I/Users/admin/builder/spi-builder-workspace/.derivedData/Build/Products/Debug-appletvos/include -Xcc -I/Users/admin/builder/spi-builder-workspace/.derivedData/Build/Intermediates.noindex/AsyncLocationKit.build/Debug-appletvos/AsyncLocationKit-t.build/DerivedSources-normal/arm64 -Xcc -I/Users/admin/builder/spi-builder-workspace/.derivedData/Build/Intermediates.noindex/AsyncLocationKit.build/Debug-appletvos/AsyncLocationKit-t.build/DerivedSources/arm64 -Xcc -I/Users/admin/builder/spi-builder-workspace/.derivedData/Build/Intermediates.noindex/AsyncLocationKit.build/Debug-appletvos/AsyncLocationKit-t.build/DerivedSources -Xcc -DSWIFT_PACKAGE -Xcc -DDEBUG\=1 -no-auto-bridging-header-chaining -module-name AsyncLocationKit -const-gather-protocols-file /Users/admin/builder/spi-builder-workspace/.derivedData/Build/Intermediates.noindex/AsyncLocationKit.build/Debug-appletvos/AsyncLocationKit-t.build/Objects-normal/arm64/AsyncLocationKit_const_extract_protocols.json -disable-clang-spi -clang-target arm64-apple-tvos27.0 -target-sdk-version 27.0 -target-sdk-name appletvos27.0 -in-process-plugin-server-path /Applications/Xcode-27.0.0-Release.Candidate.app/Contents/Developer/Toolchains/XcodeDefault.xctoolchain/usr/lib/swift/host/libSwiftInProcPluginServer.dylib -emit-module-doc-path /Users/admin/builder/spi-builder-workspace/.derivedData/Build/Intermediates.noindex/AsyncLocationKit.build/Debug-appletvos/AsyncLocationKit-t.build/Objects-normal/arm64/AsyncLocationKit.swiftdoc -emit-module-source-info-path /Users/admin/builder/spi-builder-workspace/.derivedData/Build/Intermediates.noindex/AsyncLocationKit.build/Debug-appletvos/AsyncLocationKit-t.build/Objects-normal/arm64/AsyncLocationKit.swiftsourceinfo -emit-objc-header-path /Users/admin/builder/spi-builder-workspace/.derivedData/Build/Intermediates.noindex/AsyncLocationKit.build/Debug-appletvos/AsyncLocationKit-t.build/Objects-normal/arm64/AsyncLocationKit-Swift.h -serialize-diagnostics-path /Users/admin/builder/spi-builder-workspace/.derivedData/Build/Intermediates.noindex/AsyncLocationKit.build/Debug-appletvos/AsyncLocationKit-t.build/Objects-normal/arm64/AsyncLocationKit-primary-emit-module.dia -emit-dependencies-path /Users/admin/builder/spi-builder-workspace/.derivedData/Build/Intermediates.noindex/AsyncLocationKit.build/Debug-appletvos/AsyncLocationKit-t.build/Objects-normal/arm64/AsyncLocationKit-primary-emit-module.d -parse-as-library -o /Users/admin/builder/spi-builder-workspace/.derivedData/Build/Intermediates.noindex/AsyncLocationKit.build/Debug-appletvos/AsyncLocationKit-t.build/Objects-normal/arm64/AsyncLocationKit.swiftmodule -emit-abi-descriptor-path /Users/admin/builder/spi-builder-workspace/.derivedData/Build/Intermediates.noindex/AsyncLocationKit.build/Debug-appletvos/AsyncLocationKit-t.build/Objects-normal/arm64/AsyncLocationKit.abi.json
SwiftCompile normal arm64 (in target 'AsyncLocationKit' from project 'AsyncLocationKit')
cd /Users/admin/builder/spi-builder-workspace/.swiftpm/xcode
SwiftCompile normal arm64 Compiling\ AsyncLocationKit.swift,\ AsyncLocationManager.swift,\ CoreLocationEvents.swift /Users/admin/builder/spi-builder-workspace/Sources/AsyncLocationKit/AsyncLocationKit.swift /Users/admin/builder/spi-builder-workspace/Sources/AsyncLocationKit/AsyncLocationManager.swift /Users/admin/builder/spi-builder-workspace/Sources/AsyncLocationKit/CoreLocationEvents.swift (in target 'AsyncLocationKit' from project 'AsyncLocationKit')
SwiftCompile normal arm64 /Users/admin/builder/spi-builder-workspace/Sources/AsyncLocationKit/AsyncLocationKit.swift (in target 'AsyncLocationKit' from project 'AsyncLocationKit')
cd /Users/admin/builder/spi-builder-workspace/.swiftpm/xcode
builtin-SwiftPerFileCompile AsyncLocationKit.swift
SwiftCompile normal arm64 /Users/admin/builder/spi-builder-workspace/Sources/AsyncLocationKit/AsyncLocationManager.swift (in target 'AsyncLocationKit' from project 'AsyncLocationKit')
cd /Users/admin/builder/spi-builder-workspace/.swiftpm/xcode
builtin-SwiftPerFileCompile AsyncLocationManager.swift
SwiftCompile normal arm64 /Users/admin/builder/spi-builder-workspace/Sources/AsyncLocationKit/CoreLocationEvents.swift (in target 'AsyncLocationKit' from project 'AsyncLocationKit')
cd /Users/admin/builder/spi-builder-workspace/.swiftpm/xcode
builtin-SwiftPerFileCompile CoreLocationEvents.swift
SwiftCompile normal arm64 Compiling\ LocationAccuracy.swift,\ LocationPermission.swift /Users/admin/builder/spi-builder-workspace/Sources/AsyncLocationKit/Settings/LocationAccuracy.swift /Users/admin/builder/spi-builder-workspace/Sources/AsyncLocationKit/Settings/LocationPermission.swift (in target 'AsyncLocationKit' from project 'AsyncLocationKit')
SwiftCompile normal arm64 /Users/admin/builder/spi-builder-workspace/Sources/AsyncLocationKit/Settings/LocationAccuracy.swift (in target 'AsyncLocationKit' from project 'AsyncLocationKit')
cd /Users/admin/builder/spi-builder-workspace/.swiftpm/xcode
builtin-SwiftPerFileCompile LocationAccuracy.swift
SwiftCompile normal arm64 /Users/admin/builder/spi-builder-workspace/Sources/AsyncLocationKit/Settings/LocationPermission.swift (in target 'AsyncLocationKit' from project 'AsyncLocationKit')
cd /Users/admin/builder/spi-builder-workspace/.swiftpm/xcode
builtin-SwiftPerFileCompile LocationPermission.swift
SwiftCompile normal arm64 Compiling\ SingleLocationUpdatePerformer.swift,\ VisitMonitoringPerformer.swift /Users/admin/builder/spi-builder-workspace/Sources/AsyncLocationKit/Performers/SingleLocationUpdatePerformer.swift /Users/admin/builder/spi-builder-workspace/Sources/AsyncLocationKit/Performers/VisitMonitoringPerformer.swift (in target 'AsyncLocationKit' from project 'AsyncLocationKit')
SwiftCompile normal arm64 /Users/admin/builder/spi-builder-workspace/Sources/AsyncLocationKit/Performers/SingleLocationUpdatePerformer.swift (in target 'AsyncLocationKit' from project 'AsyncLocationKit')
cd /Users/admin/builder/spi-builder-workspace/.swiftpm/xcode
builtin-SwiftPerFileCompile SingleLocationUpdatePerformer.swift
SwiftCompile normal arm64 /Users/admin/builder/spi-builder-workspace/Sources/AsyncLocationKit/Performers/VisitMonitoringPerformer.swift (in target 'AsyncLocationKit' from project 'AsyncLocationKit')
cd /Users/admin/builder/spi-builder-workspace/.swiftpm/xcode
builtin-SwiftPerFileCompile VisitMonitoringPerformer.swift
SwiftCompile normal arm64 Compiling\ RegionMonitoringPerformer.swift,\ SignificantLocationChangeMonitoringPerformer.swift /Users/admin/builder/spi-builder-workspace/Sources/AsyncLocationKit/Performers/RegionMonitoringPerformer.swift /Users/admin/builder/spi-builder-workspace/Sources/AsyncLocationKit/Performers/SignificantLocationChangeMonitoringPerformer.swift (in target 'AsyncLocationKit' from project 'AsyncLocationKit')
SwiftCompile normal arm64 /Users/admin/builder/spi-builder-workspace/Sources/AsyncLocationKit/Performers/RegionMonitoringPerformer.swift (in target 'AsyncLocationKit' from project 'AsyncLocationKit')
cd /Users/admin/builder/spi-builder-workspace/.swiftpm/xcode
builtin-SwiftPerFileCompile RegionMonitoringPerformer.swift
SwiftCompile normal arm64 /Users/admin/builder/spi-builder-workspace/Sources/AsyncLocationKit/Performers/SignificantLocationChangeMonitoringPerformer.swift (in target 'AsyncLocationKit' from project 'AsyncLocationKit')
cd /Users/admin/builder/spi-builder-workspace/.swiftpm/xcode
builtin-SwiftPerFileCompile SignificantLocationChangeMonitoringPerformer.swift
SwiftCompile normal arm64 Compiling\ AuthorizationMonitoringPerformer.swift,\ AuthorizationPerformer.swift /Users/admin/builder/spi-builder-workspace/Sources/AsyncLocationKit/Performers/AuthorizationMonitoringPerformer.swift /Users/admin/builder/spi-builder-workspace/Sources/AsyncLocationKit/Performers/AuthorizationPerformer.swift (in target 'AsyncLocationKit' from project 'AsyncLocationKit')
SwiftCompile normal arm64 /Users/admin/builder/spi-builder-workspace/Sources/AsyncLocationKit/Performers/AuthorizationMonitoringPerformer.swift (in target 'AsyncLocationKit' from project 'AsyncLocationKit')
cd /Users/admin/builder/spi-builder-workspace/.swiftpm/xcode
builtin-SwiftPerFileCompile AuthorizationMonitoringPerformer.swift
SwiftCompile normal arm64 /Users/admin/builder/spi-builder-workspace/Sources/AsyncLocationKit/Performers/AuthorizationPerformer.swift (in target 'AsyncLocationKit' from project 'AsyncLocationKit')
cd /Users/admin/builder/spi-builder-workspace/.swiftpm/xcode
builtin-SwiftPerFileCompile AuthorizationPerformer.swift
SwiftCompile normal arm64 Compiling\ BeaconsRangePerformer.swift,\ HeadingMonitorPerformer.swift /Users/admin/builder/spi-builder-workspace/Sources/AsyncLocationKit/Performers/BeaconsRangePerformer.swift /Users/admin/builder/spi-builder-workspace/Sources/AsyncLocationKit/Performers/HeadingMonitorPerformer.swift (in target 'AsyncLocationKit' from project 'AsyncLocationKit')
/Users/admin/builder/spi-builder-workspace/Sources/AsyncLocationKit/Performers/BeaconsRangePerformer.swift:46:6: error: stored properties cannot be marked unavailable with '@available'
44 |
45 | @available(watchOS, unavailable)
46 | @available(tvOS, unavailable)
| `- error: stored properties cannot be marked unavailable with '@available'
47 | var satisfying: CLBeaconIdentityConstraint
48 |
/Users/admin/builder/spi-builder-workspace/Sources/AsyncLocationKit/Performers/BeaconsRangePerformer.swift:47:21: error: 'CLBeaconIdentityConstraint' is unavailable in tvOS
45 | @available(watchOS, unavailable)
46 | @available(tvOS, unavailable)
47 | var satisfying: CLBeaconIdentityConstraint
| `- error: 'CLBeaconIdentityConstraint' is unavailable in tvOS
48 |
49 | @available(watchOS, unavailable)
/Applications/Xcode-27.0.0-Release.Candidate.app/Contents/Developer/Platforms/AppleTVOS.platform/Developer/SDKs/AppleTVOS27.0.sdk/System/Library/Frameworks/CoreLocation.framework/Headers/CLBeaconIdentityConstraint.h:30:12: note: 'CLBeaconIdentityConstraint' has been explicitly marked unavailable here
28 | API_UNAVAILABLE(watchos, tvos)
29 | API_UNAVAILABLE(visionos)
30 | @interface CLBeaconIdentityConstraint : CLBeaconIdentityCondition<NSCopying, NSSecureCoding>
| `- note: 'CLBeaconIdentityConstraint' has been explicitly marked unavailable here
31 |
32 | @end
/Users/admin/builder/spi-builder-workspace/Sources/AsyncLocationKit/Performers/BeaconsRangePerformer.swift:50:6: error: stored properties cannot be marked unavailable with '@available'
48 |
49 | @available(watchOS, unavailable)
50 | @available(tvOS, unavailable)
| `- error: stored properties cannot be marked unavailable with '@available'
51 | var stream: BeaconsRangingStream.Continuation?
52 |
SwiftCompile normal arm64 /Users/admin/builder/spi-builder-workspace/Sources/AsyncLocationKit/Performers/BeaconsRangePerformer.swift (in target 'AsyncLocationKit' from project 'AsyncLocationKit')
cd /Users/admin/builder/spi-builder-workspace/.swiftpm/xcode
builtin-SwiftPerFileCompile BeaconsRangePerformer.swift
SwiftCompile normal arm64 /Users/admin/builder/spi-builder-workspace/Sources/AsyncLocationKit/Performers/HeadingMonitorPerformer.swift (in target 'AsyncLocationKit' from project 'AsyncLocationKit')
cd /Users/admin/builder/spi-builder-workspace/.swiftpm/xcode
builtin-SwiftPerFileCompile HeadingMonitorPerformer.swift
SwiftCompile normal arm64 Compiling\ AccuracyAuthorizationMonitoringPerformer.swift,\ AccuracyAuthorizationPerformer.swift /Users/admin/builder/spi-builder-workspace/Sources/AsyncLocationKit/Performers/AccuracyAuthorizationMonitoringPerformer.swift /Users/admin/builder/spi-builder-workspace/Sources/AsyncLocationKit/Performers/AccuracyAuthorizationPerformer.swift (in target 'AsyncLocationKit' from project 'AsyncLocationKit')
SwiftCompile normal arm64 /Users/admin/builder/spi-builder-workspace/Sources/AsyncLocationKit/Performers/AccuracyAuthorizationMonitoringPerformer.swift (in target 'AsyncLocationKit' from project 'AsyncLocationKit')
cd /Users/admin/builder/spi-builder-workspace/.swiftpm/xcode
builtin-SwiftPerFileCompile AccuracyAuthorizationMonitoringPerformer.swift
SwiftCompile normal arm64 /Users/admin/builder/spi-builder-workspace/Sources/AsyncLocationKit/Performers/AccuracyAuthorizationPerformer.swift (in target 'AsyncLocationKit' from project 'AsyncLocationKit')
cd /Users/admin/builder/spi-builder-workspace/.swiftpm/xcode
builtin-SwiftPerFileCompile AccuracyAuthorizationPerformer.swift
SwiftCompile normal arm64 Compiling\ AnyLocationPerformer.swift,\ ApplicationStateMonitor.swift,\ AsyncDelegateProxy.swift /Users/admin/builder/spi-builder-workspace/Sources/AsyncLocationKit/AnyLocationPerformer.swift /Users/admin/builder/spi-builder-workspace/Sources/AsyncLocationKit/ApplicationStateMonitor.swift /Users/admin/builder/spi-builder-workspace/Sources/AsyncLocationKit/AsyncDelegateProxy.swift (in target 'AsyncLocationKit' from project 'AsyncLocationKit')
SwiftCompile normal arm64 /Users/admin/builder/spi-builder-workspace/Sources/AsyncLocationKit/AnyLocationPerformer.swift (in target 'AsyncLocationKit' from project 'AsyncLocationKit')
cd /Users/admin/builder/spi-builder-workspace/.swiftpm/xcode
builtin-SwiftPerFileCompile AnyLocationPerformer.swift
SwiftCompile normal arm64 /Users/admin/builder/spi-builder-workspace/Sources/AsyncLocationKit/ApplicationStateMonitor.swift (in target 'AsyncLocationKit' from project 'AsyncLocationKit')
cd /Users/admin/builder/spi-builder-workspace/.swiftpm/xcode
builtin-SwiftPerFileCompile ApplicationStateMonitor.swift
SwiftCompile normal arm64 /Users/admin/builder/spi-builder-workspace/Sources/AsyncLocationKit/AsyncDelegateProxy.swift (in target 'AsyncLocationKit' from project 'AsyncLocationKit')
cd /Users/admin/builder/spi-builder-workspace/.swiftpm/xcode
builtin-SwiftPerFileCompile AsyncDelegateProxy.swift
PruneExplicitPrecompiledModules /Users/admin/builder/spi-builder-workspace/.derivedData/Build/Intermediates.noindex/SwiftExplicitPrecompiledModules
PruneExplicitPrecompiledModules /Users/admin/builder/spi-builder-workspace/.derivedData/SDKExplicitPrecompiledModules
PruneExplicitPrecompiledModules /Users/admin/builder/spi-builder-workspace/.derivedData/Build/Intermediates.noindex/ExplicitPrecompiledModules
2026-09-24 16:25:25.565 xcodebuild[651:4207] [MT] IDERunDestination: Supported platforms for the buildables in the current scheme is empty.
** BUILD FAILED **
The following build commands failed:
SwiftEmitModule normal arm64 Emitting\ module\ for\ AsyncLocationKit (in target 'AsyncLocationKit' from project 'AsyncLocationKit')
SwiftCompile normal arm64 (in target 'AsyncLocationKit' from project 'AsyncLocationKit')
Building workspace AsyncLocationKit with scheme AsyncLocationKit
(3 failures)
Command line invocation:
/Applications/Xcode-27.0.0-Release.Candidate.app/Contents/Developer/usr/bin/xcodebuild -IDEClonedSourcePackagesDirPathOverride=/Users/admin/builder/spi-builder-workspace/.dependencies -resolvePackageDependencies
Resolve Package Graph
Resolved source packages:
AsyncLocationKit: /Users/admin/builder/spi-builder-workspace
resolved source packages: AsyncLocationKit
2026-09-24 16:25:31.558 xcodebuild[732:4554] [MT] IDERunDestination: Supported platforms for the buildables in the current scheme is empty.
{
"dependencies" : [
],
"manifest_display_name" : "AsyncLocationKit",
"name" : "AsyncLocationKit",
"path" : "/Users/admin/builder/spi-builder-workspace",
"platforms" : [
{
"name" : "ios",
"version" : "13.0"
},
{
"name" : "macos",
"version" : "12.0"
},
{
"name" : "watchos",
"version" : "6.0"
}
],
"products" : [
{
"name" : "AsyncLocationKit",
"targets" : [
"AsyncLocationKit"
],
"type" : {
"library" : [
"automatic"
]
}
}
],
"swift_languages_versions" : [
"5"
],
"targets" : [
{
"c99name" : "AsyncLocationKitTests",
"module_type" : "SwiftTarget",
"name" : "AsyncLocationKitTests",
"path" : "Tests/AsyncLocationKitTests",
"sources" : [
"AsyncLocationKitTests.swift",
"LocationManager.swift"
],
"target_dependencies" : [
"AsyncLocationKit"
],
"type" : "test"
},
{
"c99name" : "AsyncLocationKit",
"module_type" : "SwiftTarget",
"name" : "AsyncLocationKit",
"path" : "Sources/AsyncLocationKit",
"product_memberships" : [
"AsyncLocationKit"
],
"sources" : [
"AnyLocationPerformer.swift",
"ApplicationStateMonitor.swift",
"AsyncDelegateProxy.swift",
"AsyncLocationKit.swift",
"AsyncLocationManager.swift",
"CoreLocationEvents.swift",
"Extensions/Array+Extensions.swift",
"Helpers/NotificationNames.swift",
"LocationDelegate.swift",
"Performers/AccuracyAuthorizationMonitoringPerformer.swift",
"Performers/AccuracyAuthorizationPerformer.swift",
"Performers/AuthorizationMonitoringPerformer.swift",
"Performers/AuthorizationPerformer.swift",
"Performers/BeaconsRangePerformer.swift",
"Performers/HeadingMonitorPerformer.swift",
"Performers/LocationEnabledMonitoringPerformer.swift",
"Performers/MonitoringUpdateLocationPerformer.swift",
"Performers/RegionMonitoringPerformer.swift",
"Performers/SignificantLocationChangeMonitoringPerformer.swift",
"Performers/SingleLocationUpdatePerformer.swift",
"Performers/VisitMonitoringPerformer.swift",
"Settings/LocationAccuracy.swift",
"Settings/LocationPermission.swift"
],
"type" : "library"
}
],
"tools_version" : "5.5"
}
{
"workspace" : {
"name" : "AsyncLocationKit",
"schemes" : [
"AsyncLocationKit"
]
}
}
2026-09-24 16:25:32.788 xcodebuild[740:4622] [MT] IDERunDestination: Supported platforms for the buildables in the current scheme is empty.
Running build ...
env DEVELOPER_DIR=/Applications/Xcode-27.0.0-Release.Candidate.app xcrun xcodebuild -IDEClonedSourcePackagesDirPathOverride=$PWD/.dependencies -skipMacroValidation -skipPackagePluginValidation -derivedDataPath $PWD/.derivedData build -scheme AsyncLocationKit -destination generic/platform=tvOS
Command line invocation:
/Applications/Xcode-27.0.0-Release.Candidate.app/Contents/Developer/usr/bin/xcodebuild -IDEClonedSourcePackagesDirPathOverride=/Users/admin/builder/spi-builder-workspace/.dependencies -skipMacroValidation -skipPackagePluginValidation -derivedDataPath /Users/admin/builder/spi-builder-workspace/.derivedData build -scheme AsyncLocationKit -destination generic/platform=tvOS
Resolve Package Graph
Resolved source packages:
AsyncLocationKit: /Users/admin/builder/spi-builder-workspace
ComputePackagePrebuildTargetDependencyGraph
Prepare packages
CreateBuildRequest
SendProjectDescription
CreateBuildOperation
ComputeTargetDependencyGraph
note: Building targets in dependency order
note: Target dependency graph (2 targets)
Target 'AsyncLocationKit-product' in project 'AsyncLocationKit'
➜ Explicit dependency on target 'AsyncLocationKit' in project 'AsyncLocationKit'
Target 'AsyncLocationKit' in project 'AsyncLocationKit' (no dependencies)
GatherProvisioningInputs
CreateBuildDescription
ClangStatCache /Applications/Xcode-27.0.0-Release.Candidate.app/Contents/Developer/Toolchains/XcodeDefault.xctoolchain/usr/bin/clang-stat-cache /Applications/Xcode-27.0.0-Release.Candidate.app/Contents/Developer/Platforms/AppleTVOS.platform/Developer/SDKs/AppleTVOS27.0.sdk /Users/admin/builder/spi-builder-workspace/.derivedData/SDKStatCaches.noindex/appletvos27.0-24J360-e829b21a6f8c9b70876ba0858053c044b32bfd8d43560033f8d89884cdb90028.sdkstatcache
cd /Users/admin/builder/spi-builder-workspace/.swiftpm/xcode
/Applications/Xcode-27.0.0-Release.Candidate.app/Contents/Developer/Toolchains/XcodeDefault.xctoolchain/usr/bin/clang-stat-cache /Applications/Xcode-27.0.0-Release.Candidate.app/Contents/Developer/Platforms/AppleTVOS.platform/Developer/SDKs/AppleTVOS27.0.sdk -o /Users/admin/builder/spi-builder-workspace/.derivedData/SDKStatCaches.noindex/appletvos27.0-24J360-e829b21a6f8c9b70876ba0858053c044b32bfd8d43560033f8d89884cdb90028.sdkstatcache
SwiftDriver AsyncLocationKit normal arm64 com.apple.xcode.tools.swift.compiler (in target 'AsyncLocationKit' from project 'AsyncLocationKit')
cd /Users/admin/builder/spi-builder-workspace/.swiftpm/xcode
builtin-SwiftDriver -- /Applications/Xcode-27.0.0-Release.Candidate.app/Contents/Developer/Toolchains/XcodeDefault.xctoolchain/usr/bin/swiftc -parse-as-library -module-name AsyncLocationKit -Onone @/Users/admin/builder/spi-builder-workspace/.derivedData/Build/Intermediates.noindex/AsyncLocationKit.build/Debug-appletvos/AsyncLocationKit-t.build/Objects-normal/arm64/AsyncLocationKit.SwiftFileList -DSWIFT_PACKAGE -DDEBUG -DSWIFT_MODULE_RESOURCE_BUNDLE_UNAVAILABLE -DXcode -plugin-path /Applications/Xcode-27.0.0-Release.Candidate.app/Contents/Developer/Toolchains/XcodeDefault.xctoolchain/usr/lib/swift/host/plugins/testing -enable-experimental-feature DebugDescriptionMacro -sdk /Applications/Xcode-27.0.0-Release.Candidate.app/Contents/Developer/Platforms/AppleTVOS.platform/Developer/SDKs/AppleTVOS27.0.sdk -target arm64-apple-tvos15.0 -g -module-cache-path /Users/admin/builder/spi-builder-workspace/.derivedData/ModuleCache.noindex -Xfrontend -serialize-debugging-options -profile-coverage-mapping -profile-generate -enable-testing -index-store-path /Users/admin/builder/spi-builder-workspace/.derivedData/Index.noindex/DataStore -Xcc -D_LIBCPP_HARDENING_MODE\=_LIBCPP_HARDENING_MODE_DEBUG -swift-version 5 -I /Users/admin/builder/spi-builder-workspace/.derivedData/Build/Products/Debug-appletvos -Isystem /Applications/Xcode-27.0.0-Release.Candidate.app/Contents/Developer/Platforms/AppleTVOS.platform/Developer/usr/lib -F /Users/admin/builder/spi-builder-workspace/.derivedData/Build/Products/Debug-appletvos -F /Applications/Xcode-27.0.0-Release.Candidate.app/Contents/Developer/Platforms/AppleTVOS.platform/Developer/Library/Frameworks -F /Applications/Xcode-27.0.0-Release.Candidate.app/Contents/Developer/Platforms/AppleTVOS.platform/Developer/SDKs/AppleTVOS27.0.sdk/Developer/Library/Frameworks -c -j10 -enable-batch-mode -incremental -Xcc -ivfsstatcache -Xcc /Users/admin/builder/spi-builder-workspace/.derivedData/SDKStatCaches.noindex/appletvos27.0-24J360-e829b21a6f8c9b70876ba0858053c044b32bfd8d43560033f8d89884cdb90028.sdkstatcache -output-file-map /Users/admin/builder/spi-builder-workspace/.derivedData/Build/Intermediates.noindex/AsyncLocationKit.build/Debug-appletvos/AsyncLocationKit-t.build/Objects-normal/arm64/AsyncLocationKit-OutputFileMap.json -save-temps -no-color-diagnostics -explicit-module-build -module-cache-path /Users/admin/builder/spi-builder-workspace/.derivedData/Build/Intermediates.noindex/SwiftExplicitPrecompiledModules -clang-scanner-module-cache-path /Users/admin/builder/spi-builder-workspace/.derivedData/ModuleCache.noindex -sdk-module-cache-path /Users/admin/builder/spi-builder-workspace/.derivedData/SDKExplicitPrecompiledModules -emit-dependencies -emit-module -emit-module-path /Users/admin/builder/spi-builder-workspace/.derivedData/Build/Intermediates.noindex/AsyncLocationKit.build/Debug-appletvos/AsyncLocationKit-t.build/Objects-normal/arm64/AsyncLocationKit.swiftmodule -serialize-diagnostics -dependency-scan-serialize-diagnostics-path /Users/admin/builder/spi-builder-workspace/.derivedData/Build/Intermediates.noindex/AsyncLocationKit.build/Debug-appletvos/AsyncLocationKit-t.build/Objects-normal/arm64/AsyncLocationKit-dependency-scan.dia -validate-clang-modules-once -clang-build-session-file /Users/admin/builder/spi-builder-workspace/.derivedData/ModuleCache.noindex/Session.modulevalidation -Xcc -fmodules-prune-interval\=86400 -Xcc -fmodules-prune-after\=345600 -emit-const-values -const-gather-protocols-list /Users/admin/builder/spi-builder-workspace/.derivedData/Build/Intermediates.noindex/AsyncLocationKit.build/Debug-appletvos/AsyncLocationKit-t.build/Objects-normal/arm64/AsyncLocationKit_const_extract_protocols.json -Xcc -I/Users/admin/builder/spi-builder-workspace/.derivedData/Build/Products/Debug-appletvos/include -Xcc -I/Users/admin/builder/spi-builder-workspace/.derivedData/Build/Intermediates.noindex/AsyncLocationKit.build/Debug-appletvos/AsyncLocationKit-t.build/DerivedSources-normal/arm64 -Xcc -I/Users/admin/builder/spi-builder-workspace/.derivedData/Build/Intermediates.noindex/AsyncLocationKit.build/Debug-appletvos/AsyncLocationKit-t.build/DerivedSources/arm64 -Xcc -I/Users/admin/builder/spi-builder-workspace/.derivedData/Build/Intermediates.noindex/AsyncLocationKit.build/Debug-appletvos/AsyncLocationKit-t.build/DerivedSources -Xcc -DSWIFT_PACKAGE -Xcc -DDEBUG\=1 -emit-objc-header -emit-objc-header-path /Users/admin/builder/spi-builder-workspace/.derivedData/Build/Intermediates.noindex/AsyncLocationKit.build/Debug-appletvos/AsyncLocationKit-t.build/Objects-normal/arm64/AsyncLocationKit-Swift.h -working-directory /Users/admin/builder/spi-builder-workspace/.swiftpm/xcode -experimental-emit-module-separately -disable-cmo
SwiftCompile normal arm64 Compiling\ Array+Extensions.swift,\ NotificationNames.swift,\ LocationDelegate.swift /Users/admin/builder/spi-builder-workspace/Sources/AsyncLocationKit/Extensions/Array+Extensions.swift /Users/admin/builder/spi-builder-workspace/Sources/AsyncLocationKit/Helpers/NotificationNames.swift /Users/admin/builder/spi-builder-workspace/Sources/AsyncLocationKit/LocationDelegate.swift (in target 'AsyncLocationKit' from project 'AsyncLocationKit')
SwiftCompile normal arm64 /Users/admin/builder/spi-builder-workspace/Sources/AsyncLocationKit/Extensions/Array+Extensions.swift (in target 'AsyncLocationKit' from project 'AsyncLocationKit')
cd /Users/admin/builder/spi-builder-workspace/.swiftpm/xcode
builtin-SwiftPerFileCompile Array+Extensions.swift
SwiftCompile normal arm64 /Users/admin/builder/spi-builder-workspace/Sources/AsyncLocationKit/Helpers/NotificationNames.swift (in target 'AsyncLocationKit' from project 'AsyncLocationKit')
cd /Users/admin/builder/spi-builder-workspace/.swiftpm/xcode
builtin-SwiftPerFileCompile NotificationNames.swift
SwiftCompile normal arm64 /Users/admin/builder/spi-builder-workspace/Sources/AsyncLocationKit/LocationDelegate.swift (in target 'AsyncLocationKit' from project 'AsyncLocationKit')
cd /Users/admin/builder/spi-builder-workspace/.swiftpm/xcode
builtin-SwiftPerFileCompile LocationDelegate.swift
SwiftCompile normal arm64 Compiling\ AnyLocationPerformer.swift,\ ApplicationStateMonitor.swift,\ AsyncDelegateProxy.swift /Users/admin/builder/spi-builder-workspace/Sources/AsyncLocationKit/AnyLocationPerformer.swift /Users/admin/builder/spi-builder-workspace/Sources/AsyncLocationKit/ApplicationStateMonitor.swift /Users/admin/builder/spi-builder-workspace/Sources/AsyncLocationKit/AsyncDelegateProxy.swift (in target 'AsyncLocationKit' from project 'AsyncLocationKit')
SwiftCompile normal arm64 /Users/admin/builder/spi-builder-workspace/Sources/AsyncLocationKit/AnyLocationPerformer.swift (in target 'AsyncLocationKit' from project 'AsyncLocationKit')
cd /Users/admin/builder/spi-builder-workspace/.swiftpm/xcode
builtin-SwiftPerFileCompile AnyLocationPerformer.swift
SwiftCompile normal arm64 /Users/admin/builder/spi-builder-workspace/Sources/AsyncLocationKit/ApplicationStateMonitor.swift (in target 'AsyncLocationKit' from project 'AsyncLocationKit')
cd /Users/admin/builder/spi-builder-workspace/.swiftpm/xcode
builtin-SwiftPerFileCompile ApplicationStateMonitor.swift
SwiftCompile normal arm64 /Users/admin/builder/spi-builder-workspace/Sources/AsyncLocationKit/AsyncDelegateProxy.swift (in target 'AsyncLocationKit' from project 'AsyncLocationKit')
cd /Users/admin/builder/spi-builder-workspace/.swiftpm/xcode
builtin-SwiftPerFileCompile AsyncDelegateProxy.swift
SwiftCompile normal arm64 Compiling\ AsyncLocationKit.swift,\ AsyncLocationManager.swift,\ CoreLocationEvents.swift /Users/admin/builder/spi-builder-workspace/Sources/AsyncLocationKit/AsyncLocationKit.swift /Users/admin/builder/spi-builder-workspace/Sources/AsyncLocationKit/AsyncLocationManager.swift /Users/admin/builder/spi-builder-workspace/Sources/AsyncLocationKit/CoreLocationEvents.swift (in target 'AsyncLocationKit' from project 'AsyncLocationKit')
SwiftCompile normal arm64 /Users/admin/builder/spi-builder-workspace/Sources/AsyncLocationKit/AsyncLocationKit.swift (in target 'AsyncLocationKit' from project 'AsyncLocationKit')
cd /Users/admin/builder/spi-builder-workspace/.swiftpm/xcode
builtin-SwiftPerFileCompile AsyncLocationKit.swift
SwiftCompile normal arm64 /Users/admin/builder/spi-builder-workspace/Sources/AsyncLocationKit/AsyncLocationManager.swift (in target 'AsyncLocationKit' from project 'AsyncLocationKit')
cd /Users/admin/builder/spi-builder-workspace/.swiftpm/xcode
builtin-SwiftPerFileCompile AsyncLocationManager.swift
SwiftCompile normal arm64 /Users/admin/builder/spi-builder-workspace/Sources/AsyncLocationKit/CoreLocationEvents.swift (in target 'AsyncLocationKit' from project 'AsyncLocationKit')
cd /Users/admin/builder/spi-builder-workspace/.swiftpm/xcode
builtin-SwiftPerFileCompile CoreLocationEvents.swift
SwiftEmitModule normal arm64 Emitting\ module\ for\ AsyncLocationKit (in target 'AsyncLocationKit' from project 'AsyncLocationKit')
/Users/admin/builder/spi-builder-workspace/Sources/AsyncLocationKit/Performers/BeaconsRangePerformer.swift:46:6: error: stored properties cannot be marked unavailable with '@available'
44 |
45 | @available(watchOS, unavailable)
46 | @available(tvOS, unavailable)
| `- error: stored properties cannot be marked unavailable with '@available'
47 | var satisfying: CLBeaconIdentityConstraint
48 |
/Users/admin/builder/spi-builder-workspace/Sources/AsyncLocationKit/Performers/BeaconsRangePerformer.swift:47:21: error: 'CLBeaconIdentityConstraint' is unavailable in tvOS
45 | @available(watchOS, unavailable)
46 | @available(tvOS, unavailable)
47 | var satisfying: CLBeaconIdentityConstraint
| `- error: 'CLBeaconIdentityConstraint' is unavailable in tvOS
48 |
49 | @available(watchOS, unavailable)
/Applications/Xcode-27.0.0-Release.Candidate.app/Contents/Developer/Platforms/AppleTVOS.platform/Developer/SDKs/AppleTVOS27.0.sdk/System/Library/Frameworks/CoreLocation.framework/Headers/CLBeaconIdentityConstraint.h:30:12: note: 'CLBeaconIdentityConstraint' has been explicitly marked unavailable here
28 | API_UNAVAILABLE(watchos, tvos)
29 | API_UNAVAILABLE(visionos)
30 | @interface CLBeaconIdentityConstraint : CLBeaconIdentityCondition<NSCopying, NSSecureCoding>
| `- note: 'CLBeaconIdentityConstraint' has been explicitly marked unavailable here
31 |
32 | @end
/Users/admin/builder/spi-builder-workspace/Sources/AsyncLocationKit/Performers/BeaconsRangePerformer.swift:50:6: error: stored properties cannot be marked unavailable with '@available'
48 |
49 | @available(watchOS, unavailable)
50 | @available(tvOS, unavailable)
| `- error: stored properties cannot be marked unavailable with '@available'
51 | var stream: BeaconsRangingStream.Continuation?
52 |
/Users/admin/builder/spi-builder-workspace/Sources/AsyncLocationKit/Performers/BeaconsRangePerformer.swift:51:17: error: 'BeaconsRangingStream' is unavailable in tvOS
49 | @available(watchOS, unavailable)
50 | @available(tvOS, unavailable)
51 | var stream: BeaconsRangingStream.Continuation?
| `- error: 'BeaconsRangingStream' is unavailable in tvOS
52 |
53 | @available(watchOS, unavailable)
/Users/admin/builder/spi-builder-workspace/Sources/AsyncLocationKit/AsyncLocationManager.swift:39:18: note: 'BeaconsRangingStream' has been explicitly marked unavailable here
37 | @available(watchOS, unavailable)
38 | @available(tvOS, unavailable)
39 | public typealias BeaconsRangingStream = AsyncStream<BeaconRangeEvent>
| `- note: 'BeaconsRangingStream' has been explicitly marked unavailable here
40 |
41 | /// Modern async/await wrapper for CoreLocation framework.
Failed frontend command:
/Applications/Xcode-27.0.0-Release.Candidate.app/Contents/Developer/Toolchains/XcodeDefault.xctoolchain/usr/bin/swift-frontend -frontend -emit-module -experimental-skip-non-inlinable-function-bodies-without-types /Users/admin/builder/spi-builder-workspace/Sources/AsyncLocationKit/AnyLocationPerformer.swift /Users/admin/builder/spi-builder-workspace/Sources/AsyncLocationKit/ApplicationStateMonitor.swift /Users/admin/builder/spi-builder-workspace/Sources/AsyncLocationKit/AsyncDelegateProxy.swift /Users/admin/builder/spi-builder-workspace/Sources/AsyncLocationKit/AsyncLocationKit.swift /Users/admin/builder/spi-builder-workspace/Sources/AsyncLocationKit/AsyncLocationManager.swift /Users/admin/builder/spi-builder-workspace/Sources/AsyncLocationKit/CoreLocationEvents.swift /Users/admin/builder/spi-builder-workspace/Sources/AsyncLocationKit/Extensions/Array+Extensions.swift /Users/admin/builder/spi-builder-workspace/Sources/AsyncLocationKit/Helpers/NotificationNames.swift /Users/admin/builder/spi-builder-workspace/Sources/AsyncLocationKit/LocationDelegate.swift /Users/admin/builder/spi-builder-workspace/Sources/AsyncLocationKit/Performers/AccuracyAuthorizationMonitoringPerformer.swift /Users/admin/builder/spi-builder-workspace/Sources/AsyncLocationKit/Performers/AccuracyAuthorizationPerformer.swift /Users/admin/builder/spi-builder-workspace/Sources/AsyncLocationKit/Performers/AuthorizationMonitoringPerformer.swift /Users/admin/builder/spi-builder-workspace/Sources/AsyncLocationKit/Performers/AuthorizationPerformer.swift /Users/admin/builder/spi-builder-workspace/Sources/AsyncLocationKit/Performers/BeaconsRangePerformer.swift /Users/admin/builder/spi-builder-workspace/Sources/AsyncLocationKit/Performers/HeadingMonitorPerformer.swift /Users/admin/builder/spi-builder-workspace/Sources/AsyncLocationKit/Performers/LocationEnabledMonitoringPerformer.swift /Users/admin/builder/spi-builder-workspace/Sources/AsyncLocationKit/Performers/MonitoringUpdateLocationPerformer.swift /Users/admin/builder/spi-builder-workspace/Sources/AsyncLocationKit/Performers/RegionMonitoringPerformer.swift /Users/admin/builder/spi-builder-workspace/Sources/AsyncLocationKit/Performers/SignificantLocationChangeMonitoringPerformer.swift /Users/admin/builder/spi-builder-workspace/Sources/AsyncLocationKit/Performers/SingleLocationUpdatePerformer.swift /Users/admin/builder/spi-builder-workspace/Sources/AsyncLocationKit/Performers/VisitMonitoringPerformer.swift /Users/admin/builder/spi-builder-workspace/Sources/AsyncLocationKit/Settings/LocationAccuracy.swift /Users/admin/builder/spi-builder-workspace/Sources/AsyncLocationKit/Settings/LocationPermission.swift -target arm64-apple-tvos15.0 -disable-cross-import-overlay-search -load-resolved-plugin /Applications/Xcode-27.0.0-Release.Candidate.app/Contents/Developer/Platforms/AppleTVOS.platform/Developer/usr/lib/swift/host/plugins/libFoundationMacros.dylib\#/Applications/Xcode-27.0.0-Release.Candidate.app/Contents/Developer/Platforms/AppleTVOS.platform/Developer/usr/bin/swift-plugin-server\#FoundationMacros -load-resolved-plugin /Applications/Xcode-27.0.0-Release.Candidate.app/Contents/Developer/Platforms/AppleTVOS.platform/Developer/usr/lib/swift/host/plugins/libObservationMacros.dylib\#/Applications/Xcode-27.0.0-Release.Candidate.app/Contents/Developer/Platforms/AppleTVOS.platform/Developer/usr/bin/swift-plugin-server\#ObservationMacros -load-resolved-plugin /Applications/Xcode-27.0.0-Release.Candidate.app/Contents/Developer/Platforms/AppleTVOS.platform/Developer/usr/lib/swift/host/plugins/libPreviewsMacros.dylib\#/Applications/Xcode-27.0.0-Release.Candidate.app/Contents/Developer/Platforms/AppleTVOS.platform/Developer/usr/bin/swift-plugin-server\#PreviewsMacros -load-resolved-plugin /Applications/Xcode-27.0.0-Release.Candidate.app/Contents/Developer/Platforms/AppleTVOS.platform/Developer/usr/lib/swift/host/plugins/libSwiftMacros.dylib\#/Applications/Xcode-27.0.0-Release.Candidate.app/Contents/Developer/Platforms/AppleTVOS.platform/Developer/usr/bin/swift-plugin-server\#SwiftMacros -load-resolved-plugin /Applications/Xcode-27.0.0-Release.Candidate.app/Contents/Developer/Platforms/AppleTVOS.platform/Developer/usr/lib/swift/host/plugins/libSwiftUIMacros.dylib\#/Applications/Xcode-27.0.0-Release.Candidate.app/Contents/Developer/Platforms/AppleTVOS.platform/Developer/usr/bin/swift-plugin-server\#SwiftUIMacros -disable-implicit-swift-modules -Xcc -fno-implicit-modules -Xcc -fno-implicit-module-maps -explicit-swift-module-map-file /Users/admin/builder/spi-builder-workspace/.derivedData/Build/Intermediates.noindex/AsyncLocationKit.build/Debug-appletvos/AsyncLocationKit-t.build/Objects-normal/arm64/AsyncLocationKit-dependencies-1.json -Xllvm -aarch64-use-tbi -enable-objc-interop -stack-check -sdk /Applications/Xcode-27.0.0-Release.Candidate.app/Contents/Developer/Platforms/AppleTVOS.platform/Developer/SDKs/AppleTVOS27.0.sdk -I /Users/admin/builder/spi-builder-workspace/.derivedData/Build/Products/Debug-appletvos -Isystem /Applications/Xcode-27.0.0-Release.Candidate.app/Contents/Developer/Platforms/AppleTVOS.platform/Developer/usr/lib -F /Users/admin/builder/spi-builder-workspace/.derivedData/Build/Products/Debug-appletvos -F /Applications/Xcode-27.0.0-Release.Candidate.app/Contents/Developer/Platforms/AppleTVOS.platform/Developer/Library/Frameworks -F /Applications/Xcode-27.0.0-Release.Candidate.app/Contents/Developer/Platforms/AppleTVOS.platform/Developer/SDKs/AppleTVOS27.0.sdk/Developer/Library/Frameworks -module-cache-path /Users/admin/builder/spi-builder-workspace/.derivedData/Build/Intermediates.noindex/SwiftExplicitPrecompiledModules -no-color-diagnostics -Xcc -fno-color-diagnostics -enable-testing -g -debug-info-format\=dwarf -dwarf-version\=4 -profile-generate -profile-coverage-mapping -swift-version 5 -Onone -D SWIFT_PACKAGE -D DEBUG -D SWIFT_MODULE_RESOURCE_BUNDLE_UNAVAILABLE -D Xcode -serialize-debugging-options -enable-experimental-feature DebugDescriptionMacro -empty-abi-descriptor -validate-clang-modules-once -clang-build-session-file /Users/admin/builder/spi-builder-workspace/.derivedData/ModuleCache.noindex/Session.modulevalidation -Xcc -working-directory -Xcc /Users/admin/builder/spi-builder-workspace/.swiftpm/xcode -enable-anonymous-context-mangled-names -file-compilation-dir /Users/admin/builder/spi-builder-workspace/.swiftpm/xcode -Xcc -D_LIBCPP_HARDENING_MODE\=_LIBCPP_HARDENING_MODE_DEBUG -Xcc -ivfsstatcache -Xcc /Users/admin/builder/spi-builder-workspace/.derivedData/SDKStatCaches.noindex/appletvos27.0-24J360-e829b21a6f8c9b70876ba0858053c044b32bfd8d43560033f8d89884cdb90028.sdkstatcache -Xcc -fmodules-prune-interval\=86400 -Xcc -fmodules-prune-after\=345600 -Xcc -I/Users/admin/builder/spi-builder-workspace/.derivedData/Build/Products/Debug-appletvos/include -Xcc -I/Users/admin/builder/spi-builder-workspace/.derivedData/Build/Intermediates.noindex/AsyncLocationKit.build/Debug-appletvos/AsyncLocationKit-t.build/DerivedSources-normal/arm64 -Xcc -I/Users/admin/builder/spi-builder-workspace/.derivedData/Build/Intermediates.noindex/AsyncLocationKit.build/Debug-appletvos/AsyncLocationKit-t.build/DerivedSources/arm64 -Xcc -I/Users/admin/builder/spi-builder-workspace/.derivedData/Build/Intermediates.noindex/AsyncLocationKit.build/Debug-appletvos/AsyncLocationKit-t.build/DerivedSources -Xcc -DSWIFT_PACKAGE -Xcc -DDEBUG\=1 -no-auto-bridging-header-chaining -module-name AsyncLocationKit -const-gather-protocols-file /Users/admin/builder/spi-builder-workspace/.derivedData/Build/Intermediates.noindex/AsyncLocationKit.build/Debug-appletvos/AsyncLocationKit-t.build/Objects-normal/arm64/AsyncLocationKit_const_extract_protocols.json -disable-clang-spi -clang-target arm64-apple-tvos27.0 -target-sdk-version 27.0 -target-sdk-name appletvos27.0 -in-process-plugin-server-path /Applications/Xcode-27.0.0-Release.Candidate.app/Contents/Developer/Toolchains/XcodeDefault.xctoolchain/usr/lib/swift/host/libSwiftInProcPluginServer.dylib -emit-module-doc-path /Users/admin/builder/spi-builder-workspace/.derivedData/Build/Intermediates.noindex/AsyncLocationKit.build/Debug-appletvos/AsyncLocationKit-t.build/Objects-normal/arm64/AsyncLocationKit.swiftdoc -emit-module-source-info-path /Users/admin/builder/spi-builder-workspace/.derivedData/Build/Intermediates.noindex/AsyncLocationKit.build/Debug-appletvos/AsyncLocationKit-t.build/Objects-normal/arm64/AsyncLocationKit.swiftsourceinfo -emit-objc-header-path /Users/admin/builder/spi-builder-workspace/.derivedData/Build/Intermediates.noindex/AsyncLocationKit.build/Debug-appletvos/AsyncLocationKit-t.build/Objects-normal/arm64/AsyncLocationKit-Swift.h -serialize-diagnostics-path /Users/admin/builder/spi-builder-workspace/.derivedData/Build/Intermediates.noindex/AsyncLocationKit.build/Debug-appletvos/AsyncLocationKit-t.build/Objects-normal/arm64/AsyncLocationKit-primary-emit-module.dia -emit-dependencies-path /Users/admin/builder/spi-builder-workspace/.derivedData/Build/Intermediates.noindex/AsyncLocationKit.build/Debug-appletvos/AsyncLocationKit-t.build/Objects-normal/arm64/AsyncLocationKit-primary-emit-module.d -parse-as-library -o /Users/admin/builder/spi-builder-workspace/.derivedData/Build/Intermediates.noindex/AsyncLocationKit.build/Debug-appletvos/AsyncLocationKit-t.build/Objects-normal/arm64/AsyncLocationKit.swiftmodule -emit-abi-descriptor-path /Users/admin/builder/spi-builder-workspace/.derivedData/Build/Intermediates.noindex/AsyncLocationKit.build/Debug-appletvos/AsyncLocationKit-t.build/Objects-normal/arm64/AsyncLocationKit.abi.json
SwiftCompile normal arm64 (in target 'AsyncLocationKit' from project 'AsyncLocationKit')
cd /Users/admin/builder/spi-builder-workspace/.swiftpm/xcode
SwiftCompile normal arm64 Compiling\ AuthorizationMonitoringPerformer.swift,\ AuthorizationPerformer.swift /Users/admin/builder/spi-builder-workspace/Sources/AsyncLocationKit/Performers/AuthorizationMonitoringPerformer.swift /Users/admin/builder/spi-builder-workspace/Sources/AsyncLocationKit/Performers/AuthorizationPerformer.swift (in target 'AsyncLocationKit' from project 'AsyncLocationKit')
SwiftCompile normal arm64 /Users/admin/builder/spi-builder-workspace/Sources/AsyncLocationKit/Performers/AuthorizationMonitoringPerformer.swift (in target 'AsyncLocationKit' from project 'AsyncLocationKit')
cd /Users/admin/builder/spi-builder-workspace/.swiftpm/xcode
builtin-SwiftPerFileCompile AuthorizationMonitoringPerformer.swift
SwiftCompile normal arm64 /Users/admin/builder/spi-builder-workspace/Sources/AsyncLocationKit/Performers/AuthorizationPerformer.swift (in target 'AsyncLocationKit' from project 'AsyncLocationKit')
cd /Users/admin/builder/spi-builder-workspace/.swiftpm/xcode
builtin-SwiftPerFileCompile AuthorizationPerformer.swift
SwiftCompile normal arm64 Compiling\ AccuracyAuthorizationMonitoringPerformer.swift,\ AccuracyAuthorizationPerformer.swift /Users/admin/builder/spi-builder-workspace/Sources/AsyncLocationKit/Performers/AccuracyAuthorizationMonitoringPerformer.swift /Users/admin/builder/spi-builder-workspace/Sources/AsyncLocationKit/Performers/AccuracyAuthorizationPerformer.swift (in target 'AsyncLocationKit' from project 'AsyncLocationKit')
SwiftCompile normal arm64 /Users/admin/builder/spi-builder-workspace/Sources/AsyncLocationKit/Performers/AccuracyAuthorizationMonitoringPerformer.swift (in target 'AsyncLocationKit' from project 'AsyncLocationKit')
cd /Users/admin/builder/spi-builder-workspace/.swiftpm/xcode
builtin-SwiftPerFileCompile AccuracyAuthorizationMonitoringPerformer.swift
SwiftCompile normal arm64 /Users/admin/builder/spi-builder-workspace/Sources/AsyncLocationKit/Performers/AccuracyAuthorizationPerformer.swift (in target 'AsyncLocationKit' from project 'AsyncLocationKit')
cd /Users/admin/builder/spi-builder-workspace/.swiftpm/xcode
builtin-SwiftPerFileCompile AccuracyAuthorizationPerformer.swift
SwiftCompile normal arm64 Compiling\ SingleLocationUpdatePerformer.swift,\ VisitMonitoringPerformer.swift /Users/admin/builder/spi-builder-workspace/Sources/AsyncLocationKit/Performers/SingleLocationUpdatePerformer.swift /Users/admin/builder/spi-builder-workspace/Sources/AsyncLocationKit/Performers/VisitMonitoringPerformer.swift (in target 'AsyncLocationKit' from project 'AsyncLocationKit')
SwiftCompile normal arm64 /Users/admin/builder/spi-builder-workspace/Sources/AsyncLocationKit/Performers/SingleLocationUpdatePerformer.swift (in target 'AsyncLocationKit' from project 'AsyncLocationKit')
cd /Users/admin/builder/spi-builder-workspace/.swiftpm/xcode
builtin-SwiftPerFileCompile SingleLocationUpdatePerformer.swift
SwiftCompile normal arm64 /Users/admin/builder/spi-builder-workspace/Sources/AsyncLocationKit/Performers/VisitMonitoringPerformer.swift (in target 'AsyncLocationKit' from project 'AsyncLocationKit')
cd /Users/admin/builder/spi-builder-workspace/.swiftpm/xcode
builtin-SwiftPerFileCompile VisitMonitoringPerformer.swift
SwiftCompile normal arm64 Compiling\ RegionMonitoringPerformer.swift,\ SignificantLocationChangeMonitoringPerformer.swift /Users/admin/builder/spi-builder-workspace/Sources/AsyncLocationKit/Performers/RegionMonitoringPerformer.swift /Users/admin/builder/spi-builder-workspace/Sources/AsyncLocationKit/Performers/SignificantLocationChangeMonitoringPerformer.swift (in target 'AsyncLocationKit' from project 'AsyncLocationKit')
SwiftCompile normal arm64 /Users/admin/builder/spi-builder-workspace/Sources/AsyncLocationKit/Performers/RegionMonitoringPerformer.swift (in target 'AsyncLocationKit' from project 'AsyncLocationKit')
cd /Users/admin/builder/spi-builder-workspace/.swiftpm/xcode
builtin-SwiftPerFileCompile RegionMonitoringPerformer.swift
SwiftCompile normal arm64 /Users/admin/builder/spi-builder-workspace/Sources/AsyncLocationKit/Performers/SignificantLocationChangeMonitoringPerformer.swift (in target 'AsyncLocationKit' from project 'AsyncLocationKit')
cd /Users/admin/builder/spi-builder-workspace/.swiftpm/xcode
builtin-SwiftPerFileCompile SignificantLocationChangeMonitoringPerformer.swift
SwiftCompile normal arm64 Compiling\ LocationEnabledMonitoringPerformer.swift,\ MonitoringUpdateLocationPerformer.swift /Users/admin/builder/spi-builder-workspace/Sources/AsyncLocationKit/Performers/LocationEnabledMonitoringPerformer.swift /Users/admin/builder/spi-builder-workspace/Sources/AsyncLocationKit/Performers/MonitoringUpdateLocationPerformer.swift (in target 'AsyncLocationKit' from project 'AsyncLocationKit')
SwiftCompile normal arm64 /Users/admin/builder/spi-builder-workspace/Sources/AsyncLocationKit/Performers/LocationEnabledMonitoringPerformer.swift (in target 'AsyncLocationKit' from project 'AsyncLocationKit')
cd /Users/admin/builder/spi-builder-workspace/.swiftpm/xcode
builtin-SwiftPerFileCompile LocationEnabledMonitoringPerformer.swift
SwiftCompile normal arm64 /Users/admin/builder/spi-builder-workspace/Sources/AsyncLocationKit/Performers/MonitoringUpdateLocationPerformer.swift (in target 'AsyncLocationKit' from project 'AsyncLocationKit')
cd /Users/admin/builder/spi-builder-workspace/.swiftpm/xcode
builtin-SwiftPerFileCompile MonitoringUpdateLocationPerformer.swift
SwiftCompile normal arm64 Compiling\ LocationAccuracy.swift,\ LocationPermission.swift /Users/admin/builder/spi-builder-workspace/Sources/AsyncLocationKit/Settings/LocationAccuracy.swift /Users/admin/builder/spi-builder-workspace/Sources/AsyncLocationKit/Settings/LocationPermission.swift (in target 'AsyncLocationKit' from project 'AsyncLocationKit')
SwiftCompile normal arm64 /Users/admin/builder/spi-builder-workspace/Sources/AsyncLocationKit/Settings/LocationAccuracy.swift (in target 'AsyncLocationKit' from project 'AsyncLocationKit')
cd /Users/admin/builder/spi-builder-workspace/.swiftpm/xcode
builtin-SwiftPerFileCompile LocationAccuracy.swift
SwiftCompile normal arm64 /Users/admin/builder/spi-builder-workspace/Sources/AsyncLocationKit/Settings/LocationPermission.swift (in target 'AsyncLocationKit' from project 'AsyncLocationKit')
cd /Users/admin/builder/spi-builder-workspace/.swiftpm/xcode
builtin-SwiftPerFileCompile LocationPermission.swift
SwiftCompile normal arm64 Compiling\ BeaconsRangePerformer.swift,\ HeadingMonitorPerformer.swift /Users/admin/builder/spi-builder-workspace/Sources/AsyncLocationKit/Performers/BeaconsRangePerformer.swift /Users/admin/builder/spi-builder-workspace/Sources/AsyncLocationKit/Performers/HeadingMonitorPerformer.swift (in target 'AsyncLocationKit' from project 'AsyncLocationKit')
SwiftCompile normal arm64 /Users/admin/builder/spi-builder-workspace/Sources/AsyncLocationKit/Performers/BeaconsRangePerformer.swift (in target 'AsyncLocationKit' from project 'AsyncLocationKit')
cd /Users/admin/builder/spi-builder-workspace/.swiftpm/xcode
builtin-SwiftPerFileCompile BeaconsRangePerformer.swift
SwiftCompile normal arm64 /Users/admin/builder/spi-builder-workspace/Sources/AsyncLocationKit/Performers/HeadingMonitorPerformer.swift (in target 'AsyncLocationKit' from project 'AsyncLocationKit')
cd /Users/admin/builder/spi-builder-workspace/.swiftpm/xcode
builtin-SwiftPerFileCompile HeadingMonitorPerformer.swift
PruneExplicitPrecompiledModules /Users/admin/builder/spi-builder-workspace/.derivedData/Build/Intermediates.noindex/ExplicitPrecompiledModules
PruneExplicitPrecompiledModules /Users/admin/builder/spi-builder-workspace/.derivedData/SDKExplicitPrecompiledModules
PruneExplicitPrecompiledModules /Users/admin/builder/spi-builder-workspace/.derivedData/Build/Intermediates.noindex/SwiftExplicitPrecompiledModules
2026-09-24 16:25:33.756 xcodebuild[741:4649] [MT] IDERunDestination: Supported platforms for the buildables in the current scheme is empty.
** BUILD FAILED **
The following build commands failed:
SwiftEmitModule normal arm64 Emitting\ module\ for\ AsyncLocationKit (in target 'AsyncLocationKit' from project 'AsyncLocationKit')
SwiftCompile normal arm64 (in target 'AsyncLocationKit' from project 'AsyncLocationKit')
Building workspace AsyncLocationKit with scheme AsyncLocationKit
(3 failures)
BUILD FAILURE 6.4 tvOS