The Swift Package Index logo.Swift Package Index

Build Information

Failed to build Tarscape, reference main (ce0261), with Swift 6.4 for Wasm on 18 Sep 2026 03:54:59 UTC.

Build Command

bash -c docker run --pull=always --rm -v "checkouts-53886769-0":/host -w "$PWD" -e JAVA_HOME="/root/.sdkman/candidates/java/current" -e SPI_BUILD="1" -e SPI_PROCESSING="1" registry.gitlab.com/saguaro1/spi-images:wasm-6.4-latest swift build --swift-sdk swift-6.4.x-DEVELOPMENT-SNAPSHOT-2026-09-04-a_wasm 2>&1

Build Log

========================================
RunAll
========================================
Builder version: 5.1.0
Interrupt handler set up.
========================================
Checkout
========================================
Clone URL: https://github.com/kayembi/Tarscape.git
Reference: main
Initialized empty Git repository in /host/spi-builder-workspace/.git/
hint: Using 'master' as the name for the initial branch. This default branch name
hint: is subject to change. To configure the initial branch name to use in all
hint: of your new repositories, which will suppress this warning, call:
hint:
hint: 	git config --global init.defaultBranch <name>
hint:
hint: Names commonly chosen instead of 'master' are 'main', 'trunk' and
hint: 'development'. The just-created branch can be renamed via this command:
hint:
hint: 	git branch -m <name>
From https://github.com/kayembi/Tarscape
 * branch            main       -> FETCH_HEAD
 * [new branch]      main       -> origin/main
HEAD is now at ce02616 - Added NaNo word count code and updated hoist header view.
Cloned https://github.com/kayembi/Tarscape.git
Revision (git rev-parse @):
ce026160f8f009275afd1cc8175a199aa3ec0072
SUCCESS checkout https://github.com/kayembi/Tarscape.git at main
========================================
Build
========================================
Selected platform:         wasm
Swift version:             6.4
Building package at path:  $PWD
https://github.com/kayembi/Tarscape.git
Running build ...
bash -c docker run --pull=always --rm -v "checkouts-53886769-0":/host -w "$PWD" -e JAVA_HOME="/root/.sdkman/candidates/java/current" -e SPI_BUILD="1" -e SPI_PROCESSING="1" registry.gitlab.com/saguaro1/spi-images:wasm-6.4-latest swift build --swift-sdk swift-6.4.x-DEVELOPMENT-SNAPSHOT-2026-09-04-a_wasm 2>&1
wasm-6.4-latest: Pulling from saguaro1/spi-images
Digest: sha256:4328fdb43c680d205c1d6761b1e3267aa38277eefdda9ddfb17b6a0f1a77857a
Status: Image is up to date for registry.gitlab.com/saguaro1/spi-images:wasm-6.4-latest
Building for debugging...
[Planning deferred tasks]
[27 / 35] Tarscape
error: SwiftCompile normal wasm32 failed with a nonzero exit code. Command line:     cd /host

/host/spi-builder-workspace/Sources/Tarscape/FileManager+Tar.swift:10:2: error: Objective-C interoperability is disabled
 8 | import Foundation
 9 |
10 | @objc // Expose this extension to Objective-C.
   |  `- error: Objective-C interoperability is disabled
11 | public extension FileManager {
12 |
/host/spi-builder-workspace/Sources/Tarscape/FileManager+Tar.swift:14:124: error: cannot find type 'Progress' in scope
12 |
13 |     @nonobjc
14 |     func extractTar(at tarURL: URL, to dirURL: URL, options: KBTarUnarchiver.Options = [.restoreFileAttributes], progress: Progress? = nil) throws {
   |                                                                                                                            `- error: cannot find type 'Progress' in scope
15 |         let unarchiver = try KBTarUnarchiver(tarURL: tarURL, options: options)
16 |
/host/spi-builder-workspace/Sources/Tarscape/FileManager+Tar.swift:32:102: error: cannot find type 'Progress' in scope
30 |
31 |     @nonobjc
32 |     func createTar(at tarURL: URL, from dirURL: URL, options: KBTarArchiver.Options = [],  progress: Progress? = nil) throws {
   |                                                                                                      `- error: cannot find type 'Progress' in scope
33 |         let archiver = KBTarArchiver(directoryURL: dirURL, options: options)
34 |
/host/spi-builder-workspace/Sources/Tarscape/FileManager+Tar.swift:59:89: error: cannot find type 'Progress' in scope
57 |     /// - Parameter progressBody: A closure with a `Double` parameter representing the current progress (from 0.0 to 1.0).
58 |     @objc(extractTarAtURL:toDirectoryAtURL:restoreAttributes:progressBlock:error:)
59 |     func extractTar(at tarURL: URL, to dirURL: URL, restoreAttributes: Bool,  progress: Progress? = nil) throws {
   |                                                                                         `- error: cannot find type 'Progress' in scope
60 |         try extractTar(at: tarURL, to: dirURL, options: restoreAttributes ? .restoreFileAttributes : [], progress: progress)
61 |     }
/host/spi-builder-workspace/Sources/Tarscape/FileManager+Tar.swift:58:6: error: Objective-C interoperability is disabled
56 |     ///     permissions be ignored. This can significantly speed up the extraction process.
57 |     /// - Parameter progressBody: A closure with a `Double` parameter representing the current progress (from 0.0 to 1.0).
58 |     @objc(extractTarAtURL:toDirectoryAtURL:restoreAttributes:progressBlock:error:)
   |      `- error: Objective-C interoperability is disabled
59 |     func extractTar(at tarURL: URL, to dirURL: URL, restoreAttributes: Bool,  progress: Progress? = nil) throws {
60 |         try extractTar(at: tarURL, to: dirURL, options: restoreAttributes ? .restoreFileAttributes : [], progress: progress)
/host/spi-builder-workspace/Sources/Tarscape/FileManager+Tar.swift:70:90: error: cannot find type 'Progress' in scope
68 |     /// - Parameter progressBody: A closure with a `Double` parameter representing the current progress (from 0.0 to 1.0).
69 |     @objc(createTarAtURL:fromDirectoryAtURL:convertAliasFiles:progressBlock:error:)
70 |     func createTar(at tarURL: URL, from dirURL: URL, convertAliasFiles: Bool,  progress: Progress? = nil) throws {
   |                                                                                          `- error: cannot find type 'Progress' in scope
71 |         try createTar(at: tarURL, from: dirURL, options: convertAliasFiles ? .convertAliasFiles : [], progress: progress)
72 |     }
/host/spi-builder-workspace/Sources/Tarscape/FileManager+Tar.swift:69:6: error: Objective-C interoperability is disabled
67 |     ///     is set to `true`, archiving will check for alias files and store them as symbolic links. This can take longer.
68 |     /// - Parameter progressBody: A closure with a `Double` parameter representing the current progress (from 0.0 to 1.0).
69 |     @objc(createTarAtURL:fromDirectoryAtURL:convertAliasFiles:progressBlock:error:)
   |      `- error: Objective-C interoperability is disabled
70 |     func createTar(at tarURL: URL, from dirURL: URL, convertAliasFiles: Bool,  progress: Progress? = nil) throws {
71 |         try createTar(at: tarURL, from: dirURL, options: convertAliasFiles ? .convertAliasFiles : [], progress: progress)
Failed frontend command:
/usr/bin/swift-frontend -frontend -emit-module -experimental-skip-non-inlinable-function-bodies-without-types /host/spi-builder-workspace/Sources/Tarscape/Data+Tar.swift /host/spi-builder-workspace/Sources/Tarscape/FileManager+Tar.swift /host/spi-builder-workspace/Sources/Tarscape/Int+Tar.swift /host/spi-builder-workspace/Sources/Tarscape/KBFileAttributes.swift /host/spi-builder-workspace/Sources/Tarscape/KBTar.swift /host/spi-builder-workspace/Sources/Tarscape/KBTarArchiver.swift /host/spi-builder-workspace/Sources/Tarscape/KBTarEntry.swift /host/spi-builder-workspace/Sources/Tarscape/KBTarErrors.swift /host/spi-builder-workspace/Sources/Tarscape/KBTarUnarchiver.swift -target wasm32-unknown-wasip1 -disable-objc-interop -sdk /root/.swiftpm/swift-sdks/swift-6.4.x-DEVELOPMENT-SNAPSHOT-2026-09-04-a_wasm.artifactbundle/swift-6.4.x-DEVELOPMENT-SNAPSHOT-2026-09-04-a_wasm/wasm32-unknown-wasip1/WASI.sdk -sysroot /root/.swiftpm/swift-sdks/swift-6.4.x-DEVELOPMENT-SNAPSHOT-2026-09-04-a_wasm.artifactbundle/swift-6.4.x-DEVELOPMENT-SNAPSHOT-2026-09-04-a_wasm/wasm32-unknown-wasip1/WASI.sdk -I /host/spi-builder-workspace/.build/out/Products/Debug-webassembly-wasm32 -module-cache-path /host/spi-builder-workspace/.build/out/ModuleCache.noindex -color-diagnostics -Xcc -fcolor-diagnostics -enable-testing -g -debug-info-format\=dwarf -dwarf-version\=4 -swift-version 5 -Onone -D SWIFT_PACKAGE -D DEBUG -D SWIFT_MODULE_RESOURCE_BUNDLE_UNAVAILABLE -D Xcode -serialize-debugging-options -enable-experimental-feature DebugDescriptionMacro -empty-abi-descriptor -external-plugin-path /usr/lib/swift/host/plugins/testing\#/usr/bin/swift-plugin-server -validate-clang-modules-once -clang-build-session-file /host/spi-builder-workspace/.build/out/ModuleCache.noindex/Session.modulevalidation -Xcc -working-directory -Xcc /host -resource-dir /root/.swiftpm/swift-sdks/swift-6.4.x-DEVELOPMENT-SNAPSHOT-2026-09-04-a_wasm.artifactbundle/swift-6.4.x-DEVELOPMENT-SNAPSHOT-2026-09-04-a_wasm/wasm32-unknown-wasip1/swift.xctoolchain/usr/lib/swift_static -use-static-resource-dir -enable-anonymous-context-mangled-names -file-compilation-dir /host -Xcc -resource-dir -Xcc /root/.swiftpm/swift-sdks/swift-6.4.x-DEVELOPMENT-SNAPSHOT-2026-09-04-a_wasm.artifactbundle/swift-6.4.x-DEVELOPMENT-SNAPSHOT-2026-09-04-a_wasm/wasm32-unknown-wasip1/swift.xctoolchain/usr/lib/swift_static/clang -Xcc -D_LIBCPP_HARDENING_MODE\=_LIBCPP_HARDENING_MODE_DEBUG -Xcc -fmodules-prune-interval\=86400 -Xcc -fmodules-prune-after\=345600 -Xcc -I/host/spi-builder-workspace/.build/out/Products/Debug-webassembly-wasm32/include -Xcc -I/host/spi-builder-workspace/.build/out/Intermediates.noindex/Tarscape.build/Debug-webassembly-wasm32/Tarscape-t.build/DerivedSources-normal/wasm32 -Xcc -I/host/spi-builder-workspace/.build/out/Intermediates.noindex/Tarscape.build/Debug-webassembly-wasm32/Tarscape-t.build/DerivedSources/wasm32 -Xcc -I/host/spi-builder-workspace/.build/out/Intermediates.noindex/Tarscape.build/Debug-webassembly-wasm32/Tarscape-t.build/DerivedSources -Xcc -DSWIFT_PACKAGE -Xcc -DDEBUG\=1 -no-auto-bridging-header-chaining -module-name Tarscape -const-gather-protocols-file /host/spi-builder-workspace/.build/out/Intermediates.noindex/Tarscape.build/Debug-webassembly-wasm32/Tarscape-t.build/Objects-normal/wasm32/Tarscape_const_extract_protocols.json -in-process-plugin-server-path /usr/lib/swift/host/libSwiftInProcPluginServer.so -plugin-path /usr/lib/swift/host/plugins -plugin-path /usr/local/lib/swift/host/plugins -emit-module-doc-path /host/spi-builder-workspace/.build/out/Intermediates.noindex/Tarscape.build/Debug-webassembly-wasm32/Tarscape-t.build/Objects-normal/wasm32/Modules/Tarscape.swiftdoc -emit-module-source-info-path /host/spi-builder-workspace/.build/out/Intermediates.noindex/Tarscape.build/Debug-webassembly-wasm32/Tarscape-t.build/Objects-normal/wasm32/Modules/Tarscape.swiftsourceinfo -emit-objc-header-path /host/spi-builder-workspace/.build/out/Intermediates.noindex/Tarscape.build/Debug-webassembly-wasm32/Tarscape-t.build/Objects-normal/wasm32/Tarscape-Swift.h -serialize-diagnostics-path /host/spi-builder-workspace/.build/out/Intermediates.noindex/Tarscape.build/Debug-webassembly-wasm32/Tarscape-t.build/Objects-normal/wasm32/Tarscape-primary-emit-module.dia -emit-dependencies-path /host/spi-builder-workspace/.build/out/Intermediates.noindex/Tarscape.build/Debug-webassembly-wasm32/Tarscape-t.build/Objects-normal/wasm32/Tarscape-primary-emit-module.d -parse-as-library -o /host/spi-builder-workspace/.build/out/Intermediates.noindex/Tarscape.build/Debug-webassembly-wasm32/Tarscape-t.build/Objects-normal/wasm32/Modules/Tarscape.swiftmodule
error: Build failed
BUILD FAILURE 6.4 wasm