The Swift Package Index logo.Swift Package Index

Build Information

Failed to build UBottomSheet, reference master (90d818), with Swift 6.4 for macOS (Xcode) using Xcode 27.0 on 20 Sep 2026 17:49:09 UTC.

Build Command

No build command. This typically means the build failed at an early stage where we determine the build command.

Build Log

========================================
RunAll
========================================
Builder version: 5.1.0
Interrupt handler set up.
========================================
Checkout
========================================
Clone URL: https://github.com/OfTheWolf/UBottomSheet.git
Reference: master
Initialized empty Git repository in /Users/admin/builder/spi-builder-workspace/.git/
From https://github.com/OfTheWolf/UBottomSheet
 * branch            master     -> FETCH_HEAD
 * [new branch]      master     -> origin/master
HEAD is now at 90d8187 Merge pull request #80 from teslasleep/master
Cloned https://github.com/OfTheWolf/UBottomSheet.git
Revision (git rev-parse @):
90d81875e1582bbfadaf4e6b7616de489f14b2b1
SUCCESS checkout https://github.com/OfTheWolf/UBottomSheet.git at master
========================================
Build
========================================
Selected platform:         macosXcodebuild
Swift version:             6.4
Building package at path:  $PWD
https://github.com/OfTheWolf/UBottomSheet.git
Command line invocation:
    /Applications/Xcode-27.0.0-Release.Candidate.app/Contents/Developer/usr/bin/xcodebuild -IDEClonedSourcePackagesDirPathOverride=/Users/admin/builder/spi-builder-workspace/.dependencies -resolvePackageDependencies
2026-09-20 13:49:08.146 xcodebuild[528:3041] Writing error result bundle to /var/folders/xq/y_g06wb113726d38xsyx71_h0000gn/T/ResultBundle_2026-20-09_13-49-0008.xcresult
xcodebuild: error: '_Pods.xcodeproj' does not exist.
Command line invocation:
    /Applications/Xcode-27.0.0-Release.Candidate.app/Contents/Developer/usr/bin/xcodebuild -IDEClonedSourcePackagesDirPathOverride=/Users/admin/builder/spi-builder-workspace/.dependencies -resolvePackageDependencies
2026-09-20 13:49:09.150 xcodebuild[538:3127] Writing error result bundle to /var/folders/xq/y_g06wb113726d38xsyx71_h0000gn/T/ResultBundle_2026-20-09_13-49-0009.xcresult
xcodebuild: error: '_Pods.xcodeproj' does not exist.
BUILD FAILURE 6.4 macosXcodebuild