Build Information
Failed to build swift-medikationsplan, reference main (4b6d74), with Swift 6.4 for watchOS using Xcode 27.0 on 26 Sep 2026 15:25:02 UTC.
Build Command
env DEVELOPER_DIR=/Applications/Xcode-27.0.0-Release.Candidate.app xcrun xcodebuild -IDEClonedSourcePackagesDirPathOverride=$PWD/.dependencies -skipMacroValidation -skipPackagePluginValidation -derivedDataPath $PWD/.derivedData build -scheme swift-medikationsplan-Package -destination generic/platform=watchOSBuild Log
SwiftCompile normal arm64 Compiling\ CodeSystemMedicationStatusCodes.swift,\ CodeSystemMedicationrequestStatus.swift,\ CodeSystemMessageSignificanceCategory.swift,\ CodeSystemMessageTransport.swift,\ CodeSystemMessageheaderResponseRequest.swift,\ CodeSystemMissingToothReasonCodes.swift,\ CodeSystemModifierTypeCodes.swift,\ CodeSystemNHINPurposeOfUse.swift,\ CodeSystemNameUse.swift,\ CodeSystemNamingSystemIdentifierType.swift,\ CodeSystemNamingSystemType.swift,\ CodeSystemNarrativeStatus.swift,\ CodeSystemNeed.swift,\ CodeSystemNetworkTypeCodes.swift,\ CodeSystemNoteType.swift,\ CodeSystemObservationCategoryCodes.swift,\ CodeSystemObservationDataType.swift,\ CodeSystemObservationRangeCategory.swift,\ CodeSystemObservationReferenceRangeMeaningCodes.swift,\ CodeSystemObservationStatus.swift,\ CodeSystemOperationKind.swift,\ CodeSystemOperationOutcomeCodes.swift,\ CodeSystemOperationParameterUse.swift,\ CodeSystemOrganizationAffiliationRole.swift /Users/admin/builder/spi-builder-workspace/.dependencies/checkouts/FHIRModels/Sources/ModelsR4/CodeSystemMedicationStatusCodes.swift /Users/admin/builder/spi-builder-workspace/.dependencies/checkouts/FHIRModels/Sources/ModelsR4/CodeSystemMedicationrequestStatus.swift /Users/admin/builder/spi-builder-workspace/.dependencies/checkouts/FHIRModels/Sources/ModelsR4/CodeSystemMessageSignificanceCategory.swift /Users/admin/builder/spi-builder-workspace/.dependencies/checkouts/FHIRModels/Sources/ModelsR4/CodeSystemMessageTransport.swift /Users/admin/builder/spi-builder-workspace/.dependencies/checkouts/FHIRModels/Sources/ModelsR4/CodeSystemMessageheaderResponseRequest.swift /Users/admin/builder/spi-builder-workspace/.dependencies/checkouts/FHIRModels/Sources/ModelsR4/CodeSystemMissingToothReasonCodes.swift /Users/admin/builder/spi-builder-workspace/.dependencies/checkouts/FHIRModels/Sources/ModelsR4/CodeSystemModifierTypeCodes.swift /Users/admin/builder/spi-builder-workspace/.dependencies/checkouts/FHIRModels/Sources/ModelsR4/CodeSystemNHINPurposeOfUse.swift /Users/admin/builder/spi-builder-workspace/.dependencies/checkouts/FHIRModels/Sources/ModelsR4/CodeSystemNameUse.swift /Users/admin/builder/spi-builder-workspace/.dependencies/checkouts/FHIRModels/Sources/ModelsR4/CodeSystemNamingSystemIdentifierType.swift /Users/admin/builder/spi-builder-workspace/.dependencies/checkouts/FHIRModels/Sources/ModelsR4/CodeSystemNamingSystemType.swift /Users/admin/builder/spi-builder-workspace/.dependencies/checkouts/FHIRModels/Sources/ModelsR4/CodeSystemNarrativeStatus.swift /Users/admin/builder/spi-builder-workspace/.dependencies/checkouts/FHIRModels/Sources/ModelsR4/CodeSystemNeed.swift /Users/admin/builder/spi-builder-workspace/.dependencies/checkouts/FHIRModels/Sources/ModelsR4/CodeSystemNetworkTypeCodes.swift /Users/admin/builder/spi-builder-workspace/.dependencies/checkouts/FHIRModels/Sources/ModelsR4/CodeSystemNoteType.swift /Users/admin/builder/spi-builder-workspace/.dependencies/checkouts/FHIRModels/Sources/ModelsR4/CodeSystemObservationCategoryCodes.swift /Users/admin/builder/spi-builder-workspace/.dependencies/checkouts/FHIRModels/Sources/ModelsR4/CodeSystemObservationDataType.swift /Users/admin/builder/spi-builder-workspace/.dependencies/checkouts/FHIRModels/Sources/ModelsR4/CodeSystemObservationRangeCategory.swift /Users/admin/builder/spi-builder-workspace/.dependencies/checkouts/FHIRModels/Sources/ModelsR4/CodeSystemObservationReferenceRangeMeaningCodes.swift /Users/admin/builder/spi-builder-workspace/.dependencies/checkouts/FHIRModels/Sources/ModelsR4/CodeSystemObservationStatus.swift /Users/admin/builder/spi-builder-workspace/.dependencies/checkouts/FHIRModels/Sources/ModelsR4/CodeSystemOperationKind.swift /Users/admin/builder/spi-builder-workspace/.dependencies/checkouts/FHIRModels/Sources/ModelsR4/CodeSystemOperationOutcomeCodes.swift /Users/admin/builder/spi-builder-workspace/.dependencies/checkouts/FHIRModels/Sources/ModelsR4/CodeSystemOperationParameterUse.swift /Users/admin/builder/spi-builder-workspace/.dependencies/checkouts/FHIRModels/Sources/ModelsR4/CodeSystemOrganizationAffiliationRole.swift (in target 'ModelsR4' from project 'FHIRModels')
SwiftCompile normal arm64 /Users/admin/builder/spi-builder-workspace/.dependencies/checkouts/FHIRModels/Sources/ModelsR4/CodeSystemMedicationStatusCodes.swift (in target 'ModelsR4' from project 'FHIRModels')
cd /Users/admin/builder/spi-builder-workspace/.swiftpm/xcode
builtin-SwiftPerFileCompile CodeSystemMedicationStatusCodes.swift
SwiftCompile normal arm64 /Users/admin/builder/spi-builder-workspace/.dependencies/checkouts/FHIRModels/Sources/ModelsR4/CodeSystemMedicationrequestStatus.swift (in target 'ModelsR4' from project 'FHIRModels')
cd /Users/admin/builder/spi-builder-workspace/.swiftpm/xcode
builtin-SwiftPerFileCompile CodeSystemMedicationrequestStatus.swift
SwiftCompile normal arm64 /Users/admin/builder/spi-builder-workspace/.dependencies/checkouts/FHIRModels/Sources/ModelsR4/CodeSystemMessageSignificanceCategory.swift (in target 'ModelsR4' from project 'FHIRModels')
cd /Users/admin/builder/spi-builder-workspace/.swiftpm/xcode
builtin-SwiftPerFileCompile CodeSystemMessageSignificanceCategory.swift
SwiftCompile normal arm64 /Users/admin/builder/spi-builder-workspace/.dependencies/checkouts/FHIRModels/Sources/ModelsR4/CodeSystemMessageTransport.swift (in target 'ModelsR4' from project 'FHIRModels')
cd /Users/admin/builder/spi-builder-workspace/.swiftpm/xcode
builtin-SwiftPerFileCompile CodeSystemMessageTransport.swift
SwiftCompile normal arm64 /Users/admin/builder/spi-builder-workspace/.dependencies/checkouts/FHIRModels/Sources/ModelsR4/CodeSystemMessageheaderResponseRequest.swift (in target 'ModelsR4' from project 'FHIRModels')
cd /Users/admin/builder/spi-builder-workspace/.swiftpm/xcode
builtin-SwiftPerFileCompile CodeSystemMessageheaderResponseRequest.swift
SwiftCompile normal arm64 /Users/admin/builder/spi-builder-workspace/.dependencies/checkouts/FHIRModels/Sources/ModelsR4/CodeSystemMissingToothReasonCodes.swift (in target 'ModelsR4' from project 'FHIRModels')
cd /Users/admin/builder/spi-builder-workspace/.swiftpm/xcode
builtin-SwiftPerFileCompile CodeSystemMissingToothReasonCodes.swift
SwiftCompile normal arm64 /Users/admin/builder/spi-builder-workspace/.dependencies/checkouts/FHIRModels/Sources/ModelsR4/CodeSystemModifierTypeCodes.swift (in target 'ModelsR4' from project 'FHIRModels')
cd /Users/admin/builder/spi-builder-workspace/.swiftpm/xcode
builtin-SwiftPerFileCompile CodeSystemModifierTypeCodes.swift
SwiftCompile normal arm64 /Users/admin/builder/spi-builder-workspace/.dependencies/checkouts/FHIRModels/Sources/ModelsR4/CodeSystemNHINPurposeOfUse.swift (in target 'ModelsR4' from project 'FHIRModels')
cd /Users/admin/builder/spi-builder-workspace/.swiftpm/xcode
builtin-SwiftPerFileCompile CodeSystemNHINPurposeOfUse.swift
SwiftCompile normal arm64 /Users/admin/builder/spi-builder-workspace/.dependencies/checkouts/FHIRModels/Sources/ModelsR4/CodeSystemNameUse.swift (in target 'ModelsR4' from project 'FHIRModels')
cd /Users/admin/builder/spi-builder-workspace/.swiftpm/xcode
builtin-SwiftPerFileCompile CodeSystemNameUse.swift
SwiftCompile normal arm64 /Users/admin/builder/spi-builder-workspace/.dependencies/checkouts/FHIRModels/Sources/ModelsR4/CodeSystemNamingSystemIdentifierType.swift (in target 'ModelsR4' from project 'FHIRModels')
cd /Users/admin/builder/spi-builder-workspace/.swiftpm/xcode
builtin-SwiftPerFileCompile CodeSystemNamingSystemIdentifierType.swift
SwiftCompile normal arm64 /Users/admin/builder/spi-builder-workspace/.dependencies/checkouts/FHIRModels/Sources/ModelsR4/CodeSystemNamingSystemType.swift (in target 'ModelsR4' from project 'FHIRModels')
cd /Users/admin/builder/spi-builder-workspace/.swiftpm/xcode
builtin-SwiftPerFileCompile CodeSystemNamingSystemType.swift
SwiftCompile normal arm64 /Users/admin/builder/spi-builder-workspace/.dependencies/checkouts/FHIRModels/Sources/ModelsR4/CodeSystemNarrativeStatus.swift (in target 'ModelsR4' from project 'FHIRModels')
cd /Users/admin/builder/spi-builder-workspace/.swiftpm/xcode
builtin-SwiftPerFileCompile CodeSystemNarrativeStatus.swift
SwiftCompile normal arm64 /Users/admin/builder/spi-builder-workspace/.dependencies/checkouts/FHIRModels/Sources/ModelsR4/CodeSystemNeed.swift (in target 'ModelsR4' from project 'FHIRModels')
cd /Users/admin/builder/spi-builder-workspace/.swiftpm/xcode
builtin-SwiftPerFileCompile CodeSystemNeed.swift
SwiftCompile normal arm64 /Users/admin/builder/spi-builder-workspace/.dependencies/checkouts/FHIRModels/Sources/ModelsR4/CodeSystemNetworkTypeCodes.swift (in target 'ModelsR4' from project 'FHIRModels')
cd /Users/admin/builder/spi-builder-workspace/.swiftpm/xcode
builtin-SwiftPerFileCompile CodeSystemNetworkTypeCodes.swift
SwiftCompile normal arm64 /Users/admin/builder/spi-builder-workspace/.dependencies/checkouts/FHIRModels/Sources/ModelsR4/CodeSystemNoteType.swift (in target 'ModelsR4' from project 'FHIRModels')
cd /Users/admin/builder/spi-builder-workspace/.swiftpm/xcode
builtin-SwiftPerFileCompile CodeSystemNoteType.swift
SwiftCompile normal arm64 /Users/admin/builder/spi-builder-workspace/.dependencies/checkouts/FHIRModels/Sources/ModelsR4/CodeSystemObservationCategoryCodes.swift (in target 'ModelsR4' from project 'FHIRModels')
cd /Users/admin/builder/spi-builder-workspace/.swiftpm/xcode
builtin-SwiftPerFileCompile CodeSystemObservationCategoryCodes.swift
SwiftCompile normal arm64 /Users/admin/builder/spi-builder-workspace/.dependencies/checkouts/FHIRModels/Sources/ModelsR4/CodeSystemObservationDataType.swift (in target 'ModelsR4' from project 'FHIRModels')
cd /Users/admin/builder/spi-builder-workspace/.swiftpm/xcode
builtin-SwiftPerFileCompile CodeSystemObservationDataType.swift
SwiftCompile normal arm64 /Users/admin/builder/spi-builder-workspace/.dependencies/checkouts/FHIRModels/Sources/ModelsR4/CodeSystemObservationRangeCategory.swift (in target 'ModelsR4' from project 'FHIRModels')
cd /Users/admin/builder/spi-builder-workspace/.swiftpm/xcode
builtin-SwiftPerFileCompile CodeSystemObservationRangeCategory.swift
SwiftCompile normal arm64 /Users/admin/builder/spi-builder-workspace/.dependencies/checkouts/FHIRModels/Sources/ModelsR4/CodeSystemObservationReferenceRangeMeaningCodes.swift (in target 'ModelsR4' from project 'FHIRModels')
cd /Users/admin/builder/spi-builder-workspace/.swiftpm/xcode
builtin-SwiftPerFileCompile CodeSystemObservationReferenceRangeMeaningCodes.swift
SwiftCompile normal arm64 /Users/admin/builder/spi-builder-workspace/.dependencies/checkouts/FHIRModels/Sources/ModelsR4/CodeSystemObservationStatus.swift (in target 'ModelsR4' from project 'FHIRModels')
cd /Users/admin/builder/spi-builder-workspace/.swiftpm/xcode
builtin-SwiftPerFileCompile CodeSystemObservationStatus.swift
SwiftCompile normal arm64 /Users/admin/builder/spi-builder-workspace/.dependencies/checkouts/FHIRModels/Sources/ModelsR4/CodeSystemOperationKind.swift (in target 'ModelsR4' from project 'FHIRModels')
cd /Users/admin/builder/spi-builder-workspace/.swiftpm/xcode
builtin-SwiftPerFileCompile CodeSystemOperationKind.swift
SwiftCompile normal arm64 /Users/admin/builder/spi-builder-workspace/.dependencies/checkouts/FHIRModels/Sources/ModelsR4/CodeSystemOperationOutcomeCodes.swift (in target 'ModelsR4' from project 'FHIRModels')
cd /Users/admin/builder/spi-builder-workspace/.swiftpm/xcode
builtin-SwiftPerFileCompile CodeSystemOperationOutcomeCodes.swift
SwiftCompile normal arm64 /Users/admin/builder/spi-builder-workspace/.dependencies/checkouts/FHIRModels/Sources/ModelsR4/CodeSystemOperationParameterUse.swift (in target 'ModelsR4' from project 'FHIRModels')
cd /Users/admin/builder/spi-builder-workspace/.swiftpm/xcode
builtin-SwiftPerFileCompile CodeSystemOperationParameterUse.swift
SwiftCompile normal arm64 /Users/admin/builder/spi-builder-workspace/.dependencies/checkouts/FHIRModels/Sources/ModelsR4/CodeSystemOrganizationAffiliationRole.swift (in target 'ModelsR4' from project 'FHIRModels')
cd /Users/admin/builder/spi-builder-workspace/.swiftpm/xcode
builtin-SwiftPerFileCompile CodeSystemOrganizationAffiliationRole.swift
SwiftDriverJobDiscovery normal arm64_32 Compiling SpecimenDefinition.swift, StructureDefinition.swift, StructureMap.swift, Subscription.swift, Substance.swift, SubstanceAmount.swift, SubstanceNucleicAcid.swift, SubstancePolymer.swift, SubstanceProtein.swift, SubstanceReferenceInformation.swift, SubstanceSourceMaterial.swift, SubstanceSpecification.swift, SupplyDelivery.swift, SupplyRequest.swift, Task.swift, TerminologyCapabilities.swift, TestReport.swift, TestScript.swift, Timing.swift, TriggerDefinition.swift, UsageContext.swift, ValueSet.swift, VerificationResult.swift, VisionPrescription.swift (in target 'ModelsR4' from project 'FHIRModels')
SwiftCompile normal arm64_32 Compiling\ CodeSystemEventStatus.swift,\ CodeSystemEventTiming.swift,\ CodeSystemEvidenceVariableType.swift,\ CodeSystemEvidenceVariantState.swift,\ CodeSystemExampleClaimSubTypeCodes.swift,\ CodeSystemExampleCoverageFinancialExceptionCodes.swift,\ CodeSystemExampleDiagnosisOnAdmissionCodes.swift,\ CodeSystemExampleDiagnosisTypeCodes.swift,\ CodeSystemExampleMessageReasonCodes.swift,\ CodeSystemExampleOnsetTypeReasonCodes.swift,\ CodeSystemExamplePaymentTypeCodes.swift,\ CodeSystemExamplePharmacyServiceCodes.swift,\ CodeSystemExampleProcedureTypeCodes.swift,\ CodeSystemExampleProgramReasonCodes.swift,\ CodeSystemExampleRelatedClaimRelationshipCodes.swift,\ CodeSystemExampleScenarioActorType.swift,\ CodeSystemExampleServiceModifierCodes.swift,\ CodeSystemExampleServiceProductCodes.swift,\ CodeSystemExampleUseCodesForList.swift,\ CodeSystemExampleVisionPrescriptionProductCodes.swift,\ CodeSystemExceptionCodes.swift,\ CodeSystemExpansionParameterSource.swift,\ CodeSystemExpansionProcessingRule.swift,\ CodeSystemExplanationOfBenefitStatus.swift /Users/admin/builder/spi-builder-workspace/.dependencies/checkouts/FHIRModels/Sources/ModelsR4/CodeSystemEventStatus.swift /Users/admin/builder/spi-builder-workspace/.dependencies/checkouts/FHIRModels/Sources/ModelsR4/CodeSystemEventTiming.swift /Users/admin/builder/spi-builder-workspace/.dependencies/checkouts/FHIRModels/Sources/ModelsR4/CodeSystemEvidenceVariableType.swift /Users/admin/builder/spi-builder-workspace/.dependencies/checkouts/FHIRModels/Sources/ModelsR4/CodeSystemEvidenceVariantState.swift /Users/admin/builder/spi-builder-workspace/.dependencies/checkouts/FHIRModels/Sources/ModelsR4/CodeSystemExampleClaimSubTypeCodes.swift /Users/admin/builder/spi-builder-workspace/.dependencies/checkouts/FHIRModels/Sources/ModelsR4/CodeSystemExampleCoverageFinancialExceptionCodes.swift /Users/admin/builder/spi-builder-workspace/.dependencies/checkouts/FHIRModels/Sources/ModelsR4/CodeSystemExampleDiagnosisOnAdmissionCodes.swift /Users/admin/builder/spi-builder-workspace/.dependencies/checkouts/FHIRModels/Sources/ModelsR4/CodeSystemExampleDiagnosisTypeCodes.swift /Users/admin/builder/spi-builder-workspace/.dependencies/checkouts/FHIRModels/Sources/ModelsR4/CodeSystemExampleMessageReasonCodes.swift /Users/admin/builder/spi-builder-workspace/.dependencies/checkouts/FHIRModels/Sources/ModelsR4/CodeSystemExampleOnsetTypeReasonCodes.swift /Users/admin/builder/spi-builder-workspace/.dependencies/checkouts/FHIRModels/Sources/ModelsR4/CodeSystemExamplePaymentTypeCodes.swift /Users/admin/builder/spi-builder-workspace/.dependencies/checkouts/FHIRModels/Sources/ModelsR4/CodeSystemExamplePharmacyServiceCodes.swift /Users/admin/builder/spi-builder-workspace/.dependencies/checkouts/FHIRModels/Sources/ModelsR4/CodeSystemExampleProcedureTypeCodes.swift /Users/admin/builder/spi-builder-workspace/.dependencies/checkouts/FHIRModels/Sources/ModelsR4/CodeSystemExampleProgramReasonCodes.swift /Users/admin/builder/spi-builder-workspace/.dependencies/checkouts/FHIRModels/Sources/ModelsR4/CodeSystemExampleRelatedClaimRelationshipCodes.swift /Users/admin/builder/spi-builder-workspace/.dependencies/checkouts/FHIRModels/Sources/ModelsR4/CodeSystemExampleScenarioActorType.swift /Users/admin/builder/spi-builder-workspace/.dependencies/checkouts/FHIRModels/Sources/ModelsR4/CodeSystemExampleServiceModifierCodes.swift /Users/admin/builder/spi-builder-workspace/.dependencies/checkouts/FHIRModels/Sources/ModelsR4/CodeSystemExampleServiceProductCodes.swift /Users/admin/builder/spi-builder-workspace/.dependencies/checkouts/FHIRModels/Sources/ModelsR4/CodeSystemExampleUseCodesForList.swift /Users/admin/builder/spi-builder-workspace/.dependencies/checkouts/FHIRModels/Sources/ModelsR4/CodeSystemExampleVisionPrescriptionProductCodes.swift /Users/admin/builder/spi-builder-workspace/.dependencies/checkouts/FHIRModels/Sources/ModelsR4/CodeSystemExceptionCodes.swift /Users/admin/builder/spi-builder-workspace/.dependencies/checkouts/FHIRModels/Sources/ModelsR4/CodeSystemExpansionParameterSource.swift /Users/admin/builder/spi-builder-workspace/.dependencies/checkouts/FHIRModels/Sources/ModelsR4/CodeSystemExpansionProcessingRule.swift /Users/admin/builder/spi-builder-workspace/.dependencies/checkouts/FHIRModels/Sources/ModelsR4/CodeSystemExplanationOfBenefitStatus.swift (in target 'ModelsR4' from project 'FHIRModels')
SwiftCompile normal arm64_32 /Users/admin/builder/spi-builder-workspace/.dependencies/checkouts/FHIRModels/Sources/ModelsR4/CodeSystemEventStatus.swift (in target 'ModelsR4' from project 'FHIRModels')
cd /Users/admin/builder/spi-builder-workspace/.swiftpm/xcode
builtin-SwiftPerFileCompile CodeSystemEventStatus.swift
SwiftCompile normal arm64_32 /Users/admin/builder/spi-builder-workspace/.dependencies/checkouts/FHIRModels/Sources/ModelsR4/CodeSystemEventTiming.swift (in target 'ModelsR4' from project 'FHIRModels')
cd /Users/admin/builder/spi-builder-workspace/.swiftpm/xcode
builtin-SwiftPerFileCompile CodeSystemEventTiming.swift
SwiftCompile normal arm64_32 /Users/admin/builder/spi-builder-workspace/.dependencies/checkouts/FHIRModels/Sources/ModelsR4/CodeSystemEvidenceVariableType.swift (in target 'ModelsR4' from project 'FHIRModels')
cd /Users/admin/builder/spi-builder-workspace/.swiftpm/xcode
builtin-SwiftPerFileCompile CodeSystemEvidenceVariableType.swift
SwiftCompile normal arm64_32 /Users/admin/builder/spi-builder-workspace/.dependencies/checkouts/FHIRModels/Sources/ModelsR4/CodeSystemEvidenceVariantState.swift (in target 'ModelsR4' from project 'FHIRModels')
cd /Users/admin/builder/spi-builder-workspace/.swiftpm/xcode
builtin-SwiftPerFileCompile CodeSystemEvidenceVariantState.swift
SwiftCompile normal arm64_32 /Users/admin/builder/spi-builder-workspace/.dependencies/checkouts/FHIRModels/Sources/ModelsR4/CodeSystemExampleClaimSubTypeCodes.swift (in target 'ModelsR4' from project 'FHIRModels')
cd /Users/admin/builder/spi-builder-workspace/.swiftpm/xcode
builtin-SwiftPerFileCompile CodeSystemExampleClaimSubTypeCodes.swift
SwiftCompile normal arm64_32 /Users/admin/builder/spi-builder-workspace/.dependencies/checkouts/FHIRModels/Sources/ModelsR4/CodeSystemExampleCoverageFinancialExceptionCodes.swift (in target 'ModelsR4' from project 'FHIRModels')
cd /Users/admin/builder/spi-builder-workspace/.swiftpm/xcode
builtin-SwiftPerFileCompile CodeSystemExampleCoverageFinancialExceptionCodes.swift
SwiftCompile normal arm64_32 /Users/admin/builder/spi-builder-workspace/.dependencies/checkouts/FHIRModels/Sources/ModelsR4/CodeSystemExampleDiagnosisOnAdmissionCodes.swift (in target 'ModelsR4' from project 'FHIRModels')
cd /Users/admin/builder/spi-builder-workspace/.swiftpm/xcode
builtin-SwiftPerFileCompile CodeSystemExampleDiagnosisOnAdmissionCodes.swift
SwiftCompile normal arm64_32 /Users/admin/builder/spi-builder-workspace/.dependencies/checkouts/FHIRModels/Sources/ModelsR4/CodeSystemExampleDiagnosisTypeCodes.swift (in target 'ModelsR4' from project 'FHIRModels')
cd /Users/admin/builder/spi-builder-workspace/.swiftpm/xcode
builtin-SwiftPerFileCompile CodeSystemExampleDiagnosisTypeCodes.swift
SwiftCompile normal arm64_32 /Users/admin/builder/spi-builder-workspace/.dependencies/checkouts/FHIRModels/Sources/ModelsR4/CodeSystemExampleMessageReasonCodes.swift (in target 'ModelsR4' from project 'FHIRModels')
cd /Users/admin/builder/spi-builder-workspace/.swiftpm/xcode
builtin-SwiftPerFileCompile CodeSystemExampleMessageReasonCodes.swift
SwiftCompile normal arm64_32 /Users/admin/builder/spi-builder-workspace/.dependencies/checkouts/FHIRModels/Sources/ModelsR4/CodeSystemExampleOnsetTypeReasonCodes.swift (in target 'ModelsR4' from project 'FHIRModels')
cd /Users/admin/builder/spi-builder-workspace/.swiftpm/xcode
builtin-SwiftPerFileCompile CodeSystemExampleOnsetTypeReasonCodes.swift
SwiftCompile normal arm64_32 /Users/admin/builder/spi-builder-workspace/.dependencies/checkouts/FHIRModels/Sources/ModelsR4/CodeSystemExamplePaymentTypeCodes.swift (in target 'ModelsR4' from project 'FHIRModels')
cd /Users/admin/builder/spi-builder-workspace/.swiftpm/xcode
builtin-SwiftPerFileCompile CodeSystemExamplePaymentTypeCodes.swift
SwiftCompile normal arm64_32 /Users/admin/builder/spi-builder-workspace/.dependencies/checkouts/FHIRModels/Sources/ModelsR4/CodeSystemExamplePharmacyServiceCodes.swift (in target 'ModelsR4' from project 'FHIRModels')
cd /Users/admin/builder/spi-builder-workspace/.swiftpm/xcode
builtin-SwiftPerFileCompile CodeSystemExamplePharmacyServiceCodes.swift
SwiftCompile normal arm64_32 /Users/admin/builder/spi-builder-workspace/.dependencies/checkouts/FHIRModels/Sources/ModelsR4/CodeSystemExampleProcedureTypeCodes.swift (in target 'ModelsR4' from project 'FHIRModels')
cd /Users/admin/builder/spi-builder-workspace/.swiftpm/xcode
builtin-SwiftPerFileCompile CodeSystemExampleProcedureTypeCodes.swift
SwiftCompile normal arm64_32 /Users/admin/builder/spi-builder-workspace/.dependencies/checkouts/FHIRModels/Sources/ModelsR4/CodeSystemExampleProgramReasonCodes.swift (in target 'ModelsR4' from project 'FHIRModels')
cd /Users/admin/builder/spi-builder-workspace/.swiftpm/xcode
builtin-SwiftPerFileCompile CodeSystemExampleProgramReasonCodes.swift
SwiftCompile normal arm64_32 /Users/admin/builder/spi-builder-workspace/.dependencies/checkouts/FHIRModels/Sources/ModelsR4/CodeSystemExampleRelatedClaimRelationshipCodes.swift (in target 'ModelsR4' from project 'FHIRModels')
cd /Users/admin/builder/spi-builder-workspace/.swiftpm/xcode
builtin-SwiftPerFileCompile CodeSystemExampleRelatedClaimRelationshipCodes.swift
SwiftCompile normal arm64_32 /Users/admin/builder/spi-builder-workspace/.dependencies/checkouts/FHIRModels/Sources/ModelsR4/CodeSystemExampleScenarioActorType.swift (in target 'ModelsR4' from project 'FHIRModels')
cd /Users/admin/builder/spi-builder-workspace/.swiftpm/xcode
builtin-SwiftPerFileCompile CodeSystemExampleScenarioActorType.swift
SwiftCompile normal arm64_32 /Users/admin/builder/spi-builder-workspace/.dependencies/checkouts/FHIRModels/Sources/ModelsR4/CodeSystemExampleServiceModifierCodes.swift (in target 'ModelsR4' from project 'FHIRModels')
cd /Users/admin/builder/spi-builder-workspace/.swiftpm/xcode
builtin-SwiftPerFileCompile CodeSystemExampleServiceModifierCodes.swift
SwiftCompile normal arm64_32 /Users/admin/builder/spi-builder-workspace/.dependencies/checkouts/FHIRModels/Sources/ModelsR4/CodeSystemExampleServiceProductCodes.swift (in target 'ModelsR4' from project 'FHIRModels')
cd /Users/admin/builder/spi-builder-workspace/.swiftpm/xcode
builtin-SwiftPerFileCompile CodeSystemExampleServiceProductCodes.swift
SwiftCompile normal arm64_32 /Users/admin/builder/spi-builder-workspace/.dependencies/checkouts/FHIRModels/Sources/ModelsR4/CodeSystemExampleUseCodesForList.swift (in target 'ModelsR4' from project 'FHIRModels')
cd /Users/admin/builder/spi-builder-workspace/.swiftpm/xcode
builtin-SwiftPerFileCompile CodeSystemExampleUseCodesForList.swift
SwiftCompile normal arm64_32 /Users/admin/builder/spi-builder-workspace/.dependencies/checkouts/FHIRModels/Sources/ModelsR4/CodeSystemExampleVisionPrescriptionProductCodes.swift (in target 'ModelsR4' from project 'FHIRModels')
cd /Users/admin/builder/spi-builder-workspace/.swiftpm/xcode
builtin-SwiftPerFileCompile CodeSystemExampleVisionPrescriptionProductCodes.swift
SwiftCompile normal arm64_32 /Users/admin/builder/spi-builder-workspace/.dependencies/checkouts/FHIRModels/Sources/ModelsR4/CodeSystemExceptionCodes.swift (in target 'ModelsR4' from project 'FHIRModels')
cd /Users/admin/builder/spi-builder-workspace/.swiftpm/xcode
builtin-SwiftPerFileCompile CodeSystemExceptionCodes.swift
SwiftCompile normal arm64_32 /Users/admin/builder/spi-builder-workspace/.dependencies/checkouts/FHIRModels/Sources/ModelsR4/CodeSystemExpansionParameterSource.swift (in target 'ModelsR4' from project 'FHIRModels')
cd /Users/admin/builder/spi-builder-workspace/.swiftpm/xcode
builtin-SwiftPerFileCompile CodeSystemExpansionParameterSource.swift
SwiftCompile normal arm64_32 /Users/admin/builder/spi-builder-workspace/.dependencies/checkouts/FHIRModels/Sources/ModelsR4/CodeSystemExpansionProcessingRule.swift (in target 'ModelsR4' from project 'FHIRModels')
cd /Users/admin/builder/spi-builder-workspace/.swiftpm/xcode
builtin-SwiftPerFileCompile CodeSystemExpansionProcessingRule.swift
SwiftCompile normal arm64_32 /Users/admin/builder/spi-builder-workspace/.dependencies/checkouts/FHIRModels/Sources/ModelsR4/CodeSystemExplanationOfBenefitStatus.swift (in target 'ModelsR4' from project 'FHIRModels')
cd /Users/admin/builder/spi-builder-workspace/.swiftpm/xcode
builtin-SwiftPerFileCompile CodeSystemExplanationOfBenefitStatus.swift
SwiftDriverJobDiscovery normal arm64 Compiling Quantity.swift, Questionnaire.swift, QuestionnaireResponse.swift, Range.swift, Ratio.swift, Reference.swift, RelatedArtifact.swift, RelatedPerson.swift, RequestGroup.swift, ResearchDefinition.swift, ResearchElementDefinition.swift, ResearchStudy.swift, ResearchSubject.swift, Resource.swift, ResourceProxy.swift, RiskAssessment.swift, RiskEvidenceSynthesis.swift, SampledData.swift, Schedule.swift, SearchParameter.swift, ServiceRequest.swift, Signature.swift, Slot.swift, Specimen.swift (in target 'ModelsR4' from project 'FHIRModels')
SwiftCompile normal arm64_32 Compiling\ CodeSystemImmunizationRecommendationStatusCodes.swift,\ CodeSystemImmunizationSubpotentReason.swift,\ CodeSystemImplantStatus.swift,\ CodeSystemIndicator.swift,\ CodeSystemInterventionCodes.swift,\ CodeSystemInvoicePriceComponentType.swift,\ CodeSystemInvoiceStatus.swift,\ CodeSystemIssueSeverity.swift,\ CodeSystemIssueType.swift,\ CodeSystemKnowledgeResourceType.swift,\ CodeSystemLanguagePreferenceType.swift,\ CodeSystemLibraryType.swift,\ CodeSystemLinkType.swift,\ CodeSystemLinkageType.swift,\ CodeSystemListEmptyReasons.swift,\ CodeSystemListMode.swift,\ CodeSystemListOrderCodes.swift,\ CodeSystemListStatus.swift,\ CodeSystemLocationMode.swift,\ CodeSystemLocationStatus.swift,\ CodeSystemLocationType.swift,\ CodeSystemMatchGrade.swift,\ CodeSystemMaxOccurs.swift,\ CodeSystemMeasureDataUsage.swift /Users/admin/builder/spi-builder-workspace/.dependencies/checkouts/FHIRModels/Sources/ModelsR4/CodeSystemImmunizationRecommendationStatusCodes.swift /Users/admin/builder/spi-builder-workspace/.dependencies/checkouts/FHIRModels/Sources/ModelsR4/CodeSystemImmunizationSubpotentReason.swift /Users/admin/builder/spi-builder-workspace/.dependencies/checkouts/FHIRModels/Sources/ModelsR4/CodeSystemImplantStatus.swift /Users/admin/builder/spi-builder-workspace/.dependencies/checkouts/FHIRModels/Sources/ModelsR4/CodeSystemIndicator.swift /Users/admin/builder/spi-builder-workspace/.dependencies/checkouts/FHIRModels/Sources/ModelsR4/CodeSystemInterventionCodes.swift /Users/admin/builder/spi-builder-workspace/.dependencies/checkouts/FHIRModels/Sources/ModelsR4/CodeSystemInvoicePriceComponentType.swift /Users/admin/builder/spi-builder-workspace/.dependencies/checkouts/FHIRModels/Sources/ModelsR4/CodeSystemInvoiceStatus.swift /Users/admin/builder/spi-builder-workspace/.dependencies/checkouts/FHIRModels/Sources/ModelsR4/CodeSystemIssueSeverity.swift /Users/admin/builder/spi-builder-workspace/.dependencies/checkouts/FHIRModels/Sources/ModelsR4/CodeSystemIssueType.swift /Users/admin/builder/spi-builder-workspace/.dependencies/checkouts/FHIRModels/Sources/ModelsR4/CodeSystemKnowledgeResourceType.swift /Users/admin/builder/spi-builder-workspace/.dependencies/checkouts/FHIRModels/Sources/ModelsR4/CodeSystemLanguagePreferenceType.swift /Users/admin/builder/spi-builder-workspace/.dependencies/checkouts/FHIRModels/Sources/ModelsR4/CodeSystemLibraryType.swift /Users/admin/builder/spi-builder-workspace/.dependencies/checkouts/FHIRModels/Sources/ModelsR4/CodeSystemLinkType.swift /Users/admin/builder/spi-builder-workspace/.dependencies/checkouts/FHIRModels/Sources/ModelsR4/CodeSystemLinkageType.swift /Users/admin/builder/spi-builder-workspace/.dependencies/checkouts/FHIRModels/Sources/ModelsR4/CodeSystemListEmptyReasons.swift /Users/admin/builder/spi-builder-workspace/.dependencies/checkouts/FHIRModels/Sources/ModelsR4/CodeSystemListMode.swift /Users/admin/builder/spi-builder-workspace/.dependencies/checkouts/FHIRModels/Sources/ModelsR4/CodeSystemListOrderCodes.swift /Users/admin/builder/spi-builder-workspace/.dependencies/checkouts/FHIRModels/Sources/ModelsR4/CodeSystemListStatus.swift /Users/admin/builder/spi-builder-workspace/.dependencies/checkouts/FHIRModels/Sources/ModelsR4/CodeSystemLocationMode.swift /Users/admin/builder/spi-builder-workspace/.dependencies/checkouts/FHIRModels/Sources/ModelsR4/CodeSystemLocationStatus.swift /Users/admin/builder/spi-builder-workspace/.dependencies/checkouts/FHIRModels/Sources/ModelsR4/CodeSystemLocationType.swift /Users/admin/builder/spi-builder-workspace/.dependencies/checkouts/FHIRModels/Sources/ModelsR4/CodeSystemMatchGrade.swift /Users/admin/builder/spi-builder-workspace/.dependencies/checkouts/FHIRModels/Sources/ModelsR4/CodeSystemMaxOccurs.swift /Users/admin/builder/spi-builder-workspace/.dependencies/checkouts/FHIRModels/Sources/ModelsR4/CodeSystemMeasureDataUsage.swift (in target 'ModelsR4' from project 'FHIRModels')
SwiftCompile normal arm64_32 /Users/admin/builder/spi-builder-workspace/.dependencies/checkouts/FHIRModels/Sources/ModelsR4/CodeSystemImmunizationRecommendationStatusCodes.swift (in target 'ModelsR4' from project 'FHIRModels')
cd /Users/admin/builder/spi-builder-workspace/.swiftpm/xcode
builtin-SwiftPerFileCompile CodeSystemImmunizationRecommendationStatusCodes.swift
SwiftCompile normal arm64_32 /Users/admin/builder/spi-builder-workspace/.dependencies/checkouts/FHIRModels/Sources/ModelsR4/CodeSystemImmunizationSubpotentReason.swift (in target 'ModelsR4' from project 'FHIRModels')
cd /Users/admin/builder/spi-builder-workspace/.swiftpm/xcode
builtin-SwiftPerFileCompile CodeSystemImmunizationSubpotentReason.swift
SwiftCompile normal arm64_32 /Users/admin/builder/spi-builder-workspace/.dependencies/checkouts/FHIRModels/Sources/ModelsR4/CodeSystemImplantStatus.swift (in target 'ModelsR4' from project 'FHIRModels')
cd /Users/admin/builder/spi-builder-workspace/.swiftpm/xcode
builtin-SwiftPerFileCompile CodeSystemImplantStatus.swift
SwiftCompile normal arm64_32 /Users/admin/builder/spi-builder-workspace/.dependencies/checkouts/FHIRModels/Sources/ModelsR4/CodeSystemIndicator.swift (in target 'ModelsR4' from project 'FHIRModels')
cd /Users/admin/builder/spi-builder-workspace/.swiftpm/xcode
builtin-SwiftPerFileCompile CodeSystemIndicator.swift
SwiftCompile normal arm64_32 /Users/admin/builder/spi-builder-workspace/.dependencies/checkouts/FHIRModels/Sources/ModelsR4/CodeSystemInterventionCodes.swift (in target 'ModelsR4' from project 'FHIRModels')
cd /Users/admin/builder/spi-builder-workspace/.swiftpm/xcode
builtin-SwiftPerFileCompile CodeSystemInterventionCodes.swift
SwiftCompile normal arm64_32 /Users/admin/builder/spi-builder-workspace/.dependencies/checkouts/FHIRModels/Sources/ModelsR4/CodeSystemInvoicePriceComponentType.swift (in target 'ModelsR4' from project 'FHIRModels')
cd /Users/admin/builder/spi-builder-workspace/.swiftpm/xcode
builtin-SwiftPerFileCompile CodeSystemInvoicePriceComponentType.swift
SwiftCompile normal arm64_32 /Users/admin/builder/spi-builder-workspace/.dependencies/checkouts/FHIRModels/Sources/ModelsR4/CodeSystemInvoiceStatus.swift (in target 'ModelsR4' from project 'FHIRModels')
cd /Users/admin/builder/spi-builder-workspace/.swiftpm/xcode
builtin-SwiftPerFileCompile CodeSystemInvoiceStatus.swift
SwiftCompile normal arm64_32 /Users/admin/builder/spi-builder-workspace/.dependencies/checkouts/FHIRModels/Sources/ModelsR4/CodeSystemIssueSeverity.swift (in target 'ModelsR4' from project 'FHIRModels')
cd /Users/admin/builder/spi-builder-workspace/.swiftpm/xcode
builtin-SwiftPerFileCompile CodeSystemIssueSeverity.swift
SwiftCompile normal arm64_32 /Users/admin/builder/spi-builder-workspace/.dependencies/checkouts/FHIRModels/Sources/ModelsR4/CodeSystemIssueType.swift (in target 'ModelsR4' from project 'FHIRModels')
cd /Users/admin/builder/spi-builder-workspace/.swiftpm/xcode
builtin-SwiftPerFileCompile CodeSystemIssueType.swift
SwiftCompile normal arm64_32 /Users/admin/builder/spi-builder-workspace/.dependencies/checkouts/FHIRModels/Sources/ModelsR4/CodeSystemKnowledgeResourceType.swift (in target 'ModelsR4' from project 'FHIRModels')
cd /Users/admin/builder/spi-builder-workspace/.swiftpm/xcode
builtin-SwiftPerFileCompile CodeSystemKnowledgeResourceType.swift
SwiftCompile normal arm64_32 /Users/admin/builder/spi-builder-workspace/.dependencies/checkouts/FHIRModels/Sources/ModelsR4/CodeSystemLanguagePreferenceType.swift (in target 'ModelsR4' from project 'FHIRModels')
cd /Users/admin/builder/spi-builder-workspace/.swiftpm/xcode
builtin-SwiftPerFileCompile CodeSystemLanguagePreferenceType.swift
SwiftCompile normal arm64_32 /Users/admin/builder/spi-builder-workspace/.dependencies/checkouts/FHIRModels/Sources/ModelsR4/CodeSystemLibraryType.swift (in target 'ModelsR4' from project 'FHIRModels')
cd /Users/admin/builder/spi-builder-workspace/.swiftpm/xcode
builtin-SwiftPerFileCompile CodeSystemLibraryType.swift
SwiftCompile normal arm64_32 /Users/admin/builder/spi-builder-workspace/.dependencies/checkouts/FHIRModels/Sources/ModelsR4/CodeSystemLinkType.swift (in target 'ModelsR4' from project 'FHIRModels')
cd /Users/admin/builder/spi-builder-workspace/.swiftpm/xcode
builtin-SwiftPerFileCompile CodeSystemLinkType.swift
SwiftCompile normal arm64_32 /Users/admin/builder/spi-builder-workspace/.dependencies/checkouts/FHIRModels/Sources/ModelsR4/CodeSystemLinkageType.swift (in target 'ModelsR4' from project 'FHIRModels')
cd /Users/admin/builder/spi-builder-workspace/.swiftpm/xcode
builtin-SwiftPerFileCompile CodeSystemLinkageType.swift
SwiftCompile normal arm64_32 /Users/admin/builder/spi-builder-workspace/.dependencies/checkouts/FHIRModels/Sources/ModelsR4/CodeSystemListEmptyReasons.swift (in target 'ModelsR4' from project 'FHIRModels')
cd /Users/admin/builder/spi-builder-workspace/.swiftpm/xcode
builtin-SwiftPerFileCompile CodeSystemListEmptyReasons.swift
SwiftCompile normal arm64_32 /Users/admin/builder/spi-builder-workspace/.dependencies/checkouts/FHIRModels/Sources/ModelsR4/CodeSystemListMode.swift (in target 'ModelsR4' from project 'FHIRModels')
cd /Users/admin/builder/spi-builder-workspace/.swiftpm/xcode
builtin-SwiftPerFileCompile CodeSystemListMode.swift
SwiftCompile normal arm64_32 /Users/admin/builder/spi-builder-workspace/.dependencies/checkouts/FHIRModels/Sources/ModelsR4/CodeSystemListOrderCodes.swift (in target 'ModelsR4' from project 'FHIRModels')
cd /Users/admin/builder/spi-builder-workspace/.swiftpm/xcode
builtin-SwiftPerFileCompile CodeSystemListOrderCodes.swift
SwiftCompile normal arm64_32 /Users/admin/builder/spi-builder-workspace/.dependencies/checkouts/FHIRModels/Sources/ModelsR4/CodeSystemListStatus.swift (in target 'ModelsR4' from project 'FHIRModels')
cd /Users/admin/builder/spi-builder-workspace/.swiftpm/xcode
builtin-SwiftPerFileCompile CodeSystemListStatus.swift
SwiftCompile normal arm64_32 /Users/admin/builder/spi-builder-workspace/.dependencies/checkouts/FHIRModels/Sources/ModelsR4/CodeSystemLocationMode.swift (in target 'ModelsR4' from project 'FHIRModels')
cd /Users/admin/builder/spi-builder-workspace/.swiftpm/xcode
builtin-SwiftPerFileCompile CodeSystemLocationMode.swift
SwiftCompile normal arm64_32 /Users/admin/builder/spi-builder-workspace/.dependencies/checkouts/FHIRModels/Sources/ModelsR4/CodeSystemLocationStatus.swift (in target 'ModelsR4' from project 'FHIRModels')
cd /Users/admin/builder/spi-builder-workspace/.swiftpm/xcode
builtin-SwiftPerFileCompile CodeSystemLocationStatus.swift
SwiftCompile normal arm64_32 /Users/admin/builder/spi-builder-workspace/.dependencies/checkouts/FHIRModels/Sources/ModelsR4/CodeSystemLocationType.swift (in target 'ModelsR4' from project 'FHIRModels')
cd /Users/admin/builder/spi-builder-workspace/.swiftpm/xcode
builtin-SwiftPerFileCompile CodeSystemLocationType.swift
SwiftCompile normal arm64_32 /Users/admin/builder/spi-builder-workspace/.dependencies/checkouts/FHIRModels/Sources/ModelsR4/CodeSystemMatchGrade.swift (in target 'ModelsR4' from project 'FHIRModels')
cd /Users/admin/builder/spi-builder-workspace/.swiftpm/xcode
builtin-SwiftPerFileCompile CodeSystemMatchGrade.swift
SwiftCompile normal arm64_32 /Users/admin/builder/spi-builder-workspace/.dependencies/checkouts/FHIRModels/Sources/ModelsR4/CodeSystemMaxOccurs.swift (in target 'ModelsR4' from project 'FHIRModels')
cd /Users/admin/builder/spi-builder-workspace/.swiftpm/xcode
builtin-SwiftPerFileCompile CodeSystemMaxOccurs.swift
SwiftCompile normal arm64_32 /Users/admin/builder/spi-builder-workspace/.dependencies/checkouts/FHIRModels/Sources/ModelsR4/CodeSystemMeasureDataUsage.swift (in target 'ModelsR4' from project 'FHIRModels')
cd /Users/admin/builder/spi-builder-workspace/.swiftpm/xcode
builtin-SwiftPerFileCompile CodeSystemMeasureDataUsage.swift
SwiftDriverJobDiscovery normal arm64 Compiling CodeSystemMedicationStatusCodes.swift, CodeSystemMedicationrequestStatus.swift, CodeSystemMessageSignificanceCategory.swift, CodeSystemMessageTransport.swift, CodeSystemMessageheaderResponseRequest.swift, CodeSystemMissingToothReasonCodes.swift, CodeSystemModifierTypeCodes.swift, CodeSystemNHINPurposeOfUse.swift, CodeSystemNameUse.swift, CodeSystemNamingSystemIdentifierType.swift, CodeSystemNamingSystemType.swift, CodeSystemNarrativeStatus.swift, CodeSystemNeed.swift, CodeSystemNetworkTypeCodes.swift, CodeSystemNoteType.swift, CodeSystemObservationCategoryCodes.swift, CodeSystemObservationDataType.swift, CodeSystemObservationRangeCategory.swift, CodeSystemObservationReferenceRangeMeaningCodes.swift, CodeSystemObservationStatus.swift, CodeSystemOperationKind.swift, CodeSystemOperationOutcomeCodes.swift, CodeSystemOperationParameterUse.swift, CodeSystemOrganizationAffiliationRole.swift (in target 'ModelsR4' from project 'FHIRModels')
SwiftCompile normal arm64 Compiling\ CodeSystemEventStatus.swift,\ CodeSystemEventTiming.swift,\ CodeSystemEvidenceVariableType.swift,\ CodeSystemEvidenceVariantState.swift,\ CodeSystemExampleClaimSubTypeCodes.swift,\ CodeSystemExampleCoverageFinancialExceptionCodes.swift,\ CodeSystemExampleDiagnosisOnAdmissionCodes.swift,\ CodeSystemExampleDiagnosisTypeCodes.swift,\ CodeSystemExampleMessageReasonCodes.swift,\ CodeSystemExampleOnsetTypeReasonCodes.swift,\ CodeSystemExamplePaymentTypeCodes.swift,\ CodeSystemExamplePharmacyServiceCodes.swift,\ CodeSystemExampleProcedureTypeCodes.swift,\ CodeSystemExampleProgramReasonCodes.swift,\ CodeSystemExampleRelatedClaimRelationshipCodes.swift,\ CodeSystemExampleScenarioActorType.swift,\ CodeSystemExampleServiceModifierCodes.swift,\ CodeSystemExampleServiceProductCodes.swift,\ CodeSystemExampleUseCodesForList.swift,\ CodeSystemExampleVisionPrescriptionProductCodes.swift,\ CodeSystemExceptionCodes.swift,\ CodeSystemExpansionParameterSource.swift,\ CodeSystemExpansionProcessingRule.swift,\ CodeSystemExplanationOfBenefitStatus.swift /Users/admin/builder/spi-builder-workspace/.dependencies/checkouts/FHIRModels/Sources/ModelsR4/CodeSystemEventStatus.swift /Users/admin/builder/spi-builder-workspace/.dependencies/checkouts/FHIRModels/Sources/ModelsR4/CodeSystemEventTiming.swift /Users/admin/builder/spi-builder-workspace/.dependencies/checkouts/FHIRModels/Sources/ModelsR4/CodeSystemEvidenceVariableType.swift /Users/admin/builder/spi-builder-workspace/.dependencies/checkouts/FHIRModels/Sources/ModelsR4/CodeSystemEvidenceVariantState.swift /Users/admin/builder/spi-builder-workspace/.dependencies/checkouts/FHIRModels/Sources/ModelsR4/CodeSystemExampleClaimSubTypeCodes.swift /Users/admin/builder/spi-builder-workspace/.dependencies/checkouts/FHIRModels/Sources/ModelsR4/CodeSystemExampleCoverageFinancialExceptionCodes.swift /Users/admin/builder/spi-builder-workspace/.dependencies/checkouts/FHIRModels/Sources/ModelsR4/CodeSystemExampleDiagnosisOnAdmissionCodes.swift /Users/admin/builder/spi-builder-workspace/.dependencies/checkouts/FHIRModels/Sources/ModelsR4/CodeSystemExampleDiagnosisTypeCodes.swift /Users/admin/builder/spi-builder-workspace/.dependencies/checkouts/FHIRModels/Sources/ModelsR4/CodeSystemExampleMessageReasonCodes.swift /Users/admin/builder/spi-builder-workspace/.dependencies/checkouts/FHIRModels/Sources/ModelsR4/CodeSystemExampleOnsetTypeReasonCodes.swift /Users/admin/builder/spi-builder-workspace/.dependencies/checkouts/FHIRModels/Sources/ModelsR4/CodeSystemExamplePaymentTypeCodes.swift /Users/admin/builder/spi-builder-workspace/.dependencies/checkouts/FHIRModels/Sources/ModelsR4/CodeSystemExamplePharmacyServiceCodes.swift /Users/admin/builder/spi-builder-workspace/.dependencies/checkouts/FHIRModels/Sources/ModelsR4/CodeSystemExampleProcedureTypeCodes.swift /Users/admin/builder/spi-builder-workspace/.dependencies/checkouts/FHIRModels/Sources/ModelsR4/CodeSystemExampleProgramReasonCodes.swift /Users/admin/builder/spi-builder-workspace/.dependencies/checkouts/FHIRModels/Sources/ModelsR4/CodeSystemExampleRelatedClaimRelationshipCodes.swift /Users/admin/builder/spi-builder-workspace/.dependencies/checkouts/FHIRModels/Sources/ModelsR4/CodeSystemExampleScenarioActorType.swift /Users/admin/builder/spi-builder-workspace/.dependencies/checkouts/FHIRModels/Sources/ModelsR4/CodeSystemExampleServiceModifierCodes.swift /Users/admin/builder/spi-builder-workspace/.dependencies/checkouts/FHIRModels/Sources/ModelsR4/CodeSystemExampleServiceProductCodes.swift /Users/admin/builder/spi-builder-workspace/.dependencies/checkouts/FHIRModels/Sources/ModelsR4/CodeSystemExampleUseCodesForList.swift /Users/admin/builder/spi-builder-workspace/.dependencies/checkouts/FHIRModels/Sources/ModelsR4/CodeSystemExampleVisionPrescriptionProductCodes.swift /Users/admin/builder/spi-builder-workspace/.dependencies/checkouts/FHIRModels/Sources/ModelsR4/CodeSystemExceptionCodes.swift /Users/admin/builder/spi-builder-workspace/.dependencies/checkouts/FHIRModels/Sources/ModelsR4/CodeSystemExpansionParameterSource.swift /Users/admin/builder/spi-builder-workspace/.dependencies/checkouts/FHIRModels/Sources/ModelsR4/CodeSystemExpansionProcessingRule.swift /Users/admin/builder/spi-builder-workspace/.dependencies/checkouts/FHIRModels/Sources/ModelsR4/CodeSystemExplanationOfBenefitStatus.swift (in target 'ModelsR4' from project 'FHIRModels')
SwiftCompile normal arm64 /Users/admin/builder/spi-builder-workspace/.dependencies/checkouts/FHIRModels/Sources/ModelsR4/CodeSystemEventStatus.swift (in target 'ModelsR4' from project 'FHIRModels')
cd /Users/admin/builder/spi-builder-workspace/.swiftpm/xcode
builtin-SwiftPerFileCompile CodeSystemEventStatus.swift
SwiftCompile normal arm64 /Users/admin/builder/spi-builder-workspace/.dependencies/checkouts/FHIRModels/Sources/ModelsR4/CodeSystemEventTiming.swift (in target 'ModelsR4' from project 'FHIRModels')
cd /Users/admin/builder/spi-builder-workspace/.swiftpm/xcode
builtin-SwiftPerFileCompile CodeSystemEventTiming.swift
SwiftCompile normal arm64 /Users/admin/builder/spi-builder-workspace/.dependencies/checkouts/FHIRModels/Sources/ModelsR4/CodeSystemEvidenceVariableType.swift (in target 'ModelsR4' from project 'FHIRModels')
cd /Users/admin/builder/spi-builder-workspace/.swiftpm/xcode
builtin-SwiftPerFileCompile CodeSystemEvidenceVariableType.swift
SwiftCompile normal arm64 /Users/admin/builder/spi-builder-workspace/.dependencies/checkouts/FHIRModels/Sources/ModelsR4/CodeSystemEvidenceVariantState.swift (in target 'ModelsR4' from project 'FHIRModels')
cd /Users/admin/builder/spi-builder-workspace/.swiftpm/xcode
builtin-SwiftPerFileCompile CodeSystemEvidenceVariantState.swift
SwiftCompile normal arm64 /Users/admin/builder/spi-builder-workspace/.dependencies/checkouts/FHIRModels/Sources/ModelsR4/CodeSystemExampleClaimSubTypeCodes.swift (in target 'ModelsR4' from project 'FHIRModels')
cd /Users/admin/builder/spi-builder-workspace/.swiftpm/xcode
builtin-SwiftPerFileCompile CodeSystemExampleClaimSubTypeCodes.swift
SwiftCompile normal arm64 /Users/admin/builder/spi-builder-workspace/.dependencies/checkouts/FHIRModels/Sources/ModelsR4/CodeSystemExampleCoverageFinancialExceptionCodes.swift (in target 'ModelsR4' from project 'FHIRModels')
cd /Users/admin/builder/spi-builder-workspace/.swiftpm/xcode
builtin-SwiftPerFileCompile CodeSystemExampleCoverageFinancialExceptionCodes.swift
SwiftCompile normal arm64 /Users/admin/builder/spi-builder-workspace/.dependencies/checkouts/FHIRModels/Sources/ModelsR4/CodeSystemExampleDiagnosisOnAdmissionCodes.swift (in target 'ModelsR4' from project 'FHIRModels')
cd /Users/admin/builder/spi-builder-workspace/.swiftpm/xcode
builtin-SwiftPerFileCompile CodeSystemExampleDiagnosisOnAdmissionCodes.swift
SwiftCompile normal arm64 /Users/admin/builder/spi-builder-workspace/.dependencies/checkouts/FHIRModels/Sources/ModelsR4/CodeSystemExampleDiagnosisTypeCodes.swift (in target 'ModelsR4' from project 'FHIRModels')
cd /Users/admin/builder/spi-builder-workspace/.swiftpm/xcode
builtin-SwiftPerFileCompile CodeSystemExampleDiagnosisTypeCodes.swift
SwiftCompile normal arm64 /Users/admin/builder/spi-builder-workspace/.dependencies/checkouts/FHIRModels/Sources/ModelsR4/CodeSystemExampleMessageReasonCodes.swift (in target 'ModelsR4' from project 'FHIRModels')
cd /Users/admin/builder/spi-builder-workspace/.swiftpm/xcode
builtin-SwiftPerFileCompile CodeSystemExampleMessageReasonCodes.swift
SwiftCompile normal arm64 /Users/admin/builder/spi-builder-workspace/.dependencies/checkouts/FHIRModels/Sources/ModelsR4/CodeSystemExampleOnsetTypeReasonCodes.swift (in target 'ModelsR4' from project 'FHIRModels')
cd /Users/admin/builder/spi-builder-workspace/.swiftpm/xcode
builtin-SwiftPerFileCompile CodeSystemExampleOnsetTypeReasonCodes.swift
SwiftCompile normal arm64 /Users/admin/builder/spi-builder-workspace/.dependencies/checkouts/FHIRModels/Sources/ModelsR4/CodeSystemExamplePaymentTypeCodes.swift (in target 'ModelsR4' from project 'FHIRModels')
cd /Users/admin/builder/spi-builder-workspace/.swiftpm/xcode
builtin-SwiftPerFileCompile CodeSystemExamplePaymentTypeCodes.swift
SwiftCompile normal arm64 /Users/admin/builder/spi-builder-workspace/.dependencies/checkouts/FHIRModels/Sources/ModelsR4/CodeSystemExamplePharmacyServiceCodes.swift (in target 'ModelsR4' from project 'FHIRModels')
cd /Users/admin/builder/spi-builder-workspace/.swiftpm/xcode
builtin-SwiftPerFileCompile CodeSystemExamplePharmacyServiceCodes.swift
SwiftCompile normal arm64 /Users/admin/builder/spi-builder-workspace/.dependencies/checkouts/FHIRModels/Sources/ModelsR4/CodeSystemExampleProcedureTypeCodes.swift (in target 'ModelsR4' from project 'FHIRModels')
cd /Users/admin/builder/spi-builder-workspace/.swiftpm/xcode
builtin-SwiftPerFileCompile CodeSystemExampleProcedureTypeCodes.swift
SwiftCompile normal arm64 /Users/admin/builder/spi-builder-workspace/.dependencies/checkouts/FHIRModels/Sources/ModelsR4/CodeSystemExampleProgramReasonCodes.swift (in target 'ModelsR4' from project 'FHIRModels')
cd /Users/admin/builder/spi-builder-workspace/.swiftpm/xcode
builtin-SwiftPerFileCompile CodeSystemExampleProgramReasonCodes.swift
SwiftCompile normal arm64 /Users/admin/builder/spi-builder-workspace/.dependencies/checkouts/FHIRModels/Sources/ModelsR4/CodeSystemExampleRelatedClaimRelationshipCodes.swift (in target 'ModelsR4' from project 'FHIRModels')
cd /Users/admin/builder/spi-builder-workspace/.swiftpm/xcode
builtin-SwiftPerFileCompile CodeSystemExampleRelatedClaimRelationshipCodes.swift
SwiftCompile normal arm64 /Users/admin/builder/spi-builder-workspace/.dependencies/checkouts/FHIRModels/Sources/ModelsR4/CodeSystemExampleScenarioActorType.swift (in target 'ModelsR4' from project 'FHIRModels')
cd /Users/admin/builder/spi-builder-workspace/.swiftpm/xcode
builtin-SwiftPerFileCompile CodeSystemExampleScenarioActorType.swift
SwiftCompile normal arm64 /Users/admin/builder/spi-builder-workspace/.dependencies/checkouts/FHIRModels/Sources/ModelsR4/CodeSystemExampleServiceModifierCodes.swift (in target 'ModelsR4' from project 'FHIRModels')
cd /Users/admin/builder/spi-builder-workspace/.swiftpm/xcode
builtin-SwiftPerFileCompile CodeSystemExampleServiceModifierCodes.swift
SwiftCompile normal arm64 /Users/admin/builder/spi-builder-workspace/.dependencies/checkouts/FHIRModels/Sources/ModelsR4/CodeSystemExampleServiceProductCodes.swift (in target 'ModelsR4' from project 'FHIRModels')
cd /Users/admin/builder/spi-builder-workspace/.swiftpm/xcode
builtin-SwiftPerFileCompile CodeSystemExampleServiceProductCodes.swift
SwiftCompile normal arm64 /Users/admin/builder/spi-builder-workspace/.dependencies/checkouts/FHIRModels/Sources/ModelsR4/CodeSystemExampleUseCodesForList.swift (in target 'ModelsR4' from project 'FHIRModels')
cd /Users/admin/builder/spi-builder-workspace/.swiftpm/xcode
builtin-SwiftPerFileCompile CodeSystemExampleUseCodesForList.swift
SwiftCompile normal arm64 /Users/admin/builder/spi-builder-workspace/.dependencies/checkouts/FHIRModels/Sources/ModelsR4/CodeSystemExampleVisionPrescriptionProductCodes.swift (in target 'ModelsR4' from project 'FHIRModels')
cd /Users/admin/builder/spi-builder-workspace/.swiftpm/xcode
builtin-SwiftPerFileCompile CodeSystemExampleVisionPrescriptionProductCodes.swift
SwiftCompile normal arm64 /Users/admin/builder/spi-builder-workspace/.dependencies/checkouts/FHIRModels/Sources/ModelsR4/CodeSystemExceptionCodes.swift (in target 'ModelsR4' from project 'FHIRModels')
cd /Users/admin/builder/spi-builder-workspace/.swiftpm/xcode
builtin-SwiftPerFileCompile CodeSystemExceptionCodes.swift
SwiftCompile normal arm64 /Users/admin/builder/spi-builder-workspace/.dependencies/checkouts/FHIRModels/Sources/ModelsR4/CodeSystemExpansionParameterSource.swift (in target 'ModelsR4' from project 'FHIRModels')
cd /Users/admin/builder/spi-builder-workspace/.swiftpm/xcode
builtin-SwiftPerFileCompile CodeSystemExpansionParameterSource.swift
SwiftCompile normal arm64 /Users/admin/builder/spi-builder-workspace/.dependencies/checkouts/FHIRModels/Sources/ModelsR4/CodeSystemExpansionProcessingRule.swift (in target 'ModelsR4' from project 'FHIRModels')
cd /Users/admin/builder/spi-builder-workspace/.swiftpm/xcode
builtin-SwiftPerFileCompile CodeSystemExpansionProcessingRule.swift
SwiftCompile normal arm64 /Users/admin/builder/spi-builder-workspace/.dependencies/checkouts/FHIRModels/Sources/ModelsR4/CodeSystemExplanationOfBenefitStatus.swift (in target 'ModelsR4' from project 'FHIRModels')
cd /Users/admin/builder/spi-builder-workspace/.swiftpm/xcode
builtin-SwiftPerFileCompile CodeSystemExplanationOfBenefitStatus.swift
SwiftDriverJobDiscovery normal arm64_32 Compiling CodeSystemEventStatus.swift, CodeSystemEventTiming.swift, CodeSystemEvidenceVariableType.swift, CodeSystemEvidenceVariantState.swift, CodeSystemExampleClaimSubTypeCodes.swift, CodeSystemExampleCoverageFinancialExceptionCodes.swift, CodeSystemExampleDiagnosisOnAdmissionCodes.swift, CodeSystemExampleDiagnosisTypeCodes.swift, CodeSystemExampleMessageReasonCodes.swift, CodeSystemExampleOnsetTypeReasonCodes.swift, CodeSystemExamplePaymentTypeCodes.swift, CodeSystemExamplePharmacyServiceCodes.swift, CodeSystemExampleProcedureTypeCodes.swift, CodeSystemExampleProgramReasonCodes.swift, CodeSystemExampleRelatedClaimRelationshipCodes.swift, CodeSystemExampleScenarioActorType.swift, CodeSystemExampleServiceModifierCodes.swift, CodeSystemExampleServiceProductCodes.swift, CodeSystemExampleUseCodesForList.swift, CodeSystemExampleVisionPrescriptionProductCodes.swift, CodeSystemExceptionCodes.swift, CodeSystemExpansionParameterSource.swift, CodeSystemExpansionProcessingRule.swift, CodeSystemExplanationOfBenefitStatus.swift (in target 'ModelsR4' from project 'FHIRModels')
SwiftDriverJobDiscovery normal arm64_32 Compiling CodeSystemImmunizationRecommendationStatusCodes.swift, CodeSystemImmunizationSubpotentReason.swift, CodeSystemImplantStatus.swift, CodeSystemIndicator.swift, CodeSystemInterventionCodes.swift, CodeSystemInvoicePriceComponentType.swift, CodeSystemInvoiceStatus.swift, CodeSystemIssueSeverity.swift, CodeSystemIssueType.swift, CodeSystemKnowledgeResourceType.swift, CodeSystemLanguagePreferenceType.swift, CodeSystemLibraryType.swift, CodeSystemLinkType.swift, CodeSystemLinkageType.swift, CodeSystemListEmptyReasons.swift, CodeSystemListMode.swift, CodeSystemListOrderCodes.swift, CodeSystemListStatus.swift, CodeSystemLocationMode.swift, CodeSystemLocationStatus.swift, CodeSystemLocationType.swift, CodeSystemMatchGrade.swift, CodeSystemMaxOccurs.swift, CodeSystemMeasureDataUsage.swift (in target 'ModelsR4' from project 'FHIRModels')
SwiftDriver MedikationsplanFHIR normal arm64_32 com.apple.xcode.tools.swift.compiler (in target 'MedikationsplanFHIR' from project 'swift-medikationsplan')
cd /Users/admin/builder/spi-builder-workspace/.swiftpm/xcode
builtin-SwiftDriver -- /Applications/Xcode-27.0.0-Release.Candidate.app/Contents/Developer/Toolchains/XcodeDefault.xctoolchain/usr/bin/swiftc -parse-as-library -module-name MedikationsplanFHIR -Onone @/Users/admin/builder/spi-builder-workspace/.derivedData/Build/Intermediates.noindex/swift-medikationsplan.build/Debug-watchos/MedikationsplanFHIR-t.build/Objects-normal/arm64_32/MedikationsplanFHIR.SwiftFileList -DSWIFT_PACKAGE -DDEBUG -DSWIFT_MODULE_RESOURCE_BUNDLE_UNAVAILABLE -DXcode -plugin-path /Applications/Xcode-27.0.0-Release.Candidate.app/Contents/Developer/Toolchains/XcodeDefault.xctoolchain/usr/lib/swift/host/plugins/testing -enable-experimental-feature DebugDescriptionMacro -sdk /Applications/Xcode-27.0.0-Release.Candidate.app/Contents/Developer/Platforms/WatchOS.platform/Developer/SDKs/WatchOS27.0.sdk -target arm64_32-apple-watchos9.0 -g -module-cache-path /Users/admin/builder/spi-builder-workspace/.derivedData/ModuleCache.noindex -Xfrontend -serialize-debugging-options -profile-coverage-mapping -profile-generate -enable-testing -index-store-path /Users/admin/builder/spi-builder-workspace/.derivedData/Index.noindex/DataStore -Xcc -D_LIBCPP_HARDENING_MODE\=_LIBCPP_HARDENING_MODE_DEBUG -swift-version 5 -I /Users/admin/builder/spi-builder-workspace/.derivedData/Build/Products/Debug-watchos -Isystem /Applications/Xcode-27.0.0-Release.Candidate.app/Contents/Developer/Platforms/WatchOS.platform/Developer/usr/lib -F /Users/admin/builder/spi-builder-workspace/.derivedData/Build/Products/Debug-watchos/PackageFrameworks -F /Users/admin/builder/spi-builder-workspace/.derivedData/Build/Products/Debug-watchos -F /Applications/Xcode-27.0.0-Release.Candidate.app/Contents/Developer/Platforms/WatchOS.platform/Developer/Library/Frameworks -F /Applications/Xcode-27.0.0-Release.Candidate.app/Contents/Developer/Platforms/WatchOS.platform/Developer/SDKs/WatchOS27.0.sdk/Developer/Library/Frameworks -c -j10 -enable-batch-mode -incremental -Xcc -ivfsstatcache -Xcc /Users/admin/builder/spi-builder-workspace/.derivedData/SDKStatCaches.noindex/watchos27.0-24R360-e829b21a6f8c9b70876ba0858053c04477534ef55a1706bf4c1112bbb242f0a2.sdkstatcache -output-file-map /Users/admin/builder/spi-builder-workspace/.derivedData/Build/Intermediates.noindex/swift-medikationsplan.build/Debug-watchos/MedikationsplanFHIR-t.build/Objects-normal/arm64_32/MedikationsplanFHIR-OutputFileMap.json -save-temps -no-color-diagnostics -explicit-module-build -module-cache-path /Users/admin/builder/spi-builder-workspace/.derivedData/Build/Intermediates.noindex/SwiftExplicitPrecompiledModules -clang-scanner-module-cache-path /Users/admin/builder/spi-builder-workspace/.derivedData/ModuleCache.noindex -sdk-module-cache-path /Users/admin/builder/spi-builder-workspace/.derivedData/SDKExplicitPrecompiledModules -emit-dependencies -emit-module -emit-module-path /Users/admin/builder/spi-builder-workspace/.derivedData/Build/Intermediates.noindex/swift-medikationsplan.build/Debug-watchos/MedikationsplanFHIR-t.build/Objects-normal/arm64_32/MedikationsplanFHIR.swiftmodule -serialize-diagnostics -dependency-scan-serialize-diagnostics-path /Users/admin/builder/spi-builder-workspace/.derivedData/Build/Intermediates.noindex/swift-medikationsplan.build/Debug-watchos/MedikationsplanFHIR-t.build/Objects-normal/arm64_32/MedikationsplanFHIR-dependency-scan.dia -validate-clang-modules-once -clang-build-session-file /Users/admin/builder/spi-builder-workspace/.derivedData/ModuleCache.noindex/Session.modulevalidation -Xcc -fmodules-prune-interval\=86400 -Xcc -fmodules-prune-after\=345600 -package-name spi_builder_workspace -emit-const-values -const-gather-protocols-list /Users/admin/builder/spi-builder-workspace/.derivedData/Build/Intermediates.noindex/swift-medikationsplan.build/Debug-watchos/MedikationsplanFHIR-t.build/Objects-normal/arm64_32/MedikationsplanFHIR_const_extract_protocols.json -Xcc -I/Users/admin/builder/spi-builder-workspace/.derivedData/Build/Products/Debug-watchos/include -Xcc -I/Users/admin/builder/spi-builder-workspace/.derivedData/Build/Intermediates.noindex/swift-medikationsplan.build/Debug-watchos/MedikationsplanFHIR-t.build/DerivedSources-normal/arm64_32 -Xcc -I/Users/admin/builder/spi-builder-workspace/.derivedData/Build/Intermediates.noindex/swift-medikationsplan.build/Debug-watchos/MedikationsplanFHIR-t.build/DerivedSources/arm64_32 -Xcc -I/Users/admin/builder/spi-builder-workspace/.derivedData/Build/Intermediates.noindex/swift-medikationsplan.build/Debug-watchos/MedikationsplanFHIR-t.build/DerivedSources -Xcc -DSWIFT_PACKAGE -Xcc -DDEBUG\=1 -emit-objc-header -emit-objc-header-path /Users/admin/builder/spi-builder-workspace/.derivedData/Build/Intermediates.noindex/swift-medikationsplan.build/Debug-watchos/MedikationsplanFHIR-t.build/Objects-normal/arm64_32/MedikationsplanFHIR-Swift.h -working-directory /Users/admin/builder/spi-builder-workspace/.swiftpm/xcode -experimental-emit-module-separately -disable-cmo
SwiftDriver MedikationsplanFHIR normal arm64 com.apple.xcode.tools.swift.compiler (in target 'MedikationsplanFHIR' from project 'swift-medikationsplan')
cd /Users/admin/builder/spi-builder-workspace/.swiftpm/xcode
builtin-SwiftDriver -- /Applications/Xcode-27.0.0-Release.Candidate.app/Contents/Developer/Toolchains/XcodeDefault.xctoolchain/usr/bin/swiftc -parse-as-library -module-name MedikationsplanFHIR -Onone @/Users/admin/builder/spi-builder-workspace/.derivedData/Build/Intermediates.noindex/swift-medikationsplan.build/Debug-watchos/MedikationsplanFHIR-t.build/Objects-normal/arm64/MedikationsplanFHIR.SwiftFileList -DSWIFT_PACKAGE -DDEBUG -DSWIFT_MODULE_RESOURCE_BUNDLE_UNAVAILABLE -DXcode -plugin-path /Applications/Xcode-27.0.0-Release.Candidate.app/Contents/Developer/Toolchains/XcodeDefault.xctoolchain/usr/lib/swift/host/plugins/testing -enable-experimental-feature DebugDescriptionMacro -sdk /Applications/Xcode-27.0.0-Release.Candidate.app/Contents/Developer/Platforms/WatchOS.platform/Developer/SDKs/WatchOS27.0.sdk -target arm64-apple-watchos9.0 -g -module-cache-path /Users/admin/builder/spi-builder-workspace/.derivedData/ModuleCache.noindex -Xfrontend -serialize-debugging-options -profile-coverage-mapping -profile-generate -enable-testing -index-store-path /Users/admin/builder/spi-builder-workspace/.derivedData/Index.noindex/DataStore -Xcc -D_LIBCPP_HARDENING_MODE\=_LIBCPP_HARDENING_MODE_DEBUG -swift-version 5 -I /Users/admin/builder/spi-builder-workspace/.derivedData/Build/Products/Debug-watchos -Isystem /Applications/Xcode-27.0.0-Release.Candidate.app/Contents/Developer/Platforms/WatchOS.platform/Developer/usr/lib -F /Users/admin/builder/spi-builder-workspace/.derivedData/Build/Products/Debug-watchos/PackageFrameworks -F /Users/admin/builder/spi-builder-workspace/.derivedData/Build/Products/Debug-watchos -F /Applications/Xcode-27.0.0-Release.Candidate.app/Contents/Developer/Platforms/WatchOS.platform/Developer/Library/Frameworks -F /Applications/Xcode-27.0.0-Release.Candidate.app/Contents/Developer/Platforms/WatchOS.platform/Developer/SDKs/WatchOS27.0.sdk/Developer/Library/Frameworks -c -j10 -enable-batch-mode -incremental -Xcc -ivfsstatcache -Xcc /Users/admin/builder/spi-builder-workspace/.derivedData/SDKStatCaches.noindex/watchos27.0-24R360-e829b21a6f8c9b70876ba0858053c04477534ef55a1706bf4c1112bbb242f0a2.sdkstatcache -output-file-map /Users/admin/builder/spi-builder-workspace/.derivedData/Build/Intermediates.noindex/swift-medikationsplan.build/Debug-watchos/MedikationsplanFHIR-t.build/Objects-normal/arm64/MedikationsplanFHIR-OutputFileMap.json -save-temps -no-color-diagnostics -explicit-module-build -module-cache-path /Users/admin/builder/spi-builder-workspace/.derivedData/Build/Intermediates.noindex/SwiftExplicitPrecompiledModules -clang-scanner-module-cache-path /Users/admin/builder/spi-builder-workspace/.derivedData/ModuleCache.noindex -sdk-module-cache-path /Users/admin/builder/spi-builder-workspace/.derivedData/SDKExplicitPrecompiledModules -emit-dependencies -emit-module -emit-module-path /Users/admin/builder/spi-builder-workspace/.derivedData/Build/Intermediates.noindex/swift-medikationsplan.build/Debug-watchos/MedikationsplanFHIR-t.build/Objects-normal/arm64/MedikationsplanFHIR.swiftmodule -serialize-diagnostics -dependency-scan-serialize-diagnostics-path /Users/admin/builder/spi-builder-workspace/.derivedData/Build/Intermediates.noindex/swift-medikationsplan.build/Debug-watchos/MedikationsplanFHIR-t.build/Objects-normal/arm64/MedikationsplanFHIR-dependency-scan.dia -validate-clang-modules-once -clang-build-session-file /Users/admin/builder/spi-builder-workspace/.derivedData/ModuleCache.noindex/Session.modulevalidation -Xcc -fmodules-prune-interval\=86400 -Xcc -fmodules-prune-after\=345600 -package-name spi_builder_workspace -emit-const-values -const-gather-protocols-list /Users/admin/builder/spi-builder-workspace/.derivedData/Build/Intermediates.noindex/swift-medikationsplan.build/Debug-watchos/MedikationsplanFHIR-t.build/Objects-normal/arm64/MedikationsplanFHIR_const_extract_protocols.json -Xcc -I/Users/admin/builder/spi-builder-workspace/.derivedData/Build/Products/Debug-watchos/include -Xcc -I/Users/admin/builder/spi-builder-workspace/.derivedData/Build/Intermediates.noindex/swift-medikationsplan.build/Debug-watchos/MedikationsplanFHIR-t.build/DerivedSources-normal/arm64 -Xcc -I/Users/admin/builder/spi-builder-workspace/.derivedData/Build/Intermediates.noindex/swift-medikationsplan.build/Debug-watchos/MedikationsplanFHIR-t.build/DerivedSources/arm64 -Xcc -I/Users/admin/builder/spi-builder-workspace/.derivedData/Build/Intermediates.noindex/swift-medikationsplan.build/Debug-watchos/MedikationsplanFHIR-t.build/DerivedSources -Xcc -DSWIFT_PACKAGE -Xcc -DDEBUG\=1 -emit-objc-header -emit-objc-header-path /Users/admin/builder/spi-builder-workspace/.derivedData/Build/Intermediates.noindex/swift-medikationsplan.build/Debug-watchos/MedikationsplanFHIR-t.build/Objects-normal/arm64/MedikationsplanFHIR-Swift.h -working-directory /Users/admin/builder/spi-builder-workspace/.swiftpm/xcode -experimental-emit-module-separately -disable-cmo
SwiftDriverJobDiscovery normal arm64 Compiling FamilyMemberHistory.swift, Flag.swift, Goal.swift, GraphDefinition.swift, Group.swift, GuidanceResponse.swift, HealthcareService.swift, HumanName.swift, Identifier.swift, ImagingStudy.swift, Immunization.swift, ImmunizationEvaluation.swift, ImmunizationRecommendation.swift, ImplementationGuide.swift, Instant+NSDate.swift, Instant.swift, InstantDate.swift, InsurancePlan.swift, Invoice.swift, Library.swift, Linkage.swift, List.swift, Location.swift, MarketingStatus.swift (in target 'ModelsR4' from project 'FHIRModels')
SwiftExplicitDependencyGeneratePcm arm64_32 /Users/admin/builder/spi-builder-workspace/.derivedData/SDKExplicitPrecompiledModules/_Builtin_stdatomic-1TY035TURL76BF2U98PZPPZRX.pcm
SwiftExplicitDependencyGeneratePcm arm64_32 /Users/admin/builder/spi-builder-workspace/.derivedData/SDKExplicitPrecompiledModules/MachO-56838ZJ0NC1EBAJ0O6O8QMPDX.pcm
SwiftExplicitDependencyGeneratePcm arm64 /Users/admin/builder/spi-builder-workspace/.derivedData/SDKExplicitPrecompiledModules/MachO-2U90NNSAQILBNBPS1SA4F8TYP.pcm
SwiftExplicitDependencyGeneratePcm arm64 /Users/admin/builder/spi-builder-workspace/.derivedData/SDKExplicitPrecompiledModules/_Builtin_stdatomic-7JEFA3KBJJJN6TKJWY3OG1VG5.pcm
SwiftExplicitDependencyGeneratePcm arm64_32 /Users/admin/builder/spi-builder-workspace/.derivedData/SDKExplicitPrecompiledModules/os-E5IGB442IA6SBB25TTCOLK2OC.pcm
SwiftDriverJobDiscovery normal arm64_32 Compiling Quantity.swift, Questionnaire.swift, QuestionnaireResponse.swift, Range.swift, Ratio.swift, Reference.swift, RelatedArtifact.swift, RelatedPerson.swift, RequestGroup.swift, ResearchDefinition.swift, ResearchElementDefinition.swift, ResearchStudy.swift, ResearchSubject.swift, Resource.swift, ResourceProxy.swift, RiskAssessment.swift, RiskEvidenceSynthesis.swift, SampledData.swift, Schedule.swift, SearchParameter.swift, ServiceRequest.swift, Signature.swift, Slot.swift, Specimen.swift (in target 'ModelsR4' from project 'FHIRModels')
SwiftExplicitDependencyGeneratePcm arm64 /Users/admin/builder/spi-builder-workspace/.derivedData/SDKExplicitPrecompiledModules/os-5DIL6Z9LFIGLMZAHM7X2T5435.pcm
SwiftEmitModule normal arm64_32 Emitting\ module\ for\ MedikationsplanFHIR (in target 'MedikationsplanFHIR' from project 'swift-medikationsplan')
/Users/admin/builder/spi-builder-workspace/Sources/MedikationsplanFHIR/AuthorMapper.swift:8:23: warning: use of protocol 'Resource' as a type must be written 'any Resource'; this will be an error in a future Swift language mode [#ExistentialAny]
6 |
7 | struct AuthorResult {
8 | let resource: Resource
| `- warning: use of protocol 'Resource' as a type must be written 'any Resource'; this will be an error in a future Swift language mode [#ExistentialAny]
9 | let id: String
10 | let isPractitioner: Bool
/Users/admin/builder/spi-builder-workspace/Sources/MedikationsplanFHIR/BundleMapper.swift:11:25: warning: use of protocol 'Resource' as a type must be written 'any Resource'; this will be an error in a future Swift language mode [#ExistentialAny]
9 | patient: ModelsR4.Patient,
10 | patientId: String,
11 | authorResource: Resource,
| `- warning: use of protocol 'Resource' as a type must be written 'any Resource'; this will be an error in a future Swift language mode [#ExistentialAny]
12 | authorId: String,
13 | medications: [(ModelsR4.Medication, String)],
/Users/admin/builder/spi-builder-workspace/Sources/MedikationsplanFHIR/BundleMapper.swift:61:45: warning: use of protocol 'Resource' as a type must be written 'any Resource'; this will be an error in a future Swift language mode [#ExistentialAny]
59 | }
60 |
61 | private static func makeEntry(resource: Resource, id: String) -> BundleEntry {
| `- warning: use of protocol 'Resource' as a type must be written 'any Resource'; this will be an error in a future Swift language mode [#ExistentialAny]
62 | let entry = BundleEntry()
63 | entry.fullUrl = "urn:uuid:\(id)".asFHIRURIPrimitive()
/Users/admin/builder/spi-builder-workspace/Sources/MedikationsplanFHIR/ReverseAuthorMapper.swift:7:33: warning: use of protocol 'Resource' as a type must be written 'any Resource'; this will be an error in a future Swift language mode [#ExistentialAny]
5 | enum ReverseAuthorMapper {
6 |
7 | static func map(_ resource: Resource) -> Author {
| `- warning: use of protocol 'Resource' as a type must be written 'any Resource'; this will be an error in a future Swift language mode [#ExistentialAny]
8 | if let practitioner = resource as? Practitioner {
9 | return mapPractitioner(practitioner)
[#ExistentialAny]: <https://docs.swift.org/compiler/documentation/diagnostics/existential-any>
SwiftCompile normal arm64_32 (in target 'MedikationsplanFHIR' from project 'swift-medikationsplan')
cd /Users/admin/builder/spi-builder-workspace/.swiftpm/xcode
SwiftCompile normal arm64_32 Compiling\ ReverseAuthorMapper.swift /Users/admin/builder/spi-builder-workspace/Sources/MedikationsplanFHIR/ReverseAuthorMapper.swift (in target 'MedikationsplanFHIR' from project 'swift-medikationsplan')
SwiftCompile normal arm64_32 /Users/admin/builder/spi-builder-workspace/Sources/MedikationsplanFHIR/ReverseAuthorMapper.swift (in target 'MedikationsplanFHIR' from project 'swift-medikationsplan')
cd /Users/admin/builder/spi-builder-workspace/.swiftpm/xcode
builtin-SwiftPerFileCompile ReverseAuthorMapper.swift
SwiftCompile normal arm64_32 Compiling\ MedicationMapper.swift /Users/admin/builder/spi-builder-workspace/Sources/MedikationsplanFHIR/MedicationMapper.swift (in target 'MedikationsplanFHIR' from project 'swift-medikationsplan')
/Users/admin/builder/spi-builder-workspace/Sources/MedikationsplanFHIR/MedicationMapper.swift:35:13: error: cannot assign to property: 'med' is a 'let' constant
32 |
33 | private static func mapMedication(_ bmpMed: MedikationsplanKit.Medication, id: String) -> ModelsR4.Medication {
34 | let med = ModelsR4.Medication()
| `- note: change 'let' to 'var' to make it mutable
35 | med.id = id.asFHIRStringPrimitive()
| `- error: cannot assign to property: 'med' is a 'let' constant
36 |
37 | // Code (PZN + name)
/Users/admin/builder/spi-builder-workspace/Sources/MedikationsplanFHIR/MedicationMapper.swift:53:13: error: cannot assign to property: 'med' is a 'let' constant
32 |
33 | private static func mapMedication(_ bmpMed: MedikationsplanKit.Medication, id: String) -> ModelsR4.Medication {
34 | let med = ModelsR4.Medication()
| `- note: change 'let' to 'var' to make it mutable
35 | med.id = id.asFHIRStringPrimitive()
36 |
:
51 | code.text = name.asFHIRStringPrimitive()
52 | }
53 | med.code = code
| `- error: cannot assign to property: 'med' is a 'let' constant
54 |
55 | // Form
/Users/admin/builder/spi-builder-workspace/Sources/MedikationsplanFHIR/MedicationMapper.swift:57:17: error: cannot assign to property: 'med' is a 'let' constant
32 |
33 | private static func mapMedication(_ bmpMed: MedikationsplanKit.Medication, id: String) -> ModelsR4.Medication {
34 | let med = ModelsR4.Medication()
| `- note: change 'let' to 'var' to make it mutable
35 | med.id = id.asFHIRStringPrimitive()
36 |
:
55 | // Form
56 | if let formText = bmpMed.formText ?? bmpMed.formCode {
57 | med.form = CodeableConcept(text: formText.asFHIRStringPrimitive())
| `- error: cannot assign to property: 'med' is a 'let' constant
58 | }
59 |
/Users/admin/builder/spi-builder-workspace/Sources/MedikationsplanFHIR/MedicationMapper.swift:64:17: error: cannot assign to property: 'med' is a 'let' constant
32 |
33 | private static func mapMedication(_ bmpMed: MedikationsplanKit.Medication, id: String) -> ModelsR4.Medication {
34 | let med = ModelsR4.Medication()
| `- note: change 'let' to 'var' to make it mutable
35 | med.id = id.asFHIRStringPrimitive()
36 |
:
62 | var exts = med.`extension` ?? []
63 | exts.append(BMPFHIRExtension.makeString(BMPFHIRExtension.formCode, formCode))
64 | med.`extension` = exts
| `- error: cannot assign to property: 'med' is a 'let' constant
65 | }
66 |
/Users/admin/builder/spi-builder-workspace/Sources/MedikationsplanFHIR/MedicationMapper.swift:69:17: error: cannot assign to property: 'med' is a 'let' constant
32 |
33 | private static func mapMedication(_ bmpMed: MedikationsplanKit.Medication, id: String) -> ModelsR4.Medication {
34 | let med = ModelsR4.Medication()
| `- note: change 'let' to 'var' to make it mutable
35 | med.id = id.asFHIRStringPrimitive()
36 |
:
67 | // Active ingredients
68 | if !bmpMed.activeIngredients.isEmpty {
69 | med.ingredient = bmpMed.activeIngredients.map { ingredient in
| `- error: cannot assign to property: 'med' is a 'let' constant
70 | var fhirIngredient = MedicationIngredient(
71 | item: .codeableConcept(CodeableConcept(text: ingredient.name.asFHIRStringPrimitive()))
/Users/admin/builder/spi-builder-workspace/Sources/MedikationsplanFHIR/MedicationMapper.swift:76:31: error: cannot assign to property: 'numerator' is a 'let' constant
73 | if let strength = ingredient.strength {
74 | let ratio = Ratio()
75 | let numerator = Quantity()
| `- note: change 'let' to 'var' to make it mutable
76 | numerator.unit = strength.asFHIRStringPrimitive()
| `- error: cannot assign to property: 'numerator' is a 'let' constant
77 | ratio.numerator = numerator
78 | fhirIngredient.strength = ratio
/Users/admin/builder/spi-builder-workspace/Sources/MedikationsplanFHIR/MedicationMapper.swift:98:14: error: cannot assign to property: 'stmt' is a 'let' constant
91 | patientId: String
92 | ) -> MedicationStatement {
93 | let stmt = MedicationStatement(
| `- note: change 'let' to 'var' to make it mutable
94 | medication: .reference(Reference(reference: "urn:uuid:\(medicationId)".asFHIRStringPrimitive())),
95 | status: FHIRPrimitive(.active),
96 | subject: Reference(reference: "urn:uuid:\(patientId)".asFHIRStringPrimitive())
97 | )
98 | stmt.id = id.asFHIRStringPrimitive()
| `- error: cannot assign to property: 'stmt' is a 'let' constant
99 |
100 | // Dosage
/Users/admin/builder/spi-builder-workspace/Sources/MedikationsplanFHIR/MedicationMapper.swift:101:14: error: cannot assign to property: 'stmt' is a 'let' constant
91 | patientId: String
92 | ) -> MedicationStatement {
93 | let stmt = MedicationStatement(
| `- note: change 'let' to 'var' to make it mutable
94 | medication: .reference(Reference(reference: "urn:uuid:\(medicationId)".asFHIRStringPrimitive())),
95 | status: FHIRPrimitive(.active),
:
99 |
100 | // Dosage
101 | stmt.dosage = buildDosages(bmpMed)
| `- error: cannot assign to property: 'stmt' is a 'let' constant
102 |
103 | // Reason
/Users/admin/builder/spi-builder-workspace/Sources/MedikationsplanFHIR/MedicationMapper.swift:105:18: error: cannot assign to property: 'stmt' is a 'let' constant
91 | patientId: String
92 | ) -> MedicationStatement {
93 | let stmt = MedicationStatement(
| `- note: change 'let' to 'var' to make it mutable
94 | medication: .reference(Reference(reference: "urn:uuid:\(medicationId)".asFHIRStringPrimitive())),
95 | status: FHIRPrimitive(.active),
:
103 | // Reason
104 | if let reason = bmpMed.reason {
105 | stmt.reasonCode = [CodeableConcept(text: reason.asFHIRStringPrimitive())]
| `- error: cannot assign to property: 'stmt' is a 'let' constant
106 | }
107 |
/Users/admin/builder/spi-builder-workspace/Sources/MedikationsplanFHIR/MedicationMapper.swift:110:18: error: cannot assign to property: 'stmt' is a 'let' constant
91 | patientId: String
92 | ) -> MedicationStatement {
93 | let stmt = MedicationStatement(
| `- note: change 'let' to 'var' to make it mutable
94 | medication: .reference(Reference(reference: "urn:uuid:\(medicationId)".asFHIRStringPrimitive())),
95 | status: FHIRPrimitive(.active),
:
108 | // Note
109 | if let note = bmpMed.note {
110 | stmt.note = [Annotation(text: note.asFHIRStringPrimitive())]
| `- error: cannot assign to property: 'stmt' is a 'let' constant
111 | }
112 |
/Users/admin/builder/spi-builder-workspace/Sources/MedikationsplanFHIR/MedicationMapper.swift:117:18: error: cannot assign to property: 'stmt' is a 'let' constant
91 | patientId: String
92 | ) -> MedicationStatement {
93 | let stmt = MedicationStatement(
| `- note: change 'let' to 'var' to make it mutable
94 | medication: .reference(Reference(reference: "urn:uuid:\(medicationId)".asFHIRStringPrimitive())),
95 | status: FHIRPrimitive(.active),
:
115 | var exts = stmt.`extension` ?? []
116 | exts.append(BMPFHIRExtension.makeString(BMPFHIRExtension.additionalLine, additionalLine))
117 | stmt.`extension` = exts
| `- error: cannot assign to property: 'stmt' is a 'let' constant
118 | }
119 |
/Users/admin/builder/spi-builder-workspace/Sources/MedikationsplanFHIR/MedicationMapper.swift:127:20: error: cannot assign to property: 'dosage' is a 'let' constant
124 | // Free text dosage
125 | if let freeText = bmpMed.dosageFreeText {
126 | let dosage = Dosage()
| `- note: change 'let' to 'var' to make it mutable
127 | dosage.text = freeText.asFHIRStringPrimitive()
| `- error: cannot assign to property: 'dosage' is a 'let' constant
128 | return [dosage]
129 | }
/Users/admin/builder/spi-builder-workspace/Sources/MedikationsplanFHIR/MedicationMapper.swift:148:26: error: cannot assign to property: 'timingRepeat' is a 'let' constant
145 | // Timing
146 | let timing = Timing()
147 | let timingRepeat = TimingRepeat()
| `- note: change 'let' to 'var' to make it mutable
148 | timingRepeat.frequency = FHIRPrimitive(1 as FHIRPositiveInteger)
| `- error: cannot assign to property: 'timingRepeat' is a 'let' constant
149 | timingRepeat.period = FHIRPrimitive(FHIRDecimal(Decimal(1)))
150 | timingRepeat.periodUnit = "d".asFHIRStringPrimitive()
/Users/admin/builder/spi-builder-workspace/Sources/MedikationsplanFHIR/MedicationMapper.swift:149:26: error: cannot assign to property: 'timingRepeat' is a 'let' constant
145 | // Timing
146 | let timing = Timing()
147 | let timingRepeat = TimingRepeat()
| `- note: change 'let' to 'var' to make it mutable
148 | timingRepeat.frequency = FHIRPrimitive(1 as FHIRPositiveInteger)
149 | timingRepeat.period = FHIRPrimitive(FHIRDecimal(Decimal(1)))
| `- error: cannot assign to property: 'timingRepeat' is a 'let' constant
150 | timingRepeat.periodUnit = "d".asFHIRStringPrimitive()
151 |
/Users/admin/builder/spi-builder-workspace/Sources/MedikationsplanFHIR/MedicationMapper.swift:150:26: error: cannot assign to property: 'timingRepeat' is a 'let' constant
145 | // Timing
146 | let timing = Timing()
147 | let timingRepeat = TimingRepeat()
| `- note: change 'let' to 'var' to make it mutable
148 | timingRepeat.frequency = FHIRPrimitive(1 as FHIRPositiveInteger)
149 | timingRepeat.period = FHIRPrimitive(FHIRDecimal(Decimal(1)))
150 | timingRepeat.periodUnit = "d".asFHIRStringPrimitive()
| `- error: cannot assign to property: 'timingRepeat' is a 'let' constant
151 |
152 | // Weekday
/Users/admin/builder/spi-builder-workspace/Sources/MedikationsplanFHIR/MedicationMapper.swift:154:30: error: cannot assign to property: 'timingRepeat' is a 'let' constant
145 | // Timing
146 | let timing = Timing()
147 | let timingRepeat = TimingRepeat()
| `- note: change 'let' to 'var' to make it mutable
148 | timingRepeat.frequency = FHIRPrimitive(1 as FHIRPositiveInteger)
149 | timingRepeat.period = FHIRPrimitive(FHIRDecimal(Decimal(1)))
:
152 | // Weekday
153 | if let weekday = bmpMed.weekday {
154 | timingRepeat.dayOfWeek = [mapWeekday(weekday)]
| `- error: cannot assign to property: 'timingRepeat' is a 'let' constant
155 | }
156 |
/Users/admin/builder/spi-builder-workspace/Sources/MedikationsplanFHIR/MedicationMapper.swift:157:20: error: cannot assign to property: 'timing' is a 'let' constant
144 |
145 | // Timing
146 | let timing = Timing()
| `- note: change 'let' to 'var' to make it mutable
147 | let timingRepeat = TimingRepeat()
148 | timingRepeat.frequency = FHIRPrimitive(1 as FHIRPositiveInteger)
:
155 | }
156 |
157 | timing.`repeat` = timingRepeat
| `- error: cannot assign to property: 'timing' is a 'let' constant
158 | timing.code = CodeableConcept(coding: [
159 | Coding(
/Users/admin/builder/spi-builder-workspace/Sources/MedikationsplanFHIR/MedicationMapper.swift:158:20: error: cannot assign to property: 'timing' is a 'let' constant
144 |
145 | // Timing
146 | let timing = Timing()
| `- note: change 'let' to 'var' to make it mutable
147 | let timingRepeat = TimingRepeat()
148 | timingRepeat.frequency = FHIRPrimitive(1 as FHIRPositiveInteger)
:
156 |
157 | timing.`repeat` = timingRepeat
158 | timing.code = CodeableConcept(coding: [
| `- error: cannot assign to property: 'timing' is a 'let' constant
159 | Coding(
160 | code: timingCode.asFHIRStringPrimitive(),
/Users/admin/builder/spi-builder-workspace/Sources/MedikationsplanFHIR/MedicationMapper.swift:164:20: error: cannot assign to property: 'dosage' is a 'let' constant
141 | for (value, timingCode) in slots {
142 | guard let value, !value.isEmpty, value != "0" else { continue }
143 | let dosage = Dosage()
| `- note: change 'let' to 'var' to make it mutable
144 |
145 | // Timing
:
162 | )
163 | ])
164 | dosage.timing = timing
| `- error: cannot assign to property: 'dosage' is a 'let' constant
165 |
166 | // Dose quantity
/Users/admin/builder/spi-builder-workspace/Sources/MedikationsplanFHIR/MedicationMapper.swift:171:26: error: cannot assign to property: 'quantity' is a 'let' constant
168 | let unit = bmpMed.dosageUnitText
169 | ?? DosageUnit(rawValue: bmpMed.dosageUnit ?? "")?.displayName
170 | let quantity = Quantity()
| `- note: change 'let' to 'var' to make it mutable
171 | quantity.value = FHIRPrimitive(FHIRDecimal(doseValue))
| `- error: cannot assign to property: 'quantity' is a 'let' constant
172 | if let unit {
173 | quantity.unit = unit.asFHIRStringPrimitive()
/Users/admin/builder/spi-builder-workspace/Sources/MedikationsplanFHIR/MedicationMapper.swift:173:30: error: cannot assign to property: 'quantity' is a 'let' constant
168 | let unit = bmpMed.dosageUnitText
169 | ?? DosageUnit(rawValue: bmpMed.dosageUnit ?? "")?.displayName
170 | let quantity = Quantity()
| `- note: change 'let' to 'var' to make it mutable
171 | quantity.value = FHIRPrimitive(FHIRDecimal(doseValue))
172 | if let unit {
173 | quantity.unit = unit.asFHIRStringPrimitive()
| `- error: cannot assign to property: 'quantity' is a 'let' constant
174 | }
175 | if let unitCode = bmpMed.dosageUnit {
/Users/admin/builder/spi-builder-workspace/Sources/MedikationsplanFHIR/MedicationMapper.swift:176:30: error: cannot assign to property: 'quantity' is a 'let' constant
168 | let unit = bmpMed.dosageUnitText
169 | ?? DosageUnit(rawValue: bmpMed.dosageUnit ?? "")?.displayName
170 | let quantity = Quantity()
| `- note: change 'let' to 'var' to make it mutable
171 | quantity.value = FHIRPrimitive(FHIRDecimal(doseValue))
172 | if let unit {
:
174 | }
175 | if let unitCode = bmpMed.dosageUnit {
176 | quantity.code = unitCode.asFHIRStringPrimitive()
| `- error: cannot assign to property: 'quantity' is a 'let' constant
177 | quantity.system = "https://fhir.kbv.de/CodeSystem/KBV_CS_SFHIR_BMP_DOSIEREINHEIT".asFHIRURIPrimitive()
178 | }
/Users/admin/builder/spi-builder-workspace/Sources/MedikationsplanFHIR/MedicationMapper.swift:177:30: error: cannot assign to property: 'quantity' is a 'let' constant
168 | let unit = bmpMed.dosageUnitText
169 | ?? DosageUnit(rawValue: bmpMed.dosageUnit ?? "")?.displayName
170 | let quantity = Quantity()
| `- note: change 'let' to 'var' to make it mutable
171 | quantity.value = FHIRPrimitive(FHIRDecimal(doseValue))
172 | if let unit {
:
175 | if let unitCode = bmpMed.dosageUnit {
176 | quantity.code = unitCode.asFHIRStringPrimitive()
177 | quantity.system = "https://fhir.kbv.de/CodeSystem/KBV_CS_SFHIR_BMP_DOSIEREINHEIT".asFHIRURIPrimitive()
| `- error: cannot assign to property: 'quantity' is a 'let' constant
178 | }
179 | let doseAndRate = DosageDoseAndRate()
/Users/admin/builder/spi-builder-workspace/Sources/MedikationsplanFHIR/MedicationMapper.swift:180:29: error: cannot assign to property: 'doseAndRate' is a 'let' constant
177 | quantity.system = "https://fhir.kbv.de/CodeSystem/KBV_CS_SFHIR_BMP_DOSIEREINHEIT".asFHIRURIPrimitive()
178 | }
179 | let doseAndRate = DosageDoseAndRate()
| `- note: change 'let' to 'var' to make it mutable
180 | doseAndRate.dose = .quantity(quantity)
| `- error: cannot assign to property: 'doseAndRate' is a 'let' constant
181 | dosage.doseAndRate = [doseAndRate]
182 | }
/Users/admin/builder/spi-builder-workspace/Sources/MedikationsplanFHIR/MedicationMapper.swift:181:24: error: cannot assign to property: 'dosage' is a 'let' constant
141 | for (value, timingCode) in slots {
142 | guard let value, !value.isEmpty, value != "0" else { continue }
143 | let dosage = Dosage()
| `- note: change 'let' to 'var' to make it mutable
144 |
145 | // Timing
:
179 | let doseAndRate = DosageDoseAndRate()
180 | doseAndRate.dose = .quantity(quantity)
181 | dosage.doseAndRate = [doseAndRate]
| `- error: cannot assign to property: 'dosage' is a 'let' constant
182 | }
183 |
/Users/admin/builder/spi-builder-workspace/Sources/MedikationsplanFHIR/MedicationMapper.swift:186:24: error: cannot assign to property: 'dosage' is a 'let' constant
141 | for (value, timingCode) in slots {
142 | guard let value, !value.isEmpty, value != "0" else { continue }
143 | let dosage = Dosage()
| `- note: change 'let' to 'var' to make it mutable
144 |
145 | // Timing
:
184 | // Patient instruction from note
185 | if let note = bmpMed.note {
186 | dosage.patientInstruction = note.asFHIRStringPrimitive()
| `- error: cannot assign to property: 'dosage' is a 'let' constant
187 | }
188 |
Failed frontend command:
/Applications/Xcode-27.0.0-Release.Candidate.app/Contents/Developer/Toolchains/XcodeDefault.xctoolchain/usr/bin/swift-frontend -frontend -c /Users/admin/builder/spi-builder-workspace/Sources/MedikationsplanFHIR/AuthorMapper.swift /Users/admin/builder/spi-builder-workspace/Sources/MedikationsplanFHIR/BMPExtensions.swift /Users/admin/builder/spi-builder-workspace/Sources/MedikationsplanFHIR/BundleMapper.swift /Users/admin/builder/spi-builder-workspace/Sources/MedikationsplanFHIR/CompositionMapper.swift -primary-file /Users/admin/builder/spi-builder-workspace/Sources/MedikationsplanFHIR/MedicationMapper.swift /Users/admin/builder/spi-builder-workspace/Sources/MedikationsplanFHIR/MedikationsplanFHIRConverter.swift /Users/admin/builder/spi-builder-workspace/Sources/MedikationsplanFHIR/ObservationMapper.swift /Users/admin/builder/spi-builder-workspace/Sources/MedikationsplanFHIR/PatientMapper.swift /Users/admin/builder/spi-builder-workspace/Sources/MedikationsplanFHIR/ReverseAuthorMapper.swift /Users/admin/builder/spi-builder-workspace/Sources/MedikationsplanFHIR/ReverseMedicationMapper.swift /Users/admin/builder/spi-builder-workspace/Sources/MedikationsplanFHIR/ReverseObservationMapper.swift /Users/admin/builder/spi-builder-workspace/Sources/MedikationsplanFHIR/ReversePatientMapper.swift -emit-dependencies-path /Users/admin/builder/spi-builder-workspace/.derivedData/Build/Intermediates.noindex/swift-medikationsplan.build/Debug-watchos/MedikationsplanFHIR-t.build/Objects-normal/arm64_32/MedicationMapper.d -emit-const-values-path /Users/admin/builder/spi-builder-workspace/.derivedData/Build/Intermediates.noindex/swift-medikationsplan.build/Debug-watchos/MedikationsplanFHIR-t.build/Objects-normal/arm64_32/MedicationMapper.swiftconstvalues -emit-reference-dependencies-path /Users/admin/builder/spi-builder-workspace/.derivedData/Build/Intermediates.noindex/swift-medikationsplan.build/Debug-watchos/MedikationsplanFHIR-t.build/Objects-normal/arm64_32/MedicationMapper.swiftdeps -serialize-diagnostics-path /Users/admin/builder/spi-builder-workspace/.derivedData/Build/Intermediates.noindex/swift-medikationsplan.build/Debug-watchos/MedikationsplanFHIR-t.build/Objects-normal/arm64_32/MedicationMapper.dia -target arm64_32-apple-watchos9.0 -disable-cross-import-overlay-search -load-resolved-plugin /Applications/Xcode-27.0.0-Release.Candidate.app/Contents/Developer/Platforms/WatchOS.platform/Developer/usr/lib/swift/host/plugins/libFoundationMacros.dylib\#/Applications/Xcode-27.0.0-Release.Candidate.app/Contents/Developer/Platforms/WatchOS.platform/Developer/usr/bin/swift-plugin-server\#FoundationMacros -load-resolved-plugin /Applications/Xcode-27.0.0-Release.Candidate.app/Contents/Developer/Platforms/WatchOS.platform/Developer/usr/lib/swift/host/plugins/libObservationMacros.dylib\#/Applications/Xcode-27.0.0-Release.Candidate.app/Contents/Developer/Platforms/WatchOS.platform/Developer/usr/bin/swift-plugin-server\#ObservationMacros -load-resolved-plugin /Applications/Xcode-27.0.0-Release.Candidate.app/Contents/Developer/Platforms/WatchOS.platform/Developer/usr/lib/swift/host/plugins/libSwiftMacros.dylib\#/Applications/Xcode-27.0.0-Release.Candidate.app/Contents/Developer/Platforms/WatchOS.platform/Developer/usr/bin/swift-plugin-server\#SwiftMacros -disable-implicit-swift-modules -Xcc -fno-implicit-modules -Xcc -fno-implicit-module-maps -explicit-swift-module-map-file /Users/admin/builder/spi-builder-workspace/.derivedData/Build/Intermediates.noindex/swift-medikationsplan.build/Debug-watchos/MedikationsplanFHIR-t.build/Objects-normal/arm64_32/MedikationsplanFHIR-dependencies-1.json -enable-objc-interop -sdk /Applications/Xcode-27.0.0-Release.Candidate.app/Contents/Developer/Platforms/WatchOS.platform/Developer/SDKs/WatchOS27.0.sdk -I /Users/admin/builder/spi-builder-workspace/.derivedData/Build/Products/Debug-watchos -Isystem /Applications/Xcode-27.0.0-Release.Candidate.app/Contents/Developer/Platforms/WatchOS.platform/Developer/usr/lib -F /Users/admin/builder/spi-builder-workspace/.derivedData/Build/Products/Debug-watchos/PackageFrameworks -F /Users/admin/builder/spi-builder-workspace/.derivedData/Build/Products/Debug-watchos -F /Applications/Xcode-27.0.0-Release.Candidate.app/Contents/Developer/Platforms/WatchOS.platform/Developer/Library/Frameworks -F /Applications/Xcode-27.0.0-Release.Candidate.app/Contents/Developer/Platforms/WatchOS.platform/Developer/SDKs/WatchOS27.0.sdk/Developer/Library/Frameworks -module-cache-path /Users/admin/builder/spi-builder-workspace/.derivedData/Build/Intermediates.noindex/SwiftExplicitPrecompiledModules -no-color-diagnostics -Xcc -fno-color-diagnostics -enable-testing -g -debug-info-format\=dwarf -dwarf-version\=4 -profile-generate -profile-coverage-mapping -swift-version 5 -Onone -D SWIFT_PACKAGE -D DEBUG -D SWIFT_MODULE_RESOURCE_BUNDLE_UNAVAILABLE -D Xcode -serialize-debugging-options -enable-experimental-feature DebugDescriptionMacro -empty-abi-descriptor -validate-clang-modules-once -clang-build-session-file /Users/admin/builder/spi-builder-workspace/.derivedData/ModuleCache.noindex/Session.modulevalidation -Xcc -working-directory -Xcc /Users/admin/builder/spi-builder-workspace/.swiftpm/xcode -enable-anonymous-context-mangled-names -file-compilation-dir /Users/admin/builder/spi-builder-workspace/.swiftpm/xcode -Xcc -D_LIBCPP_HARDENING_MODE\=_LIBCPP_HARDENING_MODE_DEBUG -Xcc -ivfsstatcache -Xcc /Users/admin/builder/spi-builder-workspace/.derivedData/SDKStatCaches.noindex/watchos27.0-24R360-e829b21a6f8c9b70876ba0858053c04477534ef55a1706bf4c1112bbb242f0a2.sdkstatcache -Xcc -fmodules-prune-interval\=86400 -Xcc -fmodules-prune-after\=345600 -Xcc -I/Users/admin/builder/spi-builder-workspace/.derivedData/Build/Products/Debug-watchos/include -Xcc -I/Users/admin/builder/spi-builder-workspace/.derivedData/Build/Intermediates.noindex/swift-medikationsplan.build/Debug-watchos/MedikationsplanFHIR-t.build/DerivedSources-normal/arm64_32 -Xcc -I/Users/admin/builder/spi-builder-workspace/.derivedData/Build/Intermediates.noindex/swift-medikationsplan.build/Debug-watchos/MedikationsplanFHIR-t.build/DerivedSources/arm64_32 -Xcc -I/Users/admin/builder/spi-builder-workspace/.derivedData/Build/Intermediates.noindex/swift-medikationsplan.build/Debug-watchos/MedikationsplanFHIR-t.build/DerivedSources -Xcc -DSWIFT_PACKAGE -Xcc -DDEBUG\=1 -no-auto-bridging-header-chaining -module-name MedikationsplanFHIR -package-name spi_builder_workspace -const-gather-protocols-file /Users/admin/builder/spi-builder-workspace/.derivedData/Build/Intermediates.noindex/swift-medikationsplan.build/Debug-watchos/MedikationsplanFHIR-t.build/Objects-normal/arm64_32/MedikationsplanFHIR_const_extract_protocols.json -disable-clang-spi -clang-target arm64_32-apple-watchos27.0 -target-sdk-version 27.0 -target-sdk-name watchos27.0 -in-process-plugin-server-path /Applications/Xcode-27.0.0-Release.Candidate.app/Contents/Developer/Toolchains/XcodeDefault.xctoolchain/usr/lib/swift/host/libSwiftInProcPluginServer.dylib -parse-as-library -o /Users/admin/builder/spi-builder-workspace/.derivedData/Build/Intermediates.noindex/swift-medikationsplan.build/Debug-watchos/MedikationsplanFHIR-t.build/Objects-normal/arm64_32/MedicationMapper.o -debug-module-path /Users/admin/builder/spi-builder-workspace/.derivedData/Build/Intermediates.noindex/swift-medikationsplan.build/Debug-watchos/MedikationsplanFHIR-t.build/Objects-normal/arm64_32/MedikationsplanFHIR.swiftmodule -index-unit-output-path /swift-medikationsplan.build/Debug-watchos/MedikationsplanFHIR-t.build/Objects-normal/arm64_32/MedicationMapper.o -index-store-path /Users/admin/builder/spi-builder-workspace/.derivedData/Index.noindex/DataStore -index-system-modules
SwiftCompile normal arm64_32 /Users/admin/builder/spi-builder-workspace/Sources/MedikationsplanFHIR/MedicationMapper.swift (in target 'MedikationsplanFHIR' from project 'swift-medikationsplan')
cd /Users/admin/builder/spi-builder-workspace/.swiftpm/xcode
builtin-SwiftPerFileCompile MedicationMapper.swift
SwiftDriverJobDiscovery normal arm64 Compiling CodeSystemEventStatus.swift, CodeSystemEventTiming.swift, CodeSystemEvidenceVariableType.swift, CodeSystemEvidenceVariantState.swift, CodeSystemExampleClaimSubTypeCodes.swift, CodeSystemExampleCoverageFinancialExceptionCodes.swift, CodeSystemExampleDiagnosisOnAdmissionCodes.swift, CodeSystemExampleDiagnosisTypeCodes.swift, CodeSystemExampleMessageReasonCodes.swift, CodeSystemExampleOnsetTypeReasonCodes.swift, CodeSystemExamplePaymentTypeCodes.swift, CodeSystemExamplePharmacyServiceCodes.swift, CodeSystemExampleProcedureTypeCodes.swift, CodeSystemExampleProgramReasonCodes.swift, CodeSystemExampleRelatedClaimRelationshipCodes.swift, CodeSystemExampleScenarioActorType.swift, CodeSystemExampleServiceModifierCodes.swift, CodeSystemExampleServiceProductCodes.swift, CodeSystemExampleUseCodesForList.swift, CodeSystemExampleVisionPrescriptionProductCodes.swift, CodeSystemExceptionCodes.swift, CodeSystemExpansionParameterSource.swift, CodeSystemExpansionProcessingRule.swift, CodeSystemExplanationOfBenefitStatus.swift (in target 'ModelsR4' from project 'FHIRModels')
SwiftCompile normal arm64_32 Compiling\ PatientMapper.swift /Users/admin/builder/spi-builder-workspace/Sources/MedikationsplanFHIR/PatientMapper.swift (in target 'MedikationsplanFHIR' from project 'swift-medikationsplan')
/Users/admin/builder/spi-builder-workspace/Sources/MedikationsplanFHIR/PatientMapper.swift:10:17: error: cannot assign to property: 'patient' is a 'let' constant
7 | static func map(_ bmpPatient: MedikationsplanKit.Patient) -> (ModelsR4.Patient, String) {
8 | let id = UUID().uuidString
9 | let patient = ModelsR4.Patient()
| `- note: change 'let' to 'var' to make it mutable
10 | patient.id = id.asFHIRStringPrimitive()
| `- error: cannot assign to property: 'patient' is a 'let' constant
11 |
12 | // Name
/Users/admin/builder/spi-builder-workspace/Sources/MedikationsplanFHIR/PatientMapper.swift:14:19: error: cannot assign to property: 'humanName' is a 'let' constant
11 |
12 | // Name
13 | let humanName = HumanName()
| `- note: change 'let' to 'var' to make it mutable
14 | humanName.family = bmpPatient.lastName.asFHIRStringPrimitive()
| `- error: cannot assign to property: 'humanName' is a 'let' constant
15 | humanName.given = [bmpPatient.firstName.asFHIRStringPrimitive()]
16 | if let title = bmpPatient.title {
/Users/admin/builder/spi-builder-workspace/Sources/MedikationsplanFHIR/PatientMapper.swift:15:19: error: cannot assign to property: 'humanName' is a 'let' constant
11 |
12 | // Name
13 | let humanName = HumanName()
| `- note: change 'let' to 'var' to make it mutable
14 | humanName.family = bmpPatient.lastName.asFHIRStringPrimitive()
15 | humanName.given = [bmpPatient.firstName.asFHIRStringPrimitive()]
| `- error: cannot assign to property: 'humanName' is a 'let' constant
16 | if let title = bmpPatient.title {
17 | humanName.prefix = [title.asFHIRStringPrimitive()]
/Users/admin/builder/spi-builder-workspace/Sources/MedikationsplanFHIR/PatientMapper.swift:17:23: error: cannot assign to property: 'humanName' is a 'let' constant
11 |
12 | // Name
13 | let humanName = HumanName()
| `- note: change 'let' to 'var' to make it mutable
14 | humanName.family = bmpPatient.lastName.asFHIRStringPrimitive()
15 | humanName.given = [bmpPatient.firstName.asFHIRStringPrimitive()]
16 | if let title = bmpPatient.title {
17 | humanName.prefix = [title.asFHIRStringPrimitive()]
| `- error: cannot assign to property: 'humanName' is a 'let' constant
18 | }
19 | if let nameSuffix = bmpPatient.nameSuffix {
/Users/admin/builder/spi-builder-workspace/Sources/MedikationsplanFHIR/PatientMapper.swift:20:23: error: cannot assign to property: 'humanName' is a 'let' constant
11 |
12 | // Name
13 | let humanName = HumanName()
| `- note: change 'let' to 'var' to make it mutable
14 | humanName.family = bmpPatient.lastName.asFHIRStringPrimitive()
15 | humanName.given = [bmpPatient.firstName.asFHIRStringPrimitive()]
:
18 | }
19 | if let nameSuffix = bmpPatient.nameSuffix {
20 | humanName.suffix = [nameSuffix.asFHIRStringPrimitive()]
| `- error: cannot assign to property: 'humanName' is a 'let' constant
21 | }
22 | if let namePrefix = bmpPatient.namePrefix {
/Users/admin/builder/spi-builder-workspace/Sources/MedikationsplanFHIR/PatientMapper.swift:23:23: error: cannot assign to property: 'humanName' is a 'let' constant
11 |
12 | // Name
13 | let humanName = HumanName()
| `- note: change 'let' to 'var' to make it mutable
14 | humanName.family = bmpPatient.lastName.asFHIRStringPrimitive()
15 | humanName.given = [bmpPatient.firstName.asFHIRStringPrimitive()]
:
21 | }
22 | if let namePrefix = bmpPatient.namePrefix {
23 | humanName.`extension` = [BMPFHIRExtension.makeString(BMPFHIRExtension.namePrefix, namePrefix)]
| `- error: cannot assign to property: 'humanName' is a 'let' constant
24 | }
25 | patient.name = [humanName]
/Users/admin/builder/spi-builder-workspace/Sources/MedikationsplanFHIR/PatientMapper.swift:25:17: error: cannot assign to property: 'patient' is a 'let' constant
7 | static func map(_ bmpPatient: MedikationsplanKit.Patient) -> (ModelsR4.Patient, String) {
8 | let id = UUID().uuidString
9 | let patient = ModelsR4.Patient()
| `- note: change 'let' to 'var' to make it mutable
10 | patient.id = id.asFHIRStringPrimitive()
11 |
:
23 | humanName.`extension` = [BMPFHIRExtension.makeString(BMPFHIRExtension.namePrefix, namePrefix)]
24 | }
25 | patient.name = [humanName]
| `- error: cannot assign to property: 'patient' is a 'let' constant
26 |
27 | // Birth date (YYYYMMDD → FHIR Date)
/Users/admin/builder/spi-builder-workspace/Sources/MedikationsplanFHIR/PatientMapper.swift:29:21: error: cannot assign to property: 'patient' is a 'let' constant
7 | static func map(_ bmpPatient: MedikationsplanKit.Patient) -> (ModelsR4.Patient, String) {
8 | let id = UUID().uuidString
9 | let patient = ModelsR4.Patient()
| `- note: change 'let' to 'var' to make it mutable
10 | patient.id = id.asFHIRStringPrimitive()
11 |
:
27 | // Birth date (YYYYMMDD → FHIR Date)
28 | if let fhirDate = parseBirthDate(bmpPatient.birthDate) {
29 | patient.birthDate = fhirDate
| `- error: cannot assign to property: 'patient' is a 'let' constant
30 | }
31 |
/Users/admin/builder/spi-builder-workspace/Sources/MedikationsplanFHIR/PatientMapper.swift:34:21: error: cannot assign to property: 'patient' is a 'let' constant
7 | static func map(_ bmpPatient: MedikationsplanKit.Patient) -> (ModelsR4.Patient, String) {
8 | let id = UUID().uuidString
9 | let patient = ModelsR4.Patient()
| `- note: change 'let' to 'var' to make it mutable
10 | patient.id = id.asFHIRStringPrimitive()
11 |
:
32 | // Gender
33 | if let gender = bmpPatient.gender {
34 | patient.gender = FHIRPrimitive(mapGender(gender))
| `- error: cannot assign to property: 'patient' is a 'let' constant
35 | }
36 |
/Users/admin/builder/spi-builder-workspace/Sources/MedikationsplanFHIR/PatientMapper.swift:43:21: error: cannot assign to property: 'patient' is a 'let' constant
7 | static func map(_ bmpPatient: MedikationsplanKit.Patient) -> (ModelsR4.Patient, String) {
8 | let id = UUID().uuidString
9 | let patient = ModelsR4.Patient()
| `- note: change 'let' to 'var' to make it mutable
10 | patient.id = id.asFHIRStringPrimitive()
11 |
:
41 | value: insuranceID.asFHIRStringPrimitive()
42 | )
43 | patient.identifier = [identifier]
| `- error: cannot assign to property: 'patient' is a 'let' constant
44 | }
45 |
Failed frontend command:
/Applications/Xcode-27.0.0-Release.Candidate.app/Contents/Developer/Toolchains/XcodeDefault.xctoolchain/usr/bin/swift-frontend -frontend -c /Users/admin/builder/spi-builder-workspace/Sources/MedikationsplanFHIR/AuthorMapper.swift /Users/admin/builder/spi-builder-workspace/Sources/MedikationsplanFHIR/BMPExtensions.swift /Users/admin/builder/spi-builder-workspace/Sources/MedikationsplanFHIR/BundleMapper.swift /Users/admin/builder/spi-builder-workspace/Sources/MedikationsplanFHIR/CompositionMapper.swift /Users/admin/builder/spi-builder-workspace/Sources/MedikationsplanFHIR/MedicationMapper.swift /Users/admin/builder/spi-builder-workspace/Sources/MedikationsplanFHIR/MedikationsplanFHIRConverter.swift /Users/admin/builder/spi-builder-workspace/Sources/MedikationsplanFHIR/ObservationMapper.swift -primary-file /Users/admin/builder/spi-builder-workspace/Sources/MedikationsplanFHIR/PatientMapper.swift /Users/admin/builder/spi-builder-workspace/Sources/MedikationsplanFHIR/ReverseAuthorMapper.swift /Users/admin/builder/spi-builder-workspace/Sources/MedikationsplanFHIR/ReverseMedicationMapper.swift /Users/admin/builder/spi-builder-workspace/Sources/MedikationsplanFHIR/ReverseObservationMapper.swift /Users/admin/builder/spi-builder-workspace/Sources/MedikationsplanFHIR/ReversePatientMapper.swift -emit-dependencies-path /Users/admin/builder/spi-builder-workspace/.derivedData/Build/Intermediates.noindex/swift-medikationsplan.build/Debug-watchos/MedikationsplanFHIR-t.build/Objects-normal/arm64_32/PatientMapper.d -emit-const-values-path /Users/admin/builder/spi-builder-workspace/.derivedData/Build/Intermediates.noindex/swift-medikationsplan.build/Debug-watchos/MedikationsplanFHIR-t.build/Objects-normal/arm64_32/PatientMapper.swiftconstvalues -emit-reference-dependencies-path /Users/admin/builder/spi-builder-workspace/.derivedData/Build/Intermediates.noindex/swift-medikationsplan.build/Debug-watchos/MedikationsplanFHIR-t.build/Objects-normal/arm64_32/PatientMapper.swiftdeps -serialize-diagnostics-path /Users/admin/builder/spi-builder-workspace/.derivedData/Build/Intermediates.noindex/swift-medikationsplan.build/Debug-watchos/MedikationsplanFHIR-t.build/Objects-normal/arm64_32/PatientMapper.dia -target arm64_32-apple-watchos9.0 -disable-cross-import-overlay-search -load-resolved-plugin /Applications/Xcode-27.0.0-Release.Candidate.app/Contents/Developer/Platforms/WatchOS.platform/Developer/usr/lib/swift/host/plugins/libFoundationMacros.dylib\#/Applications/Xcode-27.0.0-Release.Candidate.app/Contents/Developer/Platforms/WatchOS.platform/Developer/usr/bin/swift-plugin-server\#FoundationMacros -load-resolved-plugin /Applications/Xcode-27.0.0-Release.Candidate.app/Contents/Developer/Platforms/WatchOS.platform/Developer/usr/lib/swift/host/plugins/libObservationMacros.dylib\#/Applications/Xcode-27.0.0-Release.Candidate.app/Contents/Developer/Platforms/WatchOS.platform/Developer/usr/bin/swift-plugin-server\#ObservationMacros -load-resolved-plugin /Applications/Xcode-27.0.0-Release.Candidate.app/Contents/Developer/Platforms/WatchOS.platform/Developer/usr/lib/swift/host/plugins/libSwiftMacros.dylib\#/Applications/Xcode-27.0.0-Release.Candidate.app/Contents/Developer/Platforms/WatchOS.platform/Developer/usr/bin/swift-plugin-server\#SwiftMacros -disable-implicit-swift-modules -Xcc -fno-implicit-modules -Xcc -fno-implicit-module-maps -explicit-swift-module-map-file /Users/admin/builder/spi-builder-workspace/.derivedData/Build/Intermediates.noindex/swift-medikationsplan.build/Debug-watchos/MedikationsplanFHIR-t.build/Objects-normal/arm64_32/MedikationsplanFHIR-dependencies-1.json -enable-objc-interop -sdk /Applications/Xcode-27.0.0-Release.Candidate.app/Contents/Developer/Platforms/WatchOS.platform/Developer/SDKs/WatchOS27.0.sdk -I /Users/admin/builder/spi-builder-workspace/.derivedData/Build/Products/Debug-watchos -Isystem /Applications/Xcode-27.0.0-Release.Candidate.app/Contents/Developer/Platforms/WatchOS.platform/Developer/usr/lib -F /Users/admin/builder/spi-builder-workspace/.derivedData/Build/Products/Debug-watchos/PackageFrameworks -F /Users/admin/builder/spi-builder-workspace/.derivedData/Build/Products/Debug-watchos -F /Applications/Xcode-27.0.0-Release.Candidate.app/Contents/Developer/Platforms/WatchOS.platform/Developer/Library/Frameworks -F /Applications/Xcode-27.0.0-Release.Candidate.app/Contents/Developer/Platforms/WatchOS.platform/Developer/SDKs/WatchOS27.0.sdk/Developer/Library/Frameworks -module-cache-path /Users/admin/builder/spi-builder-workspace/.derivedData/Build/Intermediates.noindex/SwiftExplicitPrecompiledModules -no-color-diagnostics -Xcc -fno-color-diagnostics -enable-testing -g -debug-info-format\=dwarf -dwarf-version\=4 -profile-generate -profile-coverage-mapping -swift-version 5 -Onone -D SWIFT_PACKAGE -D DEBUG -D SWIFT_MODULE_RESOURCE_BUNDLE_UNAVAILABLE -D Xcode -serialize-debugging-options -enable-experimental-feature DebugDescriptionMacro -empty-abi-descriptor -validate-clang-modules-once -clang-build-session-file /Users/admin/builder/spi-builder-workspace/.derivedData/ModuleCache.noindex/Session.modulevalidation -Xcc -working-directory -Xcc /Users/admin/builder/spi-builder-workspace/.swiftpm/xcode -enable-anonymous-context-mangled-names -file-compilation-dir /Users/admin/builder/spi-builder-workspace/.swiftpm/xcode -Xcc -D_LIBCPP_HARDENING_MODE\=_LIBCPP_HARDENING_MODE_DEBUG -Xcc -ivfsstatcache -Xcc /Users/admin/builder/spi-builder-workspace/.derivedData/SDKStatCaches.noindex/watchos27.0-24R360-e829b21a6f8c9b70876ba0858053c04477534ef55a1706bf4c1112bbb242f0a2.sdkstatcache -Xcc -fmodules-prune-interval\=86400 -Xcc -fmodules-prune-after\=345600 -Xcc -I/Users/admin/builder/spi-builder-workspace/.derivedData/Build/Products/Debug-watchos/include -Xcc -I/Users/admin/builder/spi-builder-workspace/.derivedData/Build/Intermediates.noindex/swift-medikationsplan.build/Debug-watchos/MedikationsplanFHIR-t.build/DerivedSources-normal/arm64_32 -Xcc -I/Users/admin/builder/spi-builder-workspace/.derivedData/Build/Intermediates.noindex/swift-medikationsplan.build/Debug-watchos/MedikationsplanFHIR-t.build/DerivedSources/arm64_32 -Xcc -I/Users/admin/builder/spi-builder-workspace/.derivedData/Build/Intermediates.noindex/swift-medikationsplan.build/Debug-watchos/MedikationsplanFHIR-t.build/DerivedSources -Xcc -DSWIFT_PACKAGE -Xcc -DDEBUG\=1 -no-auto-bridging-header-chaining -module-name MedikationsplanFHIR -package-name spi_builder_workspace -const-gather-protocols-file /Users/admin/builder/spi-builder-workspace/.derivedData/Build/Intermediates.noindex/swift-medikationsplan.build/Debug-watchos/MedikationsplanFHIR-t.build/Objects-normal/arm64_32/MedikationsplanFHIR_const_extract_protocols.json -disable-clang-spi -clang-target arm64_32-apple-watchos27.0 -target-sdk-version 27.0 -target-sdk-name watchos27.0 -in-process-plugin-server-path /Applications/Xcode-27.0.0-Release.Candidate.app/Contents/Developer/Toolchains/XcodeDefault.xctoolchain/usr/lib/swift/host/libSwiftInProcPluginServer.dylib -parse-as-library -o /Users/admin/builder/spi-builder-workspace/.derivedData/Build/Intermediates.noindex/swift-medikationsplan.build/Debug-watchos/MedikationsplanFHIR-t.build/Objects-normal/arm64_32/PatientMapper.o -debug-module-path /Users/admin/builder/spi-builder-workspace/.derivedData/Build/Intermediates.noindex/swift-medikationsplan.build/Debug-watchos/MedikationsplanFHIR-t.build/Objects-normal/arm64_32/MedikationsplanFHIR.swiftmodule -index-unit-output-path /swift-medikationsplan.build/Debug-watchos/MedikationsplanFHIR-t.build/Objects-normal/arm64_32/PatientMapper.o -index-store-path /Users/admin/builder/spi-builder-workspace/.derivedData/Index.noindex/DataStore -index-system-modules
SwiftCompile normal arm64_32 /Users/admin/builder/spi-builder-workspace/Sources/MedikationsplanFHIR/PatientMapper.swift (in target 'MedikationsplanFHIR' from project 'swift-medikationsplan')
cd /Users/admin/builder/spi-builder-workspace/.swiftpm/xcode
builtin-SwiftPerFileCompile PatientMapper.swift
SwiftEmitModule normal arm64 Emitting\ module\ for\ MedikationsplanFHIR (in target 'MedikationsplanFHIR' from project 'swift-medikationsplan')
SwiftCompile normal arm64 (in target 'MedikationsplanFHIR' from project 'swift-medikationsplan')
cd /Users/admin/builder/spi-builder-workspace/.swiftpm/xcode
SwiftDriverJobDiscovery normal arm64_32 Emitting module for MedikationsplanFHIR (in target 'MedikationsplanFHIR' from project 'swift-medikationsplan')
SwiftDriver\ Compilation\ Requirements MedikationsplanFHIR normal arm64_32 com.apple.xcode.tools.swift.compiler (in target 'MedikationsplanFHIR' from project 'swift-medikationsplan')
cd /Users/admin/builder/spi-builder-workspace/.swiftpm/xcode
builtin-Swift-Compilation-Requirements -- /Applications/Xcode-27.0.0-Release.Candidate.app/Contents/Developer/Toolchains/XcodeDefault.xctoolchain/usr/bin/swiftc -parse-as-library -module-name MedikationsplanFHIR -Onone @/Users/admin/builder/spi-builder-workspace/.derivedData/Build/Intermediates.noindex/swift-medikationsplan.build/Debug-watchos/MedikationsplanFHIR-t.build/Objects-normal/arm64_32/MedikationsplanFHIR.SwiftFileList -DSWIFT_PACKAGE -DDEBUG -DSWIFT_MODULE_RESOURCE_BUNDLE_UNAVAILABLE -DXcode -plugin-path /Applications/Xcode-27.0.0-Release.Candidate.app/Contents/Developer/Toolchains/XcodeDefault.xctoolchain/usr/lib/swift/host/plugins/testing -enable-experimental-feature DebugDescriptionMacro -sdk /Applications/Xcode-27.0.0-Release.Candidate.app/Contents/Developer/Platforms/WatchOS.platform/Developer/SDKs/WatchOS27.0.sdk -target arm64_32-apple-watchos9.0 -g -module-cache-path /Users/admin/builder/spi-builder-workspace/.derivedData/ModuleCache.noindex -Xfrontend -serialize-debugging-options -profile-coverage-mapping -profile-generate -enable-testing -index-store-path /Users/admin/builder/spi-builder-workspace/.derivedData/Index.noindex/DataStore -Xcc -D_LIBCPP_HARDENING_MODE\=_LIBCPP_HARDENING_MODE_DEBUG -swift-version 5 -I /Users/admin/builder/spi-builder-workspace/.derivedData/Build/Products/Debug-watchos -Isystem /Applications/Xcode-27.0.0-Release.Candidate.app/Contents/Developer/Platforms/WatchOS.platform/Developer/usr/lib -F /Users/admin/builder/spi-builder-workspace/.derivedData/Build/Products/Debug-watchos/PackageFrameworks -F /Users/admin/builder/spi-builder-workspace/.derivedData/Build/Products/Debug-watchos -F /Applications/Xcode-27.0.0-Release.Candidate.app/Contents/Developer/Platforms/WatchOS.platform/Developer/Library/Frameworks -F /Applications/Xcode-27.0.0-Release.Candidate.app/Contents/Developer/Platforms/WatchOS.platform/Developer/SDKs/WatchOS27.0.sdk/Developer/Library/Frameworks -c -j10 -enable-batch-mode -incremental -Xcc -ivfsstatcache -Xcc /Users/admin/builder/spi-builder-workspace/.derivedData/SDKStatCaches.noindex/watchos27.0-24R360-e829b21a6f8c9b70876ba0858053c04477534ef55a1706bf4c1112bbb242f0a2.sdkstatcache -output-file-map /Users/admin/builder/spi-builder-workspace/.derivedData/Build/Intermediates.noindex/swift-medikationsplan.build/Debug-watchos/MedikationsplanFHIR-t.build/Objects-normal/arm64_32/MedikationsplanFHIR-OutputFileMap.json -save-temps -no-color-diagnostics -explicit-module-build -module-cache-path /Users/admin/builder/spi-builder-workspace/.derivedData/Build/Intermediates.noindex/SwiftExplicitPrecompiledModules -clang-scanner-module-cache-path /Users/admin/builder/spi-builder-workspace/.derivedData/ModuleCache.noindex -sdk-module-cache-path /Users/admin/builder/spi-builder-workspace/.derivedData/SDKExplicitPrecompiledModules -emit-dependencies -emit-module -emit-module-path /Users/admin/builder/spi-builder-workspace/.derivedData/Build/Intermediates.noindex/swift-medikationsplan.build/Debug-watchos/MedikationsplanFHIR-t.build/Objects-normal/arm64_32/MedikationsplanFHIR.swiftmodule -serialize-diagnostics -dependency-scan-serialize-diagnostics-path /Users/admin/builder/spi-builder-workspace/.derivedData/Build/Intermediates.noindex/swift-medikationsplan.build/Debug-watchos/MedikationsplanFHIR-t.build/Objects-normal/arm64_32/MedikationsplanFHIR-dependency-scan.dia -validate-clang-modules-once -clang-build-session-file /Users/admin/builder/spi-builder-workspace/.derivedData/ModuleCache.noindex/Session.modulevalidation -Xcc -fmodules-prune-interval\=86400 -Xcc -fmodules-prune-after\=345600 -package-name spi_builder_workspace -emit-const-values -const-gather-protocols-list /Users/admin/builder/spi-builder-workspace/.derivedData/Build/Intermediates.noindex/swift-medikationsplan.build/Debug-watchos/MedikationsplanFHIR-t.build/Objects-normal/arm64_32/MedikationsplanFHIR_const_extract_protocols.json -Xcc -I/Users/admin/builder/spi-builder-workspace/.derivedData/Build/Products/Debug-watchos/include -Xcc -I/Users/admin/builder/spi-builder-workspace/.derivedData/Build/Intermediates.noindex/swift-medikationsplan.build/Debug-watchos/MedikationsplanFHIR-t.build/DerivedSources-normal/arm64_32 -Xcc -I/Users/admin/builder/spi-builder-workspace/.derivedData/Build/Intermediates.noindex/swift-medikationsplan.build/Debug-watchos/MedikationsplanFHIR-t.build/DerivedSources/arm64_32 -Xcc -I/Users/admin/builder/spi-builder-workspace/.derivedData/Build/Intermediates.noindex/swift-medikationsplan.build/Debug-watchos/MedikationsplanFHIR-t.build/DerivedSources -Xcc -DSWIFT_PACKAGE -Xcc -DDEBUG\=1 -emit-objc-header -emit-objc-header-path /Users/admin/builder/spi-builder-workspace/.derivedData/Build/Intermediates.noindex/swift-medikationsplan.build/Debug-watchos/MedikationsplanFHIR-t.build/Objects-normal/arm64_32/MedikationsplanFHIR-Swift.h -working-directory /Users/admin/builder/spi-builder-workspace/.swiftpm/xcode -experimental-emit-module-separately -disable-cmo
PruneExplicitPrecompiledModules /Users/admin/builder/spi-builder-workspace/.derivedData/Build/Intermediates.noindex/SwiftExplicitPrecompiledModules
PruneExplicitPrecompiledModules /Users/admin/builder/spi-builder-workspace/.derivedData/SDKExplicitPrecompiledModules
PruneExplicitPrecompiledModules /Users/admin/builder/spi-builder-workspace/.derivedData/Build/Intermediates.noindex/ExplicitPrecompiledModules
2026-09-26 11:24:22.054 xcodebuild[685:4268] [MT] IDERunDestination: Supported platforms for the buildables in the current scheme is empty.
** BUILD FAILED **
The following build commands failed:
SwiftCompile normal arm64_32 Compiling\ MedicationMapper.swift /Users/admin/builder/spi-builder-workspace/Sources/MedikationsplanFHIR/MedicationMapper.swift (in target 'MedikationsplanFHIR' from project 'swift-medikationsplan')
SwiftCompile normal arm64_32 /Users/admin/builder/spi-builder-workspace/Sources/MedikationsplanFHIR/MedicationMapper.swift (in target 'MedikationsplanFHIR' from project 'swift-medikationsplan')
SwiftCompile normal arm64_32 Compiling\ PatientMapper.swift /Users/admin/builder/spi-builder-workspace/Sources/MedikationsplanFHIR/PatientMapper.swift (in target 'MedikationsplanFHIR' from project 'swift-medikationsplan')
SwiftCompile normal arm64_32 /Users/admin/builder/spi-builder-workspace/Sources/MedikationsplanFHIR/PatientMapper.swift (in target 'MedikationsplanFHIR' from project 'swift-medikationsplan')
Building workspace swift-medikationsplan with scheme swift-medikationsplan-Package
(5 failures)
Command line invocation:
/Applications/Xcode-27.0.0-Release.Candidate.app/Contents/Developer/usr/bin/xcodebuild -IDEClonedSourcePackagesDirPathOverride=/Users/admin/builder/spi-builder-workspace/.dependencies -resolvePackageDependencies
Resolve Package Graph
Resolved source packages:
FHIRModels: https://github.com/apple/FHIRModels.git @ 0.9.3
swift-medikationsplan: /Users/admin/builder/spi-builder-workspace
resolved source packages: FHIRModels, swift-medikationsplan
2026-09-26 11:24:55.809 xcodebuild[931:6610] [MT] IDERunDestination: Supported platforms for the buildables in the current scheme is empty.
{
"dependencies" : [
{
"identity" : "fhirmodels",
"requirement" : {
"range" : [
{
"lower_bound" : "0.5.0",
"upper_bound" : "1.0.0"
}
]
},
"type" : "sourceControl",
"url" : "https://github.com/apple/FHIRModels.git"
}
],
"manifest_display_name" : "swift-medikationsplan",
"name" : "swift-medikationsplan",
"path" : "/Users/admin/builder/spi-builder-workspace",
"platforms" : [
{
"name" : "ios",
"version" : "15.0"
},
{
"name" : "macos",
"version" : "12.0"
}
],
"products" : [
{
"name" : "MedikationsplanKit",
"targets" : [
"MedikationsplanKit"
],
"type" : {
"library" : [
"automatic"
]
}
},
{
"name" : "MedikationsplanFHIR",
"targets" : [
"MedikationsplanFHIR"
],
"type" : {
"library" : [
"automatic"
]
}
}
],
"targets" : [
{
"c99name" : "MedikationsplanKitTests",
"module_type" : "SwiftTarget",
"name" : "MedikationsplanKitTests",
"path" : "Tests/MedikationsplanKitTests",
"resources" : [
{
"path" : "/Users/admin/builder/spi-builder-workspace/Tests/MedikationsplanKitTests/Fixtures",
"rule" : {
"copy" : {
}
}
}
],
"sources" : [
"BMPSerializerTests.swift",
"CodableTests.swift",
"MedikationsplanKitTests.swift",
"PZNTests.swift"
],
"target_dependencies" : [
"MedikationsplanKit"
],
"type" : "test"
},
{
"c99name" : "MedikationsplanKit",
"module_type" : "SwiftTarget",
"name" : "MedikationsplanKit",
"path" : "Sources/MedikationsplanKit",
"product_memberships" : [
"MedikationsplanKit",
"MedikationsplanFHIR"
],
"sources" : [
"BMPModels+Codable.swift",
"BMPModels.swift",
"BMPParser.swift",
"BMPSerializer.swift",
"PZN.swift"
],
"type" : "library"
},
{
"c99name" : "MedikationsplanFHIRTests",
"module_type" : "SwiftTarget",
"name" : "MedikationsplanFHIRTests",
"path" : "Tests/MedikationsplanFHIRTests",
"resources" : [
{
"path" : "/Users/admin/builder/spi-builder-workspace/Tests/MedikationsplanFHIRTests/Fixtures",
"rule" : {
"copy" : {
}
}
}
],
"sources" : [
"FHIRConverterTests.swift",
"ReverseFHIRConverterTests.swift"
],
"target_dependencies" : [
"MedikationsplanFHIR",
"MedikationsplanKit"
],
"type" : "test"
},
{
"c99name" : "MedikationsplanFHIR",
"module_type" : "SwiftTarget",
"name" : "MedikationsplanFHIR",
"path" : "Sources/MedikationsplanFHIR",
"product_dependencies" : [
"ModelsR4"
],
"product_memberships" : [
"MedikationsplanFHIR"
],
"sources" : [
"AuthorMapper.swift",
"BMPExtensions.swift",
"BundleMapper.swift",
"CompositionMapper.swift",
"MedicationMapper.swift",
"MedikationsplanFHIRConverter.swift",
"ObservationMapper.swift",
"PatientMapper.swift",
"ReverseAuthorMapper.swift",
"ReverseMedicationMapper.swift",
"ReverseObservationMapper.swift",
"ReversePatientMapper.swift"
],
"target_dependencies" : [
"MedikationsplanKit"
],
"type" : "library"
}
],
"tools_version" : "5.9"
}
{
"workspace" : {
"name" : "swift-medikationsplan",
"schemes" : [
"MedikationsplanFHIR",
"MedikationsplanKit",
"swift-medikationsplan-Package"
]
}
}
2026-09-26 11:24:57.727 xcodebuild[939:6679] [MT] IDERunDestination: Supported platforms for the buildables in the current scheme is empty.
Running build ...
env DEVELOPER_DIR=/Applications/Xcode-27.0.0-Release.Candidate.app xcrun xcodebuild -IDEClonedSourcePackagesDirPathOverride=$PWD/.dependencies -skipMacroValidation -skipPackagePluginValidation -derivedDataPath $PWD/.derivedData build -scheme swift-medikationsplan-Package -destination generic/platform=watchOS
Command line invocation:
/Applications/Xcode-27.0.0-Release.Candidate.app/Contents/Developer/usr/bin/xcodebuild -IDEClonedSourcePackagesDirPathOverride=/Users/admin/builder/spi-builder-workspace/.dependencies -skipMacroValidation -skipPackagePluginValidation -derivedDataPath /Users/admin/builder/spi-builder-workspace/.derivedData build -scheme swift-medikationsplan-Package -destination generic/platform=watchOS
Resolve Package Graph
Resolved source packages:
FHIRModels: https://github.com/apple/FHIRModels.git @ 0.9.3
swift-medikationsplan: /Users/admin/builder/spi-builder-workspace
ComputePackagePrebuildTargetDependencyGraph
Prepare packages
CreateBuildRequest
SendProjectDescription
CreateBuildOperation
ComputeTargetDependencyGraph
note: Building targets in dependency order
note: Target dependency graph (7 targets)
Target 'MedikationsplanFHIR-product' in project 'swift-medikationsplan'
➜ Explicit dependency on target 'MedikationsplanFHIR' in project 'swift-medikationsplan'
➜ Explicit dependency on target 'MedikationsplanKit' in project 'swift-medikationsplan'
➜ Explicit dependency on target 'ModelsR4-product' in project 'FHIRModels'
Target 'MedikationsplanFHIR' in project 'swift-medikationsplan'
➜ Explicit dependency on target 'MedikationsplanKit' in project 'swift-medikationsplan'
➜ Explicit dependency on target 'ModelsR4-product' in project 'FHIRModels'
Target 'ModelsR4-product' in project 'FHIRModels'
➜ Explicit dependency on target 'ModelsR4' in project 'FHIRModels'
➜ Explicit dependency on target 'FMCore' in project 'FHIRModels'
Target 'ModelsR4' in project 'FHIRModels'
➜ Explicit dependency on target 'FMCore' in project 'FHIRModels'
Target 'FMCore' in project 'FHIRModels' (no dependencies)
Target 'MedikationsplanKit-product' in project 'swift-medikationsplan'
➜ Explicit dependency on target 'MedikationsplanKit' in project 'swift-medikationsplan'
Target 'MedikationsplanKit' in project 'swift-medikationsplan' (no dependencies)
GatherProvisioningInputs
CreateBuildDescription
ClangStatCache /Applications/Xcode-27.0.0-Release.Candidate.app/Contents/Developer/Toolchains/XcodeDefault.xctoolchain/usr/bin/clang-stat-cache /Applications/Xcode-27.0.0-Release.Candidate.app/Contents/Developer/Platforms/WatchOS.platform/Developer/SDKs/WatchOS27.0.sdk /Users/admin/builder/spi-builder-workspace/.derivedData/SDKStatCaches.noindex/watchos27.0-24R360-e829b21a6f8c9b70876ba0858053c04477534ef55a1706bf4c1112bbb242f0a2.sdkstatcache
cd /Users/admin/builder/spi-builder-workspace/.swiftpm/xcode
/Applications/Xcode-27.0.0-Release.Candidate.app/Contents/Developer/Toolchains/XcodeDefault.xctoolchain/usr/bin/clang-stat-cache /Applications/Xcode-27.0.0-Release.Candidate.app/Contents/Developer/Platforms/WatchOS.platform/Developer/SDKs/WatchOS27.0.sdk -o /Users/admin/builder/spi-builder-workspace/.derivedData/SDKStatCaches.noindex/watchos27.0-24R360-e829b21a6f8c9b70876ba0858053c04477534ef55a1706bf4c1112bbb242f0a2.sdkstatcache
SwiftDriver ModelsR4 normal arm64 com.apple.xcode.tools.swift.compiler (in target 'ModelsR4' from project 'FHIRModels')
cd /Users/admin/builder/spi-builder-workspace/.swiftpm/xcode
builtin-SwiftDriver -- /Applications/Xcode-27.0.0-Release.Candidate.app/Contents/Developer/Toolchains/XcodeDefault.xctoolchain/usr/bin/swiftc -parse-as-library -module-name ModelsR4 -Onone @/Users/admin/builder/spi-builder-workspace/.derivedData/Build/Intermediates.noindex/FHIRModels.build/Debug-watchos/ModelsR4-t.build/Objects-normal/arm64/ModelsR4.SwiftFileList -DSWIFT_PACKAGE -DDEBUG -DSWIFT_MODULE_RESOURCE_BUNDLE_UNAVAILABLE -DXcode -plugin-path /Applications/Xcode-27.0.0-Release.Candidate.app/Contents/Developer/Toolchains/XcodeDefault.xctoolchain/usr/lib/swift/host/plugins/testing -enable-experimental-feature DebugDescriptionMacro -sdk /Applications/Xcode-27.0.0-Release.Candidate.app/Contents/Developer/Platforms/WatchOS.platform/Developer/SDKs/WatchOS27.0.sdk -target arm64-apple-watchos9.0 -g -module-cache-path /Users/admin/builder/spi-builder-workspace/.derivedData/ModuleCache.noindex -Xfrontend -serialize-debugging-options -profile-coverage-mapping -profile-generate -enable-testing -suppress-warnings -index-store-path /Users/admin/builder/spi-builder-workspace/.derivedData/Index.noindex/DataStore -Xcc -D_LIBCPP_HARDENING_MODE\=_LIBCPP_HARDENING_MODE_DEBUG -swift-version 6 -I /Users/admin/builder/spi-builder-workspace/.derivedData/Build/Products/Debug-watchos -Isystem /Applications/Xcode-27.0.0-Release.Candidate.app/Contents/Developer/Platforms/WatchOS.platform/Developer/usr/lib -F /Users/admin/builder/spi-builder-workspace/.derivedData/Build/Products/Debug-watchos/PackageFrameworks -F /Users/admin/builder/spi-builder-workspace/.derivedData/Build/Products/Debug-watchos -F /Applications/Xcode-27.0.0-Release.Candidate.app/Contents/Developer/Platforms/WatchOS.platform/Developer/Library/Frameworks -F /Applications/Xcode-27.0.0-Release.Candidate.app/Contents/Developer/Platforms/WatchOS.platform/Developer/SDKs/WatchOS27.0.sdk/Developer/Library/Frameworks -c -j10 -enable-batch-mode -incremental -Xcc -ivfsstatcache -Xcc /Users/admin/builder/spi-builder-workspace/.derivedData/SDKStatCaches.noindex/watchos27.0-24R360-e829b21a6f8c9b70876ba0858053c04477534ef55a1706bf4c1112bbb242f0a2.sdkstatcache -output-file-map /Users/admin/builder/spi-builder-workspace/.derivedData/Build/Intermediates.noindex/FHIRModels.build/Debug-watchos/ModelsR4-t.build/Objects-normal/arm64/ModelsR4-OutputFileMap.json -save-temps -no-color-diagnostics -explicit-module-build -module-cache-path /Users/admin/builder/spi-builder-workspace/.derivedData/Build/Intermediates.noindex/SwiftExplicitPrecompiledModules -clang-scanner-module-cache-path /Users/admin/builder/spi-builder-workspace/.derivedData/ModuleCache.noindex -sdk-module-cache-path /Users/admin/builder/spi-builder-workspace/.derivedData/SDKExplicitPrecompiledModules -emit-dependencies -emit-module -emit-module-path /Users/admin/builder/spi-builder-workspace/.derivedData/Build/Intermediates.noindex/FHIRModels.build/Debug-watchos/ModelsR4-t.build/Objects-normal/arm64/ModelsR4.swiftmodule -serialize-diagnostics -dependency-scan-serialize-diagnostics-path /Users/admin/builder/spi-builder-workspace/.derivedData/Build/Intermediates.noindex/FHIRModels.build/Debug-watchos/ModelsR4-t.build/Objects-normal/arm64/ModelsR4-dependency-scan.dia -user-module-version 0.9.3 -validate-clang-modules-once -clang-build-session-file /Users/admin/builder/spi-builder-workspace/.derivedData/ModuleCache.noindex/Session.modulevalidation -Xcc -fmodules-prune-interval\=86400 -Xcc -fmodules-prune-after\=345600 -package-name fhirmodels -emit-const-values -const-gather-protocols-list /Users/admin/builder/spi-builder-workspace/.derivedData/Build/Intermediates.noindex/FHIRModels.build/Debug-watchos/ModelsR4-t.build/Objects-normal/arm64/ModelsR4_const_extract_protocols.json -Xcc -I/Users/admin/builder/spi-builder-workspace/.derivedData/Build/Products/Debug-watchos/include -Xcc -I/Users/admin/builder/spi-builder-workspace/.derivedData/Build/Intermediates.noindex/FHIRModels.build/Debug-watchos/ModelsR4-t.build/DerivedSources-normal/arm64 -Xcc -I/Users/admin/builder/spi-builder-workspace/.derivedData/Build/Intermediates.noindex/FHIRModels.build/Debug-watchos/ModelsR4-t.build/DerivedSources/arm64 -Xcc -I/Users/admin/builder/spi-builder-workspace/.derivedData/Build/Intermediates.noindex/FHIRModels.build/Debug-watchos/ModelsR4-t.build/DerivedSources -Xcc -DSWIFT_PACKAGE -Xcc -DDEBUG\=1 -emit-objc-header -emit-objc-header-path /Users/admin/builder/spi-builder-workspace/.derivedData/Build/Intermediates.noindex/FHIRModels.build/Debug-watchos/ModelsR4-t.build/Objects-normal/arm64/ModelsR4-Swift.h -working-directory /Users/admin/builder/spi-builder-workspace/.swiftpm/xcode -experimental-emit-module-separately -disable-cmo
SwiftDriver ModelsR4 normal arm64_32 com.apple.xcode.tools.swift.compiler (in target 'ModelsR4' from project 'FHIRModels')
cd /Users/admin/builder/spi-builder-workspace/.swiftpm/xcode
builtin-SwiftDriver -- /Applications/Xcode-27.0.0-Release.Candidate.app/Contents/Developer/Toolchains/XcodeDefault.xctoolchain/usr/bin/swiftc -parse-as-library -module-name ModelsR4 -Onone @/Users/admin/builder/spi-builder-workspace/.derivedData/Build/Intermediates.noindex/FHIRModels.build/Debug-watchos/ModelsR4-t.build/Objects-normal/arm64_32/ModelsR4.SwiftFileList -DSWIFT_PACKAGE -DDEBUG -DSWIFT_MODULE_RESOURCE_BUNDLE_UNAVAILABLE -DXcode -plugin-path /Applications/Xcode-27.0.0-Release.Candidate.app/Contents/Developer/Toolchains/XcodeDefault.xctoolchain/usr/lib/swift/host/plugins/testing -enable-experimental-feature DebugDescriptionMacro -sdk /Applications/Xcode-27.0.0-Release.Candidate.app/Contents/Developer/Platforms/WatchOS.platform/Developer/SDKs/WatchOS27.0.sdk -target arm64_32-apple-watchos9.0 -g -module-cache-path /Users/admin/builder/spi-builder-workspace/.derivedData/ModuleCache.noindex -Xfrontend -serialize-debugging-options -profile-coverage-mapping -profile-generate -enable-testing -suppress-warnings -index-store-path /Users/admin/builder/spi-builder-workspace/.derivedData/Index.noindex/DataStore -Xcc -D_LIBCPP_HARDENING_MODE\=_LIBCPP_HARDENING_MODE_DEBUG -swift-version 6 -I /Users/admin/builder/spi-builder-workspace/.derivedData/Build/Products/Debug-watchos -Isystem /Applications/Xcode-27.0.0-Release.Candidate.app/Contents/Developer/Platforms/WatchOS.platform/Developer/usr/lib -F /Users/admin/builder/spi-builder-workspace/.derivedData/Build/Products/Debug-watchos/PackageFrameworks -F /Users/admin/builder/spi-builder-workspace/.derivedData/Build/Products/Debug-watchos -F /Applications/Xcode-27.0.0-Release.Candidate.app/Contents/Developer/Platforms/WatchOS.platform/Developer/Library/Frameworks -F /Applications/Xcode-27.0.0-Release.Candidate.app/Contents/Developer/Platforms/WatchOS.platform/Developer/SDKs/WatchOS27.0.sdk/Developer/Library/Frameworks -c -j10 -enable-batch-mode -incremental -Xcc -ivfsstatcache -Xcc /Users/admin/builder/spi-builder-workspace/.derivedData/SDKStatCaches.noindex/watchos27.0-24R360-e829b21a6f8c9b70876ba0858053c04477534ef55a1706bf4c1112bbb242f0a2.sdkstatcache -output-file-map /Users/admin/builder/spi-builder-workspace/.derivedData/Build/Intermediates.noindex/FHIRModels.build/Debug-watchos/ModelsR4-t.build/Objects-normal/arm64_32/ModelsR4-OutputFileMap.json -save-temps -no-color-diagnostics -explicit-module-build -module-cache-path /Users/admin/builder/spi-builder-workspace/.derivedData/Build/Intermediates.noindex/SwiftExplicitPrecompiledModules -clang-scanner-module-cache-path /Users/admin/builder/spi-builder-workspace/.derivedData/ModuleCache.noindex -sdk-module-cache-path /Users/admin/builder/spi-builder-workspace/.derivedData/SDKExplicitPrecompiledModules -emit-dependencies -emit-module -emit-module-path /Users/admin/builder/spi-builder-workspace/.derivedData/Build/Intermediates.noindex/FHIRModels.build/Debug-watchos/ModelsR4-t.build/Objects-normal/arm64_32/ModelsR4.swiftmodule -serialize-diagnostics -dependency-scan-serialize-diagnostics-path /Users/admin/builder/spi-builder-workspace/.derivedData/Build/Intermediates.noindex/FHIRModels.build/Debug-watchos/ModelsR4-t.build/Objects-normal/arm64_32/ModelsR4-dependency-scan.dia -user-module-version 0.9.3 -validate-clang-modules-once -clang-build-session-file /Users/admin/builder/spi-builder-workspace/.derivedData/ModuleCache.noindex/Session.modulevalidation -Xcc -fmodules-prune-interval\=86400 -Xcc -fmodules-prune-after\=345600 -package-name fhirmodels -emit-const-values -const-gather-protocols-list /Users/admin/builder/spi-builder-workspace/.derivedData/Build/Intermediates.noindex/FHIRModels.build/Debug-watchos/ModelsR4-t.build/Objects-normal/arm64_32/ModelsR4_const_extract_protocols.json -Xcc -I/Users/admin/builder/spi-builder-workspace/.derivedData/Build/Products/Debug-watchos/include -Xcc -I/Users/admin/builder/spi-builder-workspace/.derivedData/Build/Intermediates.noindex/FHIRModels.build/Debug-watchos/ModelsR4-t.build/DerivedSources-normal/arm64_32 -Xcc -I/Users/admin/builder/spi-builder-workspace/.derivedData/Build/Intermediates.noindex/FHIRModels.build/Debug-watchos/ModelsR4-t.build/DerivedSources/arm64_32 -Xcc -I/Users/admin/builder/spi-builder-workspace/.derivedData/Build/Intermediates.noindex/FHIRModels.build/Debug-watchos/ModelsR4-t.build/DerivedSources -Xcc -DSWIFT_PACKAGE -Xcc -DDEBUG\=1 -emit-objc-header -emit-objc-header-path /Users/admin/builder/spi-builder-workspace/.derivedData/Build/Intermediates.noindex/FHIRModels.build/Debug-watchos/ModelsR4-t.build/Objects-normal/arm64_32/ModelsR4-Swift.h -working-directory /Users/admin/builder/spi-builder-workspace/.swiftpm/xcode -experimental-emit-module-separately -disable-cmo
SwiftDriver MedikationsplanFHIR normal arm64_32 com.apple.xcode.tools.swift.compiler (in target 'MedikationsplanFHIR' from project 'swift-medikationsplan')
cd /Users/admin/builder/spi-builder-workspace/.swiftpm/xcode
builtin-SwiftDriver -- /Applications/Xcode-27.0.0-Release.Candidate.app/Contents/Developer/Toolchains/XcodeDefault.xctoolchain/usr/bin/swiftc -parse-as-library -module-name MedikationsplanFHIR -Onone @/Users/admin/builder/spi-builder-workspace/.derivedData/Build/Intermediates.noindex/swift-medikationsplan.build/Debug-watchos/MedikationsplanFHIR-t.build/Objects-normal/arm64_32/MedikationsplanFHIR.SwiftFileList -DSWIFT_PACKAGE -DDEBUG -DSWIFT_MODULE_RESOURCE_BUNDLE_UNAVAILABLE -DXcode -plugin-path /Applications/Xcode-27.0.0-Release.Candidate.app/Contents/Developer/Toolchains/XcodeDefault.xctoolchain/usr/lib/swift/host/plugins/testing -enable-experimental-feature DebugDescriptionMacro -sdk /Applications/Xcode-27.0.0-Release.Candidate.app/Contents/Developer/Platforms/WatchOS.platform/Developer/SDKs/WatchOS27.0.sdk -target arm64_32-apple-watchos9.0 -g -module-cache-path /Users/admin/builder/spi-builder-workspace/.derivedData/ModuleCache.noindex -Xfrontend -serialize-debugging-options -profile-coverage-mapping -profile-generate -enable-testing -index-store-path /Users/admin/builder/spi-builder-workspace/.derivedData/Index.noindex/DataStore -Xcc -D_LIBCPP_HARDENING_MODE\=_LIBCPP_HARDENING_MODE_DEBUG -swift-version 5 -I /Users/admin/builder/spi-builder-workspace/.derivedData/Build/Products/Debug-watchos -Isystem /Applications/Xcode-27.0.0-Release.Candidate.app/Contents/Developer/Platforms/WatchOS.platform/Developer/usr/lib -F /Users/admin/builder/spi-builder-workspace/.derivedData/Build/Products/Debug-watchos/PackageFrameworks -F /Users/admin/builder/spi-builder-workspace/.derivedData/Build/Products/Debug-watchos -F /Applications/Xcode-27.0.0-Release.Candidate.app/Contents/Developer/Platforms/WatchOS.platform/Developer/Library/Frameworks -F /Applications/Xcode-27.0.0-Release.Candidate.app/Contents/Developer/Platforms/WatchOS.platform/Developer/SDKs/WatchOS27.0.sdk/Developer/Library/Frameworks -c -j10 -enable-batch-mode -incremental -Xcc -ivfsstatcache -Xcc /Users/admin/builder/spi-builder-workspace/.derivedData/SDKStatCaches.noindex/watchos27.0-24R360-e829b21a6f8c9b70876ba0858053c04477534ef55a1706bf4c1112bbb242f0a2.sdkstatcache -output-file-map /Users/admin/builder/spi-builder-workspace/.derivedData/Build/Intermediates.noindex/swift-medikationsplan.build/Debug-watchos/MedikationsplanFHIR-t.build/Objects-normal/arm64_32/MedikationsplanFHIR-OutputFileMap.json -save-temps -no-color-diagnostics -explicit-module-build -module-cache-path /Users/admin/builder/spi-builder-workspace/.derivedData/Build/Intermediates.noindex/SwiftExplicitPrecompiledModules -clang-scanner-module-cache-path /Users/admin/builder/spi-builder-workspace/.derivedData/ModuleCache.noindex -sdk-module-cache-path /Users/admin/builder/spi-builder-workspace/.derivedData/SDKExplicitPrecompiledModules -emit-dependencies -emit-module -emit-module-path /Users/admin/builder/spi-builder-workspace/.derivedData/Build/Intermediates.noindex/swift-medikationsplan.build/Debug-watchos/MedikationsplanFHIR-t.build/Objects-normal/arm64_32/MedikationsplanFHIR.swiftmodule -serialize-diagnostics -dependency-scan-serialize-diagnostics-path /Users/admin/builder/spi-builder-workspace/.derivedData/Build/Intermediates.noindex/swift-medikationsplan.build/Debug-watchos/MedikationsplanFHIR-t.build/Objects-normal/arm64_32/MedikationsplanFHIR-dependency-scan.dia -validate-clang-modules-once -clang-build-session-file /Users/admin/builder/spi-builder-workspace/.derivedData/ModuleCache.noindex/Session.modulevalidation -Xcc -fmodules-prune-interval\=86400 -Xcc -fmodules-prune-after\=345600 -package-name spi_builder_workspace -emit-const-values -const-gather-protocols-list /Users/admin/builder/spi-builder-workspace/.derivedData/Build/Intermediates.noindex/swift-medikationsplan.build/Debug-watchos/MedikationsplanFHIR-t.build/Objects-normal/arm64_32/MedikationsplanFHIR_const_extract_protocols.json -Xcc -I/Users/admin/builder/spi-builder-workspace/.derivedData/Build/Products/Debug-watchos/include -Xcc -I/Users/admin/builder/spi-builder-workspace/.derivedData/Build/Intermediates.noindex/swift-medikationsplan.build/Debug-watchos/MedikationsplanFHIR-t.build/DerivedSources-normal/arm64_32 -Xcc -I/Users/admin/builder/spi-builder-workspace/.derivedData/Build/Intermediates.noindex/swift-medikationsplan.build/Debug-watchos/MedikationsplanFHIR-t.build/DerivedSources/arm64_32 -Xcc -I/Users/admin/builder/spi-builder-workspace/.derivedData/Build/Intermediates.noindex/swift-medikationsplan.build/Debug-watchos/MedikationsplanFHIR-t.build/DerivedSources -Xcc -DSWIFT_PACKAGE -Xcc -DDEBUG\=1 -emit-objc-header -emit-objc-header-path /Users/admin/builder/spi-builder-workspace/.derivedData/Build/Intermediates.noindex/swift-medikationsplan.build/Debug-watchos/MedikationsplanFHIR-t.build/Objects-normal/arm64_32/MedikationsplanFHIR-Swift.h -working-directory /Users/admin/builder/spi-builder-workspace/.swiftpm/xcode -experimental-emit-module-separately -disable-cmo
SwiftDriver MedikationsplanFHIR normal arm64 com.apple.xcode.tools.swift.compiler (in target 'MedikationsplanFHIR' from project 'swift-medikationsplan')
cd /Users/admin/builder/spi-builder-workspace/.swiftpm/xcode
builtin-SwiftDriver -- /Applications/Xcode-27.0.0-Release.Candidate.app/Contents/Developer/Toolchains/XcodeDefault.xctoolchain/usr/bin/swiftc -parse-as-library -module-name MedikationsplanFHIR -Onone @/Users/admin/builder/spi-builder-workspace/.derivedData/Build/Intermediates.noindex/swift-medikationsplan.build/Debug-watchos/MedikationsplanFHIR-t.build/Objects-normal/arm64/MedikationsplanFHIR.SwiftFileList -DSWIFT_PACKAGE -DDEBUG -DSWIFT_MODULE_RESOURCE_BUNDLE_UNAVAILABLE -DXcode -plugin-path /Applications/Xcode-27.0.0-Release.Candidate.app/Contents/Developer/Toolchains/XcodeDefault.xctoolchain/usr/lib/swift/host/plugins/testing -enable-experimental-feature DebugDescriptionMacro -sdk /Applications/Xcode-27.0.0-Release.Candidate.app/Contents/Developer/Platforms/WatchOS.platform/Developer/SDKs/WatchOS27.0.sdk -target arm64-apple-watchos9.0 -g -module-cache-path /Users/admin/builder/spi-builder-workspace/.derivedData/ModuleCache.noindex -Xfrontend -serialize-debugging-options -profile-coverage-mapping -profile-generate -enable-testing -index-store-path /Users/admin/builder/spi-builder-workspace/.derivedData/Index.noindex/DataStore -Xcc -D_LIBCPP_HARDENING_MODE\=_LIBCPP_HARDENING_MODE_DEBUG -swift-version 5 -I /Users/admin/builder/spi-builder-workspace/.derivedData/Build/Products/Debug-watchos -Isystem /Applications/Xcode-27.0.0-Release.Candidate.app/Contents/Developer/Platforms/WatchOS.platform/Developer/usr/lib -F /Users/admin/builder/spi-builder-workspace/.derivedData/Build/Products/Debug-watchos/PackageFrameworks -F /Users/admin/builder/spi-builder-workspace/.derivedData/Build/Products/Debug-watchos -F /Applications/Xcode-27.0.0-Release.Candidate.app/Contents/Developer/Platforms/WatchOS.platform/Developer/Library/Frameworks -F /Applications/Xcode-27.0.0-Release.Candidate.app/Contents/Developer/Platforms/WatchOS.platform/Developer/SDKs/WatchOS27.0.sdk/Developer/Library/Frameworks -c -j10 -enable-batch-mode -incremental -Xcc -ivfsstatcache -Xcc /Users/admin/builder/spi-builder-workspace/.derivedData/SDKStatCaches.noindex/watchos27.0-24R360-e829b21a6f8c9b70876ba0858053c04477534ef55a1706bf4c1112bbb242f0a2.sdkstatcache -output-file-map /Users/admin/builder/spi-builder-workspace/.derivedData/Build/Intermediates.noindex/swift-medikationsplan.build/Debug-watchos/MedikationsplanFHIR-t.build/Objects-normal/arm64/MedikationsplanFHIR-OutputFileMap.json -save-temps -no-color-diagnostics -explicit-module-build -module-cache-path /Users/admin/builder/spi-builder-workspace/.derivedData/Build/Intermediates.noindex/SwiftExplicitPrecompiledModules -clang-scanner-module-cache-path /Users/admin/builder/spi-builder-workspace/.derivedData/ModuleCache.noindex -sdk-module-cache-path /Users/admin/builder/spi-builder-workspace/.derivedData/SDKExplicitPrecompiledModules -emit-dependencies -emit-module -emit-module-path /Users/admin/builder/spi-builder-workspace/.derivedData/Build/Intermediates.noindex/swift-medikationsplan.build/Debug-watchos/MedikationsplanFHIR-t.build/Objects-normal/arm64/MedikationsplanFHIR.swiftmodule -serialize-diagnostics -dependency-scan-serialize-diagnostics-path /Users/admin/builder/spi-builder-workspace/.derivedData/Build/Intermediates.noindex/swift-medikationsplan.build/Debug-watchos/MedikationsplanFHIR-t.build/Objects-normal/arm64/MedikationsplanFHIR-dependency-scan.dia -validate-clang-modules-once -clang-build-session-file /Users/admin/builder/spi-builder-workspace/.derivedData/ModuleCache.noindex/Session.modulevalidation -Xcc -fmodules-prune-interval\=86400 -Xcc -fmodules-prune-after\=345600 -package-name spi_builder_workspace -emit-const-values -const-gather-protocols-list /Users/admin/builder/spi-builder-workspace/.derivedData/Build/Intermediates.noindex/swift-medikationsplan.build/Debug-watchos/MedikationsplanFHIR-t.build/Objects-normal/arm64/MedikationsplanFHIR_const_extract_protocols.json -Xcc -I/Users/admin/builder/spi-builder-workspace/.derivedData/Build/Products/Debug-watchos/include -Xcc -I/Users/admin/builder/spi-builder-workspace/.derivedData/Build/Intermediates.noindex/swift-medikationsplan.build/Debug-watchos/MedikationsplanFHIR-t.build/DerivedSources-normal/arm64 -Xcc -I/Users/admin/builder/spi-builder-workspace/.derivedData/Build/Intermediates.noindex/swift-medikationsplan.build/Debug-watchos/MedikationsplanFHIR-t.build/DerivedSources/arm64 -Xcc -I/Users/admin/builder/spi-builder-workspace/.derivedData/Build/Intermediates.noindex/swift-medikationsplan.build/Debug-watchos/MedikationsplanFHIR-t.build/DerivedSources -Xcc -DSWIFT_PACKAGE -Xcc -DDEBUG\=1 -emit-objc-header -emit-objc-header-path /Users/admin/builder/spi-builder-workspace/.derivedData/Build/Intermediates.noindex/swift-medikationsplan.build/Debug-watchos/MedikationsplanFHIR-t.build/Objects-normal/arm64/MedikationsplanFHIR-Swift.h -working-directory /Users/admin/builder/spi-builder-workspace/.swiftpm/xcode -experimental-emit-module-separately -disable-cmo
SwiftEmitModule normal arm64_32 Emitting\ module\ for\ MedikationsplanFHIR (in target 'MedikationsplanFHIR' from project 'swift-medikationsplan')
/Users/admin/builder/spi-builder-workspace/Sources/MedikationsplanFHIR/AuthorMapper.swift:8:23: warning: use of protocol 'Resource' as a type must be written 'any Resource'; this will be an error in a future Swift language mode [#ExistentialAny]
6 |
7 | struct AuthorResult {
8 | let resource: Resource
| `- warning: use of protocol 'Resource' as a type must be written 'any Resource'; this will be an error in a future Swift language mode [#ExistentialAny]
9 | let id: String
10 | let isPractitioner: Bool
/Users/admin/builder/spi-builder-workspace/Sources/MedikationsplanFHIR/BundleMapper.swift:11:25: warning: use of protocol 'Resource' as a type must be written 'any Resource'; this will be an error in a future Swift language mode [#ExistentialAny]
9 | patient: ModelsR4.Patient,
10 | patientId: String,
11 | authorResource: Resource,
| `- warning: use of protocol 'Resource' as a type must be written 'any Resource'; this will be an error in a future Swift language mode [#ExistentialAny]
12 | authorId: String,
13 | medications: [(ModelsR4.Medication, String)],
/Users/admin/builder/spi-builder-workspace/Sources/MedikationsplanFHIR/BundleMapper.swift:61:45: warning: use of protocol 'Resource' as a type must be written 'any Resource'; this will be an error in a future Swift language mode [#ExistentialAny]
59 | }
60 |
61 | private static func makeEntry(resource: Resource, id: String) -> BundleEntry {
| `- warning: use of protocol 'Resource' as a type must be written 'any Resource'; this will be an error in a future Swift language mode [#ExistentialAny]
62 | let entry = BundleEntry()
63 | entry.fullUrl = "urn:uuid:\(id)".asFHIRURIPrimitive()
SwiftCompile normal arm64_32 (in target 'MedikationsplanFHIR' from project 'swift-medikationsplan')
cd /Users/admin/builder/spi-builder-workspace/.swiftpm/xcode
SwiftCompile normal arm64_32 Compiling\ BundleMapper.swift,\ CompositionMapper.swift /Users/admin/builder/spi-builder-workspace/Sources/MedikationsplanFHIR/BundleMapper.swift /Users/admin/builder/spi-builder-workspace/Sources/MedikationsplanFHIR/CompositionMapper.swift (in target 'MedikationsplanFHIR' from project 'swift-medikationsplan')
/Users/admin/builder/spi-builder-workspace/Sources/MedikationsplanFHIR/BundleMapper.swift:11:25: warning: use of protocol 'Resource' as a type must be written 'any Resource'; this will be an error in a future Swift language mode [#ExistentialAny]
9 | patient: ModelsR4.Patient,
10 | patientId: String,
11 | authorResource: Resource,
| `- warning: use of protocol 'Resource' as a type must be written 'any Resource'; this will be an error in a future Swift language mode [#ExistentialAny]
12 | authorId: String,
13 | medications: [(ModelsR4.Medication, String)],
/Users/admin/builder/spi-builder-workspace/Sources/MedikationsplanFHIR/BundleMapper.swift:61:45: warning: use of protocol 'Resource' as a type must be written 'any Resource'; this will be an error in a future Swift language mode [#ExistentialAny]
59 | }
60 |
61 | private static func makeEntry(resource: Resource, id: String) -> BundleEntry {
| `- warning: use of protocol 'Resource' as a type must be written 'any Resource'; this will be an error in a future Swift language mode [#ExistentialAny]
62 | let entry = BundleEntry()
63 | entry.fullUrl = "urn:uuid:\(id)".asFHIRURIPrimitive()
/Users/admin/builder/spi-builder-workspace/Sources/MedikationsplanFHIR/BundleMapper.swift:56:16: error: cannot assign to property: 'bundle' is a 'let' constant
53 | }
54 |
55 | let bundle = ModelsR4.Bundle(type: FHIRPrimitive(.document))
| `- note: change 'let' to 'var' to make it mutable
56 | bundle.id = UUID().uuidString.asFHIRStringPrimitive()
| `- error: cannot assign to property: 'bundle' is a 'let' constant
57 | bundle.entry = entries
58 | return bundle
/Users/admin/builder/spi-builder-workspace/Sources/MedikationsplanFHIR/BundleMapper.swift:57:16: error: cannot assign to property: 'bundle' is a 'let' constant
53 | }
54 |
55 | let bundle = ModelsR4.Bundle(type: FHIRPrimitive(.document))
| `- note: change 'let' to 'var' to make it mutable
56 | bundle.id = UUID().uuidString.asFHIRStringPrimitive()
57 | bundle.entry = entries
| `- error: cannot assign to property: 'bundle' is a 'let' constant
58 | return bundle
59 | }
/Users/admin/builder/spi-builder-workspace/Sources/MedikationsplanFHIR/BundleMapper.swift:63:15: error: cannot assign to property: 'entry' is a 'let' constant
60 |
61 | private static func makeEntry(resource: Resource, id: String) -> BundleEntry {
62 | let entry = BundleEntry()
| `- note: change 'let' to 'var' to make it mutable
63 | entry.fullUrl = "urn:uuid:\(id)".asFHIRURIPrimitive()
| `- error: cannot assign to property: 'entry' is a 'let' constant
64 | entry.resource = .init(with: resource)
65 | return entry
/Users/admin/builder/spi-builder-workspace/Sources/MedikationsplanFHIR/BundleMapper.swift:64:15: error: cannot assign to property: 'entry' is a 'let' constant
60 |
61 | private static func makeEntry(resource: Resource, id: String) -> BundleEntry {
62 | let entry = BundleEntry()
| `- note: change 'let' to 'var' to make it mutable
63 | entry.fullUrl = "urn:uuid:\(id)".asFHIRURIPrimitive()
64 | entry.resource = .init(with: resource)
| `- error: cannot assign to property: 'entry' is a 'let' constant
65 | return entry
66 | }
/Users/admin/builder/spi-builder-workspace/Sources/MedikationsplanFHIR/CompositionMapper.swift:46:21: error: cannot assign to property: 'composition' is a 'let' constant
31 | let id = UUID().uuidString
32 |
33 | let composition = Composition(
| `- note: change 'let' to 'var' to make it mutable
34 | author: [Reference(reference: "urn:uuid:\(authorId)".asFHIRStringPrimitive())],
35 | date: currentDateTime(),
:
44 | ])
45 | )
46 | composition.id = id.asFHIRStringPrimitive()
| `- error: cannot assign to property: 'composition' is a 'let' constant
47 | composition.subject = Reference(reference: "urn:uuid:\(patientId)".asFHIRStringPrimitive())
48 |
SwiftCompile normal arm64_32 /Users/admin/builder/spi-builder-workspace/Sources/MedikationsplanFHIR/BundleMapper.swift (in target 'MedikationsplanFHIR' from project 'swift-medikationsplan')
cd /Users/admin/builder/spi-builder-workspace/.swiftpm/xcode
builtin-SwiftPerFileCompile BundleMapper.swift
SwiftCompile normal arm64_32 /Users/admin/builder/spi-builder-workspace/Sources/MedikationsplanFHIR/CompositionMapper.swift (in target 'MedikationsplanFHIR' from project 'swift-medikationsplan')
cd /Users/admin/builder/spi-builder-workspace/.swiftpm/xcode
builtin-SwiftPerFileCompile CompositionMapper.swift
SwiftCompile normal arm64_32 Compiling\ PatientMapper.swift /Users/admin/builder/spi-builder-workspace/Sources/MedikationsplanFHIR/PatientMapper.swift (in target 'MedikationsplanFHIR' from project 'swift-medikationsplan')
/Users/admin/builder/spi-builder-workspace/Sources/MedikationsplanFHIR/PatientMapper.swift:10:17: error: cannot assign to property: 'patient' is a 'let' constant
7 | static func map(_ bmpPatient: MedikationsplanKit.Patient) -> (ModelsR4.Patient, String) {
8 | let id = UUID().uuidString
9 | let patient = ModelsR4.Patient()
| `- note: change 'let' to 'var' to make it mutable
10 | patient.id = id.asFHIRStringPrimitive()
| `- error: cannot assign to property: 'patient' is a 'let' constant
11 |
12 | // Name
/Users/admin/builder/spi-builder-workspace/Sources/MedikationsplanFHIR/PatientMapper.swift:14:19: error: cannot assign to property: 'humanName' is a 'let' constant
11 |
12 | // Name
13 | let humanName = HumanName()
| `- note: change 'let' to 'var' to make it mutable
14 | humanName.family = bmpPatient.lastName.asFHIRStringPrimitive()
| `- error: cannot assign to property: 'humanName' is a 'let' constant
15 | humanName.given = [bmpPatient.firstName.asFHIRStringPrimitive()]
16 | if let title = bmpPatient.title {
/Users/admin/builder/spi-builder-workspace/Sources/MedikationsplanFHIR/PatientMapper.swift:15:19: error: cannot assign to property: 'humanName' is a 'let' constant
11 |
12 | // Name
13 | let humanName = HumanName()
| `- note: change 'let' to 'var' to make it mutable
14 | humanName.family = bmpPatient.lastName.asFHIRStringPrimitive()
15 | humanName.given = [bmpPatient.firstName.asFHIRStringPrimitive()]
| `- error: cannot assign to property: 'humanName' is a 'let' constant
16 | if let title = bmpPatient.title {
17 | humanName.prefix = [title.asFHIRStringPrimitive()]
/Users/admin/builder/spi-builder-workspace/Sources/MedikationsplanFHIR/PatientMapper.swift:17:23: error: cannot assign to property: 'humanName' is a 'let' constant
11 |
12 | // Name
13 | let humanName = HumanName()
| `- note: change 'let' to 'var' to make it mutable
14 | humanName.family = bmpPatient.lastName.asFHIRStringPrimitive()
15 | humanName.given = [bmpPatient.firstName.asFHIRStringPrimitive()]
16 | if let title = bmpPatient.title {
17 | humanName.prefix = [title.asFHIRStringPrimitive()]
| `- error: cannot assign to property: 'humanName' is a 'let' constant
18 | }
19 | if let nameSuffix = bmpPatient.nameSuffix {
/Users/admin/builder/spi-builder-workspace/Sources/MedikationsplanFHIR/PatientMapper.swift:20:23: error: cannot assign to property: 'humanName' is a 'let' constant
11 |
12 | // Name
13 | let humanName = HumanName()
| `- note: change 'let' to 'var' to make it mutable
14 | humanName.family = bmpPatient.lastName.asFHIRStringPrimitive()
15 | humanName.given = [bmpPatient.firstName.asFHIRStringPrimitive()]
:
18 | }
19 | if let nameSuffix = bmpPatient.nameSuffix {
20 | humanName.suffix = [nameSuffix.asFHIRStringPrimitive()]
| `- error: cannot assign to property: 'humanName' is a 'let' constant
21 | }
22 | if let namePrefix = bmpPatient.namePrefix {
/Users/admin/builder/spi-builder-workspace/Sources/MedikationsplanFHIR/PatientMapper.swift:23:23: error: cannot assign to property: 'humanName' is a 'let' constant
11 |
12 | // Name
13 | let humanName = HumanName()
| `- note: change 'let' to 'var' to make it mutable
14 | humanName.family = bmpPatient.lastName.asFHIRStringPrimitive()
15 | humanName.given = [bmpPatient.firstName.asFHIRStringPrimitive()]
:
21 | }
22 | if let namePrefix = bmpPatient.namePrefix {
23 | humanName.`extension` = [BMPFHIRExtension.makeString(BMPFHIRExtension.namePrefix, namePrefix)]
| `- error: cannot assign to property: 'humanName' is a 'let' constant
24 | }
25 | patient.name = [humanName]
/Users/admin/builder/spi-builder-workspace/Sources/MedikationsplanFHIR/PatientMapper.swift:25:17: error: cannot assign to property: 'patient' is a 'let' constant
7 | static func map(_ bmpPatient: MedikationsplanKit.Patient) -> (ModelsR4.Patient, String) {
8 | let id = UUID().uuidString
9 | let patient = ModelsR4.Patient()
| `- note: change 'let' to 'var' to make it mutable
10 | patient.id = id.asFHIRStringPrimitive()
11 |
:
23 | humanName.`extension` = [BMPFHIRExtension.makeString(BMPFHIRExtension.namePrefix, namePrefix)]
24 | }
25 | patient.name = [humanName]
| `- error: cannot assign to property: 'patient' is a 'let' constant
26 |
27 | // Birth date (YYYYMMDD → FHIR Date)
/Users/admin/builder/spi-builder-workspace/Sources/MedikationsplanFHIR/PatientMapper.swift:29:21: error: cannot assign to property: 'patient' is a 'let' constant
7 | static func map(_ bmpPatient: MedikationsplanKit.Patient) -> (ModelsR4.Patient, String) {
8 | let id = UUID().uuidString
9 | let patient = ModelsR4.Patient()
| `- note: change 'let' to 'var' to make it mutable
10 | patient.id = id.asFHIRStringPrimitive()
11 |
:
27 | // Birth date (YYYYMMDD → FHIR Date)
28 | if let fhirDate = parseBirthDate(bmpPatient.birthDate) {
29 | patient.birthDate = fhirDate
| `- error: cannot assign to property: 'patient' is a 'let' constant
30 | }
31 |
/Users/admin/builder/spi-builder-workspace/Sources/MedikationsplanFHIR/PatientMapper.swift:34:21: error: cannot assign to property: 'patient' is a 'let' constant
7 | static func map(_ bmpPatient: MedikationsplanKit.Patient) -> (ModelsR4.Patient, String) {
8 | let id = UUID().uuidString
9 | let patient = ModelsR4.Patient()
| `- note: change 'let' to 'var' to make it mutable
10 | patient.id = id.asFHIRStringPrimitive()
11 |
:
32 | // Gender
33 | if let gender = bmpPatient.gender {
34 | patient.gender = FHIRPrimitive(mapGender(gender))
| `- error: cannot assign to property: 'patient' is a 'let' constant
35 | }
36 |
SwiftCompile normal arm64_32 /Users/admin/builder/spi-builder-workspace/Sources/MedikationsplanFHIR/PatientMapper.swift (in target 'MedikationsplanFHIR' from project 'swift-medikationsplan')
cd /Users/admin/builder/spi-builder-workspace/.swiftpm/xcode
builtin-SwiftPerFileCompile PatientMapper.swift
SwiftCompile normal arm64_32 Compiling\ AuthorMapper.swift,\ BMPExtensions.swift /Users/admin/builder/spi-builder-workspace/Sources/MedikationsplanFHIR/AuthorMapper.swift /Users/admin/builder/spi-builder-workspace/Sources/MedikationsplanFHIR/BMPExtensions.swift (in target 'MedikationsplanFHIR' from project 'swift-medikationsplan')
/Users/admin/builder/spi-builder-workspace/Sources/MedikationsplanFHIR/AuthorMapper.swift:8:23: warning: use of protocol 'Resource' as a type must be written 'any Resource'; this will be an error in a future Swift language mode [#ExistentialAny]
6 |
7 | struct AuthorResult {
8 | let resource: Resource
| `- warning: use of protocol 'Resource' as a type must be written 'any Resource'; this will be an error in a future Swift language mode [#ExistentialAny]
9 | let id: String
10 | let isPractitioner: Bool
/Users/admin/builder/spi-builder-workspace/Sources/MedikationsplanFHIR/AuthorMapper.swift:33:22: error: cannot assign to property: 'practitioner' is a 'let' constant
30 |
31 | private static func mapPractitioner(_ author: Author, id: String) -> Practitioner {
32 | let practitioner = Practitioner()
| `- note: change 'let' to 'var' to make it mutable
33 | practitioner.id = id.asFHIRStringPrimitive()
| `- error: cannot assign to property: 'practitioner' is a 'let' constant
34 |
35 | // LANR identifier
/Users/admin/builder/spi-builder-workspace/Sources/MedikationsplanFHIR/AuthorMapper.swift:37:26: error: cannot assign to property: 'practitioner' is a 'let' constant
30 |
31 | private static func mapPractitioner(_ author: Author, id: String) -> Practitioner {
32 | let practitioner = Practitioner()
| `- note: change 'let' to 'var' to make it mutable
33 | practitioner.id = id.asFHIRStringPrimitive()
34 |
35 | // LANR identifier
36 | if let lanr = author.lanr {
37 | practitioner.identifier = [
| `- error: cannot assign to property: 'practitioner' is a 'let' constant
38 | Identifier(
39 | system: "https://fhir.kbv.de/NamingSystem/KBV_NS_Base_ANR".asFHIRURIPrimitive(),
/Users/admin/builder/spi-builder-workspace/Sources/MedikationsplanFHIR/AuthorMapper.swift:47:14: error: cannot assign to property: 'name' is a 'let' constant
44 |
45 | // Name
46 | let name = HumanName()
| `- note: change 'let' to 'var' to make it mutable
47 | name.text = author.name.asFHIRStringPrimitive()
| `- error: cannot assign to property: 'name' is a 'let' constant
48 | practitioner.name = [name]
49 |
/Users/admin/builder/spi-builder-workspace/Sources/MedikationsplanFHIR/AuthorMapper.swift:48:22: error: cannot assign to property: 'practitioner' is a 'let' constant
30 |
31 | private static func mapPractitioner(_ author: Author, id: String) -> Practitioner {
32 | let practitioner = Practitioner()
| `- note: change 'let' to 'var' to make it mutable
33 | practitioner.id = id.asFHIRStringPrimitive()
34 |
:
46 | let name = HumanName()
47 | name.text = author.name.asFHIRStringPrimitive()
48 | practitioner.name = [name]
| `- error: cannot assign to property: 'practitioner' is a 'let' constant
49 |
50 | // Address
/Users/admin/builder/spi-builder-workspace/Sources/MedikationsplanFHIR/AuthorMapper.swift:52:26: error: cannot assign to property: 'practitioner' is a 'let' constant
30 |
31 | private static func mapPractitioner(_ author: Author, id: String) -> Practitioner {
32 | let practitioner = Practitioner()
| `- note: change 'let' to 'var' to make it mutable
33 | practitioner.id = id.asFHIRStringPrimitive()
34 |
:
50 | // Address
51 | if let address = buildAddress(author) {
52 | practitioner.address = [address]
| `- error: cannot assign to property: 'practitioner' is a 'let' constant
53 | }
54 |
/Users/admin/builder/spi-builder-workspace/Sources/MedikationsplanFHIR/AuthorMapper.swift:56:22: error: cannot assign to property: 'practitioner' is a 'let' constant
30 |
31 | private static func mapPractitioner(_ author: Author, id: String) -> Practitioner {
32 | let practitioner = Practitioner()
| `- note: change 'let' to 'var' to make it mutable
33 | practitioner.id = id.asFHIRStringPrimitive()
34 |
:
54 |
55 | // Telecom
56 | practitioner.telecom = buildTelecom(author)
| `- error: cannot assign to property: 'practitioner' is a 'let' constant
57 |
58 | // BMP print date extension
/Users/admin/builder/spi-builder-workspace/Sources/MedikationsplanFHIR/AuthorMapper.swift:59:22: error: cannot assign to property: 'practitioner' is a 'let' constant
30 |
31 | private static func mapPractitioner(_ author: Author, id: String) -> Practitioner {
32 | let practitioner = Practitioner()
| `- note: change 'let' to 'var' to make it mutable
33 | practitioner.id = id.asFHIRStringPrimitive()
34 |
:
57 |
58 | // BMP print date extension
59 | practitioner.`extension` = [BMPFHIRExtension.makeString(BMPFHIRExtension.printDate, author.printDate)]
| `- error: cannot assign to property: 'practitioner' is a 'let' constant
60 |
61 | return practitioner
/Users/admin/builder/spi-builder-workspace/Sources/MedikationsplanFHIR/AuthorMapper.swift:66:13: error: cannot assign to property: 'org' is a 'let' constant
63 |
64 | private static func mapOrganization(_ author: Author, id: String) -> Organization {
65 | let org = Organization()
| `- note: change 'let' to 'var' to make it mutable
66 | org.id = id.asFHIRStringPrimitive()
| `- error: cannot assign to property: 'org' is a 'let' constant
67 |
68 | // Identifier: KIK or IDF
/Users/admin/builder/spi-builder-workspace/Sources/MedikationsplanFHIR/AuthorMapper.swift:83:17: error: cannot assign to property: 'org' is a 'let' constant
63 |
64 | private static func mapOrganization(_ author: Author, id: String) -> Organization {
65 | let org = Organization()
| `- note: change 'let' to 'var' to make it mutable
66 | org.id = id.asFHIRStringPrimitive()
67 |
:
81 | }
82 | if !identifiers.isEmpty {
83 | org.identifier = identifiers
| `- error: cannot assign to property: 'org' is a 'let' constant
84 | }
85 |
/Users/admin/builder/spi-builder-workspace/Sources/MedikationsplanFHIR/AuthorMapper.swift:86:13: error: cannot assign to property: 'org' is a 'let' constant
63 |
64 | private static func mapOrganization(_ author: Author, id: String) -> Organization {
65 | let org = Organization()
| `- note: change 'let' to 'var' to make it mutable
66 | org.id = id.asFHIRStringPrimitive()
67 |
:
84 | }
85 |
86 | org.name = author.name.asFHIRStringPrimitive()
| `- error: cannot assign to property: 'org' is a 'let' constant
87 |
88 | // Address
/Users/admin/builder/spi-builder-workspace/Sources/MedikationsplanFHIR/AuthorMapper.swift:90:17: error: cannot assign to property: 'org' is a 'let' constant
63 |
64 | private static func mapOrganization(_ author: Author, id: String) -> Organization {
65 | let org = Organization()
| `- note: change 'let' to 'var' to make it mutable
66 | org.id = id.asFHIRStringPrimitive()
67 |
:
88 | // Address
89 | if let address = buildAddress(author) {
90 | org.address = [address]
| `- error: cannot assign to property: 'org' is a 'let' constant
91 | }
92 |
/Users/admin/builder/spi-builder-workspace/Sources/MedikationsplanFHIR/AuthorMapper.swift:94:13: error: cannot assign to property: 'org' is a 'let' constant
63 |
64 | private static func mapOrganization(_ author: Author, id: String) -> Organization {
65 | let org = Organization()
| `- note: change 'let' to 'var' to make it mutable
66 | org.id = id.asFHIRStringPrimitive()
67 |
:
92 |
93 | // Telecom
94 | org.telecom = buildTelecom(author)
| `- error: cannot assign to property: 'org' is a 'let' constant
95 |
96 | // BMP print date extension
/Users/admin/builder/spi-builder-workspace/Sources/MedikationsplanFHIR/AuthorMapper.swift:97:13: error: cannot assign to property: 'org' is a 'let' constant
63 |
64 | private static func mapOrganization(_ author: Author, id: String) -> Organization {
65 | let org = Organization()
| `- note: change 'let' to 'var' to make it mutable
66 | org.id = id.asFHIRStringPrimitive()
67 |
:
95 |
96 | // BMP print date extension
97 | org.`extension` = [BMPFHIRExtension.makeString(BMPFHIRExtension.printDate, author.printDate)]
| `- error: cannot assign to property: 'org' is a 'let' constant
98 |
99 | return org
/Users/admin/builder/spi-builder-workspace/Sources/MedikationsplanFHIR/AuthorMapper.swift:108:21: error: cannot assign to property: 'address' is a 'let' constant
104 | return nil
105 | }
106 | let address = Address()
| `- note: change 'let' to 'var' to make it mutable
107 | if let street = author.street {
108 | address.line = [street.asFHIRStringPrimitive()]
| `- error: cannot assign to property: 'address' is a 'let' constant
109 | }
110 | if let city = author.city {
/Users/admin/builder/spi-builder-workspace/Sources/MedikationsplanFHIR/AuthorMapper.swift:111:21: error: cannot assign to property: 'address' is a 'let' constant
104 | return nil
105 | }
106 | let address = Address()
| `- note: change 'let' to 'var' to make it mutable
107 | if let street = author.street {
108 | address.line = [street.asFHIRStringPrimitive()]
109 | }
110 | if let city = author.city {
111 | address.city = city.asFHIRStringPrimitive()
| `- error: cannot assign to property: 'address' is a 'let' constant
112 | }
113 | if let zip = author.zip {
SwiftCompile normal arm64_32 /Users/admin/builder/spi-builder-workspace/Sources/MedikationsplanFHIR/AuthorMapper.swift (in target 'MedikationsplanFHIR' from project 'swift-medikationsplan')
cd /Users/admin/builder/spi-builder-workspace/.swiftpm/xcode
builtin-SwiftPerFileCompile AuthorMapper.swift
SwiftCompile normal arm64_32 /Users/admin/builder/spi-builder-workspace/Sources/MedikationsplanFHIR/BMPExtensions.swift (in target 'MedikationsplanFHIR' from project 'swift-medikationsplan')
cd /Users/admin/builder/spi-builder-workspace/.swiftpm/xcode
builtin-SwiftPerFileCompile BMPExtensions.swift
SwiftCompile normal arm64_32 Compiling\ MedicationMapper.swift /Users/admin/builder/spi-builder-workspace/Sources/MedikationsplanFHIR/MedicationMapper.swift (in target 'MedikationsplanFHIR' from project 'swift-medikationsplan')
/Users/admin/builder/spi-builder-workspace/Sources/MedikationsplanFHIR/MedicationMapper.swift:35:13: error: cannot assign to property: 'med' is a 'let' constant
32 |
33 | private static func mapMedication(_ bmpMed: MedikationsplanKit.Medication, id: String) -> ModelsR4.Medication {
34 | let med = ModelsR4.Medication()
| `- note: change 'let' to 'var' to make it mutable
35 | med.id = id.asFHIRStringPrimitive()
| `- error: cannot assign to property: 'med' is a 'let' constant
36 |
37 | // Code (PZN + name)
/Users/admin/builder/spi-builder-workspace/Sources/MedikationsplanFHIR/MedicationMapper.swift:53:13: error: cannot assign to property: 'med' is a 'let' constant
32 |
33 | private static func mapMedication(_ bmpMed: MedikationsplanKit.Medication, id: String) -> ModelsR4.Medication {
34 | let med = ModelsR4.Medication()
| `- note: change 'let' to 'var' to make it mutable
35 | med.id = id.asFHIRStringPrimitive()
36 |
:
51 | code.text = name.asFHIRStringPrimitive()
52 | }
53 | med.code = code
| `- error: cannot assign to property: 'med' is a 'let' constant
54 |
55 | // Form
/Users/admin/builder/spi-builder-workspace/Sources/MedikationsplanFHIR/MedicationMapper.swift:57:17: error: cannot assign to property: 'med' is a 'let' constant
32 |
33 | private static func mapMedication(_ bmpMed: MedikationsplanKit.Medication, id: String) -> ModelsR4.Medication {
34 | let med = ModelsR4.Medication()
| `- note: change 'let' to 'var' to make it mutable
35 | med.id = id.asFHIRStringPrimitive()
36 |
:
55 | // Form
56 | if let formText = bmpMed.formText ?? bmpMed.formCode {
57 | med.form = CodeableConcept(text: formText.asFHIRStringPrimitive())
| `- error: cannot assign to property: 'med' is a 'let' constant
58 | }
59 |
/Users/admin/builder/spi-builder-workspace/Sources/MedikationsplanFHIR/MedicationMapper.swift:64:17: error: cannot assign to property: 'med' is a 'let' constant
32 |
33 | private static func mapMedication(_ bmpMed: MedikationsplanKit.Medication, id: String) -> ModelsR4.Medication {
34 | let med = ModelsR4.Medication()
| `- note: change 'let' to 'var' to make it mutable
35 | med.id = id.asFHIRStringPrimitive()
36 |
:
62 | var exts = med.`extension` ?? []
63 | exts.append(BMPFHIRExtension.makeString(BMPFHIRExtension.formCode, formCode))
64 | med.`extension` = exts
| `- error: cannot assign to property: 'med' is a 'let' constant
65 | }
66 |
/Users/admin/builder/spi-builder-workspace/Sources/MedikationsplanFHIR/MedicationMapper.swift:69:17: error: cannot assign to property: 'med' is a 'let' constant
32 |
33 | private static func mapMedication(_ bmpMed: MedikationsplanKit.Medication, id: String) -> ModelsR4.Medication {
34 | let med = ModelsR4.Medication()
| `- note: change 'let' to 'var' to make it mutable
35 | med.id = id.asFHIRStringPrimitive()
36 |
:
67 | // Active ingredients
68 | if !bmpMed.activeIngredients.isEmpty {
69 | med.ingredient = bmpMed.activeIngredients.map { ingredient in
| `- error: cannot assign to property: 'med' is a 'let' constant
70 | var fhirIngredient = MedicationIngredient(
71 | item: .codeableConcept(CodeableConcept(text: ingredient.name.asFHIRStringPrimitive()))
/Users/admin/builder/spi-builder-workspace/Sources/MedikationsplanFHIR/MedicationMapper.swift:76:31: error: cannot assign to property: 'numerator' is a 'let' constant
73 | if let strength = ingredient.strength {
74 | let ratio = Ratio()
75 | let numerator = Quantity()
| `- note: change 'let' to 'var' to make it mutable
76 | numerator.unit = strength.asFHIRStringPrimitive()
| `- error: cannot assign to property: 'numerator' is a 'let' constant
77 | ratio.numerator = numerator
78 | fhirIngredient.strength = ratio
/Users/admin/builder/spi-builder-workspace/Sources/MedikationsplanFHIR/MedicationMapper.swift:98:14: error: cannot assign to property: 'stmt' is a 'let' constant
91 | patientId: String
92 | ) -> MedicationStatement {
93 | let stmt = MedicationStatement(
| `- note: change 'let' to 'var' to make it mutable
94 | medication: .reference(Reference(reference: "urn:uuid:\(medicationId)".asFHIRStringPrimitive())),
95 | status: FHIRPrimitive(.active),
96 | subject: Reference(reference: "urn:uuid:\(patientId)".asFHIRStringPrimitive())
97 | )
98 | stmt.id = id.asFHIRStringPrimitive()
| `- error: cannot assign to property: 'stmt' is a 'let' constant
99 |
100 | // Dosage
SwiftCompile normal arm64_32 /Users/admin/builder/spi-builder-workspace/Sources/MedikationsplanFHIR/MedicationMapper.swift (in target 'MedikationsplanFHIR' from project 'swift-medikationsplan')
cd /Users/admin/builder/spi-builder-workspace/.swiftpm/xcode
builtin-SwiftPerFileCompile MedicationMapper.swift
SwiftCompile normal arm64_32 Compiling\ ObservationMapper.swift /Users/admin/builder/spi-builder-workspace/Sources/MedikationsplanFHIR/ObservationMapper.swift (in target 'MedikationsplanFHIR' from project 'swift-medikationsplan')
/Users/admin/builder/spi-builder-workspace/Sources/MedikationsplanFHIR/ObservationMapper.swift:108:25: error: cannot assign to property: 'allergy' is a 'let' constant
103 | for item in allergyItems where !item.isEmpty {
104 | let id = UUID().uuidString
105 | let allergy = AllergyIntolerance(
| `- note: change 'let' to 'var' to make it mutable
106 | patient: Reference(reference: "urn:uuid:\(patientId)".asFHIRStringPrimitive())
107 | )
108 | allergy.id = id.asFHIRStringPrimitive()
| `- error: cannot assign to property: 'allergy' is a 'let' constant
109 | allergy.code = CodeableConcept(text: item.asFHIRStringPrimitive())
110 | allergy.clinicalStatus = CodeableConcept(coding: [
/Users/admin/builder/spi-builder-workspace/Sources/MedikationsplanFHIR/ObservationMapper.swift:109:25: error: cannot assign to property: 'allergy' is a 'let' constant
103 | for item in allergyItems where !item.isEmpty {
104 | let id = UUID().uuidString
105 | let allergy = AllergyIntolerance(
| `- note: change 'let' to 'var' to make it mutable
106 | patient: Reference(reference: "urn:uuid:\(patientId)".asFHIRStringPrimitive())
107 | )
108 | allergy.id = id.asFHIRStringPrimitive()
109 | allergy.code = CodeableConcept(text: item.asFHIRStringPrimitive())
| `- error: cannot assign to property: 'allergy' is a 'let' constant
110 | allergy.clinicalStatus = CodeableConcept(coding: [
111 | Coding(
/Users/admin/builder/spi-builder-workspace/Sources/MedikationsplanFHIR/ObservationMapper.swift:110:25: error: cannot assign to property: 'allergy' is a 'let' constant
103 | for item in allergyItems where !item.isEmpty {
104 | let id = UUID().uuidString
105 | let allergy = AllergyIntolerance(
| `- note: change 'let' to 'var' to make it mutable
106 | patient: Reference(reference: "urn:uuid:\(patientId)".asFHIRStringPrimitive())
107 | )
108 | allergy.id = id.asFHIRStringPrimitive()
109 | allergy.code = CodeableConcept(text: item.asFHIRStringPrimitive())
110 | allergy.clinicalStatus = CodeableConcept(coding: [
| `- error: cannot assign to property: 'allergy' is a 'let' constant
111 | Coding(
112 | code: "active".asFHIRStringPrimitive(),
/Users/admin/builder/spi-builder-workspace/Sources/MedikationsplanFHIR/ObservationMapper.swift:125:11: error: cannot assign to property: 'q' is a 'let' constant
122 |
123 | private static func makeQuantity(value: Decimal, unit: String, code: String) -> Quantity {
124 | let q = Quantity()
| `- note: change 'let' to 'var' to make it mutable
125 | q.value = FHIRPrimitive(FHIRDecimal(value))
| `- error: cannot assign to property: 'q' is a 'let' constant
126 | q.unit = unit.asFHIRStringPrimitive()
127 | q.code = code.asFHIRStringPrimitive()
/Users/admin/builder/spi-builder-workspace/Sources/MedikationsplanFHIR/ObservationMapper.swift:126:11: error: cannot assign to property: 'q' is a 'let' constant
122 |
123 | private static func makeQuantity(value: Decimal, unit: String, code: String) -> Quantity {
124 | let q = Quantity()
| `- note: change 'let' to 'var' to make it mutable
125 | q.value = FHIRPrimitive(FHIRDecimal(value))
126 | q.unit = unit.asFHIRStringPrimitive()
| `- error: cannot assign to property: 'q' is a 'let' constant
127 | q.code = code.asFHIRStringPrimitive()
128 | q.system = "http://unitsofmeasure.org".asFHIRURIPrimitive()
/Users/admin/builder/spi-builder-workspace/Sources/MedikationsplanFHIR/ObservationMapper.swift:127:11: error: cannot assign to property: 'q' is a 'let' constant
122 |
123 | private static func makeQuantity(value: Decimal, unit: String, code: String) -> Quantity {
124 | let q = Quantity()
| `- note: change 'let' to 'var' to make it mutable
125 | q.value = FHIRPrimitive(FHIRDecimal(value))
126 | q.unit = unit.asFHIRStringPrimitive()
127 | q.code = code.asFHIRStringPrimitive()
| `- error: cannot assign to property: 'q' is a 'let' constant
128 | q.system = "http://unitsofmeasure.org".asFHIRURIPrimitive()
129 | return q
/Users/admin/builder/spi-builder-workspace/Sources/MedikationsplanFHIR/ObservationMapper.swift:128:11: error: cannot assign to property: 'q' is a 'let' constant
122 |
123 | private static func makeQuantity(value: Decimal, unit: String, code: String) -> Quantity {
124 | let q = Quantity()
| `- note: change 'let' to 'var' to make it mutable
125 | q.value = FHIRPrimitive(FHIRDecimal(value))
126 | q.unit = unit.asFHIRStringPrimitive()
127 | q.code = code.asFHIRStringPrimitive()
128 | q.system = "http://unitsofmeasure.org".asFHIRURIPrimitive()
| `- error: cannot assign to property: 'q' is a 'let' constant
129 | return q
130 | }
/Users/admin/builder/spi-builder-workspace/Sources/MedikationsplanFHIR/ObservationMapper.swift:149:13: error: cannot assign to property: 'obs' is a 'let' constant
137 | value: Observation.ValueX
138 | ) -> Observation {
139 | let obs = Observation(
| `- note: change 'let' to 'var' to make it mutable
140 | code: CodeableConcept(coding: [
141 | Coding(
:
147 | status: FHIRPrimitive(.final)
148 | )
149 | obs.id = id.asFHIRStringPrimitive()
| `- error: cannot assign to property: 'obs' is a 'let' constant
150 | obs.subject = Reference(reference: "urn:uuid:\(patientId)".asFHIRStringPrimitive())
151 | obs.value = value
/Users/admin/builder/spi-builder-workspace/Sources/MedikationsplanFHIR/ObservationMapper.swift:150:13: error: cannot assign to property: 'obs' is a 'let' constant
137 | value: Observation.ValueX
138 | ) -> Observation {
139 | let obs = Observation(
| `- note: change 'let' to 'var' to make it mutable
140 | code: CodeableConcept(coding: [
141 | Coding(
:
148 | )
149 | obs.id = id.asFHIRStringPrimitive()
150 | obs.subject = Reference(reference: "urn:uuid:\(patientId)".asFHIRStringPrimitive())
| `- error: cannot assign to property: 'obs' is a 'let' constant
151 | obs.value = value
152 | return obs
/Users/admin/builder/spi-builder-workspace/Sources/MedikationsplanFHIR/ObservationMapper.swift:151:13: error: cannot assign to property: 'obs' is a 'let' constant
137 | value: Observation.ValueX
138 | ) -> Observation {
139 | let obs = Observation(
| `- note: change 'let' to 'var' to make it mutable
140 | code: CodeableConcept(coding: [
141 | Coding(
:
149 | obs.id = id.asFHIRStringPrimitive()
150 | obs.subject = Reference(reference: "urn:uuid:\(patientId)".asFHIRStringPrimitive())
151 | obs.value = value
| `- error: cannot assign to property: 'obs' is a 'let' constant
152 | return obs
153 | }
Failed frontend command:
/Applications/Xcode-27.0.0-Release.Candidate.app/Contents/Developer/Toolchains/XcodeDefault.xctoolchain/usr/bin/swift-frontend -frontend -c /Users/admin/builder/spi-builder-workspace/Sources/MedikationsplanFHIR/AuthorMapper.swift /Users/admin/builder/spi-builder-workspace/Sources/MedikationsplanFHIR/BMPExtensions.swift /Users/admin/builder/spi-builder-workspace/Sources/MedikationsplanFHIR/BundleMapper.swift /Users/admin/builder/spi-builder-workspace/Sources/MedikationsplanFHIR/CompositionMapper.swift /Users/admin/builder/spi-builder-workspace/Sources/MedikationsplanFHIR/MedicationMapper.swift /Users/admin/builder/spi-builder-workspace/Sources/MedikationsplanFHIR/MedikationsplanFHIRConverter.swift -primary-file /Users/admin/builder/spi-builder-workspace/Sources/MedikationsplanFHIR/ObservationMapper.swift /Users/admin/builder/spi-builder-workspace/Sources/MedikationsplanFHIR/PatientMapper.swift /Users/admin/builder/spi-builder-workspace/Sources/MedikationsplanFHIR/ReverseAuthorMapper.swift /Users/admin/builder/spi-builder-workspace/Sources/MedikationsplanFHIR/ReverseMedicationMapper.swift /Users/admin/builder/spi-builder-workspace/Sources/MedikationsplanFHIR/ReverseObservationMapper.swift /Users/admin/builder/spi-builder-workspace/Sources/MedikationsplanFHIR/ReversePatientMapper.swift -emit-dependencies-path /Users/admin/builder/spi-builder-workspace/.derivedData/Build/Intermediates.noindex/swift-medikationsplan.build/Debug-watchos/MedikationsplanFHIR-t.build/Objects-normal/arm64_32/ObservationMapper.d -emit-const-values-path /Users/admin/builder/spi-builder-workspace/.derivedData/Build/Intermediates.noindex/swift-medikationsplan.build/Debug-watchos/MedikationsplanFHIR-t.build/Objects-normal/arm64_32/ObservationMapper.swiftconstvalues -emit-reference-dependencies-path /Users/admin/builder/spi-builder-workspace/.derivedData/Build/Intermediates.noindex/swift-medikationsplan.build/Debug-watchos/MedikationsplanFHIR-t.build/Objects-normal/arm64_32/ObservationMapper.swiftdeps -serialize-diagnostics-path /Users/admin/builder/spi-builder-workspace/.derivedData/Build/Intermediates.noindex/swift-medikationsplan.build/Debug-watchos/MedikationsplanFHIR-t.build/Objects-normal/arm64_32/ObservationMapper.dia -target arm64_32-apple-watchos9.0 -disable-cross-import-overlay-search -load-resolved-plugin /Applications/Xcode-27.0.0-Release.Candidate.app/Contents/Developer/Platforms/WatchOS.platform/Developer/usr/lib/swift/host/plugins/libFoundationMacros.dylib\#/Applications/Xcode-27.0.0-Release.Candidate.app/Contents/Developer/Platforms/WatchOS.platform/Developer/usr/bin/swift-plugin-server\#FoundationMacros -load-resolved-plugin /Applications/Xcode-27.0.0-Release.Candidate.app/Contents/Developer/Platforms/WatchOS.platform/Developer/usr/lib/swift/host/plugins/libObservationMacros.dylib\#/Applications/Xcode-27.0.0-Release.Candidate.app/Contents/Developer/Platforms/WatchOS.platform/Developer/usr/bin/swift-plugin-server\#ObservationMacros -load-resolved-plugin /Applications/Xcode-27.0.0-Release.Candidate.app/Contents/Developer/Platforms/WatchOS.platform/Developer/usr/lib/swift/host/plugins/libSwiftMacros.dylib\#/Applications/Xcode-27.0.0-Release.Candidate.app/Contents/Developer/Platforms/WatchOS.platform/Developer/usr/bin/swift-plugin-server\#SwiftMacros -disable-implicit-swift-modules -Xcc -fno-implicit-modules -Xcc -fno-implicit-module-maps -explicit-swift-module-map-file /Users/admin/builder/spi-builder-workspace/.derivedData/Build/Intermediates.noindex/swift-medikationsplan.build/Debug-watchos/MedikationsplanFHIR-t.build/Objects-normal/arm64_32/MedikationsplanFHIR-dependencies-2.json -enable-objc-interop -sdk /Applications/Xcode-27.0.0-Release.Candidate.app/Contents/Developer/Platforms/WatchOS.platform/Developer/SDKs/WatchOS27.0.sdk -I /Users/admin/builder/spi-builder-workspace/.derivedData/Build/Products/Debug-watchos -Isystem /Applications/Xcode-27.0.0-Release.Candidate.app/Contents/Developer/Platforms/WatchOS.platform/Developer/usr/lib -F /Users/admin/builder/spi-builder-workspace/.derivedData/Build/Products/Debug-watchos/PackageFrameworks -F /Users/admin/builder/spi-builder-workspace/.derivedData/Build/Products/Debug-watchos -F /Applications/Xcode-27.0.0-Release.Candidate.app/Contents/Developer/Platforms/WatchOS.platform/Developer/Library/Frameworks -F /Applications/Xcode-27.0.0-Release.Candidate.app/Contents/Developer/Platforms/WatchOS.platform/Developer/SDKs/WatchOS27.0.sdk/Developer/Library/Frameworks -module-cache-path /Users/admin/builder/spi-builder-workspace/.derivedData/Build/Intermediates.noindex/SwiftExplicitPrecompiledModules -no-color-diagnostics -Xcc -fno-color-diagnostics -enable-testing -g -debug-info-format\=dwarf -dwarf-version\=4 -profile-generate -profile-coverage-mapping -swift-version 5 -Onone -D SWIFT_PACKAGE -D DEBUG -D SWIFT_MODULE_RESOURCE_BUNDLE_UNAVAILABLE -D Xcode -serialize-debugging-options -enable-experimental-feature DebugDescriptionMacro -empty-abi-descriptor -validate-clang-modules-once -clang-build-session-file /Users/admin/builder/spi-builder-workspace/.derivedData/ModuleCache.noindex/Session.modulevalidation -Xcc -working-directory -Xcc /Users/admin/builder/spi-builder-workspace/.swiftpm/xcode -enable-anonymous-context-mangled-names -file-compilation-dir /Users/admin/builder/spi-builder-workspace/.swiftpm/xcode -Xcc -D_LIBCPP_HARDENING_MODE\=_LIBCPP_HARDENING_MODE_DEBUG -Xcc -ivfsstatcache -Xcc /Users/admin/builder/spi-builder-workspace/.derivedData/SDKStatCaches.noindex/watchos27.0-24R360-e829b21a6f8c9b70876ba0858053c04477534ef55a1706bf4c1112bbb242f0a2.sdkstatcache -Xcc -fmodules-prune-interval\=86400 -Xcc -fmodules-prune-after\=345600 -Xcc -I/Users/admin/builder/spi-builder-workspace/.derivedData/Build/Products/Debug-watchos/include -Xcc -I/Users/admin/builder/spi-builder-workspace/.derivedData/Build/Intermediates.noindex/swift-medikationsplan.build/Debug-watchos/MedikationsplanFHIR-t.build/DerivedSources-normal/arm64_32 -Xcc -I/Users/admin/builder/spi-builder-workspace/.derivedData/Build/Intermediates.noindex/swift-medikationsplan.build/Debug-watchos/MedikationsplanFHIR-t.build/DerivedSources/arm64_32 -Xcc -I/Users/admin/builder/spi-builder-workspace/.derivedData/Build/Intermediates.noindex/swift-medikationsplan.build/Debug-watchos/MedikationsplanFHIR-t.build/DerivedSources -Xcc -DSWIFT_PACKAGE -Xcc -DDEBUG\=1 -no-auto-bridging-header-chaining -module-name MedikationsplanFHIR -package-name spi_builder_workspace -const-gather-protocols-file /Users/admin/builder/spi-builder-workspace/.derivedData/Build/Intermediates.noindex/swift-medikationsplan.build/Debug-watchos/MedikationsplanFHIR-t.build/Objects-normal/arm64_32/MedikationsplanFHIR_const_extract_protocols.json -disable-clang-spi -clang-target arm64_32-apple-watchos27.0 -target-sdk-version 27.0 -target-sdk-name watchos27.0 -in-process-plugin-server-path /Applications/Xcode-27.0.0-Release.Candidate.app/Contents/Developer/Toolchains/XcodeDefault.xctoolchain/usr/lib/swift/host/libSwiftInProcPluginServer.dylib -parse-as-library -o /Users/admin/builder/spi-builder-workspace/.derivedData/Build/Intermediates.noindex/swift-medikationsplan.build/Debug-watchos/MedikationsplanFHIR-t.build/Objects-normal/arm64_32/ObservationMapper.o -debug-module-path /Users/admin/builder/spi-builder-workspace/.derivedData/Build/Intermediates.noindex/swift-medikationsplan.build/Debug-watchos/MedikationsplanFHIR-t.build/Objects-normal/arm64_32/MedikationsplanFHIR.swiftmodule -index-unit-output-path /swift-medikationsplan.build/Debug-watchos/MedikationsplanFHIR-t.build/Objects-normal/arm64_32/ObservationMapper.o -index-store-path /Users/admin/builder/spi-builder-workspace/.derivedData/Index.noindex/DataStore -index-system-modules
SwiftCompile normal arm64_32 /Users/admin/builder/spi-builder-workspace/Sources/MedikationsplanFHIR/ObservationMapper.swift (in target 'MedikationsplanFHIR' from project 'swift-medikationsplan')
cd /Users/admin/builder/spi-builder-workspace/.swiftpm/xcode
builtin-SwiftPerFileCompile ObservationMapper.swift
SwiftCompile normal arm64_32 Compiling\ ReverseAuthorMapper.swift /Users/admin/builder/spi-builder-workspace/Sources/MedikationsplanFHIR/ReverseAuthorMapper.swift (in target 'MedikationsplanFHIR' from project 'swift-medikationsplan')
SwiftCompile normal arm64_32 /Users/admin/builder/spi-builder-workspace/Sources/MedikationsplanFHIR/ReverseAuthorMapper.swift (in target 'MedikationsplanFHIR' from project 'swift-medikationsplan')
cd /Users/admin/builder/spi-builder-workspace/.swiftpm/xcode
builtin-SwiftPerFileCompile ReverseAuthorMapper.swift
SwiftCompile normal arm64_32 Compiling\ MedikationsplanFHIRConverter.swift /Users/admin/builder/spi-builder-workspace/Sources/MedikationsplanFHIR/MedikationsplanFHIRConverter.swift (in target 'MedikationsplanFHIR' from project 'swift-medikationsplan')
SwiftCompile normal arm64_32 /Users/admin/builder/spi-builder-workspace/Sources/MedikationsplanFHIR/MedikationsplanFHIRConverter.swift (in target 'MedikationsplanFHIR' from project 'swift-medikationsplan')
cd /Users/admin/builder/spi-builder-workspace/.swiftpm/xcode
builtin-SwiftPerFileCompile MedikationsplanFHIRConverter.swift
SwiftEmitModule normal arm64 Emitting\ module\ for\ MedikationsplanFHIR (in target 'MedikationsplanFHIR' from project 'swift-medikationsplan')
SwiftCompile normal arm64 (in target 'MedikationsplanFHIR' from project 'swift-medikationsplan')
cd /Users/admin/builder/spi-builder-workspace/.swiftpm/xcode
PruneExplicitPrecompiledModules /Users/admin/builder/spi-builder-workspace/.derivedData/SDKExplicitPrecompiledModules
PruneExplicitPrecompiledModules /Users/admin/builder/spi-builder-workspace/.derivedData/Build/Intermediates.noindex/ExplicitPrecompiledModules
PruneExplicitPrecompiledModules /Users/admin/builder/spi-builder-workspace/.derivedData/Build/Intermediates.noindex/SwiftExplicitPrecompiledModules
2026-09-26 11:24:59.375 xcodebuild[940:6715] [MT] IDERunDestination: Supported platforms for the buildables in the current scheme is empty.
** BUILD FAILED **
The following build commands failed:
SwiftCompile normal arm64_32 Compiling\ ObservationMapper.swift /Users/admin/builder/spi-builder-workspace/Sources/MedikationsplanFHIR/ObservationMapper.swift (in target 'MedikationsplanFHIR' from project 'swift-medikationsplan')
SwiftCompile normal arm64_32 /Users/admin/builder/spi-builder-workspace/Sources/MedikationsplanFHIR/ObservationMapper.swift (in target 'MedikationsplanFHIR' from project 'swift-medikationsplan')
Building workspace swift-medikationsplan with scheme swift-medikationsplan-Package
(3 failures)
BUILD FAILURE 6.4 watchOS