Build Information
Failed to build YBottomSheet, reference main (997a59), with Swift 6.4 for tvOS using Xcode 27.0 on 19 Sep 2026 19:21:35 UTC.
Build Command
env DEVELOPER_DIR=/Applications/Xcode-27.0.0-Release.Candidate.app xcrun xcodebuild -IDEClonedSourcePackagesDirPathOverride=$PWD/.dependencies -skipMacroValidation -skipPackagePluginValidation -derivedDataPath $PWD/.derivedData build -scheme YBottomSheet -destination generic/platform=tvOSBuild Log
========================================
RunAll
========================================
Builder version: 5.1.0
Interrupt handler set up.
========================================
Checkout
========================================
Clone URL: https://github.com/codeandtheory/ybottomsheet-ios.git
Reference: main
Initialized empty Git repository in /Users/admin/builder/spi-builder-workspace/.git/
From https://github.com/codeandtheory/ybottomsheet-ios
* branch main -> FETCH_HEAD
* [new branch] main -> origin/main
HEAD is now at 997a594 [Issue-30] animate new height. (#31)
Cloned https://github.com/codeandtheory/ybottomsheet-ios.git
Revision (git rev-parse @):
997a59402572228dc24450e86711ee54bcc1dcbd
SPI manifest file found: $PWD/.spi.yml
SUCCESS checkout https://github.com/codeandtheory/ybottomsheet-ios.git at main
========================================
Build
========================================
Selected platform: tvOS
Swift version: 6.4
Building package at path: $PWD
https://github.com/codeandtheory/ybottomsheet-ios.git
Command line invocation:
/Applications/Xcode-27.0.0-Release.Candidate.app/Contents/Developer/usr/bin/xcodebuild -IDEClonedSourcePackagesDirPathOverride=/Users/admin/builder/spi-builder-workspace/.dependencies -resolvePackageDependencies
Resolve Package Graph
Fetching from https://github.com/yml-org/YCoreUI.git
Fetching from https://github.com/yml-org/YMatterType.git
Creating working copy of package ‘YMatterType’
Checking out 1.7.0 of package ‘YMatterType’
Creating working copy of package ‘YCoreUI’
Checking out 1.7.0 of package ‘YCoreUI’
Resolve Package Graph
Resolved source packages:
YBottomSheet: /Users/admin/builder/spi-builder-workspace
YCoreUI: https://github.com/yml-org/YCoreUI.git @ 1.7.0
YMatterType: https://github.com/yml-org/YMatterType.git @ 1.7.0
resolved source packages: YBottomSheet, YCoreUI, YMatterType
2026-09-19 15:20:22.092 xcodebuild[529:3038] [MT] IDERunDestination: Supported platforms for the buildables in the current scheme is empty.
2026-09-19 15:20:22.250 xcodebuild[529:3038] [MT] IDERunDestination: Supported platforms for the buildables in the current scheme is empty.
2026-09-19 15:20:23.898 xcodebuild[529:3038] [MT] IDERunDestination: Supported platforms for the buildables in the current scheme is empty.
{
"default_localization" : "en",
"dependencies" : [
{
"identity" : "ycoreui",
"requirement" : {
"range" : [
{
"lower_bound" : "1.7.0",
"upper_bound" : "2.0.0"
}
]
},
"type" : "sourceControl",
"url" : "https://github.com/yml-org/YCoreUI.git"
},
{
"identity" : "ymattertype",
"requirement" : {
"range" : [
{
"lower_bound" : "1.7.0",
"upper_bound" : "2.0.0"
}
]
},
"type" : "sourceControl",
"url" : "https://github.com/yml-org/YMatterType.git"
}
],
"manifest_display_name" : "YBottomSheet",
"name" : "YBottomSheet",
"path" : "/Users/admin/builder/spi-builder-workspace",
"platforms" : [
{
"name" : "ios",
"version" : "14.0"
}
],
"products" : [
{
"name" : "YBottomSheet",
"targets" : [
"YBottomSheet"
],
"type" : {
"library" : [
"automatic"
]
}
}
],
"targets" : [
{
"c99name" : "YBottomSheetTests",
"module_type" : "SwiftTarget",
"name" : "YBottomSheetTests",
"path" : "Tests/YBottomSheetTests",
"sources" : [
"Animation/Animation+BottomSheetTests.swift",
"Animation/BottomSheetAnimatorTests.swift",
"Animation/BottomSheetDismissAnimatorTests.swift",
"Animation/BottomSheetPresentAnimatorTests.swift",
"BottomSheetController+Appearance+LayoutTests.swift",
"BottomSheetController+AppearanceTests.swift",
"BottomSheetControllerTests.swift",
"DragIndicatorView/DragIndicatorView+Appearance+LayoutTests.swift",
"DragIndicatorView/DragIndicatorView+AppearanceTests.swift",
"DragIndicatorView/DragIndicatorViewTests.swift",
"Enums/BottomSheetController+ImagesTests.swift",
"Enums/BottomSheetController+StringsTests.swift",
"Protocols/LayoutSizableTests.swift",
"SheetHeaderView/SheetHeaderView+Appearance+LayoutTests.swift",
"SheetHeaderView/SheetHeaderView+AppearanceTests.swift",
"SheetHeaderView/SheetHeaderViewTests.swift",
"Test Helpers/XCTestCase+MemoryLeakTracking.swift",
"Test Helpers/XCTestCase+TypographyEquatable.swift"
],
"target_dependencies" : [
"YBottomSheet"
],
"type" : "test"
},
{
"c99name" : "YBottomSheet",
"module_type" : "SwiftTarget",
"name" : "YBottomSheet",
"path" : "Sources/YBottomSheet",
"product_dependencies" : [
"YCoreUI",
"YMatterType"
],
"product_memberships" : [
"YBottomSheet"
],
"resources" : [
{
"path" : "/Users/admin/builder/spi-builder-workspace/Sources/YBottomSheet/Assets/Strings/en.lproj/Localizable.strings",
"rule" : {
"process" : {
"localization" : "en"
}
}
}
],
"sources" : [
"Animation/Animation+BottomSheet.swift",
"Animation/BottomSheetAnimator.swift",
"Animation/BottomSheetDismissAnimator.swift",
"Animation/BottomSheetPresentAnimator.swift",
"BottomSheetController+Animation.swift",
"BottomSheetController+Appearance+Layout.swift",
"BottomSheetController+Appearance.swift",
"BottomSheetController+build.swift",
"BottomSheetController.swift",
"DragIndicatorView/DragIndicatorView+Appearance+Layout.swift",
"DragIndicatorView/DragIndicatorView+Appearance.swift",
"DragIndicatorView/DragIndicatorView.swift",
"Enums/BottomSheetController+AccessibilityIdentifiers.swift",
"Enums/BottomSheetController+Enums.swift",
"Enums/BottomSheetController+Images.swift",
"Enums/BottomSheetController+Strings.swift",
"Protocols/LayoutSizable.swift",
"Protocols/SheetHeaderViewDelegate.swift",
"SheetHeaderView/SheetHeaderView+Appearance+Layout.swift",
"SheetHeaderView/SheetHeaderView+Appearance.swift",
"SheetHeaderView/SheetHeaderView.swift"
],
"type" : "library"
}
],
"tools_version" : "5.5"
}
{
"workspace" : {
"name" : "YBottomSheet",
"schemes" : [
"YBottomSheet",
"YCoreUI",
"YMatterType"
]
}
}
2026-09-19 15:21:15.949 xcodebuild[721:4474] [MT] IDERunDestination: Supported platforms for the buildables in the current scheme is empty.
2026-09-19 15:21:16.097 xcodebuild[721:4474] [MT] IDERunDestination: Supported platforms for the buildables in the current scheme is empty.
{
"workspace" : {
"name" : "YBottomSheet",
"schemes" : [
"YBottomSheet",
"YCoreUI",
"YMatterType"
]
}
}
2026-09-19 15:21:17.048 xcodebuild[723:4523] [MT] IDERunDestination: Supported platforms for the buildables in the current scheme is empty.
2026-09-19 15:21:17.172 xcodebuild[723:4523] [MT] IDERunDestination: Supported platforms for the buildables in the current scheme is empty.
Running build ...
env DEVELOPER_DIR=/Applications/Xcode-27.0.0-Release.Candidate.app xcrun xcodebuild -IDEClonedSourcePackagesDirPathOverride=$PWD/.dependencies -skipMacroValidation -skipPackagePluginValidation -derivedDataPath $PWD/.derivedData build -scheme YBottomSheet -destination generic/platform=tvOS
Command line invocation:
/Applications/Xcode-27.0.0-Release.Candidate.app/Contents/Developer/usr/bin/xcodebuild -IDEClonedSourcePackagesDirPathOverride=/Users/admin/builder/spi-builder-workspace/.dependencies -skipMacroValidation -skipPackagePluginValidation -derivedDataPath /Users/admin/builder/spi-builder-workspace/.derivedData build -scheme YBottomSheet -destination generic/platform=tvOS
Resolve Package Graph
Resolve Package Graph
Resolved source packages:
YCoreUI: https://github.com/yml-org/YCoreUI.git @ 1.7.0
YBottomSheet: /Users/admin/builder/spi-builder-workspace
YMatterType: https://github.com/yml-org/YMatterType.git @ 1.7.0
ComputePackagePrebuildTargetDependencyGraph
Prepare packages
CreateBuildRequest
SendProjectDescription
CreateBuildOperation
ComputeTargetDependencyGraph
note: Building targets in dependency order
note: Target dependency graph (8 targets)
Target 'YBottomSheetTests-product' in project 'YBottomSheet'
➜ Explicit dependency on target 'YBottomSheet' in project 'YBottomSheet'
➜ Explicit dependency on target 'YCoreUI-product' in project 'YCoreUI'
➜ Explicit dependency on target 'YMatterType-product' in project 'YMatterType'
Target 'YBottomSheet-product' in project 'YBottomSheet'
➜ Explicit dependency on target 'YBottomSheet' in project 'YBottomSheet'
➜ Explicit dependency on target 'YBottomSheet_YBottomSheet' in project 'YBottomSheet'
➜ Explicit dependency on target 'YCoreUI-product' in project 'YCoreUI'
➜ Explicit dependency on target 'YMatterType-product' in project 'YMatterType'
Target 'YBottomSheet' in project 'YBottomSheet'
➜ Explicit dependency on target 'YBottomSheet_YBottomSheet' in project 'YBottomSheet'
➜ Explicit dependency on target 'YCoreUI-product' in project 'YCoreUI'
➜ Explicit dependency on target 'YMatterType-product' in project 'YMatterType'
Target 'YMatterType-product' in project 'YMatterType'
➜ Explicit dependency on target 'YMatterType' in project 'YMatterType'
Target 'YMatterType' in project 'YMatterType' (no dependencies)
Target 'YCoreUI-product' in project 'YCoreUI'
➜ Explicit dependency on target 'YCoreUI' in project 'YCoreUI'
Target 'YCoreUI' in project 'YCoreUI' (no dependencies)
Target 'YBottomSheet_YBottomSheet' in project 'YBottomSheet' (no dependencies)
GatherProvisioningInputs
CreateBuildDescription
ExecuteExternalTool /Applications/Xcode-27.0.0-Release.Candidate.app/Contents/Developer/Toolchains/XcodeDefault.xctoolchain/usr/bin/swiftc --version
ExecuteExternalTool /Applications/Xcode-27.0.0-Release.Candidate.app/Contents/Developer/Toolchains/XcodeDefault.xctoolchain/usr/bin/clang -v -E -dM -isysroot /Applications/Xcode-27.0.0-Release.Candidate.app/Contents/Developer/Platforms/AppleTVOS.platform/Developer/SDKs/AppleTVOS27.0.sdk -x c -c /dev/null
ExecuteExternalTool /Applications/Xcode-27.0.0-Release.Candidate.app/Contents/Developer/Toolchains/XcodeDefault.xctoolchain/usr/bin/ld -version_details
Build description signature: d5043e9d51acc59bd81a083501ffa334
Build description path: /Users/admin/builder/spi-builder-workspace/.derivedData/Build/Intermediates.noindex/XCBuildData/d5043e9d51acc59bd81a083501ffa334.xcbuilddata
CreateBuildDirectory /Users/admin/builder/spi-builder-workspace/.derivedData/ModuleCache.noindex
cd /Users/admin/builder/spi-builder-workspace/.swiftpm/xcode
builtin-create-build-directory /Users/admin/builder/spi-builder-workspace/.derivedData/ModuleCache.noindex
CreateBuildDirectory /Users/admin/builder/spi-builder-workspace/.derivedData/CompilationCache.noindex
cd /Users/admin/builder/spi-builder-workspace/.swiftpm/xcode
builtin-create-build-directory /Users/admin/builder/spi-builder-workspace/.derivedData/CompilationCache.noindex
CreateBuildDirectory /Users/admin/builder/spi-builder-workspace/.derivedData/SDKExplicitPrecompiledModules
cd /Users/admin/builder/spi-builder-workspace/.swiftpm/xcode
builtin-create-build-directory /Users/admin/builder/spi-builder-workspace/.derivedData/SDKExplicitPrecompiledModules
ClangStatCache /Applications/Xcode-27.0.0-Release.Candidate.app/Contents/Developer/Toolchains/XcodeDefault.xctoolchain/usr/bin/clang-stat-cache /Applications/Xcode-27.0.0-Release.Candidate.app/Contents/Developer/Platforms/AppleTVOS.platform/Developer/SDKs/AppleTVOS27.0.sdk /Users/admin/builder/spi-builder-workspace/.derivedData/SDKStatCaches.noindex/appletvos27.0-24J360-e829b21a6f8c9b70876ba0858053c044b32bfd8d43560033f8d89884cdb90028.sdkstatcache
cd /Users/admin/builder/spi-builder-workspace/.swiftpm/xcode
/Applications/Xcode-27.0.0-Release.Candidate.app/Contents/Developer/Toolchains/XcodeDefault.xctoolchain/usr/bin/clang-stat-cache /Applications/Xcode-27.0.0-Release.Candidate.app/Contents/Developer/Platforms/AppleTVOS.platform/Developer/SDKs/AppleTVOS27.0.sdk -o /Users/admin/builder/spi-builder-workspace/.derivedData/SDKStatCaches.noindex/appletvos27.0-24J360-e829b21a6f8c9b70876ba0858053c044b32bfd8d43560033f8d89884cdb90028.sdkstatcache
CreateBuildDirectory /Users/admin/builder/spi-builder-workspace/.derivedData/Build/Products
cd /Users/admin/builder/spi-builder-workspace/.swiftpm/xcode
builtin-create-build-directory /Users/admin/builder/spi-builder-workspace/.derivedData/Build/Products
CreateBuildDirectory /Users/admin/builder/spi-builder-workspace/.derivedData/Build/Intermediates.noindex
cd /Users/admin/builder/spi-builder-workspace/.swiftpm/xcode
builtin-create-build-directory /Users/admin/builder/spi-builder-workspace/.derivedData/Build/Intermediates.noindex
CreateBuildDirectory /Users/admin/builder/spi-builder-workspace/.derivedData/Build/Intermediates.noindex/SwiftExplicitPrecompiledModules
cd /Users/admin/builder/spi-builder-workspace/.swiftpm/xcode
builtin-create-build-directory /Users/admin/builder/spi-builder-workspace/.derivedData/Build/Intermediates.noindex/SwiftExplicitPrecompiledModules
CreateBuildDirectory /Users/admin/builder/spi-builder-workspace/.derivedData/Build/Intermediates.noindex/PrecompiledHeaders
cd /Users/admin/builder/spi-builder-workspace/.swiftpm/xcode
builtin-create-build-directory /Users/admin/builder/spi-builder-workspace/.derivedData/Build/Intermediates.noindex/PrecompiledHeaders
CreateBuildDirectory /Users/admin/builder/spi-builder-workspace/.derivedData/Build/Intermediates.noindex/ExplicitPrecompiledModules
cd /Users/admin/builder/spi-builder-workspace/.swiftpm/xcode
builtin-create-build-directory /Users/admin/builder/spi-builder-workspace/.derivedData/Build/Intermediates.noindex/ExplicitPrecompiledModules
CreateBuildDirectory /Users/admin/builder/spi-builder-workspace/.derivedData/Build/Products/Debug-appletvos
cd /Users/admin/builder/spi-builder-workspace/.swiftpm/xcode
builtin-create-build-directory /Users/admin/builder/spi-builder-workspace/.derivedData/Build/Products/Debug-appletvos
CreateBuildDirectory /Users/admin/builder/spi-builder-workspace/.derivedData/Build/Intermediates.noindex/EagerLinkingTBDs/Debug-appletvos
cd /Users/admin/builder/spi-builder-workspace/.swiftpm/xcode
builtin-create-build-directory /Users/admin/builder/spi-builder-workspace/.derivedData/Build/Intermediates.noindex/EagerLinkingTBDs/Debug-appletvos
CreateBuildDirectory /Users/admin/builder/spi-builder-workspace/.derivedData/Build/Products/Debug-appletvos/PackageFrameworks
cd /Users/admin/builder/spi-builder-workspace/.swiftpm/xcode
builtin-create-build-directory /Users/admin/builder/spi-builder-workspace/.derivedData/Build/Products/Debug-appletvos/PackageFrameworks
WriteAuxiliaryFile /Users/admin/builder/spi-builder-workspace/.derivedData/Build/Intermediates.noindex/YMatterType.build/Debug-appletvos/YMatterType-t.build/YMatterType.DependencyMetadataFileList (in target 'YMatterType' from project 'YMatterType')
cd /Users/admin/builder/spi-builder-workspace/.dependencies/checkouts/YMatterType
write-file /Users/admin/builder/spi-builder-workspace/.derivedData/Build/Intermediates.noindex/YMatterType.build/Debug-appletvos/YMatterType-t.build/YMatterType.DependencyMetadataFileList
WriteAuxiliaryFile /Users/admin/builder/spi-builder-workspace/.derivedData/Build/Intermediates.noindex/YMatterType.build/Debug-appletvos/YMatterType-t.build/YMatterType.modulemap (in target 'YMatterType' from project 'YMatterType')
cd /Users/admin/builder/spi-builder-workspace/.dependencies/checkouts/YMatterType
write-file /Users/admin/builder/spi-builder-workspace/.derivedData/Build/Intermediates.noindex/YMatterType.build/Debug-appletvos/YMatterType-t.build/YMatterType.modulemap
WriteAuxiliaryFile /Users/admin/builder/spi-builder-workspace/.derivedData/Build/Intermediates.noindex/YMatterType.build/Debug-appletvos/YMatterType-t.build/YMatterType.DependencyStaticMetadataFileList (in target 'YMatterType' from project 'YMatterType')
cd /Users/admin/builder/spi-builder-workspace/.dependencies/checkouts/YMatterType
write-file /Users/admin/builder/spi-builder-workspace/.derivedData/Build/Intermediates.noindex/YMatterType.build/Debug-appletvos/YMatterType-t.build/YMatterType.DependencyStaticMetadataFileList
WriteAuxiliaryFile /Users/admin/builder/spi-builder-workspace/.derivedData/Build/Intermediates.noindex/YMatterType.build/Debug-appletvos/YMatterType-t.build/Objects-normal/arm64/YMatterType_const_extract_protocols.json (in target 'YMatterType' from project 'YMatterType')
cd /Users/admin/builder/spi-builder-workspace/.dependencies/checkouts/YMatterType
write-file /Users/admin/builder/spi-builder-workspace/.derivedData/Build/Intermediates.noindex/YMatterType.build/Debug-appletvos/YMatterType-t.build/Objects-normal/arm64/YMatterType_const_extract_protocols.json
WriteAuxiliaryFile /Users/admin/builder/spi-builder-workspace/.derivedData/Build/Intermediates.noindex/YMatterType.build/Debug-appletvos/YMatterType-t.build/Objects-normal/arm64/YMatterType.LinkFileList (in target 'YMatterType' from project 'YMatterType')
cd /Users/admin/builder/spi-builder-workspace/.dependencies/checkouts/YMatterType
write-file /Users/admin/builder/spi-builder-workspace/.derivedData/Build/Intermediates.noindex/YMatterType.build/Debug-appletvos/YMatterType-t.build/Objects-normal/arm64/YMatterType.LinkFileList
WriteAuxiliaryFile /Users/admin/builder/spi-builder-workspace/.derivedData/Build/Intermediates.noindex/YMatterType.build/Debug-appletvos/YMatterType-t.build/Objects-normal/arm64/YMatterType.SwiftConstValuesFileList (in target 'YMatterType' from project 'YMatterType')
cd /Users/admin/builder/spi-builder-workspace/.dependencies/checkouts/YMatterType
write-file /Users/admin/builder/spi-builder-workspace/.derivedData/Build/Intermediates.noindex/YMatterType.build/Debug-appletvos/YMatterType-t.build/Objects-normal/arm64/YMatterType.SwiftConstValuesFileList
WriteAuxiliaryFile /Users/admin/builder/spi-builder-workspace/.derivedData/Build/Intermediates.noindex/YMatterType.build/Debug-appletvos/YMatterType-t.build/Objects-normal/arm64/YMatterType.SwiftFileList (in target 'YMatterType' from project 'YMatterType')
cd /Users/admin/builder/spi-builder-workspace/.dependencies/checkouts/YMatterType
write-file /Users/admin/builder/spi-builder-workspace/.derivedData/Build/Intermediates.noindex/YMatterType.build/Debug-appletvos/YMatterType-t.build/Objects-normal/arm64/YMatterType.SwiftFileList
WriteAuxiliaryFile /Users/admin/builder/spi-builder-workspace/.derivedData/Build/Intermediates.noindex/YMatterType.build/Debug-appletvos/YMatterType-t.build/Objects-normal/arm64/YMatterType-OutputFileMap.json (in target 'YMatterType' from project 'YMatterType')
cd /Users/admin/builder/spi-builder-workspace/.dependencies/checkouts/YMatterType
write-file /Users/admin/builder/spi-builder-workspace/.derivedData/Build/Intermediates.noindex/YMatterType.build/Debug-appletvos/YMatterType-t.build/Objects-normal/arm64/YMatterType-OutputFileMap.json
WriteAuxiliaryFile /Users/admin/builder/spi-builder-workspace/.derivedData/Build/Intermediates.noindex/YCoreUI.build/Debug-appletvos/YCoreUI-t.build/YCoreUI.DependencyMetadataFileList (in target 'YCoreUI' from project 'YCoreUI')
cd /Users/admin/builder/spi-builder-workspace/.dependencies/checkouts/YCoreUI
write-file /Users/admin/builder/spi-builder-workspace/.derivedData/Build/Intermediates.noindex/YCoreUI.build/Debug-appletvos/YCoreUI-t.build/YCoreUI.DependencyMetadataFileList
WriteAuxiliaryFile /Users/admin/builder/spi-builder-workspace/.derivedData/Build/Intermediates.noindex/YCoreUI.build/Debug-appletvos/YCoreUI-t.build/YCoreUI.modulemap (in target 'YCoreUI' from project 'YCoreUI')
cd /Users/admin/builder/spi-builder-workspace/.dependencies/checkouts/YCoreUI
write-file /Users/admin/builder/spi-builder-workspace/.derivedData/Build/Intermediates.noindex/YCoreUI.build/Debug-appletvos/YCoreUI-t.build/YCoreUI.modulemap
WriteAuxiliaryFile /Users/admin/builder/spi-builder-workspace/.derivedData/Build/Intermediates.noindex/YCoreUI.build/Debug-appletvos/YCoreUI-t.build/YCoreUI.DependencyStaticMetadataFileList (in target 'YCoreUI' from project 'YCoreUI')
cd /Users/admin/builder/spi-builder-workspace/.dependencies/checkouts/YCoreUI
write-file /Users/admin/builder/spi-builder-workspace/.derivedData/Build/Intermediates.noindex/YCoreUI.build/Debug-appletvos/YCoreUI-t.build/YCoreUI.DependencyStaticMetadataFileList
WriteAuxiliaryFile /Users/admin/builder/spi-builder-workspace/.derivedData/Build/Intermediates.noindex/YCoreUI.build/Debug-appletvos/YCoreUI-t.build/Objects-normal/arm64/YCoreUI.SwiftFileList (in target 'YCoreUI' from project 'YCoreUI')
cd /Users/admin/builder/spi-builder-workspace/.dependencies/checkouts/YCoreUI
write-file /Users/admin/builder/spi-builder-workspace/.derivedData/Build/Intermediates.noindex/YCoreUI.build/Debug-appletvos/YCoreUI-t.build/Objects-normal/arm64/YCoreUI.SwiftFileList
WriteAuxiliaryFile /Users/admin/builder/spi-builder-workspace/.derivedData/Build/Intermediates.noindex/YCoreUI.build/Debug-appletvos/YCoreUI-t.build/Objects-normal/arm64/YCoreUI_const_extract_protocols.json (in target 'YCoreUI' from project 'YCoreUI')
cd /Users/admin/builder/spi-builder-workspace/.dependencies/checkouts/YCoreUI
write-file /Users/admin/builder/spi-builder-workspace/.derivedData/Build/Intermediates.noindex/YCoreUI.build/Debug-appletvos/YCoreUI-t.build/Objects-normal/arm64/YCoreUI_const_extract_protocols.json
Copy /Users/admin/builder/spi-builder-workspace/.derivedData/Build/Intermediates.noindex/GeneratedModuleMaps-appletvos/YMatterType.modulemap /Users/admin/builder/spi-builder-workspace/.derivedData/Build/Intermediates.noindex/YMatterType.build/Debug-appletvos/YMatterType-t.build/YMatterType.modulemap (in target 'YMatterType' from project 'YMatterType')
cd /Users/admin/builder/spi-builder-workspace/.dependencies/checkouts/YMatterType
builtin-copy -exclude .DS_Store -exclude CVS -exclude .svn -exclude .git -exclude .hg -resolve-src-symlinks /Users/admin/builder/spi-builder-workspace/.derivedData/Build/Intermediates.noindex/YMatterType.build/Debug-appletvos/YMatterType-t.build/YMatterType.modulemap /Users/admin/builder/spi-builder-workspace/.derivedData/Build/Intermediates.noindex/GeneratedModuleMaps-appletvos
WriteAuxiliaryFile /Users/admin/builder/spi-builder-workspace/.derivedData/Build/Intermediates.noindex/YCoreUI.build/Debug-appletvos/YCoreUI-t.build/Objects-normal/arm64/YCoreUI.SwiftConstValuesFileList (in target 'YCoreUI' from project 'YCoreUI')
cd /Users/admin/builder/spi-builder-workspace/.dependencies/checkouts/YCoreUI
write-file /Users/admin/builder/spi-builder-workspace/.derivedData/Build/Intermediates.noindex/YCoreUI.build/Debug-appletvos/YCoreUI-t.build/Objects-normal/arm64/YCoreUI.SwiftConstValuesFileList
WriteAuxiliaryFile /Users/admin/builder/spi-builder-workspace/.derivedData/Build/Intermediates.noindex/YCoreUI.build/Debug-appletvos/YCoreUI-t.build/Objects-normal/arm64/YCoreUI.LinkFileList (in target 'YCoreUI' from project 'YCoreUI')
cd /Users/admin/builder/spi-builder-workspace/.dependencies/checkouts/YCoreUI
write-file /Users/admin/builder/spi-builder-workspace/.derivedData/Build/Intermediates.noindex/YCoreUI.build/Debug-appletvos/YCoreUI-t.build/Objects-normal/arm64/YCoreUI.LinkFileList
WriteAuxiliaryFile /Users/admin/builder/spi-builder-workspace/.derivedData/Build/Intermediates.noindex/YCoreUI.build/Debug-appletvos/YCoreUI-t.build/Objects-normal/arm64/YCoreUI-OutputFileMap.json (in target 'YCoreUI' from project 'YCoreUI')
cd /Users/admin/builder/spi-builder-workspace/.dependencies/checkouts/YCoreUI
write-file /Users/admin/builder/spi-builder-workspace/.derivedData/Build/Intermediates.noindex/YCoreUI.build/Debug-appletvos/YCoreUI-t.build/Objects-normal/arm64/YCoreUI-OutputFileMap.json
WriteAuxiliaryFile /Users/admin/builder/spi-builder-workspace/.derivedData/Build/Intermediates.noindex/YBottomSheet.build/Debug-appletvos/YBottomSheet_YBottomSheet-b.build/empty-YBottomSheet_YBottomSheet.plist (in target 'YBottomSheet_YBottomSheet' from project 'YBottomSheet')
cd /Users/admin/builder/spi-builder-workspace
write-file /Users/admin/builder/spi-builder-workspace/.derivedData/Build/Intermediates.noindex/YBottomSheet.build/Debug-appletvos/YBottomSheet_YBottomSheet-b.build/empty-YBottomSheet_YBottomSheet.plist
WriteAuxiliaryFile /Users/admin/builder/spi-builder-workspace/.derivedData/Build/Intermediates.noindex/YBottomSheet.build/Debug-appletvos/YBottomSheet_YBottomSheet-b.build/YBottomSheet_YBottomSheet.DependencyStaticMetadataFileList (in target 'YBottomSheet_YBottomSheet' from project 'YBottomSheet')
cd /Users/admin/builder/spi-builder-workspace
write-file /Users/admin/builder/spi-builder-workspace/.derivedData/Build/Intermediates.noindex/YBottomSheet.build/Debug-appletvos/YBottomSheet_YBottomSheet-b.build/YBottomSheet_YBottomSheet.DependencyStaticMetadataFileList
WriteAuxiliaryFile /Users/admin/builder/spi-builder-workspace/.derivedData/Build/Intermediates.noindex/YBottomSheet.build/Debug-appletvos/YBottomSheet_YBottomSheet-b.build/YBottomSheet_YBottomSheet.DependencyMetadataFileList (in target 'YBottomSheet_YBottomSheet' from project 'YBottomSheet')
cd /Users/admin/builder/spi-builder-workspace
write-file /Users/admin/builder/spi-builder-workspace/.derivedData/Build/Intermediates.noindex/YBottomSheet.build/Debug-appletvos/YBottomSheet_YBottomSheet-b.build/YBottomSheet_YBottomSheet.DependencyMetadataFileList
Copy /Users/admin/builder/spi-builder-workspace/.derivedData/Build/Intermediates.noindex/GeneratedModuleMaps-appletvos/YCoreUI.modulemap /Users/admin/builder/spi-builder-workspace/.derivedData/Build/Intermediates.noindex/YCoreUI.build/Debug-appletvos/YCoreUI-t.build/YCoreUI.modulemap (in target 'YCoreUI' from project 'YCoreUI')
cd /Users/admin/builder/spi-builder-workspace/.dependencies/checkouts/YCoreUI
builtin-copy -exclude .DS_Store -exclude CVS -exclude .svn -exclude .git -exclude .hg -resolve-src-symlinks /Users/admin/builder/spi-builder-workspace/.derivedData/Build/Intermediates.noindex/YCoreUI.build/Debug-appletvos/YCoreUI-t.build/YCoreUI.modulemap /Users/admin/builder/spi-builder-workspace/.derivedData/Build/Intermediates.noindex/GeneratedModuleMaps-appletvos
WriteAuxiliaryFile /Users/admin/builder/spi-builder-workspace/.derivedData/Build/Intermediates.noindex/YBottomSheet.build/Debug-appletvos/YBottomSheetTests-p.build/empty-YBottomSheetTests.plist (in target 'YBottomSheetTests-product' from project 'YBottomSheet')
cd /Users/admin/builder/spi-builder-workspace
write-file /Users/admin/builder/spi-builder-workspace/.derivedData/Build/Intermediates.noindex/YBottomSheet.build/Debug-appletvos/YBottomSheetTests-p.build/empty-YBottomSheetTests.plist
WriteAuxiliaryFile /Users/admin/builder/spi-builder-workspace/.derivedData/Build/Intermediates.noindex/YBottomSheet.build/Debug-appletvos/YBottomSheetTests-p.build/YBottomSheetTests.DependencyStaticMetadataFileList (in target 'YBottomSheetTests-product' from project 'YBottomSheet')
cd /Users/admin/builder/spi-builder-workspace
write-file /Users/admin/builder/spi-builder-workspace/.derivedData/Build/Intermediates.noindex/YBottomSheet.build/Debug-appletvos/YBottomSheetTests-p.build/YBottomSheetTests.DependencyStaticMetadataFileList
WriteAuxiliaryFile /Users/admin/builder/spi-builder-workspace/.derivedData/Build/Intermediates.noindex/YBottomSheet.build/Debug-appletvos/YBottomSheetTests-p.build/YBottomSheetTests.DependencyMetadataFileList (in target 'YBottomSheetTests-product' from project 'YBottomSheet')
cd /Users/admin/builder/spi-builder-workspace
write-file /Users/admin/builder/spi-builder-workspace/.derivedData/Build/Intermediates.noindex/YBottomSheet.build/Debug-appletvos/YBottomSheetTests-p.build/YBottomSheetTests.DependencyMetadataFileList
WriteAuxiliaryFile /Users/admin/builder/spi-builder-workspace/.derivedData/Build/Intermediates.noindex/YBottomSheet.build/Debug-appletvos/YBottomSheetTests-p.build/Objects-normal/arm64/YBottomSheetTests_const_extract_protocols.json (in target 'YBottomSheetTests-product' from project 'YBottomSheet')
cd /Users/admin/builder/spi-builder-workspace
write-file /Users/admin/builder/spi-builder-workspace/.derivedData/Build/Intermediates.noindex/YBottomSheet.build/Debug-appletvos/YBottomSheetTests-p.build/Objects-normal/arm64/YBottomSheetTests_const_extract_protocols.json
WriteAuxiliaryFile /Users/admin/builder/spi-builder-workspace/.derivedData/Build/Intermediates.noindex/YBottomSheet.build/Debug-appletvos/YBottomSheetTests-p.build/Objects-normal/arm64/YBottomSheetTests.SwiftConstValuesFileList (in target 'YBottomSheetTests-product' from project 'YBottomSheet')
cd /Users/admin/builder/spi-builder-workspace
write-file /Users/admin/builder/spi-builder-workspace/.derivedData/Build/Intermediates.noindex/YBottomSheet.build/Debug-appletvos/YBottomSheetTests-p.build/Objects-normal/arm64/YBottomSheetTests.SwiftConstValuesFileList
WriteAuxiliaryFile /Users/admin/builder/spi-builder-workspace/.derivedData/Build/Intermediates.noindex/YBottomSheet.build/Debug-appletvos/YBottomSheetTests-p.build/Objects-normal/arm64/YBottomSheetTests.SwiftFileList (in target 'YBottomSheetTests-product' from project 'YBottomSheet')
cd /Users/admin/builder/spi-builder-workspace
write-file /Users/admin/builder/spi-builder-workspace/.derivedData/Build/Intermediates.noindex/YBottomSheet.build/Debug-appletvos/YBottomSheetTests-p.build/Objects-normal/arm64/YBottomSheetTests.SwiftFileList
WriteAuxiliaryFile /Users/admin/builder/spi-builder-workspace/.derivedData/Build/Intermediates.noindex/YBottomSheet.build/Debug-appletvos/YBottomSheetTests-p.build/Objects-normal/arm64/YBottomSheetTests.LinkFileList (in target 'YBottomSheetTests-product' from project 'YBottomSheet')
cd /Users/admin/builder/spi-builder-workspace
write-file /Users/admin/builder/spi-builder-workspace/.derivedData/Build/Intermediates.noindex/YBottomSheet.build/Debug-appletvos/YBottomSheetTests-p.build/Objects-normal/arm64/YBottomSheetTests.LinkFileList
WriteAuxiliaryFile /Users/admin/builder/spi-builder-workspace/.derivedData/Build/Intermediates.noindex/YBottomSheet.build/Debug-appletvos/YBottomSheetTests-p.build/Objects-normal/arm64/YBottomSheetTests-OutputFileMap.json (in target 'YBottomSheetTests-product' from project 'YBottomSheet')
cd /Users/admin/builder/spi-builder-workspace
write-file /Users/admin/builder/spi-builder-workspace/.derivedData/Build/Intermediates.noindex/YBottomSheet.build/Debug-appletvos/YBottomSheetTests-p.build/Objects-normal/arm64/YBottomSheetTests-OutputFileMap.json
WriteAuxiliaryFile /Users/admin/builder/spi-builder-workspace/.derivedData/Build/Intermediates.noindex/YBottomSheet.build/Debug-appletvos/YBottomSheet-t.build/YBottomSheet.modulemap (in target 'YBottomSheet' from project 'YBottomSheet')
cd /Users/admin/builder/spi-builder-workspace
write-file /Users/admin/builder/spi-builder-workspace/.derivedData/Build/Intermediates.noindex/YBottomSheet.build/Debug-appletvos/YBottomSheet-t.build/YBottomSheet.modulemap
WriteAuxiliaryFile /Users/admin/builder/spi-builder-workspace/.derivedData/Build/Intermediates.noindex/YBottomSheet.build/Debug-appletvos/YBottomSheet-t.build/YBottomSheet.DependencyStaticMetadataFileList (in target 'YBottomSheet' from project 'YBottomSheet')
cd /Users/admin/builder/spi-builder-workspace
write-file /Users/admin/builder/spi-builder-workspace/.derivedData/Build/Intermediates.noindex/YBottomSheet.build/Debug-appletvos/YBottomSheet-t.build/YBottomSheet.DependencyStaticMetadataFileList
WriteAuxiliaryFile /Users/admin/builder/spi-builder-workspace/.derivedData/Build/Intermediates.noindex/YBottomSheet.build/Debug-appletvos/YBottomSheet-t.build/YBottomSheet.DependencyMetadataFileList (in target 'YBottomSheet' from project 'YBottomSheet')
cd /Users/admin/builder/spi-builder-workspace
write-file /Users/admin/builder/spi-builder-workspace/.derivedData/Build/Intermediates.noindex/YBottomSheet.build/Debug-appletvos/YBottomSheet-t.build/YBottomSheet.DependencyMetadataFileList
WriteAuxiliaryFile /Users/admin/builder/spi-builder-workspace/.derivedData/Build/Intermediates.noindex/YBottomSheet.build/Debug-appletvos/YBottomSheet-t.build/Objects-normal/arm64/YBottomSheet_const_extract_protocols.json (in target 'YBottomSheet' from project 'YBottomSheet')
cd /Users/admin/builder/spi-builder-workspace
write-file /Users/admin/builder/spi-builder-workspace/.derivedData/Build/Intermediates.noindex/YBottomSheet.build/Debug-appletvos/YBottomSheet-t.build/Objects-normal/arm64/YBottomSheet_const_extract_protocols.json
WriteAuxiliaryFile /Users/admin/builder/spi-builder-workspace/.derivedData/Build/Intermediates.noindex/YBottomSheet.build/Debug-appletvos/YBottomSheet-t.build/Objects-normal/arm64/YBottomSheet.SwiftFileList (in target 'YBottomSheet' from project 'YBottomSheet')
cd /Users/admin/builder/spi-builder-workspace
write-file /Users/admin/builder/spi-builder-workspace/.derivedData/Build/Intermediates.noindex/YBottomSheet.build/Debug-appletvos/YBottomSheet-t.build/Objects-normal/arm64/YBottomSheet.SwiftFileList
WriteAuxiliaryFile /Users/admin/builder/spi-builder-workspace/.derivedData/Build/Intermediates.noindex/YBottomSheet.build/Debug-appletvos/YBottomSheet-t.build/Objects-normal/arm64/YBottomSheet.SwiftConstValuesFileList (in target 'YBottomSheet' from project 'YBottomSheet')
cd /Users/admin/builder/spi-builder-workspace
write-file /Users/admin/builder/spi-builder-workspace/.derivedData/Build/Intermediates.noindex/YBottomSheet.build/Debug-appletvos/YBottomSheet-t.build/Objects-normal/arm64/YBottomSheet.SwiftConstValuesFileList
WriteAuxiliaryFile /Users/admin/builder/spi-builder-workspace/.derivedData/Build/Intermediates.noindex/YBottomSheet.build/Debug-appletvos/YBottomSheet-t.build/Objects-normal/arm64/YBottomSheet.LinkFileList (in target 'YBottomSheet' from project 'YBottomSheet')
cd /Users/admin/builder/spi-builder-workspace
write-file /Users/admin/builder/spi-builder-workspace/.derivedData/Build/Intermediates.noindex/YBottomSheet.build/Debug-appletvos/YBottomSheet-t.build/Objects-normal/arm64/YBottomSheet.LinkFileList
WriteAuxiliaryFile /Users/admin/builder/spi-builder-workspace/.derivedData/Build/Intermediates.noindex/YBottomSheet.build/Debug-appletvos/YBottomSheet-t.build/Objects-normal/arm64/YBottomSheet-OutputFileMap.json (in target 'YBottomSheet' from project 'YBottomSheet')
cd /Users/admin/builder/spi-builder-workspace
write-file /Users/admin/builder/spi-builder-workspace/.derivedData/Build/Intermediates.noindex/YBottomSheet.build/Debug-appletvos/YBottomSheet-t.build/Objects-normal/arm64/YBottomSheet-OutputFileMap.json
WriteAuxiliaryFile /Users/admin/builder/spi-builder-workspace/.derivedData/Build/Intermediates.noindex/YBottomSheet.build/Debug-appletvos/YBottomSheet-t.build/DerivedSources/resource_bundle_accessor.swift (in target 'YBottomSheet' from project 'YBottomSheet')
cd /Users/admin/builder/spi-builder-workspace
write-file /Users/admin/builder/spi-builder-workspace/.derivedData/Build/Intermediates.noindex/YBottomSheet.build/Debug-appletvos/YBottomSheet-t.build/DerivedSources/resource_bundle_accessor.swift
Copy /Users/admin/builder/spi-builder-workspace/.derivedData/Build/Intermediates.noindex/GeneratedModuleMaps-appletvos/YBottomSheet.modulemap /Users/admin/builder/spi-builder-workspace/.derivedData/Build/Intermediates.noindex/YBottomSheet.build/Debug-appletvos/YBottomSheet-t.build/YBottomSheet.modulemap (in target 'YBottomSheet' from project 'YBottomSheet')
cd /Users/admin/builder/spi-builder-workspace
builtin-copy -exclude .DS_Store -exclude CVS -exclude .svn -exclude .git -exclude .hg -resolve-src-symlinks /Users/admin/builder/spi-builder-workspace/.derivedData/Build/Intermediates.noindex/YBottomSheet.build/Debug-appletvos/YBottomSheet-t.build/YBottomSheet.modulemap /Users/admin/builder/spi-builder-workspace/.derivedData/Build/Intermediates.noindex/GeneratedModuleMaps-appletvos
MkDir /Users/admin/builder/spi-builder-workspace/.derivedData/Build/Products/Debug-appletvos/YBottomSheet_YBottomSheet.bundle (in target 'YBottomSheet_YBottomSheet' from project 'YBottomSheet')
cd /Users/admin/builder/spi-builder-workspace
/bin/mkdir -p /Users/admin/builder/spi-builder-workspace/.derivedData/Build/Products/Debug-appletvos/YBottomSheet_YBottomSheet.bundle
MkDir /Users/admin/builder/spi-builder-workspace/.derivedData/Build/Products/Debug-appletvos/YBottomSheetTests.xctest (in target 'YBottomSheetTests-product' from project 'YBottomSheet')
cd /Users/admin/builder/spi-builder-workspace
/bin/mkdir -p /Users/admin/builder/spi-builder-workspace/.derivedData/Build/Products/Debug-appletvos/YBottomSheetTests.xctest
ProcessInfoPlistFile /Users/admin/builder/spi-builder-workspace/.derivedData/Build/Products/Debug-appletvos/YBottomSheet_YBottomSheet.bundle/Info.plist /Users/admin/builder/spi-builder-workspace/.derivedData/Build/Intermediates.noindex/YBottomSheet.build/Debug-appletvos/YBottomSheet_YBottomSheet-b.build/empty-YBottomSheet_YBottomSheet.plist (in target 'YBottomSheet_YBottomSheet' from project 'YBottomSheet')
cd /Users/admin/builder/spi-builder-workspace
builtin-infoPlistUtility /Users/admin/builder/spi-builder-workspace/.derivedData/Build/Intermediates.noindex/YBottomSheet.build/Debug-appletvos/YBottomSheet_YBottomSheet-b.build/empty-YBottomSheet_YBottomSheet.plist -producttype com.apple.product-type.bundle -expandbuildsettings -format binary -platform appletvos -o /Users/admin/builder/spi-builder-workspace/.derivedData/Build/Products/Debug-appletvos/YBottomSheet_YBottomSheet.bundle/Info.plist
CpResource /Users/admin/builder/spi-builder-workspace/.derivedData/Build/Products/Debug-appletvos/YBottomSheet_YBottomSheet.bundle/en.lproj/Localizable.strings /Users/admin/builder/spi-builder-workspace/Sources/YBottomSheet/Assets/Strings/en.lproj/Localizable.strings (in target 'YBottomSheet_YBottomSheet' from project 'YBottomSheet')
cd /Users/admin/builder/spi-builder-workspace
builtin-copy -exclude .DS_Store -exclude CVS -exclude .svn -exclude .git -exclude .hg -resolve-src-symlinks /Users/admin/builder/spi-builder-workspace/Sources/YBottomSheet/Assets/Strings/en.lproj/Localizable.strings /Users/admin/builder/spi-builder-workspace/.derivedData/Build/Products/Debug-appletvos/YBottomSheet_YBottomSheet.bundle/en.lproj
RegisterExecutionPolicyException /Users/admin/builder/spi-builder-workspace/.derivedData/Build/Products/Debug-appletvos/YBottomSheet_YBottomSheet.bundle (in target 'YBottomSheet_YBottomSheet' from project 'YBottomSheet')
cd /Users/admin/builder/spi-builder-workspace
builtin-RegisterExecutionPolicyException /Users/admin/builder/spi-builder-workspace/.derivedData/Build/Products/Debug-appletvos/YBottomSheet_YBottomSheet.bundle
Touch /Users/admin/builder/spi-builder-workspace/.derivedData/Build/Products/Debug-appletvos/YBottomSheet_YBottomSheet.bundle (in target 'YBottomSheet_YBottomSheet' from project 'YBottomSheet')
cd /Users/admin/builder/spi-builder-workspace
/usr/bin/touch -c /Users/admin/builder/spi-builder-workspace/.derivedData/Build/Products/Debug-appletvos/YBottomSheet_YBottomSheet.bundle
SwiftDriver YCoreUI normal arm64 com.apple.xcode.tools.swift.compiler (in target 'YCoreUI' from project 'YCoreUI')
cd /Users/admin/builder/spi-builder-workspace/.swiftpm/xcode
builtin-SwiftDriver -- /Applications/Xcode-27.0.0-Release.Candidate.app/Contents/Developer/Toolchains/XcodeDefault.xctoolchain/usr/bin/swiftc -parse-as-library -module-name YCoreUI -Onone @/Users/admin/builder/spi-builder-workspace/.derivedData/Build/Intermediates.noindex/YCoreUI.build/Debug-appletvos/YCoreUI-t.build/Objects-normal/arm64/YCoreUI.SwiftFileList -DSWIFT_PACKAGE -DDEBUG -DSWIFT_MODULE_RESOURCE_BUNDLE_UNAVAILABLE -DXcode -plugin-path /Applications/Xcode-27.0.0-Release.Candidate.app/Contents/Developer/Toolchains/XcodeDefault.xctoolchain/usr/lib/swift/host/plugins/testing -enable-experimental-feature DebugDescriptionMacro -sdk /Applications/Xcode-27.0.0-Release.Candidate.app/Contents/Developer/Platforms/AppleTVOS.platform/Developer/SDKs/AppleTVOS27.0.sdk -target arm64-apple-tvos15.0 -g -module-cache-path /Users/admin/builder/spi-builder-workspace/.derivedData/ModuleCache.noindex -Xfrontend -serialize-debugging-options -profile-coverage-mapping -profile-generate -enable-testing -suppress-warnings -index-store-path /Users/admin/builder/spi-builder-workspace/.derivedData/Index.noindex/DataStore -Xcc -D_LIBCPP_HARDENING_MODE\=_LIBCPP_HARDENING_MODE_DEBUG -swift-version 5 -I /Users/admin/builder/spi-builder-workspace/.derivedData/Build/Products/Debug-appletvos -Isystem /Applications/Xcode-27.0.0-Release.Candidate.app/Contents/Developer/Platforms/AppleTVOS.platform/Developer/usr/lib -F /Users/admin/builder/spi-builder-workspace/.derivedData/Build/Products/Debug-appletvos -F /Applications/Xcode-27.0.0-Release.Candidate.app/Contents/Developer/Platforms/AppleTVOS.platform/Developer/Library/Frameworks -F /Applications/Xcode-27.0.0-Release.Candidate.app/Contents/Developer/Platforms/AppleTVOS.platform/Developer/SDKs/AppleTVOS27.0.sdk/Developer/Library/Frameworks -emit-localized-strings -emit-localized-strings-path /Users/admin/builder/spi-builder-workspace/.derivedData/Build/Intermediates.noindex/YCoreUI.build/Debug-appletvos/YCoreUI-t.build/Objects-normal/arm64 -c -j10 -enable-batch-mode -incremental -Xcc -ivfsstatcache -Xcc /Users/admin/builder/spi-builder-workspace/.derivedData/SDKStatCaches.noindex/appletvos27.0-24J360-e829b21a6f8c9b70876ba0858053c044b32bfd8d43560033f8d89884cdb90028.sdkstatcache -output-file-map /Users/admin/builder/spi-builder-workspace/.derivedData/Build/Intermediates.noindex/YCoreUI.build/Debug-appletvos/YCoreUI-t.build/Objects-normal/arm64/YCoreUI-OutputFileMap.json -save-temps -no-color-diagnostics -explicit-module-build -module-cache-path /Users/admin/builder/spi-builder-workspace/.derivedData/Build/Intermediates.noindex/SwiftExplicitPrecompiledModules -clang-scanner-module-cache-path /Users/admin/builder/spi-builder-workspace/.derivedData/ModuleCache.noindex -sdk-module-cache-path /Users/admin/builder/spi-builder-workspace/.derivedData/SDKExplicitPrecompiledModules -emit-dependencies -emit-module -emit-module-path /Users/admin/builder/spi-builder-workspace/.derivedData/Build/Intermediates.noindex/YCoreUI.build/Debug-appletvos/YCoreUI-t.build/Objects-normal/arm64/YCoreUI.swiftmodule -serialize-diagnostics -dependency-scan-serialize-diagnostics-path /Users/admin/builder/spi-builder-workspace/.derivedData/Build/Intermediates.noindex/YCoreUI.build/Debug-appletvos/YCoreUI-t.build/Objects-normal/arm64/YCoreUI-dependency-scan.dia -validate-clang-modules-once -clang-build-session-file /Users/admin/builder/spi-builder-workspace/.derivedData/ModuleCache.noindex/Session.modulevalidation -Xcc -fmodules-prune-interval\=86400 -Xcc -fmodules-prune-after\=345600 -emit-const-values -const-gather-protocols-list /Users/admin/builder/spi-builder-workspace/.derivedData/Build/Intermediates.noindex/YCoreUI.build/Debug-appletvos/YCoreUI-t.build/Objects-normal/arm64/YCoreUI_const_extract_protocols.json -Xcc -I/Users/admin/builder/spi-builder-workspace/.derivedData/Build/Products/Debug-appletvos/include -Xcc -I/Users/admin/builder/spi-builder-workspace/.derivedData/Build/Intermediates.noindex/YCoreUI.build/Debug-appletvos/YCoreUI-t.build/DerivedSources-normal/arm64 -Xcc -I/Users/admin/builder/spi-builder-workspace/.derivedData/Build/Intermediates.noindex/YCoreUI.build/Debug-appletvos/YCoreUI-t.build/DerivedSources/arm64 -Xcc -I/Users/admin/builder/spi-builder-workspace/.derivedData/Build/Intermediates.noindex/YCoreUI.build/Debug-appletvos/YCoreUI-t.build/DerivedSources -Xcc -DSWIFT_PACKAGE -Xcc -DDEBUG\=1 -emit-objc-header -emit-objc-header-path /Users/admin/builder/spi-builder-workspace/.derivedData/Build/Intermediates.noindex/YCoreUI.build/Debug-appletvos/YCoreUI-t.build/Objects-normal/arm64/YCoreUI-Swift.h -working-directory /Users/admin/builder/spi-builder-workspace/.swiftpm/xcode -experimental-emit-module-separately -disable-cmo
SwiftDriver YMatterType normal arm64 com.apple.xcode.tools.swift.compiler (in target 'YMatterType' from project 'YMatterType')
cd /Users/admin/builder/spi-builder-workspace/.swiftpm/xcode
builtin-SwiftDriver -- /Applications/Xcode-27.0.0-Release.Candidate.app/Contents/Developer/Toolchains/XcodeDefault.xctoolchain/usr/bin/swiftc -parse-as-library -module-name YMatterType -Onone @/Users/admin/builder/spi-builder-workspace/.derivedData/Build/Intermediates.noindex/YMatterType.build/Debug-appletvos/YMatterType-t.build/Objects-normal/arm64/YMatterType.SwiftFileList -DSWIFT_PACKAGE -DDEBUG -DSWIFT_MODULE_RESOURCE_BUNDLE_UNAVAILABLE -DXcode -plugin-path /Applications/Xcode-27.0.0-Release.Candidate.app/Contents/Developer/Toolchains/XcodeDefault.xctoolchain/usr/lib/swift/host/plugins/testing -enable-experimental-feature DebugDescriptionMacro -sdk /Applications/Xcode-27.0.0-Release.Candidate.app/Contents/Developer/Platforms/AppleTVOS.platform/Developer/SDKs/AppleTVOS27.0.sdk -target arm64-apple-tvos15.0 -g -module-cache-path /Users/admin/builder/spi-builder-workspace/.derivedData/ModuleCache.noindex -Xfrontend -serialize-debugging-options -profile-coverage-mapping -profile-generate -enable-testing -suppress-warnings -index-store-path /Users/admin/builder/spi-builder-workspace/.derivedData/Index.noindex/DataStore -Xcc -D_LIBCPP_HARDENING_MODE\=_LIBCPP_HARDENING_MODE_DEBUG -swift-version 5 -I /Users/admin/builder/spi-builder-workspace/.derivedData/Build/Products/Debug-appletvos -Isystem /Applications/Xcode-27.0.0-Release.Candidate.app/Contents/Developer/Platforms/AppleTVOS.platform/Developer/usr/lib -F /Users/admin/builder/spi-builder-workspace/.derivedData/Build/Products/Debug-appletvos -F /Applications/Xcode-27.0.0-Release.Candidate.app/Contents/Developer/Platforms/AppleTVOS.platform/Developer/Library/Frameworks -F /Applications/Xcode-27.0.0-Release.Candidate.app/Contents/Developer/Platforms/AppleTVOS.platform/Developer/SDKs/AppleTVOS27.0.sdk/Developer/Library/Frameworks -emit-localized-strings -emit-localized-strings-path /Users/admin/builder/spi-builder-workspace/.derivedData/Build/Intermediates.noindex/YMatterType.build/Debug-appletvos/YMatterType-t.build/Objects-normal/arm64 -c -j10 -enable-batch-mode -incremental -Xcc -ivfsstatcache -Xcc /Users/admin/builder/spi-builder-workspace/.derivedData/SDKStatCaches.noindex/appletvos27.0-24J360-e829b21a6f8c9b70876ba0858053c044b32bfd8d43560033f8d89884cdb90028.sdkstatcache -output-file-map /Users/admin/builder/spi-builder-workspace/.derivedData/Build/Intermediates.noindex/YMatterType.build/Debug-appletvos/YMatterType-t.build/Objects-normal/arm64/YMatterType-OutputFileMap.json -save-temps -no-color-diagnostics -explicit-module-build -module-cache-path /Users/admin/builder/spi-builder-workspace/.derivedData/Build/Intermediates.noindex/SwiftExplicitPrecompiledModules -clang-scanner-module-cache-path /Users/admin/builder/spi-builder-workspace/.derivedData/ModuleCache.noindex -sdk-module-cache-path /Users/admin/builder/spi-builder-workspace/.derivedData/SDKExplicitPrecompiledModules -emit-dependencies -emit-module -emit-module-path /Users/admin/builder/spi-builder-workspace/.derivedData/Build/Intermediates.noindex/YMatterType.build/Debug-appletvos/YMatterType-t.build/Objects-normal/arm64/YMatterType.swiftmodule -serialize-diagnostics -dependency-scan-serialize-diagnostics-path /Users/admin/builder/spi-builder-workspace/.derivedData/Build/Intermediates.noindex/YMatterType.build/Debug-appletvos/YMatterType-t.build/Objects-normal/arm64/YMatterType-dependency-scan.dia -validate-clang-modules-once -clang-build-session-file /Users/admin/builder/spi-builder-workspace/.derivedData/ModuleCache.noindex/Session.modulevalidation -Xcc -fmodules-prune-interval\=86400 -Xcc -fmodules-prune-after\=345600 -emit-const-values -const-gather-protocols-list /Users/admin/builder/spi-builder-workspace/.derivedData/Build/Intermediates.noindex/YMatterType.build/Debug-appletvos/YMatterType-t.build/Objects-normal/arm64/YMatterType_const_extract_protocols.json -Xcc -I/Users/admin/builder/spi-builder-workspace/.derivedData/Build/Products/Debug-appletvos/include -Xcc -I/Users/admin/builder/spi-builder-workspace/.derivedData/Build/Intermediates.noindex/YMatterType.build/Debug-appletvos/YMatterType-t.build/DerivedSources-normal/arm64 -Xcc -I/Users/admin/builder/spi-builder-workspace/.derivedData/Build/Intermediates.noindex/YMatterType.build/Debug-appletvos/YMatterType-t.build/DerivedSources/arm64 -Xcc -I/Users/admin/builder/spi-builder-workspace/.derivedData/Build/Intermediates.noindex/YMatterType.build/Debug-appletvos/YMatterType-t.build/DerivedSources -Xcc -DSWIFT_PACKAGE -Xcc -DDEBUG\=1 -emit-objc-header -emit-objc-header-path /Users/admin/builder/spi-builder-workspace/.derivedData/Build/Intermediates.noindex/YMatterType.build/Debug-appletvos/YMatterType-t.build/Objects-normal/arm64/YMatterType-Swift.h -working-directory /Users/admin/builder/spi-builder-workspace/.swiftpm/xcode -experimental-emit-module-separately -disable-cmo
SwiftExplicitDependencyGeneratePcm arm64 /Users/admin/builder/spi-builder-workspace/.derivedData/SDKExplicitPrecompiledModules/SwiftShims-8N4EXJ4RUJTR8K9OO3CMOH1EP.pcm
SwiftExplicitDependencyGeneratePcm arm64 /Users/admin/builder/spi-builder-workspace/.derivedData/SDKExplicitPrecompiledModules/_AvailabilityInternal-BV2EDDP0MI5QJDDPEEV4D9D3V.pcm
SwiftExplicitDependencyGeneratePcm arm64 /Users/admin/builder/spi-builder-workspace/.derivedData/SDKExplicitPrecompiledModules/DeveloperToolsSupport-B1X8RI63V48AJRTH2RK6JAARV.pcm
SwiftExplicitDependencyGeneratePcm arm64 /Users/admin/builder/spi-builder-workspace/.derivedData/SDKExplicitPrecompiledModules/_Builtin_stdbool-AHRDH5EKLY6D04C5E42F3VCQI.pcm
SwiftExplicitDependencyGeneratePcm arm64 /Users/admin/builder/spi-builder-workspace/.derivedData/SDKExplicitPrecompiledModules/_SwiftConcurrencyShims-BY5PD8KF1L5KF6F4Q69HE3TJ4.pcm
SwiftExplicitDependencyGeneratePcm arm64 /Users/admin/builder/spi-builder-workspace/.derivedData/SDKExplicitPrecompiledModules/_Builtin_stddef-9ZJZ6FDEZNKTZU8YLPMFT9RAQ.pcm
SwiftExplicitDependencyGeneratePcm arm64 /Users/admin/builder/spi-builder-workspace/.derivedData/SDKExplicitPrecompiledModules/_Builtin_stdarg-BO2OCAUYVAXDRVQWQ8ISKGNUQ.pcm
SwiftExplicitDependencyGeneratePcm arm64 /Users/admin/builder/spi-builder-workspace/.derivedData/SDKExplicitPrecompiledModules/ptrcheck-2AZ6B5IBYD3RRRTFWN2ONASY3.pcm
SwiftExplicitDependencyGeneratePcm arm64 /Users/admin/builder/spi-builder-workspace/.derivedData/SDKExplicitPrecompiledModules/ptrauth-8X2KEPL7CTRPS40TUB9APHPK6.pcm
SwiftExplicitDependencyGeneratePcm arm64 /Users/admin/builder/spi-builder-workspace/.derivedData/SDKExplicitPrecompiledModules/_Builtin_float-8ZJAYZ85YBOAOP52Y9H6IUNP3.pcm
SwiftExplicitDependencyGeneratePcm arm64 /Users/admin/builder/spi-builder-workspace/.derivedData/SDKExplicitPrecompiledModules/_DarwinFoundation1-JOTYMOA1YZCIJ2NON6FQ848O.pcm
SwiftExplicitDependencyGeneratePcm arm64 /Users/admin/builder/spi-builder-workspace/.derivedData/SDKExplicitPrecompiledModules/_DarwinFoundation2-AOGAN1O02NKXRJN5V73AV3V3M.pcm
SwiftExplicitDependencyGeneratePcm arm64 /Users/admin/builder/spi-builder-workspace/.derivedData/SDKExplicitPrecompiledModules/_Builtin_limits-7JU2HP127LIT1X9E2V3D8WZ1.pcm
SwiftExplicitDependencyGeneratePcm arm64 /Users/admin/builder/spi-builder-workspace/.derivedData/SDKExplicitPrecompiledModules/string_h-6EVHP7A717OUS5DMC78F79HWO.pcm
SwiftExplicitDependencyGeneratePcm arm64 /Users/admin/builder/spi-builder-workspace/.derivedData/SDKExplicitPrecompiledModules/_Builtin_stdint-6NFTB6IBKS143IVPGT1EKB7HO.pcm
SwiftExplicitDependencyGeneratePcm arm64 /Users/admin/builder/spi-builder-workspace/.derivedData/SDKExplicitPrecompiledModules/sys_types-8GCAV1YMG5UUGHUID3CA20TCH.pcm
SwiftExplicitDependencyGeneratePcm arm64 /Users/admin/builder/spi-builder-workspace/.derivedData/SDKExplicitPrecompiledModules/_Builtin_tgmath-7ULT1EUHDHW4OZPSTT33H6QGE.pcm
SwiftExplicitDependencyGeneratePcm arm64 /Users/admin/builder/spi-builder-workspace/.derivedData/SDKExplicitPrecompiledModules/_Builtin_stdatomic-3YXHN678NGYM3NL9POJ2HVEIF.pcm
SwiftExplicitDependencyGeneratePcm arm64 /Users/admin/builder/spi-builder-workspace/.derivedData/SDKExplicitPrecompiledModules/_DarwinFoundation3-8SR3855WDFHQPR6G9GHOI2C07.pcm
SwiftExplicitDependencyGeneratePcm arm64 /Users/admin/builder/spi-builder-workspace/.derivedData/SDKExplicitPrecompiledModules/_Builtin_intrinsics-437O2R2NID4WAQVENR63GR82C.pcm
SwiftExplicitDependencyGeneratePcm arm64 /Users/admin/builder/spi-builder-workspace/.derivedData/SDKExplicitPrecompiledModules/_Builtin_inttypes-6X1IQ3QK9KEVKXOK9Y79EW7J3.pcm
SwiftExplicitDependencyGeneratePcm arm64 /Users/admin/builder/spi-builder-workspace/.derivedData/SDKExplicitPrecompiledModules/Darwin-DBSQAVBBPC3D2OMU5ZI2RXMST.pcm
SwiftExplicitDependencyGeneratePcm arm64 /Users/admin/builder/spi-builder-workspace/.derivedData/SDKExplicitPrecompiledModules/simd-117QUXEUT3Z7UQCUYWV2UA228.pcm
SwiftExplicitDependencyGeneratePcm arm64 /Users/admin/builder/spi-builder-workspace/.derivedData/SDKExplicitPrecompiledModules/ObjectiveC-5250FDCE56N8508OR6XUYDKZM.pcm
SwiftExplicitDependencyGeneratePcm arm64 /Users/admin/builder/spi-builder-workspace/.derivedData/SDKExplicitPrecompiledModules/MachO-EH3F5PJCIZG05NO51CEFSZYPW.pcm
SwiftExplicitDependencyGeneratePcm arm64 /Users/admin/builder/spi-builder-workspace/.derivedData/SDKExplicitPrecompiledModules/os_object-E2DGZ0SX0TULQHULZRPO6OKNW.pcm
SwiftExplicitDependencyGeneratePcm arm64 /Users/admin/builder/spi-builder-workspace/.derivedData/SDKExplicitPrecompiledModules/os_workgroup-DBUFF7811DKMX7VPBOJPGGF1U.pcm
SwiftExplicitDependencyGeneratePcm arm64 /Users/admin/builder/spi-builder-workspace/.derivedData/SDKExplicitPrecompiledModules/Spatial-7U8NLEFXSB8BR7PJQGVMF5A4Q.pcm
SwiftExplicitDependencyGeneratePcm arm64 /Users/admin/builder/spi-builder-workspace/.derivedData/SDKExplicitPrecompiledModules/Dispatch-1QL58A0V50C39KVAIC6C38SHL.pcm
SwiftExplicitDependencyGeneratePcm arm64 /Users/admin/builder/spi-builder-workspace/.derivedData/SDKExplicitPrecompiledModules/XPC-6O2DJFT3QUJ7QKTD3SNUB6PCR.pcm
SwiftExplicitDependencyGeneratePcm arm64 /Users/admin/builder/spi-builder-workspace/.derivedData/SDKExplicitPrecompiledModules/CoreFoundation-7TPJ7ENDC4L1A1ESHYI9TXS0D.pcm
SwiftExplicitDependencyGeneratePcm arm64 /Users/admin/builder/spi-builder-workspace/.derivedData/SDKExplicitPrecompiledModules/os-3GJI8H0BNAEZPQPQ1V0VVY3FY.pcm
SwiftExplicitDependencyGeneratePcm arm64 /Users/admin/builder/spi-builder-workspace/.derivedData/SDKExplicitPrecompiledModules/CoreGraphics-CWSP3J98S2658BYCVL6RP99T3.pcm
SwiftExplicitDependencyGeneratePcm arm64 /Users/admin/builder/spi-builder-workspace/.derivedData/SDKExplicitPrecompiledModules/CFNetwork-2CUR2VK9S3S3WPFXPNXNUWYGN.pcm
SwiftExplicitDependencyGeneratePcm arm64 /Users/admin/builder/spi-builder-workspace/.derivedData/SDKExplicitPrecompiledModules/CoreAudioTypes-E7EH96HAL3G83QSWLT7VWYIP4.pcm
SwiftExplicitDependencyGeneratePcm arm64 /Users/admin/builder/spi-builder-workspace/.derivedData/SDKExplicitPrecompiledModules/Security-8VMXEKVDA3MHUH9AOTP905DID.pcm
SwiftExplicitDependencyGeneratePcm arm64 /Users/admin/builder/spi-builder-workspace/.derivedData/SDKExplicitPrecompiledModules/CoreAudio-6IR1XRM0Q9YQZMFW89F3H4V3X.pcm
SwiftExplicitDependencyGeneratePcm arm64 /Users/admin/builder/spi-builder-workspace/.derivedData/SDKExplicitPrecompiledModules/Foundation-BSSIP64DIGUKMAYJOG1WPQ78X.pcm
SwiftExplicitDependencyGeneratePcm arm64 /Users/admin/builder/spi-builder-workspace/.derivedData/SDKExplicitPrecompiledModules/ImageIO-88D4CLEBD4CLWQKT78PZ6H1O8.pcm
SwiftExplicitDependencyGeneratePcm arm64 /Users/admin/builder/spi-builder-workspace/.derivedData/SDKExplicitPrecompiledModules/CoreText-59NY7PABM0I4V978161FOC04A.pcm
SwiftExplicitDependencyGeneratePcm arm64 /Users/admin/builder/spi-builder-workspace/.derivedData/SDKExplicitPrecompiledModules/UserNotifications-E9ZW5TH066WIJWH9080RC5NG4.pcm
SwiftExplicitDependencyGeneratePcm arm64 /Users/admin/builder/spi-builder-workspace/.derivedData/SDKExplicitPrecompiledModules/UIUtilities-6ZFJ1AK4H8IBGEBMYQBWGBYLK.pcm
SwiftExplicitDependencyGeneratePcm arm64 /Users/admin/builder/spi-builder-workspace/.derivedData/SDKExplicitPrecompiledModules/CoreData-DYMPHH3PH8AX9I1FHA4VFJ675.pcm
SwiftExplicitDependencyGeneratePcm arm64 /Users/admin/builder/spi-builder-workspace/.derivedData/SDKExplicitPrecompiledModules/UniformTypeIdentifiers-95CC8U42ZA9STP5K6GP9ZVJS5.pcm
SwiftExplicitDependencyGeneratePcm arm64 /Users/admin/builder/spi-builder-workspace/.derivedData/SDKExplicitPrecompiledModules/Symbols-B5AU9VM9Y7NU79RLMH13Z4IFM.pcm
SwiftExplicitDependencyGeneratePcm arm64 /Users/admin/builder/spi-builder-workspace/.derivedData/SDKExplicitPrecompiledModules/IOSurface-38FJ1CKX9FV2RD97O64Z7QB17.pcm
SwiftExplicitDependencyGeneratePcm arm64 /Users/admin/builder/spi-builder-workspace/.derivedData/SDKExplicitPrecompiledModules/OSLog-7OT6HHTMY0ZFEQJ095LJZ6NLC.pcm
SwiftExplicitDependencyGeneratePcm arm64 /Users/admin/builder/spi-builder-workspace/.derivedData/SDKExplicitPrecompiledModules/_LocationEssentials-ETSJ65FELPWR8WH8G49R1DF2E.pcm
SwiftExplicitDependencyGeneratePcm arm64 /Users/admin/builder/spi-builder-workspace/.derivedData/SDKExplicitPrecompiledModules/Accessibility-B6BODGZ4MQQTY0PBC4SHRP009.pcm
SwiftExplicitDependencyGeneratePcm arm64 /Users/admin/builder/spi-builder-workspace/.derivedData/SDKExplicitPrecompiledModules/CoreTransferable-7V4O8DATEQ9F7SDNTCW8YWLG3.pcm
SwiftExplicitDependencyGeneratePcm arm64 /Users/admin/builder/spi-builder-workspace/.derivedData/SDKExplicitPrecompiledModules/DataDetection-37JIYZ2GWDA1L166PP1D9JKAF.pcm
SwiftExplicitDependencyGeneratePcm arm64 /Users/admin/builder/spi-builder-workspace/.derivedData/SDKExplicitPrecompiledModules/CoreLocation-YVXXAOMVX0JH2KO1XTTKTY51.pcm
SwiftExplicitDependencyGeneratePcm arm64 /Users/admin/builder/spi-builder-workspace/.derivedData/SDKExplicitPrecompiledModules/Metal-2KYBS7IML1SD788M91YV7Q0CC.pcm
SwiftExplicitDependencyGeneratePcm arm64 /Users/admin/builder/spi-builder-workspace/.derivedData/SDKExplicitPrecompiledModules/OpenGLES-4NY99CNDU9WUNUYEIXSS1QFGE.pcm
SwiftExplicitDependencyGeneratePcm arm64 /Users/admin/builder/spi-builder-workspace/.derivedData/SDKExplicitPrecompiledModules/CoreVideo-DPU0PB5X0XLSVA2ETRGI6FJBM.pcm
SwiftExplicitDependencyGeneratePcm arm64 /Users/admin/builder/spi-builder-workspace/.derivedData/SDKExplicitPrecompiledModules/QuartzCore-DJSYAWKXFGVSAK5CQMOB3JSR.pcm
SwiftExplicitDependencyGeneratePcm arm64 /Users/admin/builder/spi-builder-workspace/.derivedData/SDKExplicitPrecompiledModules/CoreMedia-4OUKVT03LV547KZJDPPJRJ4F8.pcm
SwiftExplicitDependencyGeneratePcm arm64 /Users/admin/builder/spi-builder-workspace/.derivedData/SDKExplicitPrecompiledModules/CoreImage-7S2AFJ8EIY3DUFYLEAX1JR1QV.pcm
SwiftExplicitDependencyGeneratePcm arm64 /Users/admin/builder/spi-builder-workspace/.derivedData/SDKExplicitPrecompiledModules/SwiftUICore-543QU5V2NHKUFCYFJDKUJ7NYG.pcm
SwiftExplicitDependencyGeneratePcm arm64 /Users/admin/builder/spi-builder-workspace/.derivedData/SDKExplicitPrecompiledModules/UIKit-1TKWN7VC2X6N3ITMRVA2G0EB2.pcm
SwiftEmitModule normal arm64 Emitting\ module\ for\ YCoreUI (in target 'YCoreUI' from project 'YCoreUI')
SwiftCompile normal arm64 (in target 'YCoreUI' from project 'YCoreUI')
cd /Users/admin/builder/spi-builder-workspace/.swiftpm/xcode
SwiftCompile normal arm64 Compiling\ UIEdgeInsets+horizontal.swift,\ UIEdgeInsets+init.swift,\ UIScreen+scaleFactor.swift,\ UIScrollView+keyboardNotifications.swift /Users/admin/builder/spi-builder-workspace/.dependencies/checkouts/YCoreUI/Sources/YCoreUI/Extensions/UIKit/UIEdgeInsets+horizontal.swift /Users/admin/builder/spi-builder-workspace/.dependencies/checkouts/YCoreUI/Sources/YCoreUI/Extensions/UIKit/UIEdgeInsets+init.swift /Users/admin/builder/spi-builder-workspace/.dependencies/checkouts/YCoreUI/Sources/YCoreUI/Extensions/UIKit/UIScreen+scaleFactor.swift /Users/admin/builder/spi-builder-workspace/.dependencies/checkouts/YCoreUI/Sources/YCoreUI/Extensions/UIKit/UIScrollView+keyboardNotifications.swift (in target 'YCoreUI' from project 'YCoreUI')
SwiftCompile normal arm64 /Users/admin/builder/spi-builder-workspace/.dependencies/checkouts/YCoreUI/Sources/YCoreUI/Extensions/UIKit/UIEdgeInsets+horizontal.swift (in target 'YCoreUI' from project 'YCoreUI')
cd /Users/admin/builder/spi-builder-workspace/.swiftpm/xcode
builtin-SwiftPerFileCompile UIEdgeInsets+horizontal.swift
SwiftCompile normal arm64 /Users/admin/builder/spi-builder-workspace/.dependencies/checkouts/YCoreUI/Sources/YCoreUI/Extensions/UIKit/UIEdgeInsets+init.swift (in target 'YCoreUI' from project 'YCoreUI')
cd /Users/admin/builder/spi-builder-workspace/.swiftpm/xcode
builtin-SwiftPerFileCompile UIEdgeInsets+init.swift
SwiftCompile normal arm64 /Users/admin/builder/spi-builder-workspace/.dependencies/checkouts/YCoreUI/Sources/YCoreUI/Extensions/UIKit/UIScreen+scaleFactor.swift (in target 'YCoreUI' from project 'YCoreUI')
cd /Users/admin/builder/spi-builder-workspace/.swiftpm/xcode
builtin-SwiftPerFileCompile UIScreen+scaleFactor.swift
SwiftCompile normal arm64 /Users/admin/builder/spi-builder-workspace/.dependencies/checkouts/YCoreUI/Sources/YCoreUI/Extensions/UIKit/UIScrollView+keyboardNotifications.swift (in target 'YCoreUI' from project 'YCoreUI')
cd /Users/admin/builder/spi-builder-workspace/.swiftpm/xcode
builtin-SwiftPerFileCompile UIScrollView+keyboardNotifications.swift
SwiftExplicitDependencyGeneratePcm arm64 /Users/admin/builder/spi-builder-workspace/.derivedData/SDKExplicitPrecompiledModules/SwiftUI-7BV1YDT6IZWW6B8OC6ENV0Y0F.pcm
SwiftCompile normal arm64 Compiling\ NSDirectionalEdgeInsets+horizontal.swift,\ NSDirectionalEdgeInsets+init.swift,\ UIColor+WCAG.swift,\ UIColor+blended.swift /Users/admin/builder/spi-builder-workspace/.dependencies/checkouts/YCoreUI/Sources/YCoreUI/Extensions/UIKit/NSDirectionalEdgeInsets+horizontal.swift /Users/admin/builder/spi-builder-workspace/.dependencies/checkouts/YCoreUI/Sources/YCoreUI/Extensions/UIKit/NSDirectionalEdgeInsets+init.swift /Users/admin/builder/spi-builder-workspace/.dependencies/checkouts/YCoreUI/Sources/YCoreUI/Extensions/UIKit/UIColor+WCAG.swift /Users/admin/builder/spi-builder-workspace/.dependencies/checkouts/YCoreUI/Sources/YCoreUI/Extensions/UIKit/UIColor+blended.swift (in target 'YCoreUI' from project 'YCoreUI')
SwiftCompile normal arm64 /Users/admin/builder/spi-builder-workspace/.dependencies/checkouts/YCoreUI/Sources/YCoreUI/Extensions/UIKit/NSDirectionalEdgeInsets+horizontal.swift (in target 'YCoreUI' from project 'YCoreUI')
cd /Users/admin/builder/spi-builder-workspace/.swiftpm/xcode
builtin-SwiftPerFileCompile NSDirectionalEdgeInsets+horizontal.swift
SwiftCompile normal arm64 /Users/admin/builder/spi-builder-workspace/.dependencies/checkouts/YCoreUI/Sources/YCoreUI/Extensions/UIKit/NSDirectionalEdgeInsets+init.swift (in target 'YCoreUI' from project 'YCoreUI')
cd /Users/admin/builder/spi-builder-workspace/.swiftpm/xcode
builtin-SwiftPerFileCompile NSDirectionalEdgeInsets+init.swift
SwiftCompile normal arm64 /Users/admin/builder/spi-builder-workspace/.dependencies/checkouts/YCoreUI/Sources/YCoreUI/Extensions/UIKit/UIColor+WCAG.swift (in target 'YCoreUI' from project 'YCoreUI')
cd /Users/admin/builder/spi-builder-workspace/.swiftpm/xcode
builtin-SwiftPerFileCompile UIColor+WCAG.swift
SwiftCompile normal arm64 /Users/admin/builder/spi-builder-workspace/.dependencies/checkouts/YCoreUI/Sources/YCoreUI/Extensions/UIKit/UIColor+blended.swift (in target 'YCoreUI' from project 'YCoreUI')
cd /Users/admin/builder/spi-builder-workspace/.swiftpm/xcode
builtin-SwiftPerFileCompile UIColor+blended.swift
SwiftCompile normal arm64 Compiling\ FormViewController.swift,\ CGFloat+rounded.swift,\ CGSize+inset.swift,\ String+Localizable.swift /Users/admin/builder/spi-builder-workspace/.dependencies/checkouts/YCoreUI/Sources/YCoreUI/Components/FormViewController.swift /Users/admin/builder/spi-builder-workspace/.dependencies/checkouts/YCoreUI/Sources/YCoreUI/Extensions/Foundation/CGFloat+rounded.swift /Users/admin/builder/spi-builder-workspace/.dependencies/checkouts/YCoreUI/Sources/YCoreUI/Extensions/Foundation/CGSize+inset.swift /Users/admin/builder/spi-builder-workspace/.dependencies/checkouts/YCoreUI/Sources/YCoreUI/Extensions/Foundation/String+Localizable.swift (in target 'YCoreUI' from project 'YCoreUI')
SwiftCompile normal arm64 /Users/admin/builder/spi-builder-workspace/.dependencies/checkouts/YCoreUI/Sources/YCoreUI/Components/FormViewController.swift (in target 'YCoreUI' from project 'YCoreUI')
cd /Users/admin/builder/spi-builder-workspace/.swiftpm/xcode
builtin-SwiftPerFileCompile FormViewController.swift
SwiftCompile normal arm64 /Users/admin/builder/spi-builder-workspace/.dependencies/checkouts/YCoreUI/Sources/YCoreUI/Extensions/Foundation/CGFloat+rounded.swift (in target 'YCoreUI' from project 'YCoreUI')
cd /Users/admin/builder/spi-builder-workspace/.swiftpm/xcode
builtin-SwiftPerFileCompile CGFloat+rounded.swift
SwiftCompile normal arm64 /Users/admin/builder/spi-builder-workspace/.dependencies/checkouts/YCoreUI/Sources/YCoreUI/Extensions/Foundation/CGSize+inset.swift (in target 'YCoreUI' from project 'YCoreUI')
cd /Users/admin/builder/spi-builder-workspace/.swiftpm/xcode
builtin-SwiftPerFileCompile CGSize+inset.swift
SwiftCompile normal arm64 /Users/admin/builder/spi-builder-workspace/.dependencies/checkouts/YCoreUI/Sources/YCoreUI/Extensions/Foundation/String+Localizable.swift (in target 'YCoreUI' from project 'YCoreUI')
cd /Users/admin/builder/spi-builder-workspace/.swiftpm/xcode
builtin-SwiftPerFileCompile String+Localizable.swift
SwiftCompile normal arm64 Compiling\ Anchorable.swift,\ Colorable.swift,\ ImageAsset.swift /Users/admin/builder/spi-builder-workspace/.dependencies/checkouts/YCoreUI/Sources/YCoreUI/Protocols/Anchorable.swift /Users/admin/builder/spi-builder-workspace/.dependencies/checkouts/YCoreUI/Sources/YCoreUI/Protocols/Colorable.swift /Users/admin/builder/spi-builder-workspace/.dependencies/checkouts/YCoreUI/Sources/YCoreUI/Protocols/ImageAsset.swift (in target 'YCoreUI' from project 'YCoreUI')
SwiftCompile normal arm64 /Users/admin/builder/spi-builder-workspace/.dependencies/checkouts/YCoreUI/Sources/YCoreUI/Protocols/Anchorable.swift (in target 'YCoreUI' from project 'YCoreUI')
cd /Users/admin/builder/spi-builder-workspace/.swiftpm/xcode
builtin-SwiftPerFileCompile Anchorable.swift
SwiftCompile normal arm64 /Users/admin/builder/spi-builder-workspace/.dependencies/checkouts/YCoreUI/Sources/YCoreUI/Protocols/Colorable.swift (in target 'YCoreUI' from project 'YCoreUI')
cd /Users/admin/builder/spi-builder-workspace/.swiftpm/xcode
builtin-SwiftPerFileCompile Colorable.swift
SwiftCompile normal arm64 /Users/admin/builder/spi-builder-workspace/.dependencies/checkouts/YCoreUI/Sources/YCoreUI/Protocols/ImageAsset.swift (in target 'YCoreUI' from project 'YCoreUI')
cd /Users/admin/builder/spi-builder-workspace/.swiftpm/xcode
builtin-SwiftPerFileCompile ImageAsset.swift
SwiftCompile normal arm64 Compiling\ UIView+constrainAnchor.swift,\ UIView+constrainAspectRatio.swift,\ UIView+constrainBelow.swift /Users/admin/builder/spi-builder-workspace/.dependencies/checkouts/YCoreUI/Sources/YCoreUI/Extensions/UIKit/UIView+constrainAnchor.swift /Users/admin/builder/spi-builder-workspace/.dependencies/checkouts/YCoreUI/Sources/YCoreUI/Extensions/UIKit/UIView+constrainAspectRatio.swift /Users/admin/builder/spi-builder-workspace/.dependencies/checkouts/YCoreUI/Sources/YCoreUI/Extensions/UIKit/UIView+constrainBelow.swift (in target 'YCoreUI' from project 'YCoreUI')
SwiftCompile normal arm64 /Users/admin/builder/spi-builder-workspace/.dependencies/checkouts/YCoreUI/Sources/YCoreUI/Extensions/UIKit/UIView+constrainAnchor.swift (in target 'YCoreUI' from project 'YCoreUI')
cd /Users/admin/builder/spi-builder-workspace/.swiftpm/xcode
builtin-SwiftPerFileCompile UIView+constrainAnchor.swift
SwiftCompile normal arm64 /Users/admin/builder/spi-builder-workspace/.dependencies/checkouts/YCoreUI/Sources/YCoreUI/Extensions/UIKit/UIView+constrainAspectRatio.swift (in target 'YCoreUI' from project 'YCoreUI')
cd /Users/admin/builder/spi-builder-workspace/.swiftpm/xcode
builtin-SwiftPerFileCompile UIView+constrainAspectRatio.swift
SwiftCompile normal arm64 /Users/admin/builder/spi-builder-workspace/.dependencies/checkouts/YCoreUI/Sources/YCoreUI/Extensions/UIKit/UIView+constrainBelow.swift (in target 'YCoreUI' from project 'YCoreUI')
cd /Users/admin/builder/spi-builder-workspace/.swiftpm/xcode
builtin-SwiftPerFileCompile UIView+constrainBelow.swift
SwiftCompile normal arm64 Compiling\ UIView+constrainSize.swift,\ Animation.swift,\ Elevation.swift /Users/admin/builder/spi-builder-workspace/.dependencies/checkouts/YCoreUI/Sources/YCoreUI/Extensions/UIKit/UIView+constrainSize.swift /Users/admin/builder/spi-builder-workspace/.dependencies/checkouts/YCoreUI/Sources/YCoreUI/Foundations/Animation.swift /Users/admin/builder/spi-builder-workspace/.dependencies/checkouts/YCoreUI/Sources/YCoreUI/Foundations/Elevation.swift (in target 'YCoreUI' from project 'YCoreUI')
SwiftCompile normal arm64 /Users/admin/builder/spi-builder-workspace/.dependencies/checkouts/YCoreUI/Sources/YCoreUI/Extensions/UIKit/UIView+constrainSize.swift (in target 'YCoreUI' from project 'YCoreUI')
cd /Users/admin/builder/spi-builder-workspace/.swiftpm/xcode
builtin-SwiftPerFileCompile UIView+constrainSize.swift
SwiftCompile normal arm64 /Users/admin/builder/spi-builder-workspace/.dependencies/checkouts/YCoreUI/Sources/YCoreUI/Foundations/Animation.swift (in target 'YCoreUI' from project 'YCoreUI')
cd /Users/admin/builder/spi-builder-workspace/.swiftpm/xcode
builtin-SwiftPerFileCompile Animation.swift
SwiftCompile normal arm64 /Users/admin/builder/spi-builder-workspace/.dependencies/checkouts/YCoreUI/Sources/YCoreUI/Foundations/Elevation.swift (in target 'YCoreUI' from project 'YCoreUI')
cd /Users/admin/builder/spi-builder-workspace/.swiftpm/xcode
builtin-SwiftPerFileCompile Elevation.swift
SwiftCompile normal arm64 Compiling\ Localizable.swift,\ SystemImage.swift,\ YCoreUI+Logging.swift /Users/admin/builder/spi-builder-workspace/.dependencies/checkouts/YCoreUI/Sources/YCoreUI/Protocols/Localizable.swift /Users/admin/builder/spi-builder-workspace/.dependencies/checkouts/YCoreUI/Sources/YCoreUI/Protocols/SystemImage.swift /Users/admin/builder/spi-builder-workspace/.dependencies/checkouts/YCoreUI/Sources/YCoreUI/YCoreUI+Logging.swift (in target 'YCoreUI' from project 'YCoreUI')
SwiftCompile normal arm64 /Users/admin/builder/spi-builder-workspace/.dependencies/checkouts/YCoreUI/Sources/YCoreUI/Protocols/Localizable.swift (in target 'YCoreUI' from project 'YCoreUI')
cd /Users/admin/builder/spi-builder-workspace/.swiftpm/xcode
builtin-SwiftPerFileCompile Localizable.swift
SwiftCompile normal arm64 /Users/admin/builder/spi-builder-workspace/.dependencies/checkouts/YCoreUI/Sources/YCoreUI/Protocols/SystemImage.swift (in target 'YCoreUI' from project 'YCoreUI')
cd /Users/admin/builder/spi-builder-workspace/.swiftpm/xcode
builtin-SwiftPerFileCompile SystemImage.swift
SwiftCompile normal arm64 /Users/admin/builder/spi-builder-workspace/.dependencies/checkouts/YCoreUI/Sources/YCoreUI/YCoreUI+Logging.swift (in target 'YCoreUI' from project 'YCoreUI')
cd /Users/admin/builder/spi-builder-workspace/.swiftpm/xcode
builtin-SwiftPerFileCompile YCoreUI+Logging.swift
SwiftCompile normal arm64 Compiling\ UIView+constrainCenter.swift,\ UIView+constrainEdges.swift,\ UIView+constrainEdgesToMargins.swift /Users/admin/builder/spi-builder-workspace/.dependencies/checkouts/YCoreUI/Sources/YCoreUI/Extensions/UIKit/UIView+constrainCenter.swift /Users/admin/builder/spi-builder-workspace/.dependencies/checkouts/YCoreUI/Sources/YCoreUI/Extensions/UIKit/UIView+constrainEdges.swift /Users/admin/builder/spi-builder-workspace/.dependencies/checkouts/YCoreUI/Sources/YCoreUI/Extensions/UIKit/UIView+constrainEdgesToMargins.swift (in target 'YCoreUI' from project 'YCoreUI')
SwiftCompile normal arm64 /Users/admin/builder/spi-builder-workspace/.dependencies/checkouts/YCoreUI/Sources/YCoreUI/Extensions/UIKit/UIView+constrainCenter.swift (in target 'YCoreUI' from project 'YCoreUI')
cd /Users/admin/builder/spi-builder-workspace/.swiftpm/xcode
builtin-SwiftPerFileCompile UIView+constrainCenter.swift
SwiftCompile normal arm64 /Users/admin/builder/spi-builder-workspace/.dependencies/checkouts/YCoreUI/Sources/YCoreUI/Extensions/UIKit/UIView+constrainEdges.swift (in target 'YCoreUI' from project 'YCoreUI')
cd /Users/admin/builder/spi-builder-workspace/.swiftpm/xcode
builtin-SwiftPerFileCompile UIView+constrainEdges.swift
SwiftCompile normal arm64 /Users/admin/builder/spi-builder-workspace/.dependencies/checkouts/YCoreUI/Sources/YCoreUI/Extensions/UIKit/UIView+constrainEdgesToMargins.swift (in target 'YCoreUI' from project 'YCoreUI')
cd /Users/admin/builder/spi-builder-workspace/.swiftpm/xcode
builtin-SwiftPerFileCompile UIView+constrainEdgesToMargins.swift
SwiftCompile normal arm64 Compiling\ UITraitCollection+colorSpaces.swift,\ UIView+Animation.swift,\ UIView+constrain.swift /Users/admin/builder/spi-builder-workspace/.dependencies/checkouts/YCoreUI/Sources/YCoreUI/Extensions/UIKit/UITraitCollection+colorSpaces.swift /Users/admin/builder/spi-builder-workspace/.dependencies/checkouts/YCoreUI/Sources/YCoreUI/Extensions/UIKit/UIView+Animation.swift /Users/admin/builder/spi-builder-workspace/.dependencies/checkouts/YCoreUI/Sources/YCoreUI/Extensions/UIKit/UIView+constrain.swift (in target 'YCoreUI' from project 'YCoreUI')
SwiftCompile normal arm64 /Users/admin/builder/spi-builder-workspace/.dependencies/checkouts/YCoreUI/Sources/YCoreUI/Extensions/UIKit/UITraitCollection+colorSpaces.swift (in target 'YCoreUI' from project 'YCoreUI')
cd /Users/admin/builder/spi-builder-workspace/.swiftpm/xcode
builtin-SwiftPerFileCompile UITraitCollection+colorSpaces.swift
SwiftCompile normal arm64 /Users/admin/builder/spi-builder-workspace/.dependencies/checkouts/YCoreUI/Sources/YCoreUI/Extensions/UIKit/UIView+Animation.swift (in target 'YCoreUI' from project 'YCoreUI')
cd /Users/admin/builder/spi-builder-workspace/.swiftpm/xcode
builtin-SwiftPerFileCompile UIView+Animation.swift
SwiftCompile normal arm64 /Users/admin/builder/spi-builder-workspace/.dependencies/checkouts/YCoreUI/Sources/YCoreUI/Extensions/UIKit/UIView+constrain.swift (in target 'YCoreUI' from project 'YCoreUI')
cd /Users/admin/builder/spi-builder-workspace/.swiftpm/xcode
builtin-SwiftPerFileCompile UIView+constrain.swift
SwiftEmitModule normal arm64 Emitting\ module\ for\ YMatterType (in target 'YMatterType' from project 'YMatterType')
SwiftCompile normal arm64 (in target 'YMatterType' from project 'YMatterType')
cd /Users/admin/builder/spi-builder-workspace/.swiftpm/xcode
SwiftDriverJobDiscovery normal arm64 Emitting module for YCoreUI (in target 'YCoreUI' from project 'YCoreUI')
SwiftDriver\ Compilation\ Requirements YCoreUI normal arm64 com.apple.xcode.tools.swift.compiler (in target 'YCoreUI' from project 'YCoreUI')
cd /Users/admin/builder/spi-builder-workspace/.swiftpm/xcode
builtin-Swift-Compilation-Requirements -- /Applications/Xcode-27.0.0-Release.Candidate.app/Contents/Developer/Toolchains/XcodeDefault.xctoolchain/usr/bin/swiftc -parse-as-library -module-name YCoreUI -Onone @/Users/admin/builder/spi-builder-workspace/.derivedData/Build/Intermediates.noindex/YCoreUI.build/Debug-appletvos/YCoreUI-t.build/Objects-normal/arm64/YCoreUI.SwiftFileList -DSWIFT_PACKAGE -DDEBUG -DSWIFT_MODULE_RESOURCE_BUNDLE_UNAVAILABLE -DXcode -plugin-path /Applications/Xcode-27.0.0-Release.Candidate.app/Contents/Developer/Toolchains/XcodeDefault.xctoolchain/usr/lib/swift/host/plugins/testing -enable-experimental-feature DebugDescriptionMacro -sdk /Applications/Xcode-27.0.0-Release.Candidate.app/Contents/Developer/Platforms/AppleTVOS.platform/Developer/SDKs/AppleTVOS27.0.sdk -target arm64-apple-tvos15.0 -g -module-cache-path /Users/admin/builder/spi-builder-workspace/.derivedData/ModuleCache.noindex -Xfrontend -serialize-debugging-options -profile-coverage-mapping -profile-generate -enable-testing -suppress-warnings -index-store-path /Users/admin/builder/spi-builder-workspace/.derivedData/Index.noindex/DataStore -Xcc -D_LIBCPP_HARDENING_MODE\=_LIBCPP_HARDENING_MODE_DEBUG -swift-version 5 -I /Users/admin/builder/spi-builder-workspace/.derivedData/Build/Products/Debug-appletvos -Isystem /Applications/Xcode-27.0.0-Release.Candidate.app/Contents/Developer/Platforms/AppleTVOS.platform/Developer/usr/lib -F /Users/admin/builder/spi-builder-workspace/.derivedData/Build/Products/Debug-appletvos -F /Applications/Xcode-27.0.0-Release.Candidate.app/Contents/Developer/Platforms/AppleTVOS.platform/Developer/Library/Frameworks -F /Applications/Xcode-27.0.0-Release.Candidate.app/Contents/Developer/Platforms/AppleTVOS.platform/Developer/SDKs/AppleTVOS27.0.sdk/Developer/Library/Frameworks -emit-localized-strings -emit-localized-strings-path /Users/admin/builder/spi-builder-workspace/.derivedData/Build/Intermediates.noindex/YCoreUI.build/Debug-appletvos/YCoreUI-t.build/Objects-normal/arm64 -c -j10 -enable-batch-mode -incremental -Xcc -ivfsstatcache -Xcc /Users/admin/builder/spi-builder-workspace/.derivedData/SDKStatCaches.noindex/appletvos27.0-24J360-e829b21a6f8c9b70876ba0858053c044b32bfd8d43560033f8d89884cdb90028.sdkstatcache -output-file-map /Users/admin/builder/spi-builder-workspace/.derivedData/Build/Intermediates.noindex/YCoreUI.build/Debug-appletvos/YCoreUI-t.build/Objects-normal/arm64/YCoreUI-OutputFileMap.json -save-temps -no-color-diagnostics -explicit-module-build -module-cache-path /Users/admin/builder/spi-builder-workspace/.derivedData/Build/Intermediates.noindex/SwiftExplicitPrecompiledModules -clang-scanner-module-cache-path /Users/admin/builder/spi-builder-workspace/.derivedData/ModuleCache.noindex -sdk-module-cache-path /Users/admin/builder/spi-builder-workspace/.derivedData/SDKExplicitPrecompiledModules -emit-dependencies -emit-module -emit-module-path /Users/admin/builder/spi-builder-workspace/.derivedData/Build/Intermediates.noindex/YCoreUI.build/Debug-appletvos/YCoreUI-t.build/Objects-normal/arm64/YCoreUI.swiftmodule -serialize-diagnostics -dependency-scan-serialize-diagnostics-path /Users/admin/builder/spi-builder-workspace/.derivedData/Build/Intermediates.noindex/YCoreUI.build/Debug-appletvos/YCoreUI-t.build/Objects-normal/arm64/YCoreUI-dependency-scan.dia -validate-clang-modules-once -clang-build-session-file /Users/admin/builder/spi-builder-workspace/.derivedData/ModuleCache.noindex/Session.modulevalidation -Xcc -fmodules-prune-interval\=86400 -Xcc -fmodules-prune-after\=345600 -emit-const-values -const-gather-protocols-list /Users/admin/builder/spi-builder-workspace/.derivedData/Build/Intermediates.noindex/YCoreUI.build/Debug-appletvos/YCoreUI-t.build/Objects-normal/arm64/YCoreUI_const_extract_protocols.json -Xcc -I/Users/admin/builder/spi-builder-workspace/.derivedData/Build/Products/Debug-appletvos/include -Xcc -I/Users/admin/builder/spi-builder-workspace/.derivedData/Build/Intermediates.noindex/YCoreUI.build/Debug-appletvos/YCoreUI-t.build/DerivedSources-normal/arm64 -Xcc -I/Users/admin/builder/spi-builder-workspace/.derivedData/Build/Intermediates.noindex/YCoreUI.build/Debug-appletvos/YCoreUI-t.build/DerivedSources/arm64 -Xcc -I/Users/admin/builder/spi-builder-workspace/.derivedData/Build/Intermediates.noindex/YCoreUI.build/Debug-appletvos/YCoreUI-t.build/DerivedSources -Xcc -DSWIFT_PACKAGE -Xcc -DDEBUG\=1 -emit-objc-header -emit-objc-header-path /Users/admin/builder/spi-builder-workspace/.derivedData/Build/Intermediates.noindex/YCoreUI.build/Debug-appletvos/YCoreUI-t.build/Objects-normal/arm64/YCoreUI-Swift.h -working-directory /Users/admin/builder/spi-builder-workspace/.swiftpm/xcode -experimental-emit-module-separately -disable-cmo
SwiftDriverJobDiscovery normal arm64 Emitting module for YMatterType (in target 'YMatterType' from project 'YMatterType')
SwiftCompile normal arm64 Compiling\ NSAttributedString+baseAttributes.swift,\ NSAttributedString+textCase.swift,\ String+textCase.swift /Users/admin/builder/spi-builder-workspace/.dependencies/checkouts/YMatterType/Sources/YMatterType/Extensions/Foundation/NSAttributedString+baseAttributes.swift /Users/admin/builder/spi-builder-workspace/.dependencies/checkouts/YMatterType/Sources/YMatterType/Extensions/Foundation/NSAttributedString+textCase.swift /Users/admin/builder/spi-builder-workspace/.dependencies/checkouts/YMatterType/Sources/YMatterType/Extensions/Foundation/String+textCase.swift (in target 'YMatterType' from project 'YMatterType')
SwiftCompile normal arm64 /Users/admin/builder/spi-builder-workspace/.dependencies/checkouts/YMatterType/Sources/YMatterType/Extensions/Foundation/NSAttributedString+baseAttributes.swift (in target 'YMatterType' from project 'YMatterType')
cd /Users/admin/builder/spi-builder-workspace/.swiftpm/xcode
builtin-SwiftPerFileCompile NSAttributedString+baseAttributes.swift
SwiftCompile normal arm64 /Users/admin/builder/spi-builder-workspace/.dependencies/checkouts/YMatterType/Sources/YMatterType/Extensions/Foundation/NSAttributedString+textCase.swift (in target 'YMatterType' from project 'YMatterType')
cd /Users/admin/builder/spi-builder-workspace/.swiftpm/xcode
builtin-SwiftPerFileCompile NSAttributedString+textCase.swift
SwiftCompile normal arm64 /Users/admin/builder/spi-builder-workspace/.dependencies/checkouts/YMatterType/Sources/YMatterType/Extensions/Foundation/String+textCase.swift (in target 'YMatterType' from project 'YMatterType')
cd /Users/admin/builder/spi-builder-workspace/.swiftpm/xcode
builtin-SwiftPerFileCompile String+textCase.swift
SwiftDriver\ Compilation\ Requirements YMatterType normal arm64 com.apple.xcode.tools.swift.compiler (in target 'YMatterType' from project 'YMatterType')
cd /Users/admin/builder/spi-builder-workspace/.swiftpm/xcode
builtin-Swift-Compilation-Requirements -- /Applications/Xcode-27.0.0-Release.Candidate.app/Contents/Developer/Toolchains/XcodeDefault.xctoolchain/usr/bin/swiftc -parse-as-library -module-name YMatterType -Onone @/Users/admin/builder/spi-builder-workspace/.derivedData/Build/Intermediates.noindex/YMatterType.build/Debug-appletvos/YMatterType-t.build/Objects-normal/arm64/YMatterType.SwiftFileList -DSWIFT_PACKAGE -DDEBUG -DSWIFT_MODULE_RESOURCE_BUNDLE_UNAVAILABLE -DXcode -plugin-path /Applications/Xcode-27.0.0-Release.Candidate.app/Contents/Developer/Toolchains/XcodeDefault.xctoolchain/usr/lib/swift/host/plugins/testing -enable-experimental-feature DebugDescriptionMacro -sdk /Applications/Xcode-27.0.0-Release.Candidate.app/Contents/Developer/Platforms/AppleTVOS.platform/Developer/SDKs/AppleTVOS27.0.sdk -target arm64-apple-tvos15.0 -g -module-cache-path /Users/admin/builder/spi-builder-workspace/.derivedData/ModuleCache.noindex -Xfrontend -serialize-debugging-options -profile-coverage-mapping -profile-generate -enable-testing -suppress-warnings -index-store-path /Users/admin/builder/spi-builder-workspace/.derivedData/Index.noindex/DataStore -Xcc -D_LIBCPP_HARDENING_MODE\=_LIBCPP_HARDENING_MODE_DEBUG -swift-version 5 -I /Users/admin/builder/spi-builder-workspace/.derivedData/Build/Products/Debug-appletvos -Isystem /Applications/Xcode-27.0.0-Release.Candidate.app/Contents/Developer/Platforms/AppleTVOS.platform/Developer/usr/lib -F /Users/admin/builder/spi-builder-workspace/.derivedData/Build/Products/Debug-appletvos -F /Applications/Xcode-27.0.0-Release.Candidate.app/Contents/Developer/Platforms/AppleTVOS.platform/Developer/Library/Frameworks -F /Applications/Xcode-27.0.0-Release.Candidate.app/Contents/Developer/Platforms/AppleTVOS.platform/Developer/SDKs/AppleTVOS27.0.sdk/Developer/Library/Frameworks -emit-localized-strings -emit-localized-strings-path /Users/admin/builder/spi-builder-workspace/.derivedData/Build/Intermediates.noindex/YMatterType.build/Debug-appletvos/YMatterType-t.build/Objects-normal/arm64 -c -j10 -enable-batch-mode -incremental -Xcc -ivfsstatcache -Xcc /Users/admin/builder/spi-builder-workspace/.derivedData/SDKStatCaches.noindex/appletvos27.0-24J360-e829b21a6f8c9b70876ba0858053c044b32bfd8d43560033f8d89884cdb90028.sdkstatcache -output-file-map /Users/admin/builder/spi-builder-workspace/.derivedData/Build/Intermediates.noindex/YMatterType.build/Debug-appletvos/YMatterType-t.build/Objects-normal/arm64/YMatterType-OutputFileMap.json -save-temps -no-color-diagnostics -explicit-module-build -module-cache-path /Users/admin/builder/spi-builder-workspace/.derivedData/Build/Intermediates.noindex/SwiftExplicitPrecompiledModules -clang-scanner-module-cache-path /Users/admin/builder/spi-builder-workspace/.derivedData/ModuleCache.noindex -sdk-module-cache-path /Users/admin/builder/spi-builder-workspace/.derivedData/SDKExplicitPrecompiledModules -emit-dependencies -emit-module -emit-module-path /Users/admin/builder/spi-builder-workspace/.derivedData/Build/Intermediates.noindex/YMatterType.build/Debug-appletvos/YMatterType-t.build/Objects-normal/arm64/YMatterType.swiftmodule -serialize-diagnostics -dependency-scan-serialize-diagnostics-path /Users/admin/builder/spi-builder-workspace/.derivedData/Build/Intermediates.noindex/YMatterType.build/Debug-appletvos/YMatterType-t.build/Objects-normal/arm64/YMatterType-dependency-scan.dia -validate-clang-modules-once -clang-build-session-file /Users/admin/builder/spi-builder-workspace/.derivedData/ModuleCache.noindex/Session.modulevalidation -Xcc -fmodules-prune-interval\=86400 -Xcc -fmodules-prune-after\=345600 -emit-const-values -const-gather-protocols-list /Users/admin/builder/spi-builder-workspace/.derivedData/Build/Intermediates.noindex/YMatterType.build/Debug-appletvos/YMatterType-t.build/Objects-normal/arm64/YMatterType_const_extract_protocols.json -Xcc -I/Users/admin/builder/spi-builder-workspace/.derivedData/Build/Products/Debug-appletvos/include -Xcc -I/Users/admin/builder/spi-builder-workspace/.derivedData/Build/Intermediates.noindex/YMatterType.build/Debug-appletvos/YMatterType-t.build/DerivedSources-normal/arm64 -Xcc -I/Users/admin/builder/spi-builder-workspace/.derivedData/Build/Intermediates.noindex/YMatterType.build/Debug-appletvos/YMatterType-t.build/DerivedSources/arm64 -Xcc -I/Users/admin/builder/spi-builder-workspace/.derivedData/Build/Intermediates.noindex/YMatterType.build/Debug-appletvos/YMatterType-t.build/DerivedSources -Xcc -DSWIFT_PACKAGE -Xcc -DDEBUG\=1 -emit-objc-header -emit-objc-header-path /Users/admin/builder/spi-builder-workspace/.derivedData/Build/Intermediates.noindex/YMatterType.build/Debug-appletvos/YMatterType-t.build/Objects-normal/arm64/YMatterType-Swift.h -working-directory /Users/admin/builder/spi-builder-workspace/.swiftpm/xcode -experimental-emit-module-separately -disable-cmo
SwiftDriverJobDiscovery normal arm64 Compiling NSAttributedString+baseAttributes.swift, NSAttributedString+textCase.swift, String+textCase.swift (in target 'YMatterType' from project 'YMatterType')
SwiftMergeGeneratedHeaders /Users/admin/builder/spi-builder-workspace/.derivedData/Build/Intermediates.noindex/GeneratedModuleMaps-appletvos/YCoreUI-Swift.h /Users/admin/builder/spi-builder-workspace/.derivedData/Build/Intermediates.noindex/YCoreUI.build/Debug-appletvos/YCoreUI-t.build/Objects-normal/arm64/YCoreUI-Swift.h (in target 'YCoreUI' from project 'YCoreUI')
cd /Users/admin/builder/spi-builder-workspace/.dependencies/checkouts/YCoreUI
builtin-swiftHeaderTool -arch arm64 /Users/admin/builder/spi-builder-workspace/.derivedData/Build/Intermediates.noindex/YCoreUI.build/Debug-appletvos/YCoreUI-t.build/Objects-normal/arm64/YCoreUI-Swift.h -o /Users/admin/builder/spi-builder-workspace/.derivedData/Build/Intermediates.noindex/GeneratedModuleMaps-appletvos/YCoreUI-Swift.h
SwiftMergeGeneratedHeaders /Users/admin/builder/spi-builder-workspace/.derivedData/Build/Intermediates.noindex/GeneratedModuleMaps-appletvos/YMatterType-Swift.h /Users/admin/builder/spi-builder-workspace/.derivedData/Build/Intermediates.noindex/YMatterType.build/Debug-appletvos/YMatterType-t.build/Objects-normal/arm64/YMatterType-Swift.h (in target 'YMatterType' from project 'YMatterType')
cd /Users/admin/builder/spi-builder-workspace/.dependencies/checkouts/YMatterType
builtin-swiftHeaderTool -arch arm64 /Users/admin/builder/spi-builder-workspace/.derivedData/Build/Intermediates.noindex/YMatterType.build/Debug-appletvos/YMatterType-t.build/Objects-normal/arm64/YMatterType-Swift.h -o /Users/admin/builder/spi-builder-workspace/.derivedData/Build/Intermediates.noindex/GeneratedModuleMaps-appletvos/YMatterType-Swift.h
Copy /Users/admin/builder/spi-builder-workspace/.derivedData/Build/Products/Debug-appletvos/YMatterType.swiftmodule/arm64-apple-tvos.swiftmodule /Users/admin/builder/spi-builder-workspace/.derivedData/Build/Intermediates.noindex/YMatterType.build/Debug-appletvos/YMatterType-t.build/Objects-normal/arm64/YMatterType.swiftmodule (in target 'YMatterType' from project 'YMatterType')
cd /Users/admin/builder/spi-builder-workspace/.dependencies/checkouts/YMatterType
builtin-copy -exclude .DS_Store -exclude CVS -exclude .svn -exclude .git -exclude .hg -resolve-src-symlinks -rename /Users/admin/builder/spi-builder-workspace/.derivedData/Build/Intermediates.noindex/YMatterType.build/Debug-appletvos/YMatterType-t.build/Objects-normal/arm64/YMatterType.swiftmodule /Users/admin/builder/spi-builder-workspace/.derivedData/Build/Products/Debug-appletvos/YMatterType.swiftmodule/arm64-apple-tvos.swiftmodule
Copy /Users/admin/builder/spi-builder-workspace/.derivedData/Build/Products/Debug-appletvos/YMatterType.swiftmodule/arm64-apple-tvos.swiftdoc /Users/admin/builder/spi-builder-workspace/.derivedData/Build/Intermediates.noindex/YMatterType.build/Debug-appletvos/YMatterType-t.build/Objects-normal/arm64/YMatterType.swiftdoc (in target 'YMatterType' from project 'YMatterType')
cd /Users/admin/builder/spi-builder-workspace/.dependencies/checkouts/YMatterType
builtin-copy -exclude .DS_Store -exclude CVS -exclude .svn -exclude .git -exclude .hg -resolve-src-symlinks -rename /Users/admin/builder/spi-builder-workspace/.derivedData/Build/Intermediates.noindex/YMatterType.build/Debug-appletvos/YMatterType-t.build/Objects-normal/arm64/YMatterType.swiftdoc /Users/admin/builder/spi-builder-workspace/.derivedData/Build/Products/Debug-appletvos/YMatterType.swiftmodule/arm64-apple-tvos.swiftdoc
Copy /Users/admin/builder/spi-builder-workspace/.derivedData/Build/Products/Debug-appletvos/YMatterType.swiftmodule/arm64-apple-tvos.abi.json /Users/admin/builder/spi-builder-workspace/.derivedData/Build/Intermediates.noindex/YMatterType.build/Debug-appletvos/YMatterType-t.build/Objects-normal/arm64/YMatterType.abi.json (in target 'YMatterType' from project 'YMatterType')
cd /Users/admin/builder/spi-builder-workspace/.dependencies/checkouts/YMatterType
builtin-copy -exclude .DS_Store -exclude CVS -exclude .svn -exclude .git -exclude .hg -resolve-src-symlinks -rename /Users/admin/builder/spi-builder-workspace/.derivedData/Build/Intermediates.noindex/YMatterType.build/Debug-appletvos/YMatterType-t.build/Objects-normal/arm64/YMatterType.abi.json /Users/admin/builder/spi-builder-workspace/.derivedData/Build/Products/Debug-appletvos/YMatterType.swiftmodule/arm64-apple-tvos.abi.json
Copy /Users/admin/builder/spi-builder-workspace/.derivedData/Build/Products/Debug-appletvos/YMatterType.swiftmodule/Project/arm64-apple-tvos.swiftsourceinfo /Users/admin/builder/spi-builder-workspace/.derivedData/Build/Intermediates.noindex/YMatterType.build/Debug-appletvos/YMatterType-t.build/Objects-normal/arm64/YMatterType.swiftsourceinfo (in target 'YMatterType' from project 'YMatterType')
cd /Users/admin/builder/spi-builder-workspace/.dependencies/checkouts/YMatterType
builtin-copy -exclude .DS_Store -exclude CVS -exclude .svn -exclude .git -exclude .hg -resolve-src-symlinks -rename /Users/admin/builder/spi-builder-workspace/.derivedData/Build/Intermediates.noindex/YMatterType.build/Debug-appletvos/YMatterType-t.build/Objects-normal/arm64/YMatterType.swiftsourceinfo /Users/admin/builder/spi-builder-workspace/.derivedData/Build/Products/Debug-appletvos/YMatterType.swiftmodule/Project/arm64-apple-tvos.swiftsourceinfo
Copy /Users/admin/builder/spi-builder-workspace/.derivedData/Build/Products/Debug-appletvos/YCoreUI.swiftmodule/arm64-apple-tvos.swiftmodule /Users/admin/builder/spi-builder-workspace/.derivedData/Build/Intermediates.noindex/YCoreUI.build/Debug-appletvos/YCoreUI-t.build/Objects-normal/arm64/YCoreUI.swiftmodule (in target 'YCoreUI' from project 'YCoreUI')
cd /Users/admin/builder/spi-builder-workspace/.dependencies/checkouts/YCoreUI
builtin-copy -exclude .DS_Store -exclude CVS -exclude .svn -exclude .git -exclude .hg -resolve-src-symlinks -rename /Users/admin/builder/spi-builder-workspace/.derivedData/Build/Intermediates.noindex/YCoreUI.build/Debug-appletvos/YCoreUI-t.build/Objects-normal/arm64/YCoreUI.swiftmodule /Users/admin/builder/spi-builder-workspace/.derivedData/Build/Products/Debug-appletvos/YCoreUI.swiftmodule/arm64-apple-tvos.swiftmodule
Copy /Users/admin/builder/spi-builder-workspace/.derivedData/Build/Products/Debug-appletvos/YCoreUI.swiftmodule/arm64-apple-tvos.swiftdoc /Users/admin/builder/spi-builder-workspace/.derivedData/Build/Intermediates.noindex/YCoreUI.build/Debug-appletvos/YCoreUI-t.build/Objects-normal/arm64/YCoreUI.swiftdoc (in target 'YCoreUI' from project 'YCoreUI')
cd /Users/admin/builder/spi-builder-workspace/.dependencies/checkouts/YCoreUI
builtin-copy -exclude .DS_Store -exclude CVS -exclude .svn -exclude .git -exclude .hg -resolve-src-symlinks -rename /Users/admin/builder/spi-builder-workspace/.derivedData/Build/Intermediates.noindex/YCoreUI.build/Debug-appletvos/YCoreUI-t.build/Objects-normal/arm64/YCoreUI.swiftdoc /Users/admin/builder/spi-builder-workspace/.derivedData/Build/Products/Debug-appletvos/YCoreUI.swiftmodule/arm64-apple-tvos.swiftdoc
Copy /Users/admin/builder/spi-builder-workspace/.derivedData/Build/Products/Debug-appletvos/YCoreUI.swiftmodule/arm64-apple-tvos.abi.json /Users/admin/builder/spi-builder-workspace/.derivedData/Build/Intermediates.noindex/YCoreUI.build/Debug-appletvos/YCoreUI-t.build/Objects-normal/arm64/YCoreUI.abi.json (in target 'YCoreUI' from project 'YCoreUI')
cd /Users/admin/builder/spi-builder-workspace/.dependencies/checkouts/YCoreUI
builtin-copy -exclude .DS_Store -exclude CVS -exclude .svn -exclude .git -exclude .hg -resolve-src-symlinks -rename /Users/admin/builder/spi-builder-workspace/.derivedData/Build/Intermediates.noindex/YCoreUI.build/Debug-appletvos/YCoreUI-t.build/Objects-normal/arm64/YCoreUI.abi.json /Users/admin/builder/spi-builder-workspace/.derivedData/Build/Products/Debug-appletvos/YCoreUI.swiftmodule/arm64-apple-tvos.abi.json
Copy /Users/admin/builder/spi-builder-workspace/.derivedData/Build/Products/Debug-appletvos/YCoreUI.swiftmodule/Project/arm64-apple-tvos.swiftsourceinfo /Users/admin/builder/spi-builder-workspace/.derivedData/Build/Intermediates.noindex/YCoreUI.build/Debug-appletvos/YCoreUI-t.build/Objects-normal/arm64/YCoreUI.swiftsourceinfo (in target 'YCoreUI' from project 'YCoreUI')
cd /Users/admin/builder/spi-builder-workspace/.dependencies/checkouts/YCoreUI
builtin-copy -exclude .DS_Store -exclude CVS -exclude .svn -exclude .git -exclude .hg -resolve-src-symlinks -rename /Users/admin/builder/spi-builder-workspace/.derivedData/Build/Intermediates.noindex/YCoreUI.build/Debug-appletvos/YCoreUI-t.build/Objects-normal/arm64/YCoreUI.swiftsourceinfo /Users/admin/builder/spi-builder-workspace/.derivedData/Build/Products/Debug-appletvos/YCoreUI.swiftmodule/Project/arm64-apple-tvos.swiftsourceinfo
SwiftCompile normal arm64 Compiling\ Typography+Font.swift,\ Typography+Mutators.swift /Users/admin/builder/spi-builder-workspace/.dependencies/checkouts/YMatterType/Sources/YMatterType/Typography/Typography+Font.swift /Users/admin/builder/spi-builder-workspace/.dependencies/checkouts/YMatterType/Sources/YMatterType/Typography/Typography+Mutators.swift (in target 'YMatterType' from project 'YMatterType')
SwiftCompile normal arm64 /Users/admin/builder/spi-builder-workspace/.dependencies/checkouts/YMatterType/Sources/YMatterType/Typography/Typography+Font.swift (in target 'YMatterType' from project 'YMatterType')
cd /Users/admin/builder/spi-builder-workspace/.swiftpm/xcode
builtin-SwiftPerFileCompile Typography+Font.swift
SwiftCompile normal arm64 /Users/admin/builder/spi-builder-workspace/.dependencies/checkouts/YMatterType/Sources/YMatterType/Typography/Typography+Mutators.swift (in target 'YMatterType' from project 'YMatterType')
cd /Users/admin/builder/spi-builder-workspace/.swiftpm/xcode
builtin-SwiftPerFileCompile Typography+Mutators.swift
SwiftCompile normal arm64 Compiling\ TypographyLabelRepresentable.swift,\ TextStyleLabel.swift,\ TypographyButton.swift /Users/admin/builder/spi-builder-workspace/.dependencies/checkouts/YMatterType/Sources/YMatterType/Elements/Representables/TypographyLabelRepresentable.swift /Users/admin/builder/spi-builder-workspace/.dependencies/checkouts/YMatterType/Sources/YMatterType/Elements/TextStyleLabel.swift /Users/admin/builder/spi-builder-workspace/.dependencies/checkouts/YMatterType/Sources/YMatterType/Elements/TypographyButton.swift (in target 'YMatterType' from project 'YMatterType')
SwiftCompile normal arm64 /Users/admin/builder/spi-builder-workspace/.dependencies/checkouts/YMatterType/Sources/YMatterType/Elements/Representables/TypographyLabelRepresentable.swift (in target 'YMatterType' from project 'YMatterType')
cd /Users/admin/builder/spi-builder-workspace/.swiftpm/xcode
builtin-SwiftPerFileCompile TypographyLabelRepresentable.swift
SwiftCompile normal arm64 /Users/admin/builder/spi-builder-workspace/.dependencies/checkouts/YMatterType/Sources/YMatterType/Elements/TextStyleLabel.swift (in target 'YMatterType' from project 'YMatterType')
cd /Users/admin/builder/spi-builder-workspace/.swiftpm/xcode
builtin-SwiftPerFileCompile TextStyleLabel.swift
SwiftCompile normal arm64 /Users/admin/builder/spi-builder-workspace/.dependencies/checkouts/YMatterType/Sources/YMatterType/Elements/TypographyButton.swift (in target 'YMatterType' from project 'YMatterType')
cd /Users/admin/builder/spi-builder-workspace/.swiftpm/xcode
builtin-SwiftPerFileCompile TypographyButton.swift
SwiftDriverJobDiscovery normal arm64 Compiling Typography+Font.swift, Typography+Mutators.swift (in target 'YMatterType' from project 'YMatterType')
SwiftCompile normal arm64 Compiling\ DefaultFontFamilyFactory.swift,\ FontFamily.swift,\ FontFamilyFactory.swift /Users/admin/builder/spi-builder-workspace/.dependencies/checkouts/YMatterType/Sources/YMatterType/Typography/FontFamily/DefaultFontFamilyFactory.swift /Users/admin/builder/spi-builder-workspace/.dependencies/checkouts/YMatterType/Sources/YMatterType/Typography/FontFamily/FontFamily.swift /Users/admin/builder/spi-builder-workspace/.dependencies/checkouts/YMatterType/Sources/YMatterType/Typography/FontFamily/FontFamilyFactory.swift (in target 'YMatterType' from project 'YMatterType')
SwiftCompile normal arm64 /Users/admin/builder/spi-builder-workspace/.dependencies/checkouts/YMatterType/Sources/YMatterType/Typography/FontFamily/DefaultFontFamilyFactory.swift (in target 'YMatterType' from project 'YMatterType')
cd /Users/admin/builder/spi-builder-workspace/.swiftpm/xcode
builtin-SwiftPerFileCompile DefaultFontFamilyFactory.swift
SwiftCompile normal arm64 /Users/admin/builder/spi-builder-workspace/.dependencies/checkouts/YMatterType/Sources/YMatterType/Typography/FontFamily/FontFamily.swift (in target 'YMatterType' from project 'YMatterType')
cd /Users/admin/builder/spi-builder-workspace/.swiftpm/xcode
builtin-SwiftPerFileCompile FontFamily.swift
SwiftCompile normal arm64 /Users/admin/builder/spi-builder-workspace/.dependencies/checkouts/YMatterType/Sources/YMatterType/Typography/FontFamily/FontFamilyFactory.swift (in target 'YMatterType' from project 'YMatterType')
cd /Users/admin/builder/spi-builder-workspace/.swiftpm/xcode
builtin-SwiftPerFileCompile FontFamilyFactory.swift
SwiftDriverJobDiscovery normal arm64 Compiling UITraitCollection+colorSpaces.swift, UIView+Animation.swift, UIView+constrain.swift (in target 'YCoreUI' from project 'YCoreUI')
SwiftCompile normal arm64 Compiling\ TypographyLabel.swift,\ TypographyTextField.swift,\ TypographyTextView.swift /Users/admin/builder/spi-builder-workspace/.dependencies/checkouts/YMatterType/Sources/YMatterType/Elements/TypographyLabel.swift /Users/admin/builder/spi-builder-workspace/.dependencies/checkouts/YMatterType/Sources/YMatterType/Elements/TypographyTextField.swift /Users/admin/builder/spi-builder-workspace/.dependencies/checkouts/YMatterType/Sources/YMatterType/Elements/TypographyTextView.swift (in target 'YMatterType' from project 'YMatterType')
SwiftCompile normal arm64 /Users/admin/builder/spi-builder-workspace/.dependencies/checkouts/YMatterType/Sources/YMatterType/Elements/TypographyLabel.swift (in target 'YMatterType' from project 'YMatterType')
cd /Users/admin/builder/spi-builder-workspace/.swiftpm/xcode
builtin-SwiftPerFileCompile TypographyLabel.swift
SwiftCompile normal arm64 /Users/admin/builder/spi-builder-workspace/.dependencies/checkouts/YMatterType/Sources/YMatterType/Elements/TypographyTextField.swift (in target 'YMatterType' from project 'YMatterType')
cd /Users/admin/builder/spi-builder-workspace/.swiftpm/xcode
builtin-SwiftPerFileCompile TypographyTextField.swift
SwiftCompile normal arm64 /Users/admin/builder/spi-builder-workspace/.dependencies/checkouts/YMatterType/Sources/YMatterType/Elements/TypographyTextView.swift (in target 'YMatterType' from project 'YMatterType')
cd /Users/admin/builder/spi-builder-workspace/.swiftpm/xcode
builtin-SwiftPerFileCompile TypographyTextView.swift
SwiftCompile normal arm64 Compiling\ String+textSize.swift,\ NSParagraphStyle+lineSpacing.swift,\ UIFont+register.swift /Users/admin/builder/spi-builder-workspace/.dependencies/checkouts/YMatterType/Sources/YMatterType/Extensions/Foundation/String+textSize.swift /Users/admin/builder/spi-builder-workspace/.dependencies/checkouts/YMatterType/Sources/YMatterType/Extensions/UIKit/NSParagraphStyle+lineSpacing.swift /Users/admin/builder/spi-builder-workspace/.dependencies/checkouts/YMatterType/Sources/YMatterType/Extensions/UIKit/UIFont+register.swift (in target 'YMatterType' from project 'YMatterType')
SwiftCompile normal arm64 /Users/admin/builder/spi-builder-workspace/.dependencies/checkouts/YMatterType/Sources/YMatterType/Extensions/Foundation/String+textSize.swift (in target 'YMatterType' from project 'YMatterType')
cd /Users/admin/builder/spi-builder-workspace/.swiftpm/xcode
builtin-SwiftPerFileCompile String+textSize.swift
SwiftCompile normal arm64 /Users/admin/builder/spi-builder-workspace/.dependencies/checkouts/YMatterType/Sources/YMatterType/Extensions/UIKit/NSParagraphStyle+lineSpacing.swift (in target 'YMatterType' from project 'YMatterType')
cd /Users/admin/builder/spi-builder-workspace/.swiftpm/xcode
builtin-SwiftPerFileCompile NSParagraphStyle+lineSpacing.swift
SwiftCompile normal arm64 /Users/admin/builder/spi-builder-workspace/.dependencies/checkouts/YMatterType/Sources/YMatterType/Extensions/UIKit/UIFont+register.swift (in target 'YMatterType' from project 'YMatterType')
cd /Users/admin/builder/spi-builder-workspace/.swiftpm/xcode
builtin-SwiftPerFileCompile UIFont+register.swift
SwiftDriverJobDiscovery normal arm64 Compiling FormViewController.swift, CGFloat+rounded.swift, CGSize+inset.swift, String+Localizable.swift (in target 'YCoreUI' from project 'YCoreUI')
SwiftCompile normal arm64 Compiling\ UITraitCollection+breakpoint.swift,\ UITraitCollection+fontAppearance.swift,\ DefaultFontFamily.swift /Users/admin/builder/spi-builder-workspace/.dependencies/checkouts/YMatterType/Sources/YMatterType/Extensions/UIKit/UITraitCollection+breakpoint.swift /Users/admin/builder/spi-builder-workspace/.dependencies/checkouts/YMatterType/Sources/YMatterType/Extensions/UIKit/UITraitCollection+fontAppearance.swift /Users/admin/builder/spi-builder-workspace/.dependencies/checkouts/YMatterType/Sources/YMatterType/Typography/FontFamily/DefaultFontFamily.swift (in target 'YMatterType' from project 'YMatterType')
SwiftCompile normal arm64 /Users/admin/builder/spi-builder-workspace/.dependencies/checkouts/YMatterType/Sources/YMatterType/Extensions/UIKit/UITraitCollection+breakpoint.swift (in target 'YMatterType' from project 'YMatterType')
cd /Users/admin/builder/spi-builder-workspace/.swiftpm/xcode
builtin-SwiftPerFileCompile UITraitCollection+breakpoint.swift
SwiftCompile normal arm64 /Users/admin/builder/spi-builder-workspace/.dependencies/checkouts/YMatterType/Sources/YMatterType/Extensions/UIKit/UITraitCollection+fontAppearance.swift (in target 'YMatterType' from project 'YMatterType')
cd /Users/admin/builder/spi-builder-workspace/.swiftpm/xcode
builtin-SwiftPerFileCompile UITraitCollection+fontAppearance.swift
SwiftCompile normal arm64 /Users/admin/builder/spi-builder-workspace/.dependencies/checkouts/YMatterType/Sources/YMatterType/Typography/FontFamily/DefaultFontFamily.swift (in target 'YMatterType' from project 'YMatterType')
cd /Users/admin/builder/spi-builder-workspace/.swiftpm/xcode
builtin-SwiftPerFileCompile DefaultFontFamily.swift
SwiftCompile normal arm64 Compiling\ Typography+System.swift,\ Typography.swift /Users/admin/builder/spi-builder-workspace/.dependencies/checkouts/YMatterType/Sources/YMatterType/Typography/Typography+System.swift /Users/admin/builder/spi-builder-workspace/.dependencies/checkouts/YMatterType/Sources/YMatterType/Typography/Typography.swift (in target 'YMatterType' from project 'YMatterType')
SwiftCompile normal arm64 /Users/admin/builder/spi-builder-workspace/.dependencies/checkouts/YMatterType/Sources/YMatterType/Typography/Typography+System.swift (in target 'YMatterType' from project 'YMatterType')
cd /Users/admin/builder/spi-builder-workspace/.swiftpm/xcode
builtin-SwiftPerFileCompile Typography+System.swift
SwiftCompile normal arm64 /Users/admin/builder/spi-builder-workspace/.dependencies/checkouts/YMatterType/Sources/YMatterType/Typography/Typography.swift (in target 'YMatterType' from project 'YMatterType')
cd /Users/admin/builder/spi-builder-workspace/.swiftpm/xcode
builtin-SwiftPerFileCompile Typography.swift
SwiftCompile normal arm64 Compiling\ HelveticaNeueFontFamily.swift,\ SystemFontFamily.swift,\ Typography+Enums.swift /Users/admin/builder/spi-builder-workspace/.dependencies/checkouts/YMatterType/Sources/YMatterType/Typography/FontFamily/HelveticaNeueFontFamily.swift /Users/admin/builder/spi-builder-workspace/.dependencies/checkouts/YMatterType/Sources/YMatterType/Typography/FontFamily/SystemFontFamily.swift /Users/admin/builder/spi-builder-workspace/.dependencies/checkouts/YMatterType/Sources/YMatterType/Typography/Typography+Enums.swift (in target 'YMatterType' from project 'YMatterType')
SwiftCompile normal arm64 /Users/admin/builder/spi-builder-workspace/.dependencies/checkouts/YMatterType/Sources/YMatterType/Typography/FontFamily/HelveticaNeueFontFamily.swift (in target 'YMatterType' from project 'YMatterType')
cd /Users/admin/builder/spi-builder-workspace/.swiftpm/xcode
builtin-SwiftPerFileCompile HelveticaNeueFontFamily.swift
SwiftCompile normal arm64 /Users/admin/builder/spi-builder-workspace/.dependencies/checkouts/YMatterType/Sources/YMatterType/Typography/FontFamily/SystemFontFamily.swift (in target 'YMatterType' from project 'YMatterType')
cd /Users/admin/builder/spi-builder-workspace/.swiftpm/xcode
builtin-SwiftPerFileCompile SystemFontFamily.swift
SwiftCompile normal arm64 /Users/admin/builder/spi-builder-workspace/.dependencies/checkouts/YMatterType/Sources/YMatterType/Typography/Typography+Enums.swift (in target 'YMatterType' from project 'YMatterType')
cd /Users/admin/builder/spi-builder-workspace/.swiftpm/xcode
builtin-SwiftPerFileCompile Typography+Enums.swift
SwiftCompile normal arm64 Compiling\ TypographyLayout.swift,\ YMatterType+Logging.swift /Users/admin/builder/spi-builder-workspace/.dependencies/checkouts/YMatterType/Sources/YMatterType/Typography/TypographyLayout.swift /Users/admin/builder/spi-builder-workspace/.dependencies/checkouts/YMatterType/Sources/YMatterType/YMatterType+Logging.swift (in target 'YMatterType' from project 'YMatterType')
SwiftCompile normal arm64 /Users/admin/builder/spi-builder-workspace/.dependencies/checkouts/YMatterType/Sources/YMatterType/Typography/TypographyLayout.swift (in target 'YMatterType' from project 'YMatterType')
cd /Users/admin/builder/spi-builder-workspace/.swiftpm/xcode
builtin-SwiftPerFileCompile TypographyLayout.swift
SwiftCompile normal arm64 /Users/admin/builder/spi-builder-workspace/.dependencies/checkouts/YMatterType/Sources/YMatterType/YMatterType+Logging.swift (in target 'YMatterType' from project 'YMatterType')
cd /Users/admin/builder/spi-builder-workspace/.swiftpm/xcode
builtin-SwiftPerFileCompile YMatterType+Logging.swift
SwiftCompile normal arm64 Compiling\ UIColor+rgb.swift,\ UIColor+rgbComponents.swift,\ UIColor+rgbValue.swift,\ UIEdgeInsets+directional.swift /Users/admin/builder/spi-builder-workspace/.dependencies/checkouts/YCoreUI/Sources/YCoreUI/Extensions/UIKit/UIColor+rgb.swift /Users/admin/builder/spi-builder-workspace/.dependencies/checkouts/YCoreUI/Sources/YCoreUI/Extensions/UIKit/UIColor+rgbComponents.swift /Users/admin/builder/spi-builder-workspace/.dependencies/checkouts/YCoreUI/Sources/YCoreUI/Extensions/UIKit/UIColor+rgbValue.swift /Users/admin/builder/spi-builder-workspace/.dependencies/checkouts/YCoreUI/Sources/YCoreUI/Extensions/UIKit/UIEdgeInsets+directional.swift (in target 'YCoreUI' from project 'YCoreUI')
SwiftCompile normal arm64 /Users/admin/builder/spi-builder-workspace/.dependencies/checkouts/YCoreUI/Sources/YCoreUI/Extensions/UIKit/UIColor+rgb.swift (in target 'YCoreUI' from project 'YCoreUI')
cd /Users/admin/builder/spi-builder-workspace/.swiftpm/xcode
builtin-SwiftPerFileCompile UIColor+rgb.swift
SwiftCompile normal arm64 /Users/admin/builder/spi-builder-workspace/.dependencies/checkouts/YCoreUI/Sources/YCoreUI/Extensions/UIKit/UIColor+rgbComponents.swift (in target 'YCoreUI' from project 'YCoreUI')
cd /Users/admin/builder/spi-builder-workspace/.swiftpm/xcode
builtin-SwiftPerFileCompile UIColor+rgbComponents.swift
SwiftCompile normal arm64 /Users/admin/builder/spi-builder-workspace/.dependencies/checkouts/YCoreUI/Sources/YCoreUI/Extensions/UIKit/UIColor+rgbValue.swift (in target 'YCoreUI' from project 'YCoreUI')
cd /Users/admin/builder/spi-builder-workspace/.swiftpm/xcode
builtin-SwiftPerFileCompile UIColor+rgbValue.swift
SwiftCompile normal arm64 /Users/admin/builder/spi-builder-workspace/.dependencies/checkouts/YCoreUI/Sources/YCoreUI/Extensions/UIKit/UIEdgeInsets+directional.swift (in target 'YCoreUI' from project 'YCoreUI')
cd /Users/admin/builder/spi-builder-workspace/.swiftpm/xcode
builtin-SwiftPerFileCompile UIEdgeInsets+directional.swift
SwiftDriverJobDiscovery normal arm64 Compiling Anchorable.swift, Colorable.swift, ImageAsset.swift (in target 'YCoreUI' from project 'YCoreUI')
SwiftDriverJobDiscovery normal arm64 Compiling UIEdgeInsets+horizontal.swift, UIEdgeInsets+init.swift, UIScreen+scaleFactor.swift, UIScrollView+keyboardNotifications.swift (in target 'YCoreUI' from project 'YCoreUI')
SwiftDriverJobDiscovery normal arm64 Compiling UIView+constrainSize.swift, Animation.swift, Elevation.swift (in target 'YCoreUI' from project 'YCoreUI')
SwiftDriverJobDiscovery normal arm64 Compiling NSDirectionalEdgeInsets+horizontal.swift, NSDirectionalEdgeInsets+init.swift, UIColor+WCAG.swift, UIColor+blended.swift (in target 'YCoreUI' from project 'YCoreUI')
SwiftDriverJobDiscovery normal arm64 Compiling UIView+constrainAnchor.swift, UIView+constrainAspectRatio.swift, UIView+constrainBelow.swift (in target 'YCoreUI' from project 'YCoreUI')
SwiftDriverJobDiscovery normal arm64 Compiling UIView+constrainCenter.swift, UIView+constrainEdges.swift, UIView+constrainEdgesToMargins.swift (in target 'YCoreUI' from project 'YCoreUI')
SwiftDriverJobDiscovery normal arm64 Compiling Localizable.swift, SystemImage.swift, YCoreUI+Logging.swift (in target 'YCoreUI' from project 'YCoreUI')
SwiftDriver YBottomSheet normal arm64 com.apple.xcode.tools.swift.compiler (in target 'YBottomSheet' from project 'YBottomSheet')
cd /Users/admin/builder/spi-builder-workspace/.swiftpm/xcode
builtin-SwiftDriver -- /Applications/Xcode-27.0.0-Release.Candidate.app/Contents/Developer/Toolchains/XcodeDefault.xctoolchain/usr/bin/swiftc -parse-as-library -module-name YBottomSheet -Onone @/Users/admin/builder/spi-builder-workspace/.derivedData/Build/Intermediates.noindex/YBottomSheet.build/Debug-appletvos/YBottomSheet-t.build/Objects-normal/arm64/YBottomSheet.SwiftFileList -DSWIFT_PACKAGE -DDEBUG -DSWIFT_MODULE_RESOURCE_BUNDLE_AVAILABLE -DXcode -plugin-path /Applications/Xcode-27.0.0-Release.Candidate.app/Contents/Developer/Toolchains/XcodeDefault.xctoolchain/usr/lib/swift/host/plugins/testing -enable-experimental-feature DebugDescriptionMacro -sdk /Applications/Xcode-27.0.0-Release.Candidate.app/Contents/Developer/Platforms/AppleTVOS.platform/Developer/SDKs/AppleTVOS27.0.sdk -target arm64-apple-tvos15.0 -g -module-cache-path /Users/admin/builder/spi-builder-workspace/.derivedData/ModuleCache.noindex -Xfrontend -serialize-debugging-options -profile-coverage-mapping -profile-generate -enable-testing -index-store-path /Users/admin/builder/spi-builder-workspace/.derivedData/Index.noindex/DataStore -Xcc -D_LIBCPP_HARDENING_MODE\=_LIBCPP_HARDENING_MODE_DEBUG -swift-version 5 -I /Users/admin/builder/spi-builder-workspace/.derivedData/Build/Products/Debug-appletvos -Isystem /Applications/Xcode-27.0.0-Release.Candidate.app/Contents/Developer/Platforms/AppleTVOS.platform/Developer/usr/lib -F /Users/admin/builder/spi-builder-workspace/.derivedData/Build/Products/Debug-appletvos/PackageFrameworks -F /Users/admin/builder/spi-builder-workspace/.derivedData/Build/Products/Debug-appletvos -F /Applications/Xcode-27.0.0-Release.Candidate.app/Contents/Developer/Platforms/AppleTVOS.platform/Developer/Library/Frameworks -F /Applications/Xcode-27.0.0-Release.Candidate.app/Contents/Developer/Platforms/AppleTVOS.platform/Developer/SDKs/AppleTVOS27.0.sdk/Developer/Library/Frameworks -emit-localized-strings -emit-localized-strings-path /Users/admin/builder/spi-builder-workspace/.derivedData/Build/Intermediates.noindex/YBottomSheet.build/Debug-appletvos/YBottomSheet-t.build/Objects-normal/arm64 -c -j10 -enable-batch-mode -incremental -Xcc -ivfsstatcache -Xcc /Users/admin/builder/spi-builder-workspace/.derivedData/SDKStatCaches.noindex/appletvos27.0-24J360-e829b21a6f8c9b70876ba0858053c044b32bfd8d43560033f8d89884cdb90028.sdkstatcache -output-file-map /Users/admin/builder/spi-builder-workspace/.derivedData/Build/Intermediates.noindex/YBottomSheet.build/Debug-appletvos/YBottomSheet-t.build/Objects-normal/arm64/YBottomSheet-OutputFileMap.json -save-temps -no-color-diagnostics -explicit-module-build -module-cache-path /Users/admin/builder/spi-builder-workspace/.derivedData/Build/Intermediates.noindex/SwiftExplicitPrecompiledModules -clang-scanner-module-cache-path /Users/admin/builder/spi-builder-workspace/.derivedData/ModuleCache.noindex -sdk-module-cache-path /Users/admin/builder/spi-builder-workspace/.derivedData/SDKExplicitPrecompiledModules -emit-dependencies -emit-module -emit-module-path /Users/admin/builder/spi-builder-workspace/.derivedData/Build/Intermediates.noindex/YBottomSheet.build/Debug-appletvos/YBottomSheet-t.build/Objects-normal/arm64/YBottomSheet.swiftmodule -serialize-diagnostics -dependency-scan-serialize-diagnostics-path /Users/admin/builder/spi-builder-workspace/.derivedData/Build/Intermediates.noindex/YBottomSheet.build/Debug-appletvos/YBottomSheet-t.build/Objects-normal/arm64/YBottomSheet-dependency-scan.dia -validate-clang-modules-once -clang-build-session-file /Users/admin/builder/spi-builder-workspace/.derivedData/ModuleCache.noindex/Session.modulevalidation -Xcc -fmodules-prune-interval\=86400 -Xcc -fmodules-prune-after\=345600 -emit-const-values -const-gather-protocols-list /Users/admin/builder/spi-builder-workspace/.derivedData/Build/Intermediates.noindex/YBottomSheet.build/Debug-appletvos/YBottomSheet-t.build/Objects-normal/arm64/YBottomSheet_const_extract_protocols.json -Xcc -I/Users/admin/builder/spi-builder-workspace/.derivedData/Build/Products/Debug-appletvos/include -Xcc -I/Users/admin/builder/spi-builder-workspace/.derivedData/Build/Intermediates.noindex/YBottomSheet.build/Debug-appletvos/YBottomSheet-t.build/DerivedSources-normal/arm64 -Xcc -I/Users/admin/builder/spi-builder-workspace/.derivedData/Build/Intermediates.noindex/YBottomSheet.build/Debug-appletvos/YBottomSheet-t.build/DerivedSources/arm64 -Xcc -I/Users/admin/builder/spi-builder-workspace/.derivedData/Build/Intermediates.noindex/YBottomSheet.build/Debug-appletvos/YBottomSheet-t.build/DerivedSources -Xcc -DSWIFT_PACKAGE -Xcc -DDEBUG\=1 -emit-objc-header -emit-objc-header-path /Users/admin/builder/spi-builder-workspace/.derivedData/Build/Intermediates.noindex/YBottomSheet.build/Debug-appletvos/YBottomSheet-t.build/Objects-normal/arm64/YBottomSheet-Swift.h -working-directory /Users/admin/builder/spi-builder-workspace/.swiftpm/xcode -experimental-emit-module-separately -disable-cmo
SwiftDriverJobDiscovery normal arm64 Compiling UITraitCollection+breakpoint.swift, UITraitCollection+fontAppearance.swift, DefaultFontFamily.swift (in target 'YMatterType' from project 'YMatterType')
SwiftDriverJobDiscovery normal arm64 Compiling Typography+System.swift, Typography.swift (in target 'YMatterType' from project 'YMatterType')
SwiftDriverJobDiscovery normal arm64 Compiling TypographyLayout.swift, YMatterType+Logging.swift (in target 'YMatterType' from project 'YMatterType')
SwiftDriverJobDiscovery normal arm64 Compiling String+textSize.swift, NSParagraphStyle+lineSpacing.swift, UIFont+register.swift (in target 'YMatterType' from project 'YMatterType')
SwiftDriverJobDiscovery normal arm64 Compiling HelveticaNeueFontFamily.swift, SystemFontFamily.swift, Typography+Enums.swift (in target 'YMatterType' from project 'YMatterType')
SwiftDriverJobDiscovery normal arm64 Compiling DefaultFontFamilyFactory.swift, FontFamily.swift, FontFamilyFactory.swift (in target 'YMatterType' from project 'YMatterType')
SwiftDriverJobDiscovery normal arm64 Compiling UIColor+rgb.swift, UIColor+rgbComponents.swift, UIColor+rgbValue.swift, UIEdgeInsets+directional.swift (in target 'YCoreUI' from project 'YCoreUI')
SwiftDriver\ Compilation YCoreUI normal arm64 com.apple.xcode.tools.swift.compiler (in target 'YCoreUI' from project 'YCoreUI')
cd /Users/admin/builder/spi-builder-workspace/.swiftpm/xcode
builtin-Swift-Compilation -- /Applications/Xcode-27.0.0-Release.Candidate.app/Contents/Developer/Toolchains/XcodeDefault.xctoolchain/usr/bin/swiftc -parse-as-library -module-name YCoreUI -Onone @/Users/admin/builder/spi-builder-workspace/.derivedData/Build/Intermediates.noindex/YCoreUI.build/Debug-appletvos/YCoreUI-t.build/Objects-normal/arm64/YCoreUI.SwiftFileList -DSWIFT_PACKAGE -DDEBUG -DSWIFT_MODULE_RESOURCE_BUNDLE_UNAVAILABLE -DXcode -plugin-path /Applications/Xcode-27.0.0-Release.Candidate.app/Contents/Developer/Toolchains/XcodeDefault.xctoolchain/usr/lib/swift/host/plugins/testing -enable-experimental-feature DebugDescriptionMacro -sdk /Applications/Xcode-27.0.0-Release.Candidate.app/Contents/Developer/Platforms/AppleTVOS.platform/Developer/SDKs/AppleTVOS27.0.sdk -target arm64-apple-tvos15.0 -g -module-cache-path /Users/admin/builder/spi-builder-workspace/.derivedData/ModuleCache.noindex -Xfrontend -serialize-debugging-options -profile-coverage-mapping -profile-generate -enable-testing -suppress-warnings -index-store-path /Users/admin/builder/spi-builder-workspace/.derivedData/Index.noindex/DataStore -Xcc -D_LIBCPP_HARDENING_MODE\=_LIBCPP_HARDENING_MODE_DEBUG -swift-version 5 -I /Users/admin/builder/spi-builder-workspace/.derivedData/Build/Products/Debug-appletvos -Isystem /Applications/Xcode-27.0.0-Release.Candidate.app/Contents/Developer/Platforms/AppleTVOS.platform/Developer/usr/lib -F /Users/admin/builder/spi-builder-workspace/.derivedData/Build/Products/Debug-appletvos -F /Applications/Xcode-27.0.0-Release.Candidate.app/Contents/Developer/Platforms/AppleTVOS.platform/Developer/Library/Frameworks -F /Applications/Xcode-27.0.0-Release.Candidate.app/Contents/Developer/Platforms/AppleTVOS.platform/Developer/SDKs/AppleTVOS27.0.sdk/Developer/Library/Frameworks -emit-localized-strings -emit-localized-strings-path /Users/admin/builder/spi-builder-workspace/.derivedData/Build/Intermediates.noindex/YCoreUI.build/Debug-appletvos/YCoreUI-t.build/Objects-normal/arm64 -c -j10 -enable-batch-mode -incremental -Xcc -ivfsstatcache -Xcc /Users/admin/builder/spi-builder-workspace/.derivedData/SDKStatCaches.noindex/appletvos27.0-24J360-e829b21a6f8c9b70876ba0858053c044b32bfd8d43560033f8d89884cdb90028.sdkstatcache -output-file-map /Users/admin/builder/spi-builder-workspace/.derivedData/Build/Intermediates.noindex/YCoreUI.build/Debug-appletvos/YCoreUI-t.build/Objects-normal/arm64/YCoreUI-OutputFileMap.json -save-temps -no-color-diagnostics -explicit-module-build -module-cache-path /Users/admin/builder/spi-builder-workspace/.derivedData/Build/Intermediates.noindex/SwiftExplicitPrecompiledModules -clang-scanner-module-cache-path /Users/admin/builder/spi-builder-workspace/.derivedData/ModuleCache.noindex -sdk-module-cache-path /Users/admin/builder/spi-builder-workspace/.derivedData/SDKExplicitPrecompiledModules -emit-dependencies -emit-module -emit-module-path /Users/admin/builder/spi-builder-workspace/.derivedData/Build/Intermediates.noindex/YCoreUI.build/Debug-appletvos/YCoreUI-t.build/Objects-normal/arm64/YCoreUI.swiftmodule -serialize-diagnostics -dependency-scan-serialize-diagnostics-path /Users/admin/builder/spi-builder-workspace/.derivedData/Build/Intermediates.noindex/YCoreUI.build/Debug-appletvos/YCoreUI-t.build/Objects-normal/arm64/YCoreUI-dependency-scan.dia -validate-clang-modules-once -clang-build-session-file /Users/admin/builder/spi-builder-workspace/.derivedData/ModuleCache.noindex/Session.modulevalidation -Xcc -fmodules-prune-interval\=86400 -Xcc -fmodules-prune-after\=345600 -emit-const-values -const-gather-protocols-list /Users/admin/builder/spi-builder-workspace/.derivedData/Build/Intermediates.noindex/YCoreUI.build/Debug-appletvos/YCoreUI-t.build/Objects-normal/arm64/YCoreUI_const_extract_protocols.json -Xcc -I/Users/admin/builder/spi-builder-workspace/.derivedData/Build/Products/Debug-appletvos/include -Xcc -I/Users/admin/builder/spi-builder-workspace/.derivedData/Build/Intermediates.noindex/YCoreUI.build/Debug-appletvos/YCoreUI-t.build/DerivedSources-normal/arm64 -Xcc -I/Users/admin/builder/spi-builder-workspace/.derivedData/Build/Intermediates.noindex/YCoreUI.build/Debug-appletvos/YCoreUI-t.build/DerivedSources/arm64 -Xcc -I/Users/admin/builder/spi-builder-workspace/.derivedData/Build/Intermediates.noindex/YCoreUI.build/Debug-appletvos/YCoreUI-t.build/DerivedSources -Xcc -DSWIFT_PACKAGE -Xcc -DDEBUG\=1 -emit-objc-header -emit-objc-header-path /Users/admin/builder/spi-builder-workspace/.derivedData/Build/Intermediates.noindex/YCoreUI.build/Debug-appletvos/YCoreUI-t.build/Objects-normal/arm64/YCoreUI-Swift.h -working-directory /Users/admin/builder/spi-builder-workspace/.swiftpm/xcode -experimental-emit-module-separately -disable-cmo
Ld /Users/admin/builder/spi-builder-workspace/.derivedData/Build/Products/Debug-appletvos/YCoreUI.o normal (in target 'YCoreUI' from project 'YCoreUI')
cd /Users/admin/builder/spi-builder-workspace/.dependencies/checkouts/YCoreUI
/Applications/Xcode-27.0.0-Release.Candidate.app/Contents/Developer/Toolchains/XcodeDefault.xctoolchain/usr/bin/clang -Xlinker -reproducible -target arm64-apple-tvos15.0 -r -isysroot /Applications/Xcode-27.0.0-Release.Candidate.app/Contents/Developer/Platforms/AppleTVOS.platform/Developer/SDKs/AppleTVOS27.0.sdk -O0 -w -Xlinker -no_warn_duplicate_libraries -F/Users/admin/builder/spi-builder-workspace/.derivedData/Build/Intermediates.noindex/EagerLinkingTBDs/Debug-appletvos -F/Users/admin/builder/spi-builder-workspace/.derivedData/Build/Products/Debug-appletvos -iframework /Applications/Xcode-27.0.0-Release.Candidate.app/Contents/Developer/Platforms/AppleTVOS.platform/Developer/Library/Frameworks -iframework /Applications/Xcode-27.0.0-Release.Candidate.app/Contents/Developer/Platforms/AppleTVOS.platform/Developer/SDKs/AppleTVOS27.0.sdk/Developer/Library/Frameworks -filelist /Users/admin/builder/spi-builder-workspace/.derivedData/Build/Intermediates.noindex/YCoreUI.build/Debug-appletvos/YCoreUI-t.build/Objects-normal/arm64/YCoreUI.LinkFileList -nostdlib -Xlinker -object_path_lto -Xlinker /Users/admin/builder/spi-builder-workspace/.derivedData/Build/Intermediates.noindex/YCoreUI.build/Debug-appletvos/YCoreUI-t.build/Objects-normal/arm64/YCoreUI_lto.o -Xlinker -no_deduplicate -Xlinker -debug_variant -Xlinker -dependency_info -Xlinker /Users/admin/builder/spi-builder-workspace/.derivedData/Build/Intermediates.noindex/YCoreUI.build/Debug-appletvos/YCoreUI-t.build/Objects-normal/arm64/YCoreUI_dependency_info.dat -fobjc-link-runtime -L/Applications/Xcode-27.0.0-Release.Candidate.app/Contents/Developer/Toolchains/XcodeDefault.xctoolchain/usr/lib/swift/appletvos -L/usr/lib/swift -Xlinker -add_ast_path -Xlinker /Users/admin/builder/spi-builder-workspace/.derivedData/Build/Intermediates.noindex/YCoreUI.build/Debug-appletvos/YCoreUI-t.build/Objects-normal/arm64/YCoreUI.swiftmodule -o /Users/admin/builder/spi-builder-workspace/.derivedData/Build/Products/Debug-appletvos/YCoreUI.o
ExtractAppIntentsMetadata (in target 'YCoreUI' from project 'YCoreUI')
cd /Users/admin/builder/spi-builder-workspace/.dependencies/checkouts/YCoreUI
/Applications/Xcode-27.0.0-Release.Candidate.app/Contents/Developer/Toolchains/XcodeDefault.xctoolchain/usr/bin/appintentsmetadataprocessor --toolchain-dir /var/run/com.apple.security.cryptexd/mnt/com.apple.MobileAsset.MetalToolchain-v27.1.266.1.7fHlMD/Metal.xctoolchain --module-name YCoreUI --sdk-root /Applications/Xcode-27.0.0-Release.Candidate.app/Contents/Developer/Platforms/AppleTVOS.platform/Developer/SDKs/AppleTVOS27.0.sdk --xcode-version 27A266a --platform-family tvOS --deployment-target 15.0 --bundle-identifier ycoreui.YCoreUI --output /Users/admin/builder/spi-builder-workspace/.derivedData/Build/Products/Debug-appletvos/YCoreUI.appintents --target-triple arm64-apple-tvos15.0 --binary-file /Users/admin/builder/spi-builder-workspace/.derivedData/Build/Products/Debug-appletvos/YCoreUI.o --dependency-file /Users/admin/builder/spi-builder-workspace/.derivedData/Build/Intermediates.noindex/YCoreUI.build/Debug-appletvos/YCoreUI-t.build/Objects-normal/arm64/YCoreUI_dependency_info.dat --stringsdata-file /Users/admin/builder/spi-builder-workspace/.derivedData/Build/Intermediates.noindex/YCoreUI.build/Debug-appletvos/YCoreUI-t.build/Objects-normal/arm64/ExtractedAppShortcutsMetadata.stringsdata --source-file-list /Users/admin/builder/spi-builder-workspace/.derivedData/Build/Intermediates.noindex/YCoreUI.build/Debug-appletvos/YCoreUI-t.build/Objects-normal/arm64/YCoreUI.SwiftFileList --metadata-file-list /Users/admin/builder/spi-builder-workspace/.derivedData/Build/Intermediates.noindex/YCoreUI.build/Debug-appletvos/YCoreUI-t.build/YCoreUI.DependencyMetadataFileList --static-metadata-file-list /Users/admin/builder/spi-builder-workspace/.derivedData/Build/Intermediates.noindex/YCoreUI.build/Debug-appletvos/YCoreUI-t.build/YCoreUI.DependencyStaticMetadataFileList --swift-const-vals-list /Users/admin/builder/spi-builder-workspace/.derivedData/Build/Intermediates.noindex/YCoreUI.build/Debug-appletvos/YCoreUI-t.build/Objects-normal/arm64/YCoreUI.SwiftConstValuesFileList --force --compile-time-extraction --deployment-aware-processing --no-app-shortcuts-localization
2026-09-19 15:21:29.481 appintentsmetadataprocessor[841:5198] Starting appintentsmetadataprocessor export
2026-09-19 15:21:29.615 appintentsmetadataprocessor[841:5198] Extracted no relevant App Intents symbols, skipping writing output
SwiftCompile normal arm64 Compiling\ BottomSheetController+Appearance+Layout.swift,\ BottomSheetController+Appearance.swift /Users/admin/builder/spi-builder-workspace/Sources/YBottomSheet/BottomSheetController+Appearance+Layout.swift /Users/admin/builder/spi-builder-workspace/Sources/YBottomSheet/BottomSheetController+Appearance.swift (in target 'YBottomSheet' from project 'YBottomSheet')
SwiftCompile normal arm64 /Users/admin/builder/spi-builder-workspace/Sources/YBottomSheet/BottomSheetController+Appearance+Layout.swift (in target 'YBottomSheet' from project 'YBottomSheet')
cd /Users/admin/builder/spi-builder-workspace/.swiftpm/xcode
builtin-SwiftPerFileCompile BottomSheetController+Appearance+Layout.swift
SwiftCompile normal arm64 /Users/admin/builder/spi-builder-workspace/Sources/YBottomSheet/BottomSheetController+Appearance.swift (in target 'YBottomSheet' from project 'YBottomSheet')
cd /Users/admin/builder/spi-builder-workspace/.swiftpm/xcode
builtin-SwiftPerFileCompile BottomSheetController+Appearance.swift
SwiftCompile normal arm64 Compiling\ resource_bundle_accessor.swift,\ Animation+BottomSheet.swift,\ BottomSheetAnimator.swift /Users/admin/builder/spi-builder-workspace/.derivedData/Build/Intermediates.noindex/YBottomSheet.build/Debug-appletvos/YBottomSheet-t.build/DerivedSources/resource_bundle_accessor.swift /Users/admin/builder/spi-builder-workspace/Sources/YBottomSheet/Animation/Animation+BottomSheet.swift /Users/admin/builder/spi-builder-workspace/Sources/YBottomSheet/Animation/BottomSheetAnimator.swift (in target 'YBottomSheet' from project 'YBottomSheet')
SwiftCompile normal arm64 /Users/admin/builder/spi-builder-workspace/.derivedData/Build/Intermediates.noindex/YBottomSheet.build/Debug-appletvos/YBottomSheet-t.build/DerivedSources/resource_bundle_accessor.swift (in target 'YBottomSheet' from project 'YBottomSheet')
cd /Users/admin/builder/spi-builder-workspace/.swiftpm/xcode
builtin-SwiftPerFileCompile resource_bundle_accessor.swift
SwiftCompile normal arm64 /Users/admin/builder/spi-builder-workspace/Sources/YBottomSheet/Animation/Animation+BottomSheet.swift (in target 'YBottomSheet' from project 'YBottomSheet')
cd /Users/admin/builder/spi-builder-workspace/.swiftpm/xcode
builtin-SwiftPerFileCompile Animation+BottomSheet.swift
SwiftCompile normal arm64 /Users/admin/builder/spi-builder-workspace/Sources/YBottomSheet/Animation/BottomSheetAnimator.swift (in target 'YBottomSheet' from project 'YBottomSheet')
cd /Users/admin/builder/spi-builder-workspace/.swiftpm/xcode
builtin-SwiftPerFileCompile BottomSheetAnimator.swift
SwiftCompile normal arm64 Compiling\ DragIndicatorView.swift,\ BottomSheetController+AccessibilityIdentifiers.swift /Users/admin/builder/spi-builder-workspace/Sources/YBottomSheet/DragIndicatorView/DragIndicatorView.swift /Users/admin/builder/spi-builder-workspace/Sources/YBottomSheet/Enums/BottomSheetController+AccessibilityIdentifiers.swift (in target 'YBottomSheet' from project 'YBottomSheet')
SwiftCompile normal arm64 /Users/admin/builder/spi-builder-workspace/Sources/YBottomSheet/DragIndicatorView/DragIndicatorView.swift (in target 'YBottomSheet' from project 'YBottomSheet')
cd /Users/admin/builder/spi-builder-workspace/.swiftpm/xcode
builtin-SwiftPerFileCompile DragIndicatorView.swift
SwiftCompile normal arm64 /Users/admin/builder/spi-builder-workspace/Sources/YBottomSheet/Enums/BottomSheetController+AccessibilityIdentifiers.swift (in target 'YBottomSheet' from project 'YBottomSheet')
cd /Users/admin/builder/spi-builder-workspace/.swiftpm/xcode
builtin-SwiftPerFileCompile BottomSheetController+AccessibilityIdentifiers.swift
SwiftCompile normal arm64 Compiling\ BottomSheetController+build.swift,\ BottomSheetController.swift /Users/admin/builder/spi-builder-workspace/Sources/YBottomSheet/BottomSheetController+build.swift /Users/admin/builder/spi-builder-workspace/Sources/YBottomSheet/BottomSheetController.swift (in target 'YBottomSheet' from project 'YBottomSheet')
SwiftCompile normal arm64 /Users/admin/builder/spi-builder-workspace/Sources/YBottomSheet/BottomSheetController+build.swift (in target 'YBottomSheet' from project 'YBottomSheet')
cd /Users/admin/builder/spi-builder-workspace/.swiftpm/xcode
builtin-SwiftPerFileCompile BottomSheetController+build.swift
SwiftCompile normal arm64 /Users/admin/builder/spi-builder-workspace/Sources/YBottomSheet/BottomSheetController.swift (in target 'YBottomSheet' from project 'YBottomSheet')
cd /Users/admin/builder/spi-builder-workspace/.swiftpm/xcode
builtin-SwiftPerFileCompile BottomSheetController.swift
SwiftCompile normal arm64 Compiling\ DragIndicatorView+Appearance+Layout.swift,\ DragIndicatorView+Appearance.swift /Users/admin/builder/spi-builder-workspace/Sources/YBottomSheet/DragIndicatorView/DragIndicatorView+Appearance+Layout.swift /Users/admin/builder/spi-builder-workspace/Sources/YBottomSheet/DragIndicatorView/DragIndicatorView+Appearance.swift (in target 'YBottomSheet' from project 'YBottomSheet')
SwiftCompile normal arm64 /Users/admin/builder/spi-builder-workspace/Sources/YBottomSheet/DragIndicatorView/DragIndicatorView+Appearance+Layout.swift (in target 'YBottomSheet' from project 'YBottomSheet')
cd /Users/admin/builder/spi-builder-workspace/.swiftpm/xcode
builtin-SwiftPerFileCompile DragIndicatorView+Appearance+Layout.swift
SwiftCompile normal arm64 /Users/admin/builder/spi-builder-workspace/Sources/YBottomSheet/DragIndicatorView/DragIndicatorView+Appearance.swift (in target 'YBottomSheet' from project 'YBottomSheet')
cd /Users/admin/builder/spi-builder-workspace/.swiftpm/xcode
builtin-SwiftPerFileCompile DragIndicatorView+Appearance.swift
SwiftCompile normal arm64 Compiling\ BottomSheetController+Enums.swift,\ BottomSheetController+Images.swift /Users/admin/builder/spi-builder-workspace/Sources/YBottomSheet/Enums/BottomSheetController+Enums.swift /Users/admin/builder/spi-builder-workspace/Sources/YBottomSheet/Enums/BottomSheetController+Images.swift (in target 'YBottomSheet' from project 'YBottomSheet')
SwiftCompile normal arm64 /Users/admin/builder/spi-builder-workspace/Sources/YBottomSheet/Enums/BottomSheetController+Enums.swift (in target 'YBottomSheet' from project 'YBottomSheet')
cd /Users/admin/builder/spi-builder-workspace/.swiftpm/xcode
builtin-SwiftPerFileCompile BottomSheetController+Enums.swift
SwiftCompile normal arm64 /Users/admin/builder/spi-builder-workspace/Sources/YBottomSheet/Enums/BottomSheetController+Images.swift (in target 'YBottomSheet' from project 'YBottomSheet')
cd /Users/admin/builder/spi-builder-workspace/.swiftpm/xcode
builtin-SwiftPerFileCompile BottomSheetController+Images.swift
SwiftEmitModule normal arm64 Emitting\ module\ for\ YBottomSheet (in target 'YBottomSheet' from project 'YBottomSheet')
/Users/admin/builder/spi-builder-workspace/Sources/YBottomSheet/BottomSheetController.swift:46:33: error: 'systemBackground' is unavailable in tvOS
44 | view.layer.maskedCorners = [.layerMaxXMinYCorner, .layerMinXMinYCorner]
45 | view.clipsToBounds = true
46 | view.backgroundColor = .systemBackground
| `- error: 'systemBackground' is unavailable in tvOS
47 | return view
48 | }()
/Applications/Xcode-27.0.0-Release.Candidate.app/Contents/Developer/Platforms/AppleTVOS.platform/Developer/SDKs/AppleTVOS27.0.sdk/System/Library/Frameworks/UIKit.framework/Headers/UIInterface.h:208:49: note: 'systemBackground' has been explicitly marked unavailable here
206 | * primary background in light mode.
207 | */
208 | @property (class, nonatomic, readonly) UIColor *systemBackgroundColor API_AVAILABLE(ios(13.0)) API_UNAVAILABLE(tvos, watchos);
| `- note: 'systemBackground' has been explicitly marked unavailable here
209 | @property (class, nonatomic, readonly) UIColor *secondarySystemBackgroundColor API_AVAILABLE(ios(13.0)) API_UNAVAILABLE(tvos, watchos);
210 | @property (class, nonatomic, readonly) UIColor *tertiarySystemBackgroundColor API_AVAILABLE(ios(13.0)) API_UNAVAILABLE(tvos, watchos);
Failed frontend command:
/Applications/Xcode-27.0.0-Release.Candidate.app/Contents/Developer/Toolchains/XcodeDefault.xctoolchain/usr/bin/swift-frontend -frontend -emit-module -experimental-skip-non-inlinable-function-bodies-without-types /Users/admin/builder/spi-builder-workspace/.derivedData/Build/Intermediates.noindex/YBottomSheet.build/Debug-appletvos/YBottomSheet-t.build/DerivedSources/resource_bundle_accessor.swift /Users/admin/builder/spi-builder-workspace/Sources/YBottomSheet/Animation/Animation+BottomSheet.swift /Users/admin/builder/spi-builder-workspace/Sources/YBottomSheet/Animation/BottomSheetAnimator.swift /Users/admin/builder/spi-builder-workspace/Sources/YBottomSheet/Animation/BottomSheetDismissAnimator.swift /Users/admin/builder/spi-builder-workspace/Sources/YBottomSheet/Animation/BottomSheetPresentAnimator.swift /Users/admin/builder/spi-builder-workspace/Sources/YBottomSheet/BottomSheetController+Animation.swift /Users/admin/builder/spi-builder-workspace/Sources/YBottomSheet/BottomSheetController+Appearance+Layout.swift /Users/admin/builder/spi-builder-workspace/Sources/YBottomSheet/BottomSheetController+Appearance.swift /Users/admin/builder/spi-builder-workspace/Sources/YBottomSheet/BottomSheetController+build.swift /Users/admin/builder/spi-builder-workspace/Sources/YBottomSheet/BottomSheetController.swift /Users/admin/builder/spi-builder-workspace/Sources/YBottomSheet/DragIndicatorView/DragIndicatorView+Appearance+Layout.swift /Users/admin/builder/spi-builder-workspace/Sources/YBottomSheet/DragIndicatorView/DragIndicatorView+Appearance.swift /Users/admin/builder/spi-builder-workspace/Sources/YBottomSheet/DragIndicatorView/DragIndicatorView.swift /Users/admin/builder/spi-builder-workspace/Sources/YBottomSheet/Enums/BottomSheetController+AccessibilityIdentifiers.swift /Users/admin/builder/spi-builder-workspace/Sources/YBottomSheet/Enums/BottomSheetController+Enums.swift /Users/admin/builder/spi-builder-workspace/Sources/YBottomSheet/Enums/BottomSheetController+Images.swift /Users/admin/builder/spi-builder-workspace/Sources/YBottomSheet/Enums/BottomSheetController+Strings.swift /Users/admin/builder/spi-builder-workspace/Sources/YBottomSheet/Protocols/LayoutSizable.swift /Users/admin/builder/spi-builder-workspace/Sources/YBottomSheet/Protocols/SheetHeaderViewDelegate.swift /Users/admin/builder/spi-builder-workspace/Sources/YBottomSheet/SheetHeaderView/SheetHeaderView+Appearance+Layout.swift /Users/admin/builder/spi-builder-workspace/Sources/YBottomSheet/SheetHeaderView/SheetHeaderView+Appearance.swift /Users/admin/builder/spi-builder-workspace/Sources/YBottomSheet/SheetHeaderView/SheetHeaderView.swift -target arm64-apple-tvos15.0 -disable-cross-import-overlay-search -load-resolved-plugin /Applications/Xcode-27.0.0-Release.Candidate.app/Contents/Developer/Platforms/AppleTVOS.platform/Developer/usr/lib/swift/host/plugins/libFoundationMacros.dylib\#/Applications/Xcode-27.0.0-Release.Candidate.app/Contents/Developer/Platforms/AppleTVOS.platform/Developer/usr/bin/swift-plugin-server\#FoundationMacros -load-resolved-plugin /Applications/Xcode-27.0.0-Release.Candidate.app/Contents/Developer/Platforms/AppleTVOS.platform/Developer/usr/lib/swift/host/plugins/libObservationMacros.dylib\#/Applications/Xcode-27.0.0-Release.Candidate.app/Contents/Developer/Platforms/AppleTVOS.platform/Developer/usr/bin/swift-plugin-server\#ObservationMacros -load-resolved-plugin /Applications/Xcode-27.0.0-Release.Candidate.app/Contents/Developer/Platforms/AppleTVOS.platform/Developer/usr/lib/swift/host/plugins/libPreviewsMacros.dylib\#/Applications/Xcode-27.0.0-Release.Candidate.app/Contents/Developer/Platforms/AppleTVOS.platform/Developer/usr/bin/swift-plugin-server\#PreviewsMacros -load-resolved-plugin /Applications/Xcode-27.0.0-Release.Candidate.app/Contents/Developer/Platforms/AppleTVOS.platform/Developer/usr/lib/swift/host/plugins/libSwiftMacros.dylib\#/Applications/Xcode-27.0.0-Release.Candidate.app/Contents/Developer/Platforms/AppleTVOS.platform/Developer/usr/bin/swift-plugin-server\#SwiftMacros -load-resolved-plugin /Applications/Xcode-27.0.0-Release.Candidate.app/Contents/Developer/Platforms/AppleTVOS.platform/Developer/usr/lib/swift/host/plugins/libSwiftUIMacros.dylib\#/Applications/Xcode-27.0.0-Release.Candidate.app/Contents/Developer/Platforms/AppleTVOS.platform/Developer/usr/bin/swift-plugin-server\#SwiftUIMacros -disable-implicit-swift-modules -Xcc -fno-implicit-modules -Xcc -fno-implicit-module-maps -explicit-swift-module-map-file /Users/admin/builder/spi-builder-workspace/.derivedData/Build/Intermediates.noindex/YBottomSheet.build/Debug-appletvos/YBottomSheet-t.build/Objects-normal/arm64/YBottomSheet-dependencies-1.json -Xllvm -aarch64-use-tbi -enable-objc-interop -stack-check -sdk /Applications/Xcode-27.0.0-Release.Candidate.app/Contents/Developer/Platforms/AppleTVOS.platform/Developer/SDKs/AppleTVOS27.0.sdk -I /Users/admin/builder/spi-builder-workspace/.derivedData/Build/Products/Debug-appletvos -Isystem /Applications/Xcode-27.0.0-Release.Candidate.app/Contents/Developer/Platforms/AppleTVOS.platform/Developer/usr/lib -F /Users/admin/builder/spi-builder-workspace/.derivedData/Build/Products/Debug-appletvos/PackageFrameworks -F /Users/admin/builder/spi-builder-workspace/.derivedData/Build/Products/Debug-appletvos -F /Applications/Xcode-27.0.0-Release.Candidate.app/Contents/Developer/Platforms/AppleTVOS.platform/Developer/Library/Frameworks -F /Applications/Xcode-27.0.0-Release.Candidate.app/Contents/Developer/Platforms/AppleTVOS.platform/Developer/SDKs/AppleTVOS27.0.sdk/Developer/Library/Frameworks -module-cache-path /Users/admin/builder/spi-builder-workspace/.derivedData/Build/Intermediates.noindex/SwiftExplicitPrecompiledModules -no-color-diagnostics -Xcc -fno-color-diagnostics -enable-testing -g -debug-info-format\=dwarf -dwarf-version\=4 -profile-generate -profile-coverage-mapping -swift-version 5 -Onone -D SWIFT_PACKAGE -D DEBUG -D SWIFT_MODULE_RESOURCE_BUNDLE_AVAILABLE -D Xcode -serialize-debugging-options -enable-experimental-feature DebugDescriptionMacro -empty-abi-descriptor -validate-clang-modules-once -clang-build-session-file /Users/admin/builder/spi-builder-workspace/.derivedData/ModuleCache.noindex/Session.modulevalidation -Xcc -working-directory -Xcc /Users/admin/builder/spi-builder-workspace/.swiftpm/xcode -enable-anonymous-context-mangled-names -file-compilation-dir /Users/admin/builder/spi-builder-workspace/.swiftpm/xcode -Xcc -D_LIBCPP_HARDENING_MODE\=_LIBCPP_HARDENING_MODE_DEBUG -Xcc -ivfsstatcache -Xcc /Users/admin/builder/spi-builder-workspace/.derivedData/SDKStatCaches.noindex/appletvos27.0-24J360-e829b21a6f8c9b70876ba0858053c044b32bfd8d43560033f8d89884cdb90028.sdkstatcache -Xcc -fmodules-prune-interval\=86400 -Xcc -fmodules-prune-after\=345600 -Xcc -I/Users/admin/builder/spi-builder-workspace/.derivedData/Build/Products/Debug-appletvos/include -Xcc -I/Users/admin/builder/spi-builder-workspace/.derivedData/Build/Intermediates.noindex/YBottomSheet.build/Debug-appletvos/YBottomSheet-t.build/DerivedSources-normal/arm64 -Xcc -I/Users/admin/builder/spi-builder-workspace/.derivedData/Build/Intermediates.noindex/YBottomSheet.build/Debug-appletvos/YBottomSheet-t.build/DerivedSources/arm64 -Xcc -I/Users/admin/builder/spi-builder-workspace/.derivedData/Build/Intermediates.noindex/YBottomSheet.build/Debug-appletvos/YBottomSheet-t.build/DerivedSources -Xcc -DSWIFT_PACKAGE -Xcc -DDEBUG\=1 -no-auto-bridging-header-chaining -module-name YBottomSheet -const-gather-protocols-file /Users/admin/builder/spi-builder-workspace/.derivedData/Build/Intermediates.noindex/YBottomSheet.build/Debug-appletvos/YBottomSheet-t.build/Objects-normal/arm64/YBottomSheet_const_extract_protocols.json -disable-clang-spi -clang-target arm64-apple-tvos27.0 -target-sdk-version 27.0 -target-sdk-name appletvos27.0 -in-process-plugin-server-path /Applications/Xcode-27.0.0-Release.Candidate.app/Contents/Developer/Toolchains/XcodeDefault.xctoolchain/usr/lib/swift/host/libSwiftInProcPluginServer.dylib -emit-module-doc-path /Users/admin/builder/spi-builder-workspace/.derivedData/Build/Intermediates.noindex/YBottomSheet.build/Debug-appletvos/YBottomSheet-t.build/Objects-normal/arm64/YBottomSheet.swiftdoc -emit-module-source-info-path /Users/admin/builder/spi-builder-workspace/.derivedData/Build/Intermediates.noindex/YBottomSheet.build/Debug-appletvos/YBottomSheet-t.build/Objects-normal/arm64/YBottomSheet.swiftsourceinfo -emit-objc-header-path /Users/admin/builder/spi-builder-workspace/.derivedData/Build/Intermediates.noindex/YBottomSheet.build/Debug-appletvos/YBottomSheet-t.build/Objects-normal/arm64/YBottomSheet-Swift.h -serialize-diagnostics-path /Users/admin/builder/spi-builder-workspace/.derivedData/Build/Intermediates.noindex/YBottomSheet.build/Debug-appletvos/YBottomSheet-t.build/Objects-normal/arm64/YBottomSheet-primary-emit-module.dia -emit-dependencies-path /Users/admin/builder/spi-builder-workspace/.derivedData/Build/Intermediates.noindex/YBottomSheet.build/Debug-appletvos/YBottomSheet-t.build/Objects-normal/arm64/YBottomSheet-primary-emit-module.d -parse-as-library -o /Users/admin/builder/spi-builder-workspace/.derivedData/Build/Intermediates.noindex/YBottomSheet.build/Debug-appletvos/YBottomSheet-t.build/Objects-normal/arm64/YBottomSheet.swiftmodule -emit-abi-descriptor-path /Users/admin/builder/spi-builder-workspace/.derivedData/Build/Intermediates.noindex/YBottomSheet.build/Debug-appletvos/YBottomSheet-t.build/Objects-normal/arm64/YBottomSheet.abi.json
SwiftCompile normal arm64 (in target 'YBottomSheet' from project 'YBottomSheet')
cd /Users/admin/builder/spi-builder-workspace/.swiftpm/xcode
SwiftCompile normal arm64 Compiling\ SheetHeaderView+Appearance.swift,\ SheetHeaderView.swift /Users/admin/builder/spi-builder-workspace/Sources/YBottomSheet/SheetHeaderView/SheetHeaderView+Appearance.swift /Users/admin/builder/spi-builder-workspace/Sources/YBottomSheet/SheetHeaderView/SheetHeaderView.swift (in target 'YBottomSheet' from project 'YBottomSheet')
SwiftCompile normal arm64 /Users/admin/builder/spi-builder-workspace/Sources/YBottomSheet/SheetHeaderView/SheetHeaderView+Appearance.swift (in target 'YBottomSheet' from project 'YBottomSheet')
cd /Users/admin/builder/spi-builder-workspace/.swiftpm/xcode
builtin-SwiftPerFileCompile SheetHeaderView+Appearance.swift
SwiftCompile normal arm64 /Users/admin/builder/spi-builder-workspace/Sources/YBottomSheet/SheetHeaderView/SheetHeaderView.swift (in target 'YBottomSheet' from project 'YBottomSheet')
cd /Users/admin/builder/spi-builder-workspace/.swiftpm/xcode
builtin-SwiftPerFileCompile SheetHeaderView.swift
SwiftDriverJobDiscovery normal arm64 Compiling TypographyLabel.swift, TypographyTextField.swift, TypographyTextView.swift (in target 'YMatterType' from project 'YMatterType')
SwiftCompile normal arm64 Compiling\ BottomSheetController+Strings.swift,\ LayoutSizable.swift /Users/admin/builder/spi-builder-workspace/Sources/YBottomSheet/Enums/BottomSheetController+Strings.swift /Users/admin/builder/spi-builder-workspace/Sources/YBottomSheet/Protocols/LayoutSizable.swift (in target 'YBottomSheet' from project 'YBottomSheet')
SwiftCompile normal arm64 /Users/admin/builder/spi-builder-workspace/Sources/YBottomSheet/Enums/BottomSheetController+Strings.swift (in target 'YBottomSheet' from project 'YBottomSheet')
cd /Users/admin/builder/spi-builder-workspace/.swiftpm/xcode
builtin-SwiftPerFileCompile BottomSheetController+Strings.swift
SwiftCompile normal arm64 /Users/admin/builder/spi-builder-workspace/Sources/YBottomSheet/Protocols/LayoutSizable.swift (in target 'YBottomSheet' from project 'YBottomSheet')
cd /Users/admin/builder/spi-builder-workspace/.swiftpm/xcode
builtin-SwiftPerFileCompile LayoutSizable.swift
SwiftCompile normal arm64 Compiling\ SheetHeaderViewDelegate.swift,\ SheetHeaderView+Appearance+Layout.swift /Users/admin/builder/spi-builder-workspace/Sources/YBottomSheet/Protocols/SheetHeaderViewDelegate.swift /Users/admin/builder/spi-builder-workspace/Sources/YBottomSheet/SheetHeaderView/SheetHeaderView+Appearance+Layout.swift (in target 'YBottomSheet' from project 'YBottomSheet')
SwiftCompile normal arm64 /Users/admin/builder/spi-builder-workspace/Sources/YBottomSheet/Protocols/SheetHeaderViewDelegate.swift (in target 'YBottomSheet' from project 'YBottomSheet')
cd /Users/admin/builder/spi-builder-workspace/.swiftpm/xcode
builtin-SwiftPerFileCompile SheetHeaderViewDelegate.swift
SwiftCompile normal arm64 /Users/admin/builder/spi-builder-workspace/Sources/YBottomSheet/SheetHeaderView/SheetHeaderView+Appearance+Layout.swift (in target 'YBottomSheet' from project 'YBottomSheet')
cd /Users/admin/builder/spi-builder-workspace/.swiftpm/xcode
builtin-SwiftPerFileCompile SheetHeaderView+Appearance+Layout.swift
SwiftDriverJobDiscovery normal arm64 Compiling DragIndicatorView+Appearance+Layout.swift, DragIndicatorView+Appearance.swift (in target 'YBottomSheet' from project 'YBottomSheet')
SwiftCompile normal arm64 Compiling\ BottomSheetDismissAnimator.swift,\ BottomSheetPresentAnimator.swift,\ BottomSheetController+Animation.swift /Users/admin/builder/spi-builder-workspace/Sources/YBottomSheet/Animation/BottomSheetDismissAnimator.swift /Users/admin/builder/spi-builder-workspace/Sources/YBottomSheet/Animation/BottomSheetPresentAnimator.swift /Users/admin/builder/spi-builder-workspace/Sources/YBottomSheet/BottomSheetController+Animation.swift (in target 'YBottomSheet' from project 'YBottomSheet')
SwiftCompile normal arm64 /Users/admin/builder/spi-builder-workspace/Sources/YBottomSheet/Animation/BottomSheetDismissAnimator.swift (in target 'YBottomSheet' from project 'YBottomSheet')
cd /Users/admin/builder/spi-builder-workspace/.swiftpm/xcode
builtin-SwiftPerFileCompile BottomSheetDismissAnimator.swift
SwiftCompile normal arm64 /Users/admin/builder/spi-builder-workspace/Sources/YBottomSheet/Animation/BottomSheetPresentAnimator.swift (in target 'YBottomSheet' from project 'YBottomSheet')
cd /Users/admin/builder/spi-builder-workspace/.swiftpm/xcode
builtin-SwiftPerFileCompile BottomSheetPresentAnimator.swift
SwiftCompile normal arm64 /Users/admin/builder/spi-builder-workspace/Sources/YBottomSheet/BottomSheetController+Animation.swift (in target 'YBottomSheet' from project 'YBottomSheet')
cd /Users/admin/builder/spi-builder-workspace/.swiftpm/xcode
builtin-SwiftPerFileCompile BottomSheetController+Animation.swift
SwiftDriverJobDiscovery normal arm64 Compiling BottomSheetController+Enums.swift, BottomSheetController+Images.swift (in target 'YBottomSheet' from project 'YBottomSheet')
SwiftDriverJobDiscovery normal arm64 Compiling DragIndicatorView.swift, BottomSheetController+AccessibilityIdentifiers.swift (in target 'YBottomSheet' from project 'YBottomSheet')
SwiftDriverJobDiscovery normal arm64 Compiling BottomSheetController+Appearance+Layout.swift, BottomSheetController+Appearance.swift (in target 'YBottomSheet' from project 'YBottomSheet')
PruneExplicitPrecompiledModules /Users/admin/builder/spi-builder-workspace/.derivedData/Build/Intermediates.noindex/ExplicitPrecompiledModules
PruneExplicitPrecompiledModules /Users/admin/builder/spi-builder-workspace/.derivedData/SDKExplicitPrecompiledModules
PruneExplicitPrecompiledModules /Users/admin/builder/spi-builder-workspace/.derivedData/Build/Intermediates.noindex/SwiftExplicitPrecompiledModules
2026-09-19 15:21:18.069 xcodebuild[724:4550] [MT] IDERunDestination: Supported platforms for the buildables in the current scheme is empty.
2026-09-19 15:21:18.174 xcodebuild[724:4550] [MT] IDERunDestination: Supported platforms for the buildables in the current scheme is empty.
** BUILD FAILED **
The following build commands failed:
SwiftEmitModule normal arm64 Emitting\ module\ for\ YBottomSheet (in target 'YBottomSheet' from project 'YBottomSheet')
SwiftCompile normal arm64 (in target 'YBottomSheet' from project 'YBottomSheet')
Building workspace YBottomSheet with scheme YBottomSheet
(3 failures)
Command line invocation:
/Applications/Xcode-27.0.0-Release.Candidate.app/Contents/Developer/usr/bin/xcodebuild -IDEClonedSourcePackagesDirPathOverride=/Users/admin/builder/spi-builder-workspace/.dependencies -resolvePackageDependencies
Resolve Package Graph
Resolved source packages:
YCoreUI: https://github.com/yml-org/YCoreUI.git @ 1.7.0
YMatterType: https://github.com/yml-org/YMatterType.git @ 1.7.0
YBottomSheet: /Users/admin/builder/spi-builder-workspace
resolved source packages: YCoreUI, YMatterType, YBottomSheet
2026-09-19 15:21:30.695 xcodebuild[853:5274] [MT] IDERunDestination: Supported platforms for the buildables in the current scheme is empty.
2026-09-19 15:21:30.800 xcodebuild[853:5274] [MT] IDERunDestination: Supported platforms for the buildables in the current scheme is empty.
{
"default_localization" : "en",
"dependencies" : [
{
"identity" : "ycoreui",
"requirement" : {
"range" : [
{
"lower_bound" : "1.7.0",
"upper_bound" : "2.0.0"
}
]
},
"type" : "sourceControl",
"url" : "https://github.com/yml-org/YCoreUI.git"
},
{
"identity" : "ymattertype",
"requirement" : {
"range" : [
{
"lower_bound" : "1.7.0",
"upper_bound" : "2.0.0"
}
]
},
"type" : "sourceControl",
"url" : "https://github.com/yml-org/YMatterType.git"
}
],
"manifest_display_name" : "YBottomSheet",
"name" : "YBottomSheet",
"path" : "/Users/admin/builder/spi-builder-workspace",
"platforms" : [
{
"name" : "ios",
"version" : "14.0"
}
],
"products" : [
{
"name" : "YBottomSheet",
"targets" : [
"YBottomSheet"
],
"type" : {
"library" : [
"automatic"
]
}
}
],
"targets" : [
{
"c99name" : "YBottomSheetTests",
"module_type" : "SwiftTarget",
"name" : "YBottomSheetTests",
"path" : "Tests/YBottomSheetTests",
"sources" : [
"Animation/Animation+BottomSheetTests.swift",
"Animation/BottomSheetAnimatorTests.swift",
"Animation/BottomSheetDismissAnimatorTests.swift",
"Animation/BottomSheetPresentAnimatorTests.swift",
"BottomSheetController+Appearance+LayoutTests.swift",
"BottomSheetController+AppearanceTests.swift",
"BottomSheetControllerTests.swift",
"DragIndicatorView/DragIndicatorView+Appearance+LayoutTests.swift",
"DragIndicatorView/DragIndicatorView+AppearanceTests.swift",
"DragIndicatorView/DragIndicatorViewTests.swift",
"Enums/BottomSheetController+ImagesTests.swift",
"Enums/BottomSheetController+StringsTests.swift",
"Protocols/LayoutSizableTests.swift",
"SheetHeaderView/SheetHeaderView+Appearance+LayoutTests.swift",
"SheetHeaderView/SheetHeaderView+AppearanceTests.swift",
"SheetHeaderView/SheetHeaderViewTests.swift",
"Test Helpers/XCTestCase+MemoryLeakTracking.swift",
"Test Helpers/XCTestCase+TypographyEquatable.swift"
],
"target_dependencies" : [
"YBottomSheet"
],
"type" : "test"
},
{
"c99name" : "YBottomSheet",
"module_type" : "SwiftTarget",
"name" : "YBottomSheet",
"path" : "Sources/YBottomSheet",
"product_dependencies" : [
"YCoreUI",
"YMatterType"
],
"product_memberships" : [
"YBottomSheet"
],
"resources" : [
{
"path" : "/Users/admin/builder/spi-builder-workspace/Sources/YBottomSheet/Assets/Strings/en.lproj/Localizable.strings",
"rule" : {
"process" : {
"localization" : "en"
}
}
}
],
"sources" : [
"Animation/Animation+BottomSheet.swift",
"Animation/BottomSheetAnimator.swift",
"Animation/BottomSheetDismissAnimator.swift",
"Animation/BottomSheetPresentAnimator.swift",
"BottomSheetController+Animation.swift",
"BottomSheetController+Appearance+Layout.swift",
"BottomSheetController+Appearance.swift",
"BottomSheetController+build.swift",
"BottomSheetController.swift",
"DragIndicatorView/DragIndicatorView+Appearance+Layout.swift",
"DragIndicatorView/DragIndicatorView+Appearance.swift",
"DragIndicatorView/DragIndicatorView.swift",
"Enums/BottomSheetController+AccessibilityIdentifiers.swift",
"Enums/BottomSheetController+Enums.swift",
"Enums/BottomSheetController+Images.swift",
"Enums/BottomSheetController+Strings.swift",
"Protocols/LayoutSizable.swift",
"Protocols/SheetHeaderViewDelegate.swift",
"SheetHeaderView/SheetHeaderView+Appearance+Layout.swift",
"SheetHeaderView/SheetHeaderView+Appearance.swift",
"SheetHeaderView/SheetHeaderView.swift"
],
"type" : "library"
}
],
"tools_version" : "5.5"
}
{
"workspace" : {
"name" : "YBottomSheet",
"schemes" : [
"YBottomSheet",
"YCoreUI",
"YMatterType"
]
}
}
2026-09-19 15:21:31.987 xcodebuild[861:5346] [MT] IDERunDestination: Supported platforms for the buildables in the current scheme is empty.
2026-09-19 15:21:32.091 xcodebuild[861:5346] [MT] IDERunDestination: Supported platforms for the buildables in the current scheme is empty.
{
"workspace" : {
"name" : "YBottomSheet",
"schemes" : [
"YBottomSheet",
"YCoreUI",
"YMatterType"
]
}
}
2026-09-19 15:21:33.011 xcodebuild[863:5379] [MT] IDERunDestination: Supported platforms for the buildables in the current scheme is empty.
2026-09-19 15:21:33.116 xcodebuild[863:5379] [MT] IDERunDestination: Supported platforms for the buildables in the current scheme is empty.
Running build ...
env DEVELOPER_DIR=/Applications/Xcode-27.0.0-Release.Candidate.app xcrun xcodebuild -IDEClonedSourcePackagesDirPathOverride=$PWD/.dependencies -skipMacroValidation -skipPackagePluginValidation -derivedDataPath $PWD/.derivedData build -scheme YBottomSheet -destination generic/platform=tvOS
Command line invocation:
/Applications/Xcode-27.0.0-Release.Candidate.app/Contents/Developer/usr/bin/xcodebuild -IDEClonedSourcePackagesDirPathOverride=/Users/admin/builder/spi-builder-workspace/.dependencies -skipMacroValidation -skipPackagePluginValidation -derivedDataPath /Users/admin/builder/spi-builder-workspace/.derivedData build -scheme YBottomSheet -destination generic/platform=tvOS
Resolve Package Graph
Resolved source packages:
YBottomSheet: /Users/admin/builder/spi-builder-workspace
YMatterType: https://github.com/yml-org/YMatterType.git @ 1.7.0
YCoreUI: https://github.com/yml-org/YCoreUI.git @ 1.7.0
ComputePackagePrebuildTargetDependencyGraph
Prepare packages
CreateBuildRequest
SendProjectDescription
CreateBuildOperation
ComputeTargetDependencyGraph
note: Building targets in dependency order
note: Target dependency graph (8 targets)
Target 'YBottomSheetTests-product' in project 'YBottomSheet'
➜ Explicit dependency on target 'YBottomSheet' in project 'YBottomSheet'
➜ Explicit dependency on target 'YCoreUI-product' in project 'YCoreUI'
➜ Explicit dependency on target 'YMatterType-product' in project 'YMatterType'
Target 'YBottomSheet-product' in project 'YBottomSheet'
➜ Explicit dependency on target 'YBottomSheet' in project 'YBottomSheet'
➜ Explicit dependency on target 'YBottomSheet_YBottomSheet' in project 'YBottomSheet'
➜ Explicit dependency on target 'YCoreUI-product' in project 'YCoreUI'
➜ Explicit dependency on target 'YMatterType-product' in project 'YMatterType'
Target 'YBottomSheet' in project 'YBottomSheet'
➜ Explicit dependency on target 'YBottomSheet_YBottomSheet' in project 'YBottomSheet'
➜ Explicit dependency on target 'YCoreUI-product' in project 'YCoreUI'
➜ Explicit dependency on target 'YMatterType-product' in project 'YMatterType'
Target 'YMatterType-product' in project 'YMatterType'
➜ Explicit dependency on target 'YMatterType' in project 'YMatterType'
Target 'YMatterType' in project 'YMatterType' (no dependencies)
Target 'YCoreUI-product' in project 'YCoreUI'
➜ Explicit dependency on target 'YCoreUI' in project 'YCoreUI'
Target 'YCoreUI' in project 'YCoreUI' (no dependencies)
Target 'YBottomSheet_YBottomSheet' in project 'YBottomSheet' (no dependencies)
GatherProvisioningInputs
CreateBuildDescription
ClangStatCache /Applications/Xcode-27.0.0-Release.Candidate.app/Contents/Developer/Toolchains/XcodeDefault.xctoolchain/usr/bin/clang-stat-cache /Applications/Xcode-27.0.0-Release.Candidate.app/Contents/Developer/Platforms/AppleTVOS.platform/Developer/SDKs/AppleTVOS27.0.sdk /Users/admin/builder/spi-builder-workspace/.derivedData/SDKStatCaches.noindex/appletvos27.0-24J360-e829b21a6f8c9b70876ba0858053c044b32bfd8d43560033f8d89884cdb90028.sdkstatcache
cd /Users/admin/builder/spi-builder-workspace/.swiftpm/xcode
/Applications/Xcode-27.0.0-Release.Candidate.app/Contents/Developer/Toolchains/XcodeDefault.xctoolchain/usr/bin/clang-stat-cache /Applications/Xcode-27.0.0-Release.Candidate.app/Contents/Developer/Platforms/AppleTVOS.platform/Developer/SDKs/AppleTVOS27.0.sdk -o /Users/admin/builder/spi-builder-workspace/.derivedData/SDKStatCaches.noindex/appletvos27.0-24J360-e829b21a6f8c9b70876ba0858053c044b32bfd8d43560033f8d89884cdb90028.sdkstatcache
SwiftDriver YMatterType normal arm64 com.apple.xcode.tools.swift.compiler (in target 'YMatterType' from project 'YMatterType')
cd /Users/admin/builder/spi-builder-workspace/.swiftpm/xcode
builtin-SwiftDriver -- /Applications/Xcode-27.0.0-Release.Candidate.app/Contents/Developer/Toolchains/XcodeDefault.xctoolchain/usr/bin/swiftc -parse-as-library -module-name YMatterType -Onone @/Users/admin/builder/spi-builder-workspace/.derivedData/Build/Intermediates.noindex/YMatterType.build/Debug-appletvos/YMatterType-t.build/Objects-normal/arm64/YMatterType.SwiftFileList -DSWIFT_PACKAGE -DDEBUG -DSWIFT_MODULE_RESOURCE_BUNDLE_UNAVAILABLE -DXcode -plugin-path /Applications/Xcode-27.0.0-Release.Candidate.app/Contents/Developer/Toolchains/XcodeDefault.xctoolchain/usr/lib/swift/host/plugins/testing -enable-experimental-feature DebugDescriptionMacro -sdk /Applications/Xcode-27.0.0-Release.Candidate.app/Contents/Developer/Platforms/AppleTVOS.platform/Developer/SDKs/AppleTVOS27.0.sdk -target arm64-apple-tvos15.0 -g -module-cache-path /Users/admin/builder/spi-builder-workspace/.derivedData/ModuleCache.noindex -Xfrontend -serialize-debugging-options -profile-coverage-mapping -profile-generate -enable-testing -suppress-warnings -index-store-path /Users/admin/builder/spi-builder-workspace/.derivedData/Index.noindex/DataStore -Xcc -D_LIBCPP_HARDENING_MODE\=_LIBCPP_HARDENING_MODE_DEBUG -swift-version 5 -I /Users/admin/builder/spi-builder-workspace/.derivedData/Build/Products/Debug-appletvos -Isystem /Applications/Xcode-27.0.0-Release.Candidate.app/Contents/Developer/Platforms/AppleTVOS.platform/Developer/usr/lib -F /Users/admin/builder/spi-builder-workspace/.derivedData/Build/Products/Debug-appletvos -F /Applications/Xcode-27.0.0-Release.Candidate.app/Contents/Developer/Platforms/AppleTVOS.platform/Developer/Library/Frameworks -F /Applications/Xcode-27.0.0-Release.Candidate.app/Contents/Developer/Platforms/AppleTVOS.platform/Developer/SDKs/AppleTVOS27.0.sdk/Developer/Library/Frameworks -emit-localized-strings -emit-localized-strings-path /Users/admin/builder/spi-builder-workspace/.derivedData/Build/Intermediates.noindex/YMatterType.build/Debug-appletvos/YMatterType-t.build/Objects-normal/arm64 -c -j10 -enable-batch-mode -incremental -Xcc -ivfsstatcache -Xcc /Users/admin/builder/spi-builder-workspace/.derivedData/SDKStatCaches.noindex/appletvos27.0-24J360-e829b21a6f8c9b70876ba0858053c044b32bfd8d43560033f8d89884cdb90028.sdkstatcache -output-file-map /Users/admin/builder/spi-builder-workspace/.derivedData/Build/Intermediates.noindex/YMatterType.build/Debug-appletvos/YMatterType-t.build/Objects-normal/arm64/YMatterType-OutputFileMap.json -save-temps -no-color-diagnostics -explicit-module-build -module-cache-path /Users/admin/builder/spi-builder-workspace/.derivedData/Build/Intermediates.noindex/SwiftExplicitPrecompiledModules -clang-scanner-module-cache-path /Users/admin/builder/spi-builder-workspace/.derivedData/ModuleCache.noindex -sdk-module-cache-path /Users/admin/builder/spi-builder-workspace/.derivedData/SDKExplicitPrecompiledModules -emit-dependencies -emit-module -emit-module-path /Users/admin/builder/spi-builder-workspace/.derivedData/Build/Intermediates.noindex/YMatterType.build/Debug-appletvos/YMatterType-t.build/Objects-normal/arm64/YMatterType.swiftmodule -serialize-diagnostics -dependency-scan-serialize-diagnostics-path /Users/admin/builder/spi-builder-workspace/.derivedData/Build/Intermediates.noindex/YMatterType.build/Debug-appletvos/YMatterType-t.build/Objects-normal/arm64/YMatterType-dependency-scan.dia -validate-clang-modules-once -clang-build-session-file /Users/admin/builder/spi-builder-workspace/.derivedData/ModuleCache.noindex/Session.modulevalidation -Xcc -fmodules-prune-interval\=86400 -Xcc -fmodules-prune-after\=345600 -emit-const-values -const-gather-protocols-list /Users/admin/builder/spi-builder-workspace/.derivedData/Build/Intermediates.noindex/YMatterType.build/Debug-appletvos/YMatterType-t.build/Objects-normal/arm64/YMatterType_const_extract_protocols.json -Xcc -I/Users/admin/builder/spi-builder-workspace/.derivedData/Build/Products/Debug-appletvos/include -Xcc -I/Users/admin/builder/spi-builder-workspace/.derivedData/Build/Intermediates.noindex/YMatterType.build/Debug-appletvos/YMatterType-t.build/DerivedSources-normal/arm64 -Xcc -I/Users/admin/builder/spi-builder-workspace/.derivedData/Build/Intermediates.noindex/YMatterType.build/Debug-appletvos/YMatterType-t.build/DerivedSources/arm64 -Xcc -I/Users/admin/builder/spi-builder-workspace/.derivedData/Build/Intermediates.noindex/YMatterType.build/Debug-appletvos/YMatterType-t.build/DerivedSources -Xcc -DSWIFT_PACKAGE -Xcc -DDEBUG\=1 -emit-objc-header -emit-objc-header-path /Users/admin/builder/spi-builder-workspace/.derivedData/Build/Intermediates.noindex/YMatterType.build/Debug-appletvos/YMatterType-t.build/Objects-normal/arm64/YMatterType-Swift.h -working-directory /Users/admin/builder/spi-builder-workspace/.swiftpm/xcode -experimental-emit-module-separately -disable-cmo
SwiftDriver YBottomSheet normal arm64 com.apple.xcode.tools.swift.compiler (in target 'YBottomSheet' from project 'YBottomSheet')
cd /Users/admin/builder/spi-builder-workspace/.swiftpm/xcode
builtin-SwiftDriver -- /Applications/Xcode-27.0.0-Release.Candidate.app/Contents/Developer/Toolchains/XcodeDefault.xctoolchain/usr/bin/swiftc -parse-as-library -module-name YBottomSheet -Onone @/Users/admin/builder/spi-builder-workspace/.derivedData/Build/Intermediates.noindex/YBottomSheet.build/Debug-appletvos/YBottomSheet-t.build/Objects-normal/arm64/YBottomSheet.SwiftFileList -DSWIFT_PACKAGE -DDEBUG -DSWIFT_MODULE_RESOURCE_BUNDLE_AVAILABLE -DXcode -plugin-path /Applications/Xcode-27.0.0-Release.Candidate.app/Contents/Developer/Toolchains/XcodeDefault.xctoolchain/usr/lib/swift/host/plugins/testing -enable-experimental-feature DebugDescriptionMacro -sdk /Applications/Xcode-27.0.0-Release.Candidate.app/Contents/Developer/Platforms/AppleTVOS.platform/Developer/SDKs/AppleTVOS27.0.sdk -target arm64-apple-tvos15.0 -g -module-cache-path /Users/admin/builder/spi-builder-workspace/.derivedData/ModuleCache.noindex -Xfrontend -serialize-debugging-options -profile-coverage-mapping -profile-generate -enable-testing -index-store-path /Users/admin/builder/spi-builder-workspace/.derivedData/Index.noindex/DataStore -Xcc -D_LIBCPP_HARDENING_MODE\=_LIBCPP_HARDENING_MODE_DEBUG -swift-version 5 -I /Users/admin/builder/spi-builder-workspace/.derivedData/Build/Products/Debug-appletvos -Isystem /Applications/Xcode-27.0.0-Release.Candidate.app/Contents/Developer/Platforms/AppleTVOS.platform/Developer/usr/lib -F /Users/admin/builder/spi-builder-workspace/.derivedData/Build/Products/Debug-appletvos/PackageFrameworks -F /Users/admin/builder/spi-builder-workspace/.derivedData/Build/Products/Debug-appletvos -F /Applications/Xcode-27.0.0-Release.Candidate.app/Contents/Developer/Platforms/AppleTVOS.platform/Developer/Library/Frameworks -F /Applications/Xcode-27.0.0-Release.Candidate.app/Contents/Developer/Platforms/AppleTVOS.platform/Developer/SDKs/AppleTVOS27.0.sdk/Developer/Library/Frameworks -emit-localized-strings -emit-localized-strings-path /Users/admin/builder/spi-builder-workspace/.derivedData/Build/Intermediates.noindex/YBottomSheet.build/Debug-appletvos/YBottomSheet-t.build/Objects-normal/arm64 -c -j10 -enable-batch-mode -incremental -Xcc -ivfsstatcache -Xcc /Users/admin/builder/spi-builder-workspace/.derivedData/SDKStatCaches.noindex/appletvos27.0-24J360-e829b21a6f8c9b70876ba0858053c044b32bfd8d43560033f8d89884cdb90028.sdkstatcache -output-file-map /Users/admin/builder/spi-builder-workspace/.derivedData/Build/Intermediates.noindex/YBottomSheet.build/Debug-appletvos/YBottomSheet-t.build/Objects-normal/arm64/YBottomSheet-OutputFileMap.json -save-temps -no-color-diagnostics -explicit-module-build -module-cache-path /Users/admin/builder/spi-builder-workspace/.derivedData/Build/Intermediates.noindex/SwiftExplicitPrecompiledModules -clang-scanner-module-cache-path /Users/admin/builder/spi-builder-workspace/.derivedData/ModuleCache.noindex -sdk-module-cache-path /Users/admin/builder/spi-builder-workspace/.derivedData/SDKExplicitPrecompiledModules -emit-dependencies -emit-module -emit-module-path /Users/admin/builder/spi-builder-workspace/.derivedData/Build/Intermediates.noindex/YBottomSheet.build/Debug-appletvos/YBottomSheet-t.build/Objects-normal/arm64/YBottomSheet.swiftmodule -serialize-diagnostics -dependency-scan-serialize-diagnostics-path /Users/admin/builder/spi-builder-workspace/.derivedData/Build/Intermediates.noindex/YBottomSheet.build/Debug-appletvos/YBottomSheet-t.build/Objects-normal/arm64/YBottomSheet-dependency-scan.dia -validate-clang-modules-once -clang-build-session-file /Users/admin/builder/spi-builder-workspace/.derivedData/ModuleCache.noindex/Session.modulevalidation -Xcc -fmodules-prune-interval\=86400 -Xcc -fmodules-prune-after\=345600 -emit-const-values -const-gather-protocols-list /Users/admin/builder/spi-builder-workspace/.derivedData/Build/Intermediates.noindex/YBottomSheet.build/Debug-appletvos/YBottomSheet-t.build/Objects-normal/arm64/YBottomSheet_const_extract_protocols.json -Xcc -I/Users/admin/builder/spi-builder-workspace/.derivedData/Build/Products/Debug-appletvos/include -Xcc -I/Users/admin/builder/spi-builder-workspace/.derivedData/Build/Intermediates.noindex/YBottomSheet.build/Debug-appletvos/YBottomSheet-t.build/DerivedSources-normal/arm64 -Xcc -I/Users/admin/builder/spi-builder-workspace/.derivedData/Build/Intermediates.noindex/YBottomSheet.build/Debug-appletvos/YBottomSheet-t.build/DerivedSources/arm64 -Xcc -I/Users/admin/builder/spi-builder-workspace/.derivedData/Build/Intermediates.noindex/YBottomSheet.build/Debug-appletvos/YBottomSheet-t.build/DerivedSources -Xcc -DSWIFT_PACKAGE -Xcc -DDEBUG\=1 -emit-objc-header -emit-objc-header-path /Users/admin/builder/spi-builder-workspace/.derivedData/Build/Intermediates.noindex/YBottomSheet.build/Debug-appletvos/YBottomSheet-t.build/Objects-normal/arm64/YBottomSheet-Swift.h -working-directory /Users/admin/builder/spi-builder-workspace/.swiftpm/xcode -experimental-emit-module-separately -disable-cmo
SwiftCompile normal arm64 Compiling\ TypographyButton.swift /Users/admin/builder/spi-builder-workspace/.dependencies/checkouts/YMatterType/Sources/YMatterType/Elements/TypographyButton.swift (in target 'YMatterType' from project 'YMatterType')
SwiftCompile normal arm64 /Users/admin/builder/spi-builder-workspace/.dependencies/checkouts/YMatterType/Sources/YMatterType/Elements/TypographyButton.swift (in target 'YMatterType' from project 'YMatterType')
cd /Users/admin/builder/spi-builder-workspace/.swiftpm/xcode
builtin-SwiftPerFileCompile TypographyButton.swift
SwiftEmitModule normal arm64 Emitting\ module\ for\ YMatterType (in target 'YMatterType' from project 'YMatterType')
SwiftCompile normal arm64 (in target 'YMatterType' from project 'YMatterType')
cd /Users/admin/builder/spi-builder-workspace/.swiftpm/xcode
SwiftCompile normal arm64 Compiling\ TypographyLabelRepresentable.swift /Users/admin/builder/spi-builder-workspace/.dependencies/checkouts/YMatterType/Sources/YMatterType/Elements/Representables/TypographyLabelRepresentable.swift (in target 'YMatterType' from project 'YMatterType')
SwiftCompile normal arm64 /Users/admin/builder/spi-builder-workspace/.dependencies/checkouts/YMatterType/Sources/YMatterType/Elements/Representables/TypographyLabelRepresentable.swift (in target 'YMatterType' from project 'YMatterType')
cd /Users/admin/builder/spi-builder-workspace/.swiftpm/xcode
builtin-SwiftPerFileCompile TypographyLabelRepresentable.swift
SwiftCompile normal arm64 Compiling\ TextStyleLabel.swift /Users/admin/builder/spi-builder-workspace/.dependencies/checkouts/YMatterType/Sources/YMatterType/Elements/TextStyleLabel.swift (in target 'YMatterType' from project 'YMatterType')
SwiftCompile normal arm64 /Users/admin/builder/spi-builder-workspace/.dependencies/checkouts/YMatterType/Sources/YMatterType/Elements/TextStyleLabel.swift (in target 'YMatterType' from project 'YMatterType')
cd /Users/admin/builder/spi-builder-workspace/.swiftpm/xcode
builtin-SwiftPerFileCompile TextStyleLabel.swift
SwiftCompile normal arm64 Compiling\ BottomSheetController+Strings.swift /Users/admin/builder/spi-builder-workspace/Sources/YBottomSheet/Enums/BottomSheetController+Strings.swift (in target 'YBottomSheet' from project 'YBottomSheet')
SwiftCompile normal arm64 /Users/admin/builder/spi-builder-workspace/Sources/YBottomSheet/Enums/BottomSheetController+Strings.swift (in target 'YBottomSheet' from project 'YBottomSheet')
cd /Users/admin/builder/spi-builder-workspace/.swiftpm/xcode
builtin-SwiftPerFileCompile BottomSheetController+Strings.swift
SwiftCompile normal arm64 Compiling\ BottomSheetAnimator.swift,\ BottomSheetDismissAnimator.swift /Users/admin/builder/spi-builder-workspace/Sources/YBottomSheet/Animation/BottomSheetAnimator.swift /Users/admin/builder/spi-builder-workspace/Sources/YBottomSheet/Animation/BottomSheetDismissAnimator.swift (in target 'YBottomSheet' from project 'YBottomSheet')
SwiftCompile normal arm64 /Users/admin/builder/spi-builder-workspace/Sources/YBottomSheet/Animation/BottomSheetAnimator.swift (in target 'YBottomSheet' from project 'YBottomSheet')
cd /Users/admin/builder/spi-builder-workspace/.swiftpm/xcode
builtin-SwiftPerFileCompile BottomSheetAnimator.swift
SwiftCompile normal arm64 /Users/admin/builder/spi-builder-workspace/Sources/YBottomSheet/Animation/BottomSheetDismissAnimator.swift (in target 'YBottomSheet' from project 'YBottomSheet')
cd /Users/admin/builder/spi-builder-workspace/.swiftpm/xcode
builtin-SwiftPerFileCompile BottomSheetDismissAnimator.swift
SwiftEmitModule normal arm64 Emitting\ module\ for\ YBottomSheet (in target 'YBottomSheet' from project 'YBottomSheet')
/Users/admin/builder/spi-builder-workspace/Sources/YBottomSheet/BottomSheetController.swift:46:33: error: 'systemBackground' is unavailable in tvOS
44 | view.layer.maskedCorners = [.layerMaxXMinYCorner, .layerMinXMinYCorner]
45 | view.clipsToBounds = true
46 | view.backgroundColor = .systemBackground
| `- error: 'systemBackground' is unavailable in tvOS
47 | return view
48 | }()
/Applications/Xcode-27.0.0-Release.Candidate.app/Contents/Developer/Platforms/AppleTVOS.platform/Developer/SDKs/AppleTVOS27.0.sdk/System/Library/Frameworks/UIKit.framework/Headers/UIInterface.h:208:49: note: 'systemBackground' has been explicitly marked unavailable here
206 | * primary background in light mode.
207 | */
208 | @property (class, nonatomic, readonly) UIColor *systemBackgroundColor API_AVAILABLE(ios(13.0)) API_UNAVAILABLE(tvos, watchos);
| `- note: 'systemBackground' has been explicitly marked unavailable here
209 | @property (class, nonatomic, readonly) UIColor *secondarySystemBackgroundColor API_AVAILABLE(ios(13.0)) API_UNAVAILABLE(tvos, watchos);
210 | @property (class, nonatomic, readonly) UIColor *tertiarySystemBackgroundColor API_AVAILABLE(ios(13.0)) API_UNAVAILABLE(tvos, watchos);
Failed frontend command:
/Applications/Xcode-27.0.0-Release.Candidate.app/Contents/Developer/Toolchains/XcodeDefault.xctoolchain/usr/bin/swift-frontend -frontend -emit-module -experimental-skip-non-inlinable-function-bodies-without-types /Users/admin/builder/spi-builder-workspace/.derivedData/Build/Intermediates.noindex/YBottomSheet.build/Debug-appletvos/YBottomSheet-t.build/DerivedSources/resource_bundle_accessor.swift /Users/admin/builder/spi-builder-workspace/Sources/YBottomSheet/Animation/Animation+BottomSheet.swift /Users/admin/builder/spi-builder-workspace/Sources/YBottomSheet/Animation/BottomSheetAnimator.swift /Users/admin/builder/spi-builder-workspace/Sources/YBottomSheet/Animation/BottomSheetDismissAnimator.swift /Users/admin/builder/spi-builder-workspace/Sources/YBottomSheet/Animation/BottomSheetPresentAnimator.swift /Users/admin/builder/spi-builder-workspace/Sources/YBottomSheet/BottomSheetController+Animation.swift /Users/admin/builder/spi-builder-workspace/Sources/YBottomSheet/BottomSheetController+Appearance+Layout.swift /Users/admin/builder/spi-builder-workspace/Sources/YBottomSheet/BottomSheetController+Appearance.swift /Users/admin/builder/spi-builder-workspace/Sources/YBottomSheet/BottomSheetController+build.swift /Users/admin/builder/spi-builder-workspace/Sources/YBottomSheet/BottomSheetController.swift /Users/admin/builder/spi-builder-workspace/Sources/YBottomSheet/DragIndicatorView/DragIndicatorView+Appearance+Layout.swift /Users/admin/builder/spi-builder-workspace/Sources/YBottomSheet/DragIndicatorView/DragIndicatorView+Appearance.swift /Users/admin/builder/spi-builder-workspace/Sources/YBottomSheet/DragIndicatorView/DragIndicatorView.swift /Users/admin/builder/spi-builder-workspace/Sources/YBottomSheet/Enums/BottomSheetController+AccessibilityIdentifiers.swift /Users/admin/builder/spi-builder-workspace/Sources/YBottomSheet/Enums/BottomSheetController+Enums.swift /Users/admin/builder/spi-builder-workspace/Sources/YBottomSheet/Enums/BottomSheetController+Images.swift /Users/admin/builder/spi-builder-workspace/Sources/YBottomSheet/Enums/BottomSheetController+Strings.swift /Users/admin/builder/spi-builder-workspace/Sources/YBottomSheet/Protocols/LayoutSizable.swift /Users/admin/builder/spi-builder-workspace/Sources/YBottomSheet/Protocols/SheetHeaderViewDelegate.swift /Users/admin/builder/spi-builder-workspace/Sources/YBottomSheet/SheetHeaderView/SheetHeaderView+Appearance+Layout.swift /Users/admin/builder/spi-builder-workspace/Sources/YBottomSheet/SheetHeaderView/SheetHeaderView+Appearance.swift /Users/admin/builder/spi-builder-workspace/Sources/YBottomSheet/SheetHeaderView/SheetHeaderView.swift -target arm64-apple-tvos15.0 -disable-cross-import-overlay-search -load-resolved-plugin /Applications/Xcode-27.0.0-Release.Candidate.app/Contents/Developer/Platforms/AppleTVOS.platform/Developer/usr/lib/swift/host/plugins/libFoundationMacros.dylib\#/Applications/Xcode-27.0.0-Release.Candidate.app/Contents/Developer/Platforms/AppleTVOS.platform/Developer/usr/bin/swift-plugin-server\#FoundationMacros -load-resolved-plugin /Applications/Xcode-27.0.0-Release.Candidate.app/Contents/Developer/Platforms/AppleTVOS.platform/Developer/usr/lib/swift/host/plugins/libObservationMacros.dylib\#/Applications/Xcode-27.0.0-Release.Candidate.app/Contents/Developer/Platforms/AppleTVOS.platform/Developer/usr/bin/swift-plugin-server\#ObservationMacros -load-resolved-plugin /Applications/Xcode-27.0.0-Release.Candidate.app/Contents/Developer/Platforms/AppleTVOS.platform/Developer/usr/lib/swift/host/plugins/libPreviewsMacros.dylib\#/Applications/Xcode-27.0.0-Release.Candidate.app/Contents/Developer/Platforms/AppleTVOS.platform/Developer/usr/bin/swift-plugin-server\#PreviewsMacros -load-resolved-plugin /Applications/Xcode-27.0.0-Release.Candidate.app/Contents/Developer/Platforms/AppleTVOS.platform/Developer/usr/lib/swift/host/plugins/libSwiftMacros.dylib\#/Applications/Xcode-27.0.0-Release.Candidate.app/Contents/Developer/Platforms/AppleTVOS.platform/Developer/usr/bin/swift-plugin-server\#SwiftMacros -load-resolved-plugin /Applications/Xcode-27.0.0-Release.Candidate.app/Contents/Developer/Platforms/AppleTVOS.platform/Developer/usr/lib/swift/host/plugins/libSwiftUIMacros.dylib\#/Applications/Xcode-27.0.0-Release.Candidate.app/Contents/Developer/Platforms/AppleTVOS.platform/Developer/usr/bin/swift-plugin-server\#SwiftUIMacros -disable-implicit-swift-modules -Xcc -fno-implicit-modules -Xcc -fno-implicit-module-maps -explicit-swift-module-map-file /Users/admin/builder/spi-builder-workspace/.derivedData/Build/Intermediates.noindex/YBottomSheet.build/Debug-appletvos/YBottomSheet-t.build/Objects-normal/arm64/YBottomSheet-dependencies-1.json -Xllvm -aarch64-use-tbi -enable-objc-interop -stack-check -sdk /Applications/Xcode-27.0.0-Release.Candidate.app/Contents/Developer/Platforms/AppleTVOS.platform/Developer/SDKs/AppleTVOS27.0.sdk -I /Users/admin/builder/spi-builder-workspace/.derivedData/Build/Products/Debug-appletvos -Isystem /Applications/Xcode-27.0.0-Release.Candidate.app/Contents/Developer/Platforms/AppleTVOS.platform/Developer/usr/lib -F /Users/admin/builder/spi-builder-workspace/.derivedData/Build/Products/Debug-appletvos/PackageFrameworks -F /Users/admin/builder/spi-builder-workspace/.derivedData/Build/Products/Debug-appletvos -F /Applications/Xcode-27.0.0-Release.Candidate.app/Contents/Developer/Platforms/AppleTVOS.platform/Developer/Library/Frameworks -F /Applications/Xcode-27.0.0-Release.Candidate.app/Contents/Developer/Platforms/AppleTVOS.platform/Developer/SDKs/AppleTVOS27.0.sdk/Developer/Library/Frameworks -module-cache-path /Users/admin/builder/spi-builder-workspace/.derivedData/Build/Intermediates.noindex/SwiftExplicitPrecompiledModules -no-color-diagnostics -Xcc -fno-color-diagnostics -enable-testing -g -debug-info-format\=dwarf -dwarf-version\=4 -profile-generate -profile-coverage-mapping -swift-version 5 -Onone -D SWIFT_PACKAGE -D DEBUG -D SWIFT_MODULE_RESOURCE_BUNDLE_AVAILABLE -D Xcode -serialize-debugging-options -enable-experimental-feature DebugDescriptionMacro -empty-abi-descriptor -validate-clang-modules-once -clang-build-session-file /Users/admin/builder/spi-builder-workspace/.derivedData/ModuleCache.noindex/Session.modulevalidation -Xcc -working-directory -Xcc /Users/admin/builder/spi-builder-workspace/.swiftpm/xcode -enable-anonymous-context-mangled-names -file-compilation-dir /Users/admin/builder/spi-builder-workspace/.swiftpm/xcode -Xcc -D_LIBCPP_HARDENING_MODE\=_LIBCPP_HARDENING_MODE_DEBUG -Xcc -ivfsstatcache -Xcc /Users/admin/builder/spi-builder-workspace/.derivedData/SDKStatCaches.noindex/appletvos27.0-24J360-e829b21a6f8c9b70876ba0858053c044b32bfd8d43560033f8d89884cdb90028.sdkstatcache -Xcc -fmodules-prune-interval\=86400 -Xcc -fmodules-prune-after\=345600 -Xcc -I/Users/admin/builder/spi-builder-workspace/.derivedData/Build/Products/Debug-appletvos/include -Xcc -I/Users/admin/builder/spi-builder-workspace/.derivedData/Build/Intermediates.noindex/YBottomSheet.build/Debug-appletvos/YBottomSheet-t.build/DerivedSources-normal/arm64 -Xcc -I/Users/admin/builder/spi-builder-workspace/.derivedData/Build/Intermediates.noindex/YBottomSheet.build/Debug-appletvos/YBottomSheet-t.build/DerivedSources/arm64 -Xcc -I/Users/admin/builder/spi-builder-workspace/.derivedData/Build/Intermediates.noindex/YBottomSheet.build/Debug-appletvos/YBottomSheet-t.build/DerivedSources -Xcc -DSWIFT_PACKAGE -Xcc -DDEBUG\=1 -no-auto-bridging-header-chaining -module-name YBottomSheet -const-gather-protocols-file /Users/admin/builder/spi-builder-workspace/.derivedData/Build/Intermediates.noindex/YBottomSheet.build/Debug-appletvos/YBottomSheet-t.build/Objects-normal/arm64/YBottomSheet_const_extract_protocols.json -disable-clang-spi -clang-target arm64-apple-tvos27.0 -target-sdk-version 27.0 -target-sdk-name appletvos27.0 -in-process-plugin-server-path /Applications/Xcode-27.0.0-Release.Candidate.app/Contents/Developer/Toolchains/XcodeDefault.xctoolchain/usr/lib/swift/host/libSwiftInProcPluginServer.dylib -emit-module-doc-path /Users/admin/builder/spi-builder-workspace/.derivedData/Build/Intermediates.noindex/YBottomSheet.build/Debug-appletvos/YBottomSheet-t.build/Objects-normal/arm64/YBottomSheet.swiftdoc -emit-module-source-info-path /Users/admin/builder/spi-builder-workspace/.derivedData/Build/Intermediates.noindex/YBottomSheet.build/Debug-appletvos/YBottomSheet-t.build/Objects-normal/arm64/YBottomSheet.swiftsourceinfo -emit-objc-header-path /Users/admin/builder/spi-builder-workspace/.derivedData/Build/Intermediates.noindex/YBottomSheet.build/Debug-appletvos/YBottomSheet-t.build/Objects-normal/arm64/YBottomSheet-Swift.h -serialize-diagnostics-path /Users/admin/builder/spi-builder-workspace/.derivedData/Build/Intermediates.noindex/YBottomSheet.build/Debug-appletvos/YBottomSheet-t.build/Objects-normal/arm64/YBottomSheet-primary-emit-module.dia -emit-dependencies-path /Users/admin/builder/spi-builder-workspace/.derivedData/Build/Intermediates.noindex/YBottomSheet.build/Debug-appletvos/YBottomSheet-t.build/Objects-normal/arm64/YBottomSheet-primary-emit-module.d -parse-as-library -o /Users/admin/builder/spi-builder-workspace/.derivedData/Build/Intermediates.noindex/YBottomSheet.build/Debug-appletvos/YBottomSheet-t.build/Objects-normal/arm64/YBottomSheet.swiftmodule -emit-abi-descriptor-path /Users/admin/builder/spi-builder-workspace/.derivedData/Build/Intermediates.noindex/YBottomSheet.build/Debug-appletvos/YBottomSheet-t.build/Objects-normal/arm64/YBottomSheet.abi.json
SwiftCompile normal arm64 (in target 'YBottomSheet' from project 'YBottomSheet')
cd /Users/admin/builder/spi-builder-workspace/.swiftpm/xcode
SwiftCompile normal arm64 Compiling\ SheetHeaderViewDelegate.swift /Users/admin/builder/spi-builder-workspace/Sources/YBottomSheet/Protocols/SheetHeaderViewDelegate.swift (in target 'YBottomSheet' from project 'YBottomSheet')
SwiftCompile normal arm64 /Users/admin/builder/spi-builder-workspace/Sources/YBottomSheet/Protocols/SheetHeaderViewDelegate.swift (in target 'YBottomSheet' from project 'YBottomSheet')
cd /Users/admin/builder/spi-builder-workspace/.swiftpm/xcode
builtin-SwiftPerFileCompile SheetHeaderViewDelegate.swift
SwiftCompile normal arm64 Compiling\ LayoutSizable.swift /Users/admin/builder/spi-builder-workspace/Sources/YBottomSheet/Protocols/LayoutSizable.swift (in target 'YBottomSheet' from project 'YBottomSheet')
SwiftCompile normal arm64 /Users/admin/builder/spi-builder-workspace/Sources/YBottomSheet/Protocols/LayoutSizable.swift (in target 'YBottomSheet' from project 'YBottomSheet')
cd /Users/admin/builder/spi-builder-workspace/.swiftpm/xcode
builtin-SwiftPerFileCompile LayoutSizable.swift
SwiftCompile normal arm64 Compiling\ BottomSheetController+build.swift,\ BottomSheetController.swift /Users/admin/builder/spi-builder-workspace/Sources/YBottomSheet/BottomSheetController+build.swift /Users/admin/builder/spi-builder-workspace/Sources/YBottomSheet/BottomSheetController.swift (in target 'YBottomSheet' from project 'YBottomSheet')
SwiftCompile normal arm64 /Users/admin/builder/spi-builder-workspace/Sources/YBottomSheet/BottomSheetController+build.swift (in target 'YBottomSheet' from project 'YBottomSheet')
cd /Users/admin/builder/spi-builder-workspace/.swiftpm/xcode
builtin-SwiftPerFileCompile BottomSheetController+build.swift
SwiftCompile normal arm64 /Users/admin/builder/spi-builder-workspace/Sources/YBottomSheet/BottomSheetController.swift (in target 'YBottomSheet' from project 'YBottomSheet')
cd /Users/admin/builder/spi-builder-workspace/.swiftpm/xcode
builtin-SwiftPerFileCompile BottomSheetController.swift
SwiftCompile normal arm64 Compiling\ BottomSheetPresentAnimator.swift,\ BottomSheetController+Animation.swift /Users/admin/builder/spi-builder-workspace/Sources/YBottomSheet/Animation/BottomSheetPresentAnimator.swift /Users/admin/builder/spi-builder-workspace/Sources/YBottomSheet/BottomSheetController+Animation.swift (in target 'YBottomSheet' from project 'YBottomSheet')
SwiftCompile normal arm64 /Users/admin/builder/spi-builder-workspace/Sources/YBottomSheet/Animation/BottomSheetPresentAnimator.swift (in target 'YBottomSheet' from project 'YBottomSheet')
cd /Users/admin/builder/spi-builder-workspace/.swiftpm/xcode
builtin-SwiftPerFileCompile BottomSheetPresentAnimator.swift
SwiftCompile normal arm64 /Users/admin/builder/spi-builder-workspace/Sources/YBottomSheet/BottomSheetController+Animation.swift (in target 'YBottomSheet' from project 'YBottomSheet')
cd /Users/admin/builder/spi-builder-workspace/.swiftpm/xcode
builtin-SwiftPerFileCompile BottomSheetController+Animation.swift
SwiftDriverJobDiscovery normal arm64 Compiling SheetHeaderViewDelegate.swift (in target 'YBottomSheet' from project 'YBottomSheet')
SwiftCompile normal arm64 Compiling\ BottomSheetController+Enums.swift /Users/admin/builder/spi-builder-workspace/Sources/YBottomSheet/Enums/BottomSheetController+Enums.swift (in target 'YBottomSheet' from project 'YBottomSheet')
SwiftCompile normal arm64 /Users/admin/builder/spi-builder-workspace/Sources/YBottomSheet/Enums/BottomSheetController+Enums.swift (in target 'YBottomSheet' from project 'YBottomSheet')
cd /Users/admin/builder/spi-builder-workspace/.swiftpm/xcode
builtin-SwiftPerFileCompile BottomSheetController+Enums.swift
SwiftDriverJobDiscovery normal arm64 Compiling BottomSheetController+Strings.swift (in target 'YBottomSheet' from project 'YBottomSheet')
SwiftCompile normal arm64 Compiling\ BottomSheetController+AccessibilityIdentifiers.swift /Users/admin/builder/spi-builder-workspace/Sources/YBottomSheet/Enums/BottomSheetController+AccessibilityIdentifiers.swift (in target 'YBottomSheet' from project 'YBottomSheet')
SwiftCompile normal arm64 /Users/admin/builder/spi-builder-workspace/Sources/YBottomSheet/Enums/BottomSheetController+AccessibilityIdentifiers.swift (in target 'YBottomSheet' from project 'YBottomSheet')
cd /Users/admin/builder/spi-builder-workspace/.swiftpm/xcode
builtin-SwiftPerFileCompile BottomSheetController+AccessibilityIdentifiers.swift
SwiftDriverJobDiscovery normal arm64 Compiling LayoutSizable.swift (in target 'YBottomSheet' from project 'YBottomSheet')
SwiftCompile normal arm64 Compiling\ DragIndicatorView+Appearance+Layout.swift /Users/admin/builder/spi-builder-workspace/Sources/YBottomSheet/DragIndicatorView/DragIndicatorView+Appearance+Layout.swift (in target 'YBottomSheet' from project 'YBottomSheet')
SwiftCompile normal arm64 /Users/admin/builder/spi-builder-workspace/Sources/YBottomSheet/DragIndicatorView/DragIndicatorView+Appearance+Layout.swift (in target 'YBottomSheet' from project 'YBottomSheet')
cd /Users/admin/builder/spi-builder-workspace/.swiftpm/xcode
builtin-SwiftPerFileCompile DragIndicatorView+Appearance+Layout.swift
PruneExplicitPrecompiledModules /Users/admin/builder/spi-builder-workspace/.derivedData/SDKExplicitPrecompiledModules
PruneExplicitPrecompiledModules /Users/admin/builder/spi-builder-workspace/.derivedData/Build/Intermediates.noindex/ExplicitPrecompiledModules
PruneExplicitPrecompiledModules /Users/admin/builder/spi-builder-workspace/.derivedData/Build/Intermediates.noindex/SwiftExplicitPrecompiledModules
2026-09-19 15:21:34.032 xcodebuild[864:5404] [MT] IDERunDestination: Supported platforms for the buildables in the current scheme is empty.
2026-09-19 15:21:34.134 xcodebuild[864:5404] [MT] IDERunDestination: Supported platforms for the buildables in the current scheme is empty.
** BUILD FAILED **
The following build commands failed:
SwiftEmitModule normal arm64 Emitting\ module\ for\ YBottomSheet (in target 'YBottomSheet' from project 'YBottomSheet')
SwiftCompile normal arm64 (in target 'YBottomSheet' from project 'YBottomSheet')
Building workspace YBottomSheet with scheme YBottomSheet
(3 failures)
BUILD FAILURE 6.4 tvOS