Build Information
Failed to build OmiseSDK, reference v6.0.0-alpha.3 (095f97), with Swift 6.2 for macOS (SPM) on 25 Jun 2026 22:29:35 UTC.
Build Command
env DEVELOPER_DIR=/Applications/Xcode-26.3.0.app xcrun swift build --arch arm64Build Log
========================================
RunAll
========================================
Builder version: undefined version: run 'make version' to update
Interrupt handler set up.
========================================
Checkout
========================================
Clone URL: https://github.com/omise/omise-ios.git
Reference: v6.0.0-alpha.3
Initialized empty Git repository in /Users/admin/builder/spi-builder-workspace/.git/
From https://github.com/omise/omise-ios
* tag v6.0.0-alpha.3 -> FETCH_HEAD
HEAD is now at 095f97d change 3ds sdk url (#385)
Cloned https://github.com/omise/omise-ios.git
Revision (git rev-parse @):
095f97d465eab118e3b29a74e86f1cebb9343635
SPI manifest file found: $PWD/.spi.yml
SUCCESS checkout https://github.com/omise/omise-ios.git at v6.0.0-alpha.3
========================================
Build
========================================
Selected platform: macosSpm
Swift version: 6.2
Building package at path: $PWD
https://github.com/omise/omise-ios.git
Running build ...
env DEVELOPER_DIR=/Applications/Xcode-26.3.0.app xcrun swift build --arch arm64
Building for debugging...
[0/15] Write sources
[1/15] Copying Localizable.stringsdict
[1/15] Copying Error.strings
[1/15] Copying Localizable.strings
[1/15] Copying Localizable.stringsdict
[1/15] Copying Localizable.strings
[1/15] Copying Localizable.stringsdict
[1/15] Copying Info.plist
[1/15] Copying Error.strings
[11/15] Copying Assets.xcassets
[12/15] Write swift-version--3CB7CFEC50E0D141.txt
[14/98] Compiling OmiseSDK UIImage+Omise.swift
/Users/admin/builder/spi-builder-workspace/OmiseSDK/Sources/3DS/NetceteraThreeDSController.swift:2:8: error: no such module 'ThreeDS_SDK'
1 | import Foundation
2 | import ThreeDS_SDK
| `- error: no such module 'ThreeDS_SDK'
3 | import CommonCrypto
4 |
[15/98] Compiling OmiseSDK FlutterEngineManager.swift
/Users/admin/builder/spi-builder-workspace/OmiseSDK/Sources/3DS/NetceteraThreeDSController.swift:2:8: error: no such module 'ThreeDS_SDK'
1 | import Foundation
2 | import ThreeDS_SDK
| `- error: no such module 'ThreeDS_SDK'
3 | import CommonCrypto
4 |
[16/98] Compiling OmiseSDK FlutterMethodChannelWrapper.swift
/Users/admin/builder/spi-builder-workspace/OmiseSDK/Sources/3DS/NetceteraThreeDSController.swift:2:8: error: no such module 'ThreeDS_SDK'
1 | import Foundation
2 | import ThreeDS_SDK
| `- error: no such module 'ThreeDS_SDK'
3 | import CommonCrypto
4 |
[17/98] Compiling OmiseSDK FlutterPaymentMethodResult.swift
/Users/admin/builder/spi-builder-workspace/OmiseSDK/Sources/3DS/NetceteraThreeDSController.swift:2:8: error: no such module 'ThreeDS_SDK'
1 | import Foundation
2 | import ThreeDS_SDK
| `- error: no such module 'ThreeDS_SDK'
3 | import CommonCrypto
4 |
[18/98] Compiling OmiseSDK OmiseFlutter.swift
/Users/admin/builder/spi-builder-workspace/OmiseSDK/Sources/3DS/NetceteraThreeDSController.swift:2:8: error: no such module 'ThreeDS_SDK'
1 | import Foundation
2 | import ThreeDS_SDK
| `- error: no such module 'ThreeDS_SDK'
3 | import CommonCrypto
4 |
[19/98] Compiling OmiseSDK CardBrand.swift
/Users/admin/builder/spi-builder-workspace/OmiseSDK/Sources/3DS/NetceteraThreeDSController.swift:2:8: error: no such module 'ThreeDS_SDK'
1 | import Foundation
2 | import ThreeDS_SDK
| `- error: no such module 'ThreeDS_SDK'
3 | import CommonCrypto
4 |
[20/98] Compiling OmiseSDK Country.swift
/Users/admin/builder/spi-builder-workspace/OmiseSDK/Sources/3DS/NetceteraThreeDSController.swift:2:8: error: no such module 'ThreeDS_SDK'
1 | import Foundation
2 | import ThreeDS_SDK
| `- error: no such module 'ThreeDS_SDK'
3 | import CommonCrypto
4 |
[21/98] Compiling OmiseSDK Currency.swift
/Users/admin/builder/spi-builder-workspace/OmiseSDK/Sources/3DS/NetceteraThreeDSController.swift:2:8: error: no such module 'ThreeDS_SDK'
1 | import Foundation
2 | import ThreeDS_SDK
| `- error: no such module 'ThreeDS_SDK'
3 | import CommonCrypto
4 |
[22/98] Compiling OmiseSDK APIErrorCode.swift
/Users/admin/builder/spi-builder-workspace/OmiseSDK/Sources/3DS/NetceteraThreeDSController.swift:2:8: error: no such module 'ThreeDS_SDK'
1 | import Foundation
2 | import ThreeDS_SDK
| `- error: no such module 'ThreeDS_SDK'
3 | import CommonCrypto
4 |
[23/107] Compiling OmiseSDK Source.Payment.DuitNowOBW.swift
/Users/admin/builder/spi-builder-workspace/OmiseSDK/Sources/3DS/NetceteraThreeDSController.swift:2:8: error: no such module 'ThreeDS_SDK'
1 | import Foundation
2 | import ThreeDS_SDK
| `- error: no such module 'ThreeDS_SDK'
3 | import CommonCrypto
4 |
[24/107] Compiling OmiseSDK Source.Payment.EContext.swift
/Users/admin/builder/spi-builder-workspace/OmiseSDK/Sources/3DS/NetceteraThreeDSController.swift:2:8: error: no such module 'ThreeDS_SDK'
1 | import Foundation
2 | import ThreeDS_SDK
| `- error: no such module 'ThreeDS_SDK'
3 | import CommonCrypto
4 |
[25/107] Compiling OmiseSDK Source.Payment.FPX.Bank.swift
/Users/admin/builder/spi-builder-workspace/OmiseSDK/Sources/3DS/NetceteraThreeDSController.swift:2:8: error: no such module 'ThreeDS_SDK'
1 | import Foundation
2 | import ThreeDS_SDK
| `- error: no such module 'ThreeDS_SDK'
3 | import CommonCrypto
4 |
[26/107] Compiling OmiseSDK Source.Payment.FPX.swift
/Users/admin/builder/spi-builder-workspace/OmiseSDK/Sources/3DS/NetceteraThreeDSController.swift:2:8: error: no such module 'ThreeDS_SDK'
1 | import Foundation
2 | import ThreeDS_SDK
| `- error: no such module 'ThreeDS_SDK'
3 | import CommonCrypto
4 |
[27/107] Compiling OmiseSDK Source.Payment.Installment.swift
/Users/admin/builder/spi-builder-workspace/OmiseSDK/Sources/3DS/NetceteraThreeDSController.swift:2:8: error: no such module 'ThreeDS_SDK'
1 | import Foundation
2 | import ThreeDS_SDK
| `- error: no such module 'ThreeDS_SDK'
3 | import CommonCrypto
4 |
[28/107] Compiling OmiseSDK Source.Payment.Item.swift
/Users/admin/builder/spi-builder-workspace/OmiseSDK/Sources/3DS/NetceteraThreeDSController.swift:2:8: error: no such module 'ThreeDS_SDK'
1 | import Foundation
2 | import ThreeDS_SDK
| `- error: no such module 'ThreeDS_SDK'
3 | import CommonCrypto
4 |
[29/107] Compiling OmiseSDK Source.Payment.TrueMoney.swift
/Users/admin/builder/spi-builder-workspace/OmiseSDK/Sources/3DS/NetceteraThreeDSController.swift:2:8: error: no such module 'ThreeDS_SDK'
1 | import Foundation
2 | import ThreeDS_SDK
| `- error: no such module 'ThreeDS_SDK'
3 | import CommonCrypto
4 |
[30/107] Compiling OmiseSDK Source.Payment.swift
/Users/admin/builder/spi-builder-workspace/OmiseSDK/Sources/3DS/NetceteraThreeDSController.swift:2:8: error: no such module 'ThreeDS_SDK'
1 | import Foundation
2 | import ThreeDS_SDK
| `- error: no such module 'ThreeDS_SDK'
3 | import CommonCrypto
4 |
[31/107] Compiling OmiseSDK Source.swift
/Users/admin/builder/spi-builder-workspace/OmiseSDK/Sources/3DS/NetceteraThreeDSController.swift:2:8: error: no such module 'ThreeDS_SDK'
1 | import Foundation
2 | import ThreeDS_SDK
| `- error: no such module 'ThreeDS_SDK'
3 | import CommonCrypto
4 |
[32/107] Compiling OmiseSDK BadRequestReason.swift
/Users/admin/builder/spi-builder-workspace/OmiseSDK/Sources/3DS/NetceteraThreeDSController.swift:2:8: error: no such module 'ThreeDS_SDK'
1 | import Foundation
2 | import ThreeDS_SDK
| `- error: no such module 'ThreeDS_SDK'
3 | import CommonCrypto
4 |
[33/107] Compiling OmiseSDK InvalidCardReason.swift
/Users/admin/builder/spi-builder-workspace/OmiseSDK/Sources/3DS/NetceteraThreeDSController.swift:2:8: error: no such module 'ThreeDS_SDK'
1 | import Foundation
2 | import ThreeDS_SDK
| `- error: no such module 'ThreeDS_SDK'
3 | import CommonCrypto
4 |
[34/107] Compiling OmiseSDK OmiseError+LocalizedDescription.swift
/Users/admin/builder/spi-builder-workspace/OmiseSDK/Sources/3DS/NetceteraThreeDSController.swift:2:8: error: no such module 'ThreeDS_SDK'
1 | import Foundation
2 | import ThreeDS_SDK
| `- error: no such module 'ThreeDS_SDK'
3 | import CommonCrypto
4 |
[35/107] Compiling OmiseSDK OmiseError.swift
/Users/admin/builder/spi-builder-workspace/OmiseSDK/Sources/3DS/NetceteraThreeDSController.swift:2:8: error: no such module 'ThreeDS_SDK'
1 | import Foundation
2 | import ThreeDS_SDK
| `- error: no such module 'ThreeDS_SDK'
3 | import CommonCrypto
4 |
[36/107] Compiling OmiseSDK PAN.swift
/Users/admin/builder/spi-builder-workspace/OmiseSDK/Sources/3DS/NetceteraThreeDSController.swift:2:8: error: no such module 'ThreeDS_SDK'
1 | import Foundation
2 | import ThreeDS_SDK
| `- error: no such module 'ThreeDS_SDK'
3 | import CommonCrypto
4 |
[37/107] Compiling OmiseSDK Client.swift
/Users/admin/builder/spi-builder-workspace/OmiseSDK/Sources/3DS/NetceteraThreeDSController.swift:2:8: error: no such module 'ThreeDS_SDK'
1 | import Foundation
2 | import ThreeDS_SDK
| `- error: no such module 'ThreeDS_SDK'
3 | import CommonCrypto
4 |
[38/107] Compiling OmiseSDK APIProtocol.swift
/Users/admin/builder/spi-builder-workspace/OmiseSDK/Sources/3DS/NetceteraThreeDSController.swift:2:8: error: no such module 'ThreeDS_SDK'
1 | import Foundation
2 | import ThreeDS_SDK
| `- error: no such module 'ThreeDS_SDK'
3 | import CommonCrypto
4 |
[39/107] Compiling OmiseSDK Client+NetworkService.swift
/Users/admin/builder/spi-builder-workspace/OmiseSDK/Sources/3DS/NetceteraThreeDSController.swift:2:8: error: no such module 'ThreeDS_SDK'
1 | import Foundation
2 | import ThreeDS_SDK
| `- error: no such module 'ThreeDS_SDK'
3 | import CommonCrypto
4 |
[40/107] Compiling OmiseSDK Client+URLRequest.swift
/Users/admin/builder/spi-builder-workspace/OmiseSDK/Sources/3DS/NetceteraThreeDSController.swift:2:8: error: no such module 'ThreeDS_SDK'
1 | import Foundation
2 | import ThreeDS_SDK
| `- error: no such module 'ThreeDS_SDK'
3 | import CommonCrypto
4 |
[41/107] Compiling OmiseSDK CryptData.swift
/Users/admin/builder/spi-builder-workspace/OmiseSDK/Sources/3DS/NetceteraThreeDSController.swift:2:8: error: no such module 'ThreeDS_SDK'
1 | import Foundation
2 | import ThreeDS_SDK
| `- error: no such module 'ThreeDS_SDK'
3 | import CommonCrypto
4 |
[42/107] Compiling OmiseSDK String+PemCert.swift
/Users/admin/builder/spi-builder-workspace/OmiseSDK/Sources/3DS/NetceteraThreeDSController.swift:2:8: error: no such module 'ThreeDS_SDK'
1 | import Foundation
2 | import ThreeDS_SDK
| `- error: no such module 'ThreeDS_SDK'
3 | import CommonCrypto
4 |
[43/107] Compiling OmiseSDK String+sha512.swift
/Users/admin/builder/spi-builder-workspace/OmiseSDK/Sources/3DS/NetceteraThreeDSController.swift:2:8: error: no such module 'ThreeDS_SDK'
1 | import Foundation
2 | import ThreeDS_SDK
| `- error: no such module 'ThreeDS_SDK'
3 | import CommonCrypto
4 |
[44/107] Compiling OmiseSDK NetceteraConfig.swift
/Users/admin/builder/spi-builder-workspace/OmiseSDK/Sources/3DS/NetceteraThreeDSController.swift:2:8: error: no such module 'ThreeDS_SDK'
1 | import Foundation
2 | import ThreeDS_SDK
| `- error: no such module 'ThreeDS_SDK'
3 | import CommonCrypto
4 |
[45/107] Compiling OmiseSDK NetceteraThreeDSController.swift
/Users/admin/builder/spi-builder-workspace/OmiseSDK/Sources/3DS/NetceteraThreeDSController.swift:2:8: error: no such module 'ThreeDS_SDK'
1 | import Foundation
2 | import ThreeDS_SDK
| `- error: no such module 'ThreeDS_SDK'
3 | import CommonCrypto
4 |
[46/107] Compiling OmiseSDK ThreeDSButtonCustomization.swift
/Users/admin/builder/spi-builder-workspace/OmiseSDK/Sources/3DS/NetceteraThreeDSController.swift:2:8: error: no such module 'ThreeDS_SDK'
1 | import Foundation
2 | import ThreeDS_SDK
| `- error: no such module 'ThreeDS_SDK'
3 | import CommonCrypto
4 |
[47/107] Compiling OmiseSDK ThreeDSCustomization.swift
/Users/admin/builder/spi-builder-workspace/OmiseSDK/Sources/3DS/NetceteraThreeDSController.swift:2:8: error: no such module 'ThreeDS_SDK'
1 | import Foundation
2 | import ThreeDS_SDK
| `- error: no such module 'ThreeDS_SDK'
3 | import CommonCrypto
4 |
[48/107] Compiling OmiseSDK ThreeDSLabelCustomization.swift
/Users/admin/builder/spi-builder-workspace/OmiseSDK/Sources/3DS/NetceteraThreeDSController.swift:2:8: error: no such module 'ThreeDS_SDK'
1 | import Foundation
2 | import ThreeDS_SDK
| `- error: no such module 'ThreeDS_SDK'
3 | import CommonCrypto
4 |
[49/107] Compiling OmiseSDK ThreeDSTextBoxCustomization.swift
/Users/admin/builder/spi-builder-workspace/OmiseSDK/Sources/3DS/NetceteraThreeDSController.swift:2:8: error: no such module 'ThreeDS_SDK'
1 | import Foundation
2 | import ThreeDS_SDK
| `- error: no such module 'ThreeDS_SDK'
3 | import CommonCrypto
4 |
[50/107] Compiling OmiseSDK ThreeDSToolbarCustomization.swift
/Users/admin/builder/spi-builder-workspace/OmiseSDK/Sources/3DS/NetceteraThreeDSController.swift:2:8: error: no such module 'ThreeDS_SDK'
1 | import Foundation
2 | import ThreeDS_SDK
| `- error: no such module 'ThreeDS_SDK'
3 | import CommonCrypto
4 |
[51/107] Compiling OmiseSDK NetworkService.swift
/Users/admin/builder/spi-builder-workspace/OmiseSDK/Sources/3DS/NetceteraThreeDSController.swift:2:8: error: no such module 'ThreeDS_SDK'
1 | import Foundation
2 | import ThreeDS_SDK
| `- error: no such module 'ThreeDS_SDK'
3 | import CommonCrypto
4 |
[52/107] Compiling OmiseSDK Capability.PaymentMethod.Bank.swift
/Users/admin/builder/spi-builder-workspace/OmiseSDK/Sources/3DS/NetceteraThreeDSController.swift:2:8: error: no such module 'ThreeDS_SDK'
1 | import Foundation
2 | import ThreeDS_SDK
| `- error: no such module 'ThreeDS_SDK'
3 | import CommonCrypto
4 |
[53/107] Compiling OmiseSDK Capability.PaymentMethod.Provider.swift
/Users/admin/builder/spi-builder-workspace/OmiseSDK/Sources/3DS/NetceteraThreeDSController.swift:2:8: error: no such module 'ThreeDS_SDK'
1 | import Foundation
2 | import ThreeDS_SDK
| `- error: no such module 'ThreeDS_SDK'
3 | import CommonCrypto
4 |
[54/107] Compiling OmiseSDK Capability.PaymentMethod.swift
/Users/admin/builder/spi-builder-workspace/OmiseSDK/Sources/3DS/NetceteraThreeDSController.swift:2:8: error: no such module 'ThreeDS_SDK'
1 | import Foundation
2 | import ThreeDS_SDK
| `- error: no such module 'ThreeDS_SDK'
3 | import CommonCrypto
4 |
[55/107] Compiling OmiseSDK Capability.swift
/Users/admin/builder/spi-builder-workspace/OmiseSDK/Sources/3DS/NetceteraThreeDSController.swift:2:8: error: no such module 'ThreeDS_SDK'
1 | import Foundation
2 | import ThreeDS_SDK
| `- error: no such module 'ThreeDS_SDK'
3 | import CommonCrypto
4 |
[56/107] Compiling OmiseSDK Source.Payment.Address.swift
/Users/admin/builder/spi-builder-workspace/OmiseSDK/Sources/3DS/NetceteraThreeDSController.swift:2:8: error: no such module 'ThreeDS_SDK'
1 | import Foundation
2 | import ThreeDS_SDK
| `- error: no such module 'ThreeDS_SDK'
3 | import CommonCrypto
4 |
[57/107] Compiling OmiseSDK Source.Payment.Atome.swift
/Users/admin/builder/spi-builder-workspace/OmiseSDK/Sources/3DS/NetceteraThreeDSController.swift:2:8: error: no such module 'ThreeDS_SDK'
1 | import Foundation
2 | import ThreeDS_SDK
| `- error: no such module 'ThreeDS_SDK'
3 | import CommonCrypto
4 |
[58/107] Compiling OmiseSDK Source.Payment.BarcodeAlipay.swift
/Users/admin/builder/spi-builder-workspace/OmiseSDK/Sources/3DS/NetceteraThreeDSController.swift:2:8: error: no such module 'ThreeDS_SDK'
1 | import Foundation
2 | import ThreeDS_SDK
| `- error: no such module 'ThreeDS_SDK'
3 | import CommonCrypto
4 |
[59/107] Compiling OmiseSDK Source.Payment.DuitNowOBW.Bank.swift
/Users/admin/builder/spi-builder-workspace/OmiseSDK/Sources/3DS/NetceteraThreeDSController.swift:2:8: error: no such module 'ThreeDS_SDK'
1 | import Foundation
2 | import ThreeDS_SDK
| `- error: no such module 'ThreeDS_SDK'
3 | import CommonCrypto
4 |
[60/107] Compiling OmiseSDK Array+Helpers.swift
/Users/admin/builder/spi-builder-workspace/OmiseSDK/Sources/3DS/NetceteraThreeDSController.swift:2:8: error: no such module 'ThreeDS_SDK'
1 | import Foundation
2 | import ThreeDS_SDK
| `- error: no such module 'ThreeDS_SDK'
3 | import CommonCrypto
4 |
[61/107] Compiling OmiseSDK NumberFormatter+Helpers.swift
/Users/admin/builder/spi-builder-workspace/OmiseSDK/Sources/3DS/NetceteraThreeDSController.swift:2:8: error: no such module 'ThreeDS_SDK'
1 | import Foundation
2 | import ThreeDS_SDK
| `- error: no such module 'ThreeDS_SDK'
3 | import CommonCrypto
4 |
[62/107] Compiling OmiseSDK OmiseError+Helpers.swift
/Users/admin/builder/spi-builder-workspace/OmiseSDK/Sources/3DS/NetceteraThreeDSController.swift:2:8: error: no such module 'ThreeDS_SDK'
1 | import Foundation
2 | import ThreeDS_SDK
| `- error: no such module 'ThreeDS_SDK'
3 | import CommonCrypto
4 |
[63/107] Compiling OmiseSDK Optional+Helpers.swift
/Users/admin/builder/spi-builder-workspace/OmiseSDK/Sources/3DS/NetceteraThreeDSController.swift:2:8: error: no such module 'ThreeDS_SDK'
1 | import Foundation
2 | import ThreeDS_SDK
| `- error: no such module 'ThreeDS_SDK'
3 | import CommonCrypto
4 |
[64/107] Compiling OmiseSDK String+Helpers.swift
/Users/admin/builder/spi-builder-workspace/OmiseSDK/Sources/3DS/NetceteraThreeDSController.swift:2:8: error: no such module 'ThreeDS_SDK'
1 | import Foundation
2 | import ThreeDS_SDK
| `- error: no such module 'ThreeDS_SDK'
3 | import CommonCrypto
4 |
[65/107] Compiling OmiseSDK URL+Helpers.swift
/Users/admin/builder/spi-builder-workspace/OmiseSDK/Sources/3DS/NetceteraThreeDSController.swift:2:8: error: no such module 'ThreeDS_SDK'
1 | import Foundation
2 | import ThreeDS_SDK
| `- error: no such module 'ThreeDS_SDK'
3 | import CommonCrypto
4 |
[66/107] Compiling OmiseSDK Closures.swift
/Users/admin/builder/spi-builder-workspace/OmiseSDK/Sources/3DS/NetceteraThreeDSController.swift:2:8: error: no such module 'ThreeDS_SDK'
1 | import Foundation
2 | import ThreeDS_SDK
| `- error: no such module 'ThreeDS_SDK'
3 | import CommonCrypto
4 |
[67/107] Compiling OmiseSDK UIColor+Helpers.swift
/Users/admin/builder/spi-builder-workspace/OmiseSDK/Sources/3DS/NetceteraThreeDSController.swift:2:8: error: no such module 'ThreeDS_SDK'
1 | import Foundation
2 | import ThreeDS_SDK
| `- error: no such module 'ThreeDS_SDK'
3 | import CommonCrypto
4 |
[68/107] Compiling OmiseSDK resource_bundle_accessor.swift
/Users/admin/builder/spi-builder-workspace/OmiseSDK/Sources/3DS/NetceteraThreeDSController.swift:2:8: error: no such module 'ThreeDS_SDK'
1 | import Foundation
2 | import ThreeDS_SDK
| `- error: no such module 'ThreeDS_SDK'
3 | import CommonCrypto
4 |
[69/107] Compiling OmiseSDK SourceType+Installments.swift
/Users/admin/builder/spi-builder-workspace/OmiseSDK/Sources/3DS/NetceteraThreeDSController.swift:2:8: error: no such module 'ThreeDS_SDK'
1 | import Foundation
2 | import ThreeDS_SDK
| `- error: no such module 'ThreeDS_SDK'
3 | import CommonCrypto
4 |
[70/107] Compiling OmiseSDK SourceType+InternetBanking.swift
/Users/admin/builder/spi-builder-workspace/OmiseSDK/Sources/3DS/NetceteraThreeDSController.swift:2:8: error: no such module 'ThreeDS_SDK'
1 | import Foundation
2 | import ThreeDS_SDK
| `- error: no such module 'ThreeDS_SDK'
3 | import CommonCrypto
4 |
[71/107] Compiling OmiseSDK SourceType+MobileBanking.swift
/Users/admin/builder/spi-builder-workspace/OmiseSDK/Sources/3DS/NetceteraThreeDSController.swift:2:8: error: no such module 'ThreeDS_SDK'
1 | import Foundation
2 | import ThreeDS_SDK
| `- error: no such module 'ThreeDS_SDK'
3 | import CommonCrypto
4 |
[72/107] Compiling OmiseSDK SourceType.swift
/Users/admin/builder/spi-builder-workspace/OmiseSDK/Sources/3DS/NetceteraThreeDSController.swift:2:8: error: no such module 'ThreeDS_SDK'
1 | import Foundation
2 | import ThreeDS_SDK
| `- error: no such module 'ThreeDS_SDK'
3 | import CommonCrypto
4 |
[73/107] Compiling OmiseSDK OmiseSDK.swift
/Users/admin/builder/spi-builder-workspace/OmiseSDK/Sources/3DS/NetceteraThreeDSController.swift:2:8: error: no such module 'ThreeDS_SDK'
1 | import Foundation
2 | import ThreeDS_SDK
| `- error: no such module 'ThreeDS_SDK'
3 | import CommonCrypto
4 |
[74/107] Compiling OmiseSDK PasskeyAuthenticationProtocol.swift
/Users/admin/builder/spi-builder-workspace/OmiseSDK/Sources/3DS/NetceteraThreeDSController.swift:2:8: error: no such module 'ThreeDS_SDK'
1 | import Foundation
2 | import ThreeDS_SDK
| `- error: no such module 'ThreeDS_SDK'
3 | import CommonCrypto
4 |
[75/107] Compiling OmiseSDK Required3DSData.swift
/Users/admin/builder/spi-builder-workspace/OmiseSDK/Sources/3DS/NetceteraThreeDSController.swift:2:8: error: no such module 'ThreeDS_SDK'
1 | import Foundation
2 | import ThreeDS_SDK
| `- error: no such module 'ThreeDS_SDK'
3 | import CommonCrypto
4 |
[76/107] Compiling OmiseSDK SafariPasskeyAuthenticationHandler.swift
/Users/admin/builder/spi-builder-workspace/OmiseSDK/Sources/3DS/NetceteraThreeDSController.swift:2:8: error: no such module 'ThreeDS_SDK'
1 | import Foundation
2 | import ThreeDS_SDK
| `- error: no such module 'ThreeDS_SDK'
3 | import CommonCrypto
4 |
[77/107] Compiling OmiseSDK Colors.swift
/Users/admin/builder/spi-builder-workspace/OmiseSDK/Sources/3DS/NetceteraThreeDSController.swift:2:8: error: no such module 'ThreeDS_SDK'
1 | import Foundation
2 | import ThreeDS_SDK
| `- error: no such module 'ThreeDS_SDK'
3 | import CommonCrypto
4 |
[78/107] Compiling OmiseSDK ThreeDSUICustomization.swift
/Users/admin/builder/spi-builder-workspace/OmiseSDK/Sources/3DS/NetceteraThreeDSController.swift:2:8: error: no such module 'ThreeDS_SDK'
1 | import Foundation
2 | import ThreeDS_SDK
| `- error: no such module 'ThreeDS_SDK'
3 | import CommonCrypto
4 |
[79/107] Compiling OmiseSDK AuthorizingPaymentDelegate.swift
/Users/admin/builder/spi-builder-workspace/OmiseSDK/Sources/3DS/NetceteraThreeDSController.swift:2:8: error: no such module 'ThreeDS_SDK'
1 | import Foundation
2 | import ThreeDS_SDK
| `- error: no such module 'ThreeDS_SDK'
3 | import CommonCrypto
4 |
[80/107] Compiling OmiseSDK ChoosePaymentMethodDelegate.swift
/Users/admin/builder/spi-builder-workspace/OmiseSDK/Sources/3DS/NetceteraThreeDSController.swift:2:8: error: no such module 'ThreeDS_SDK'
1 | import Foundation
2 | import ThreeDS_SDK
| `- error: no such module 'ThreeDS_SDK'
3 | import CommonCrypto
4 |
[81/107] Compiling OmiseSDK ClientProtocol.swift
/Users/admin/builder/spi-builder-workspace/OmiseSDK/Sources/3DS/NetceteraThreeDSController.swift:2:8: error: no such module 'ThreeDS_SDK'
1 | import Foundation
2 | import ThreeDS_SDK
| `- error: no such module 'ThreeDS_SDK'
3 | import CommonCrypto
4 |
[82/107] Compiling OmiseSDK Assets.swift
/Users/admin/builder/spi-builder-workspace/OmiseSDK/Sources/3DS/NetceteraThreeDSController.swift:2:8: error: no such module 'ThreeDS_SDK'
1 | import Foundation
2 | import ThreeDS_SDK
| `- error: no such module 'ThreeDS_SDK'
3 | import CommonCrypto
4 |
[83/107] Compiling OmiseSDK Bundle+OmiseSDK.swift
/Users/admin/builder/spi-builder-workspace/OmiseSDK/Sources/3DS/NetceteraThreeDSController.swift:2:8: error: no such module 'ThreeDS_SDK'
1 | import Foundation
2 | import ThreeDS_SDK
| `- error: no such module 'ThreeDS_SDK'
3 | import CommonCrypto
4 |
[84/107] Compiling OmiseSDK Configuration.swift
/Users/admin/builder/spi-builder-workspace/OmiseSDK/Sources/3DS/NetceteraThreeDSController.swift:2:8: error: no such module 'ThreeDS_SDK'
1 | import Foundation
2 | import ThreeDS_SDK
| `- error: no such module 'ThreeDS_SDK'
3 | import CommonCrypto
4 |
[85/107] Compiling OmiseSDK Globals.swift
/Users/admin/builder/spi-builder-workspace/OmiseSDK/Sources/3DS/NetceteraThreeDSController.swift:2:8: error: no such module 'ThreeDS_SDK'
1 | import Foundation
2 | import ThreeDS_SDK
| `- error: no such module 'ThreeDS_SDK'
3 | import CommonCrypto
4 |
[86/107] Compiling OmiseSDK Localized+Omise.swift
/Users/admin/builder/spi-builder-workspace/OmiseSDK/Sources/3DS/NetceteraThreeDSController.swift:2:8: error: no such module 'ThreeDS_SDK'
1 | import Foundation
2 | import ThreeDS_SDK
| `- error: no such module 'ThreeDS_SDK'
3 | import CommonCrypto
4 |
error: emit-module command failed with exit code 1 (use -v to see invocation)
[87/107] Emitting module OmiseSDK
/Users/admin/builder/spi-builder-workspace/OmiseSDK/Sources/3DS/NetceteraThreeDSController.swift:2:8: error: no such module 'ThreeDS_SDK'
1 | import Foundation
2 | import ThreeDS_SDK
| `- error: no such module 'ThreeDS_SDK'
3 | import CommonCrypto
4 |
[88/107] Compiling OmiseSDK Token.Card.swift
/Users/admin/builder/spi-builder-workspace/OmiseSDK/Sources/3DS/NetceteraThreeDSController.swift:2:8: error: no such module 'ThreeDS_SDK'
1 | import Foundation
2 | import ThreeDS_SDK
| `- error: no such module 'ThreeDS_SDK'
3 | import CommonCrypto
4 |
[89/107] Compiling OmiseSDK Token.ChargeStatus.swift
/Users/admin/builder/spi-builder-workspace/OmiseSDK/Sources/3DS/NetceteraThreeDSController.swift:2:8: error: no such module 'ThreeDS_SDK'
1 | import Foundation
2 | import ThreeDS_SDK
| `- error: no such module 'ThreeDS_SDK'
3 | import CommonCrypto
4 |
[90/107] Compiling OmiseSDK Token.swift
/Users/admin/builder/spi-builder-workspace/OmiseSDK/Sources/3DS/NetceteraThreeDSController.swift:2:8: error: no such module 'ThreeDS_SDK'
1 | import Foundation
2 | import ThreeDS_SDK
| `- error: no such module 'ThreeDS_SDK'
3 | import CommonCrypto
4 |
[91/107] Compiling OmiseSDK OmiseAPI.swift
/Users/admin/builder/spi-builder-workspace/OmiseSDK/Sources/3DS/NetceteraThreeDSController.swift:2:8: error: no such module 'ThreeDS_SDK'
1 | import Foundation
2 | import ThreeDS_SDK
| `- error: no such module 'ThreeDS_SDK'
3 | import CommonCrypto
4 |
[92/107] Compiling OmiseSDK CreateSourcePayload.swift
/Users/admin/builder/spi-builder-workspace/OmiseSDK/Sources/3DS/NetceteraThreeDSController.swift:2:8: error: no such module 'ThreeDS_SDK'
1 | import Foundation
2 | import ThreeDS_SDK
| `- error: no such module 'ThreeDS_SDK'
3 | import CommonCrypto
4 |
[93/107] Compiling OmiseSDK CreateTokenApplePayPayload.swift
/Users/admin/builder/spi-builder-workspace/OmiseSDK/Sources/3DS/NetceteraThreeDSController.swift:2:8: error: no such module 'ThreeDS_SDK'
1 | import Foundation
2 | import ThreeDS_SDK
| `- error: no such module 'ThreeDS_SDK'
3 | import CommonCrypto
4 |
[94/107] Compiling OmiseSDK CreateTokenPayload.swift
/Users/admin/builder/spi-builder-workspace/OmiseSDK/Sources/3DS/NetceteraThreeDSController.swift:2:8: error: no such module 'ThreeDS_SDK'
1 | import Foundation
2 | import ThreeDS_SDK
| `- error: no such module 'ThreeDS_SDK'
3 | import CommonCrypto
4 |
[95/107] Compiling OmiseSDK SourceType+Collections.swift
/Users/admin/builder/spi-builder-workspace/OmiseSDK/Sources/3DS/NetceteraThreeDSController.swift:2:8: error: no such module 'ThreeDS_SDK'
1 | import Foundation
2 | import ThreeDS_SDK
| `- error: no such module 'ThreeDS_SDK'
3 | import CommonCrypto
4 |
[96/107] Compiling OmiseSDK SourceType+Helpers.swift
/Users/admin/builder/spi-builder-workspace/OmiseSDK/Sources/3DS/NetceteraThreeDSController.swift:2:8: error: no such module 'ThreeDS_SDK'
1 | import Foundation
2 | import ThreeDS_SDK
| `- error: no such module 'ThreeDS_SDK'
3 | import CommonCrypto
4 |
[97/107] Compiling OmiseSDK UIColor+Omise.swift
/Users/admin/builder/spi-builder-workspace/OmiseSDK/Sources/3DS/NetceteraThreeDSController.swift:2:8: error: no such module 'ThreeDS_SDK'
1 | import Foundation
2 | import ThreeDS_SDK
| `- error: no such module 'ThreeDS_SDK'
3 | import CommonCrypto
4 |
[98/107] Compiling OmiseSDK UIViewController+NavigationBarStyle.swift
/Users/admin/builder/spi-builder-workspace/OmiseSDK/Sources/3DS/NetceteraThreeDSController.swift:2:8: error: no such module 'ThreeDS_SDK'
1 | import Foundation
2 | import ThreeDS_SDK
| `- error: no such module 'ThreeDS_SDK'
3 | import CommonCrypto
4 |
[99/107] Compiling OmiseSDK AuthorizingPaymentWebViewController.swift
/Users/admin/builder/spi-builder-workspace/OmiseSDK/Sources/3DS/NetceteraThreeDSController.swift:2:8: error: no such module 'ThreeDS_SDK'
1 | import Foundation
2 | import ThreeDS_SDK
| `- error: no such module 'ThreeDS_SDK'
3 | import CommonCrypto
4 |
[100/107] Compiling OmiseSDK ApplePayProtocols.swift
/Users/admin/builder/spi-builder-workspace/OmiseSDK/Sources/3DS/NetceteraThreeDSController.swift:2:8: error: no such module 'ThreeDS_SDK'
1 | import Foundation
2 | import ThreeDS_SDK
| `- error: no such module 'ThreeDS_SDK'
3 | import CommonCrypto
4 |
[101/107] Compiling OmiseSDK PaymentMethod.swift
/Users/admin/builder/spi-builder-workspace/OmiseSDK/Sources/3DS/NetceteraThreeDSController.swift:2:8: error: no such module 'ThreeDS_SDK'
1 | import Foundation
2 | import ThreeDS_SDK
| `- error: no such module 'ThreeDS_SDK'
3 | import CommonCrypto
4 |
[102/107] Compiling OmiseSDK SelectPaymentMethodDelegate.swift
/Users/admin/builder/spi-builder-workspace/OmiseSDK/Sources/3DS/NetceteraThreeDSController.swift:2:8: error: no such module 'ThreeDS_SDK'
1 | import Foundation
2 | import ThreeDS_SDK
| `- error: no such module 'ThreeDS_SDK'
3 | import CommonCrypto
4 |
[103/107] Compiling OmiseSDK SelectSourcePaymentDelegate.swift
/Users/admin/builder/spi-builder-workspace/OmiseSDK/Sources/3DS/NetceteraThreeDSController.swift:2:8: error: no such module 'ThreeDS_SDK'
1 | import Foundation
2 | import ThreeDS_SDK
| `- error: no such module 'ThreeDS_SDK'
3 | import CommonCrypto
4 |
[104/107] Compiling OmiseSDK SelectSourceTypeDelegate.swift
/Users/admin/builder/spi-builder-workspace/OmiseSDK/Sources/3DS/NetceteraThreeDSController.swift:2:8: error: no such module 'ThreeDS_SDK'
1 | import Foundation
2 | import ThreeDS_SDK
| `- error: no such module 'ThreeDS_SDK'
3 | import CommonCrypto
4 |
[105/107] Compiling OmiseSDK ViewPresentable.swift
/Users/admin/builder/spi-builder-workspace/OmiseSDK/Sources/3DS/NetceteraThreeDSController.swift:2:8: error: no such module 'ThreeDS_SDK'
1 | import Foundation
2 | import ThreeDS_SDK
| `- error: no such module 'ThreeDS_SDK'
3 | import CommonCrypto
4 |
Fetching https://github.com/omise/omise-flutter-wrapper-ios
Fetching https://github.com/omise/omise-ios-3ds.git
[1/121] Fetching omise-ios-3ds
[38/184] Fetching omise-ios-3ds, omise-flutter-wrapper-ios
Fetched https://github.com/omise/omise-ios-3ds.git from cache (1.32s)
Fetched https://github.com/omise/omise-flutter-wrapper-ios from cache (1.32s)
Computing version for https://github.com/omise/omise-ios-3ds.git
Computed https://github.com/omise/omise-ios-3ds.git at 2.4.0 (1.99s)
Computing version for https://github.com/omise/omise-flutter-wrapper-ios
Computed https://github.com/omise/omise-flutter-wrapper-ios at 0.6.0 (0.56s)
Creating working copy for https://github.com/omise/omise-flutter-wrapper-ios
Working copy of https://github.com/omise/omise-flutter-wrapper-ios resolved at 0.6.0
Creating working copy for https://github.com/omise/omise-ios-3ds.git
Working copy of https://github.com/omise/omise-ios-3ds.git resolved at 2.4.0
Downloading binary artifact https://cdn.omise.co/sdk/xcframeworks/0.6.0/App.xcframework.zip
Downloading binary artifact https://cdn.omise.co/sdk/xcframeworks/0.6.0/FlutterPluginRegistrant.xcframework.zip
Downloading binary artifact https://cdn.omise.co/sdk/xcframeworks/0.6.0/pay_ios.xcframework.zip
Downloading binary artifact https://cdn.omise.co/sdk/xcframeworks/0.6.0/ScreenProtectorKit.xcframework.zip
Downloading binary artifact https://cdn.omise.co/sdk/xcframeworks/0.6.0/screen_protector.xcframework.zip
Downloading binary artifact https://cdn.omise.co/sdk/xcframeworks/0.6.0/Flutter.xcframework.zip
Downloading binary artifact https://cdn.omise.co/sdk/xcframeworks/0.6.0/url_launcher_ios.xcframework.zip
Downloading binary artifact https://cdn.omise.co/sdk/xcframeworks/0.6.0/webview_flutter_wkwebview.xcframework.zip
[15205/701766] Downloading https://cdn.omise.co/sdk/xcframeworks/0.6.0/url_launcher_ios.xcframework.zip
[358542/1797488] Downloading https://cdn.omise.co/sdk/xcframeworks/0.6.0/url_launcher_ios.xcframework.zip, https://cdn.omise.co/sdk/xcframeworks/0.6.0/webview_flutter_wkwebview.xcframework.zip
[1817439/1817439] Downloading https://cdn.omise.co/sdk/xcframeworks/0.6.0/url_launcher_ios.xcframework.zip, https://cdn.omise.co/sdk/xcframeworks/0.6.0/webview_flutter_wkwebview.xcframework.zip, https://cdn.omise.co/sdk/xcframeworks/0.6.0/FlutterPluginRegistrant.xcframework.zip
[1849588/7220862] Downloading https://cdn.omise.co/sdk/xcframeworks/0.6.0/url_launcher_ios.xcframework.zip, https://cdn.omise.co/sdk/xcframeworks/0.6.0/webview_flutter_wkwebview.xcframework.zip, https://cdn.omise.co/sdk/xcframeworks/0.6.0/FlutterPluginRegistrant.xcframework.zip, https://cdn.omise.co/sdk/xcframeworks/0.6.0/App.xcframework.zip
[2175937/8027020] Downloading https://cdn.omise.co/sdk/xcframeworks/0.6.0/url_launcher_ios.xcframework.zip, https://cdn.omise.co/sdk/xcframeworks/0.6.0/webview_flutter_wkwebview.xcframework.zip, https://cdn.omise.co/sdk/xcframeworks/0.6.0/FlutterPluginRegistrant.xcframework.zip, https://cdn.omise.co/sdk/xcframeworks/0.6.0/App.xcframework.zip, https://cdn.omise.co/sdk/xcframeworks/0.6.0/pay_ios.xcframework.zip
[2208669/8622394] Downloading https://cdn.omise.co/sdk/xcframeworks/0.6.0/url_launcher_ios.xcframework.zip, https://cdn.omise.co/sdk/xcframeworks/0.6.0/webview_flutter_wkwebview.xcframework.zip, https://cdn.omise.co/sdk/xcframeworks/0.6.0/FlutterPluginRegistrant.xcframework.zip, https://cdn.omise.co/sdk/xcframeworks/0.6.0/App.xcframework.zip, https://cdn.omise.co/sdk/xcframeworks/0.6.0/pay_ios.xcframework.zip, https://cdn.omise.co/sdk/xcframeworks/0.6.0/screen_protector.xcframework.zip
[3357001/9186683] Downloading https://cdn.omise.co/sdk/xcframeworks/0.6.0/url_launcher_ios.xcframework.zip, https://cdn.omise.co/sdk/xcframeworks/0.6.0/webview_flutter_wkwebview.xcframework.zip, https://cdn.omise.co/sdk/xcframeworks/0.6.0/FlutterPluginRegistrant.xcframework.zip, https://cdn.omise.co/sdk/xcframeworks/0.6.0/App.xcframework.zip, https://cdn.omise.co/sdk/xcframeworks/0.6.0/pay_ios.xcframework.zip, https://cdn.omise.co/sdk/xcframeworks/0.6.0/screen_protector.xcframework.zip, https://cdn.omise.co/sdk/xcframeworks/0.6.0/ScreenProtectorKit.xcframework.zip
Downloaded https://cdn.omise.co/sdk/xcframeworks/0.6.0/FlutterPluginRegistrant.xcframework.zip (0.72s)
[3819680/9166732] Downloading https://cdn.omise.co/sdk/xcframeworks/0.6.0/url_launcher_ios.xcframework.zip, https://cdn.omise.co/sdk/xcframeworks/0.6.0/webview_flutter_wkwebview.xcframework.zip, https://cdn.omise.co/sdk/xcframeworks/0.6.0/App.xcframework.zip, https://cdn.omise.co/sdk/xcframeworks/0.6.0/pay_ios.xcframework.zip, https://cdn.omise.co/sdk/xcframeworks/0.6.0/screen_protector.xcframework.zip, https://cdn.omise.co/sdk/xcframeworks/0.6.0/ScreenProtectorKit.xcframework.zip
[4114574/72235055] Downloading https://cdn.omise.co/sdk/xcframeworks/0.6.0/url_launcher_ios.xcframework.zip, https://cdn.omise.co/sdk/xcframeworks/0.6.0/webview_flutter_wkwebview.xcframework.zip, https://cdn.omise.co/sdk/xcframeworks/0.6.0/App.xcframework.zip, https://cdn.omise.co/sdk/xcframeworks/0.6.0/pay_ios.xcframework.zip, https://cdn.omise.co/sdk/xcframeworks/0.6.0/screen_protector.xcframework.zip, https://cdn.omise.co/sdk/xcframeworks/0.6.0/ScreenProtectorKit.xcframework.zip, https://cdn.omise.co/sdk/xcframeworks/0.6.0/Flutter.xcframework.zip
Downloaded https://cdn.omise.co/sdk/xcframeworks/0.6.0/url_launcher_ios.xcframework.zip (0.80s)
[18425720/71533289] Downloading https://cdn.omise.co/sdk/xcframeworks/0.6.0/webview_flutter_wkwebview.xcframework.zip, https://cdn.omise.co/sdk/xcframeworks/0.6.0/App.xcframework.zip, https://cdn.omise.co/sdk/xcframeworks/0.6.0/pay_ios.xcframework.zip, https://cdn.omise.co/sdk/xcframeworks/0.6.0/screen_protector.xcframework.zip, https://cdn.omise.co/sdk/xcframeworks/0.6.0/ScreenProtectorKit.xcframework.zip, https://cdn.omise.co/sdk/xcframeworks/0.6.0/Flutter.xcframework.zip
Downloaded https://cdn.omise.co/sdk/xcframeworks/0.6.0/screen_protector.xcframework.zip (0.85s)
Downloaded https://cdn.omise.co/sdk/xcframeworks/0.6.0/webview_flutter_wkwebview.xcframework.zip (0.85s)
[25565564/69842193] Downloading https://cdn.omise.co/sdk/xcframeworks/0.6.0/App.xcframework.zip, https://cdn.omise.co/sdk/xcframeworks/0.6.0/pay_ios.xcframework.zip, https://cdn.omise.co/sdk/xcframeworks/0.6.0/ScreenProtectorKit.xcframework.zip, https://cdn.omise.co/sdk/xcframeworks/0.6.0/Flutter.xcframework.zip
Downloaded https://cdn.omise.co/sdk/xcframeworks/0.6.0/ScreenProtectorKit.xcframework.zip (0.85s)
Downloaded https://cdn.omise.co/sdk/xcframeworks/0.6.0/pay_ios.xcframework.zip (0.85s)
[25325937/68471746] Downloading https://cdn.omise.co/sdk/xcframeworks/0.6.0/App.xcframework.zip, https://cdn.omise.co/sdk/xcframeworks/0.6.0/Flutter.xcframework.zip
Downloaded https://cdn.omise.co/sdk/xcframeworks/0.6.0/App.xcframework.zip (1.46s)
Downloaded https://cdn.omise.co/sdk/xcframeworks/0.6.0/Flutter.xcframework.zip (3.74s)
BUILD FAILURE 6.2 macosSpm