The Swift Package Index logo.Swift Package Index

Build Information

Failed to build Smile, reference 2.1.0 (406047), with Swift 6.4 for Wasm on 16 Sep 2026 17:58:01 UTC.

Build Command

bash -c docker run --pull=always --rm -v "checkouts-53886769-0":/host -w "$PWD" -e JAVA_HOME="/root/.sdkman/candidates/java/current" -e SPI_BUILD="1" -e SPI_PROCESSING="1" registry.gitlab.com/saguaro1/spi-images:wasm-6.4-latest swift build --swift-sdk swift-6.4.x-DEVELOPMENT-SNAPSHOT-2026-09-04-a_wasm 2>&1

Build Log

========================================
RunAll
========================================
Builder version: 5.1.0
Interrupt handler set up.
========================================
Checkout
========================================
Clone URL: https://github.com/onmyway133/Smile.git
Reference: 2.1.0
Initialized empty Git repository in /host/spi-builder-workspace/.git/
hint: Using 'master' as the name for the initial branch. This default branch name
hint: is subject to change. To configure the initial branch name to use in all
hint: of your new repositories, which will suppress this warning, call:
hint:
hint: 	git config --global init.defaultBranch <name>
hint:
hint: Names commonly chosen instead of 'master' are 'main', 'trunk' and
hint: 'development'. The just-created branch can be renamed via this command:
hint:
hint: 	git branch -m <name>
From https://github.com/onmyway133/Smile
 * tag               2.1.0      -> FETCH_HEAD
HEAD is now at 4060472 Update
Cloned https://github.com/onmyway133/Smile.git
Revision (git rev-parse @):
40604722a7a56f735124e069fcbb58307637744b
SUCCESS checkout https://github.com/onmyway133/Smile.git at 2.1.0
========================================
Build
========================================
Selected platform:         wasm
Swift version:             6.4
Building package at path:  $PWD
https://github.com/onmyway133/Smile.git
Running build ...
bash -c docker run --pull=always --rm -v "checkouts-53886769-0":/host -w "$PWD" -e JAVA_HOME="/root/.sdkman/candidates/java/current" -e SPI_BUILD="1" -e SPI_PROCESSING="1" registry.gitlab.com/saguaro1/spi-images:wasm-6.4-latest swift build --swift-sdk swift-6.4.x-DEVELOPMENT-SNAPSHOT-2026-09-04-a_wasm 2>&1
wasm-6.4-latest: Pulling from saguaro1/spi-images
Digest: sha256:4328fdb43c680d205c1d6761b1e3267aa38277eefdda9ddfb17b6a0f1a77857a
Status: Image is up to date for registry.gitlab.com/saguaro1/spi-images:wasm-6.4-latest
Building for debugging...
[Planning deferred tasks]
[24 / 32] Smile
error: SwiftCompile normal wasm32 /host/spi-builder-workspace/Sources/Smile.swift failed with a nonzero exit code. Command line:     cd /host
    builtin-SwiftPerFileCompile Smile.swift
/host/spi-builder-workspace/Sources/Smile.swift:76:15: error: cannot find 'CFRangeMake' in scope
 74 | public func name(emoji: String) -> [String] {
 75 |   let string = NSMutableString(string: String(emoji))
 76 |   var range = CFRangeMake(0, CFStringGetLength(string))
    |               `- error: cannot find 'CFRangeMake' in scope
 77 |   CFStringTransform(string, &range, kCFStringTransformToUnicodeName, false)
 78 |
/host/spi-builder-workspace/Sources/Smile.swift:76:30: error: cannot find 'CFStringGetLength' in scope
 74 | public func name(emoji: String) -> [String] {
 75 |   let string = NSMutableString(string: String(emoji))
 76 |   var range = CFRangeMake(0, CFStringGetLength(string))
    |                              `- error: cannot find 'CFStringGetLength' in scope
 77 |   CFStringTransform(string, &range, kCFStringTransformToUnicodeName, false)
 78 |
/host/spi-builder-workspace/Sources/Smile.swift:77:3: error: cannot find 'CFStringTransform' in scope
 75 |   let string = NSMutableString(string: String(emoji))
 76 |   var range = CFRangeMake(0, CFStringGetLength(string))
 77 |   CFStringTransform(string, &range, kCFStringTransformToUnicodeName, false)
    |   `- error: cannot find 'CFStringTransform' in scope
 78 |
 79 |   return Utils.dropPrefix(string: String(string), subString: "\\N")
/host/spi-builder-workspace/Sources/Smile.swift:77:37: error: cannot find 'kCFStringTransformToUnicodeName' in scope
 75 |   let string = NSMutableString(string: String(emoji))
 76 |   var range = CFRangeMake(0, CFStringGetLength(string))
 77 |   CFStringTransform(string, &range, kCFStringTransformToUnicodeName, false)
    |                                     `- error: cannot find 'kCFStringTransformToUnicodeName' in scope
 78 |
 79 |   return Utils.dropPrefix(string: String(string), subString: "\\N")
Failed frontend command:
/usr/bin/swift-frontend -frontend -c /host/spi-builder-workspace/Sources/Categories.swift /host/spi-builder-workspace/Sources/Emoji.swift /host/spi-builder-workspace/Sources/Sequence.swift -primary-file /host/spi-builder-workspace/Sources/Smile.swift /host/spi-builder-workspace/Sources/Utils.swift -emit-dependencies-path /host/spi-builder-workspace/.build/out/Intermediates.noindex/Smile.build/Debug-webassembly-wasm32/Smile-t.build/Objects-normal/wasm32/Smile.d -emit-const-values-path /host/spi-builder-workspace/.build/out/Intermediates.noindex/Smile.build/Debug-webassembly-wasm32/Smile-t.build/Objects-normal/wasm32/Smile.swiftconstvalues -emit-reference-dependencies-path /host/spi-builder-workspace/.build/out/Intermediates.noindex/Smile.build/Debug-webassembly-wasm32/Smile-t.build/Objects-normal/wasm32/Smile.swiftdeps -serialize-diagnostics-path /host/spi-builder-workspace/.build/out/Intermediates.noindex/Smile.build/Debug-webassembly-wasm32/Smile-t.build/Objects-normal/wasm32/Smile.dia -target wasm32-unknown-wasip1 -disable-objc-interop -sdk /root/.swiftpm/swift-sdks/swift-6.4.x-DEVELOPMENT-SNAPSHOT-2026-09-04-a_wasm.artifactbundle/swift-6.4.x-DEVELOPMENT-SNAPSHOT-2026-09-04-a_wasm/wasm32-unknown-wasip1/WASI.sdk -sysroot /root/.swiftpm/swift-sdks/swift-6.4.x-DEVELOPMENT-SNAPSHOT-2026-09-04-a_wasm.artifactbundle/swift-6.4.x-DEVELOPMENT-SNAPSHOT-2026-09-04-a_wasm/wasm32-unknown-wasip1/WASI.sdk -I /host/spi-builder-workspace/.build/out/Products/Debug-webassembly-wasm32 -module-cache-path /host/spi-builder-workspace/.build/out/ModuleCache.noindex -color-diagnostics -Xcc -fcolor-diagnostics -enable-testing -g -debug-info-format\=dwarf -dwarf-version\=4 -swift-version 5 -Onone -D SWIFT_PACKAGE -D DEBUG -D SWIFT_MODULE_RESOURCE_BUNDLE_UNAVAILABLE -D Xcode -serialize-debugging-options -enable-experimental-feature DebugDescriptionMacro -empty-abi-descriptor -external-plugin-path /usr/lib/swift/host/plugins/testing\#/usr/bin/swift-plugin-server -validate-clang-modules-once -clang-build-session-file /host/spi-builder-workspace/.build/out/ModuleCache.noindex/Session.modulevalidation -Xcc -working-directory -Xcc /host -resource-dir /root/.swiftpm/swift-sdks/swift-6.4.x-DEVELOPMENT-SNAPSHOT-2026-09-04-a_wasm.artifactbundle/swift-6.4.x-DEVELOPMENT-SNAPSHOT-2026-09-04-a_wasm/wasm32-unknown-wasip1/swift.xctoolchain/usr/lib/swift_static -use-static-resource-dir -enable-anonymous-context-mangled-names -file-compilation-dir /host -Xcc -resource-dir -Xcc /root/.swiftpm/swift-sdks/swift-6.4.x-DEVELOPMENT-SNAPSHOT-2026-09-04-a_wasm.artifactbundle/swift-6.4.x-DEVELOPMENT-SNAPSHOT-2026-09-04-a_wasm/wasm32-unknown-wasip1/swift.xctoolchain/usr/lib/swift_static/clang -Xcc -D_LIBCPP_HARDENING_MODE\=_LIBCPP_HARDENING_MODE_DEBUG -Xcc -fmodules-prune-interval\=86400 -Xcc -fmodules-prune-after\=345600 -Xcc -I/host/spi-builder-workspace/.build/out/Products/Debug-webassembly-wasm32/include -Xcc -I/host/spi-builder-workspace/.build/out/Intermediates.noindex/Smile.build/Debug-webassembly-wasm32/Smile-t.build/DerivedSources-normal/wasm32 -Xcc -I/host/spi-builder-workspace/.build/out/Intermediates.noindex/Smile.build/Debug-webassembly-wasm32/Smile-t.build/DerivedSources/wasm32 -Xcc -I/host/spi-builder-workspace/.build/out/Intermediates.noindex/Smile.build/Debug-webassembly-wasm32/Smile-t.build/DerivedSources -Xcc -DSWIFT_PACKAGE -Xcc -DDEBUG\=1 -no-auto-bridging-header-chaining -module-name Smile -const-gather-protocols-file /host/spi-builder-workspace/.build/out/Intermediates.noindex/Smile.build/Debug-webassembly-wasm32/Smile-t.build/Objects-normal/wasm32/Smile_const_extract_protocols.json -in-process-plugin-server-path /usr/lib/swift/host/libSwiftInProcPluginServer.so -plugin-path /usr/lib/swift/host/plugins -plugin-path /usr/local/lib/swift/host/plugins -parse-as-library -o /host/spi-builder-workspace/.build/out/Intermediates.noindex/Smile.build/Debug-webassembly-wasm32/Smile-t.build/Objects-normal/wasm32/Smile.o -index-unit-output-path /Smile.build/Debug-webassembly-wasm32/Smile-t.build/Objects-normal/wasm32/Smile.o -index-store-path /host/spi-builder-workspace/.build/out -index-system-modules
error: Build failed
BUILD FAILURE 6.4 wasm