Build Information
Failed to build CommandCougar, reference 1.1.1 (33b021), with Swift 6.4 for tvOS using Xcode 27.0 on 17 Sep 2026 01:37:44 UTC.
Build Command
env DEVELOPER_DIR=/Applications/Xcode-27.0.0-Release.Candidate.app xcrun xcodebuild -IDEClonedSourcePackagesDirPathOverride=$PWD/.dependencies -skipMacroValidation -skipPackagePluginValidation -derivedDataPath $PWD/.derivedData build -scheme CommandCougar-Package -destination generic/platform=tvOSBuild Log
========================================
RunAll
========================================
Builder version: 5.1.0
Interrupt handler set up.
========================================
Checkout
========================================
Clone URL: https://github.com/hypertalk/CommandCougar.git
Reference: 1.1.1
Initialized empty Git repository in /Users/admin/builder/spi-builder-workspace/.git/
From https://github.com/hypertalk/CommandCougar
* tag 1.1.1 -> FETCH_HEAD
HEAD is now at 33b0211 Merge branch 'regexident-help-option'
Cloned https://github.com/hypertalk/CommandCougar.git
Revision (git rev-parse @):
33b0211120d2a4bd41c683516ec78cecc7c614cc
SUCCESS checkout https://github.com/hypertalk/CommandCougar.git at 1.1.1
========================================
Build
========================================
Selected platform: tvOS
Swift version: 6.4
Building package at path: $PWD
https://github.com/hypertalk/CommandCougar.git
Command line invocation:
/Applications/Xcode-27.0.0-Release.Candidate.app/Contents/Developer/usr/bin/xcodebuild -IDEClonedSourcePackagesDirPathOverride=/Users/admin/builder/spi-builder-workspace/.dependencies -resolvePackageDependencies
resolved source packages:
{
"dependencies" : [
],
"manifest_display_name" : "CommandCougar",
"name" : "CommandCougar",
"path" : "/Users/admin/builder/spi-builder-workspace",
"platforms" : [
],
"products" : [
{
"name" : "CommandCougar",
"targets" : [
"CommandCougar"
],
"type" : {
"library" : [
"automatic"
]
}
}
],
"targets" : [
{
"c99name" : "CommandCougarTests",
"module_type" : "SwiftTarget",
"name" : "CommandCougarTests",
"path" : "Tests/CommandCougarTests",
"sources" : [
"CommandCougarTests.swift"
],
"target_dependencies" : [
"CommandCougar"
],
"type" : "test"
},
{
"c99name" : "CommandCougar",
"module_type" : "SwiftTarget",
"name" : "CommandCougar",
"path" : "Sources/CommandCougar",
"product_memberships" : [
"CommandCougar"
],
"sources" : [
"Command.swift",
"CommandCougar.swift",
"CommandEvaluation.swift",
"CommandIndexable.swift",
"Extensions.swift",
"Flag.swift",
"FlagIndexable.swift",
"Option.swift",
"OptionEvaluation.swift",
"Parameter.swift",
"ParameterEvaluation.swift"
],
"type" : "library"
}
],
"tools_version" : "4.0"
}
{
"project" : {
"configurations" : [
"Debug",
"Release"
],
"name" : "CommandCougar",
"schemes" : [
"CommandCougar",
"CommandCougar-Package",
"CommandCougarPackageDescription",
"CommandCougarPackageTests"
],
"targets" : [
"CommandCougar",
"CommandCougarPackageDescription",
"CommandCougarPackageTests",
"CommandCougarTests"
]
}
}
Running build ...
env DEVELOPER_DIR=/Applications/Xcode-27.0.0-Release.Candidate.app xcrun xcodebuild -IDEClonedSourcePackagesDirPathOverride=$PWD/.dependencies -skipMacroValidation -skipPackagePluginValidation -derivedDataPath $PWD/.derivedData build -scheme CommandCougar-Package -destination generic/platform=tvOS
Command line invocation:
/Applications/Xcode-27.0.0-Release.Candidate.app/Contents/Developer/usr/bin/xcodebuild -IDEClonedSourcePackagesDirPathOverride=/Users/admin/builder/spi-builder-workspace/.dependencies -skipMacroValidation -skipPackagePluginValidation -derivedDataPath /Users/admin/builder/spi-builder-workspace/.derivedData build -scheme CommandCougar-Package -destination generic/platform=tvOS
ComputePackagePrebuildTargetDependencyGraph
Prepare packages
CreateBuildRequest
SendProjectDescription
CreateBuildOperation
ComputeTargetDependencyGraph
note: Building targets in dependency order
note: Target dependency graph (1 target)
Target 'CommandCougar' in project 'CommandCougar' (no dependencies)
GatherProvisioningInputs
CreateBuildDescription
ExecuteExternalTool /Applications/Xcode-27.0.0-Release.Candidate.app/Contents/Developer/Toolchains/XcodeDefault.xctoolchain/usr/bin/clang -v -E -dM -isysroot /Applications/Xcode-27.0.0-Release.Candidate.app/Contents/Developer/Platforms/AppleTVOS.platform/Developer/SDKs/AppleTVOS27.0.sdk -x c -c /dev/null
ExecuteExternalTool /Applications/Xcode-27.0.0-Release.Candidate.app/Contents/Developer/Toolchains/XcodeDefault.xctoolchain/usr/bin/swiftc --version
ExecuteExternalTool /Applications/Xcode-27.0.0-Release.Candidate.app/Contents/Developer/Toolchains/XcodeDefault.xctoolchain/usr/bin/ld -version_details
Build description signature: f1916db36e45a99d22baf96c25406e98
Build description path: /Users/admin/builder/spi-builder-workspace/.derivedData/Build/Intermediates.noindex/XCBuildData/f1916db36e45a99d22baf96c25406e98.xcbuilddata
CreateBuildDirectory /Users/admin/builder/spi-builder-workspace/.derivedData/SDKExplicitPrecompiledModules
cd /Users/admin/builder/spi-builder-workspace/CommandCougar.xcodeproj
builtin-create-build-directory /Users/admin/builder/spi-builder-workspace/.derivedData/SDKExplicitPrecompiledModules
CreateBuildDirectory /Users/admin/builder/spi-builder-workspace/.derivedData/ModuleCache.noindex
cd /Users/admin/builder/spi-builder-workspace/CommandCougar.xcodeproj
builtin-create-build-directory /Users/admin/builder/spi-builder-workspace/.derivedData/ModuleCache.noindex
CreateBuildDirectory /Users/admin/builder/spi-builder-workspace/.derivedData/CompilationCache.noindex
cd /Users/admin/builder/spi-builder-workspace/CommandCougar.xcodeproj
builtin-create-build-directory /Users/admin/builder/spi-builder-workspace/.derivedData/CompilationCache.noindex
CreateBuildDirectory /Users/admin/builder/spi-builder-workspace/.derivedData/Build/Products
cd /Users/admin/builder/spi-builder-workspace/CommandCougar.xcodeproj
builtin-create-build-directory /Users/admin/builder/spi-builder-workspace/.derivedData/Build/Products
CreateBuildDirectory /Users/admin/builder/spi-builder-workspace/.derivedData/Build/Intermediates.noindex
cd /Users/admin/builder/spi-builder-workspace/CommandCougar.xcodeproj
builtin-create-build-directory /Users/admin/builder/spi-builder-workspace/.derivedData/Build/Intermediates.noindex
ClangStatCache /Applications/Xcode-27.0.0-Release.Candidate.app/Contents/Developer/Toolchains/XcodeDefault.xctoolchain/usr/bin/clang-stat-cache /Applications/Xcode-27.0.0-Release.Candidate.app/Contents/Developer/Platforms/AppleTVOS.platform/Developer/SDKs/AppleTVOS27.0.sdk /Users/admin/builder/spi-builder-workspace/.derivedData/SDKStatCaches.noindex/appletvos27.0-24J360-e829b21a6f8c9b70876ba0858053c044b32bfd8d43560033f8d89884cdb90028.sdkstatcache
cd /Users/admin/builder/spi-builder-workspace/CommandCougar.xcodeproj
/Applications/Xcode-27.0.0-Release.Candidate.app/Contents/Developer/Toolchains/XcodeDefault.xctoolchain/usr/bin/clang-stat-cache /Applications/Xcode-27.0.0-Release.Candidate.app/Contents/Developer/Platforms/AppleTVOS.platform/Developer/SDKs/AppleTVOS27.0.sdk -o /Users/admin/builder/spi-builder-workspace/.derivedData/SDKStatCaches.noindex/appletvos27.0-24J360-e829b21a6f8c9b70876ba0858053c044b32bfd8d43560033f8d89884cdb90028.sdkstatcache
CreateBuildDirectory /Users/admin/builder/spi-builder-workspace/.derivedData/Build/Intermediates.noindex/SwiftExplicitPrecompiledModules
cd /Users/admin/builder/spi-builder-workspace/CommandCougar.xcodeproj
builtin-create-build-directory /Users/admin/builder/spi-builder-workspace/.derivedData/Build/Intermediates.noindex/SwiftExplicitPrecompiledModules
CreateBuildDirectory /Users/admin/builder/spi-builder-workspace/.derivedData/Build/Intermediates.noindex/ExplicitPrecompiledModules
cd /Users/admin/builder/spi-builder-workspace/CommandCougar.xcodeproj
builtin-create-build-directory /Users/admin/builder/spi-builder-workspace/.derivedData/Build/Intermediates.noindex/ExplicitPrecompiledModules
CreateBuildDirectory /Users/admin/builder/spi-builder-workspace/.derivedData/Build/Intermediates.noindex/PrecompiledHeaders
cd /Users/admin/builder/spi-builder-workspace/CommandCougar.xcodeproj
builtin-create-build-directory /Users/admin/builder/spi-builder-workspace/.derivedData/Build/Intermediates.noindex/PrecompiledHeaders
CreateBuildDirectory /Users/admin/builder/spi-builder-workspace/.derivedData/Build/Intermediates.noindex/EagerLinkingTBDs/Debug-appletvos
cd /Users/admin/builder/spi-builder-workspace/CommandCougar.xcodeproj
builtin-create-build-directory /Users/admin/builder/spi-builder-workspace/.derivedData/Build/Intermediates.noindex/EagerLinkingTBDs/Debug-appletvos
CreateBuildDirectory /Users/admin/builder/spi-builder-workspace/.derivedData/Build/Products/Debug-appletvos
cd /Users/admin/builder/spi-builder-workspace/CommandCougar.xcodeproj
builtin-create-build-directory /Users/admin/builder/spi-builder-workspace/.derivedData/Build/Products/Debug-appletvos
MkDir /Users/admin/builder/spi-builder-workspace/.derivedData/Build/Products/Debug-appletvos/CommandCougar.framework (in target 'CommandCougar' from project 'CommandCougar')
cd /Users/admin/builder/spi-builder-workspace
/bin/mkdir -p /Users/admin/builder/spi-builder-workspace/.derivedData/Build/Products/Debug-appletvos/CommandCougar.framework
MkDir /Users/admin/builder/spi-builder-workspace/.derivedData/Build/Products/Debug-appletvos/CommandCougar.framework/Headers (in target 'CommandCougar' from project 'CommandCougar')
cd /Users/admin/builder/spi-builder-workspace
/bin/mkdir -p /Users/admin/builder/spi-builder-workspace/.derivedData/Build/Products/Debug-appletvos/CommandCougar.framework/Headers
WriteAuxiliaryFile /Users/admin/builder/spi-builder-workspace/.derivedData/Build/Intermediates.noindex/CommandCougar.build/Debug-appletvos/CommandCougar.build/CommandCougar.DependencyMetadataFileList (in target 'CommandCougar' from project 'CommandCougar')
cd /Users/admin/builder/spi-builder-workspace
write-file /Users/admin/builder/spi-builder-workspace/.derivedData/Build/Intermediates.noindex/CommandCougar.build/Debug-appletvos/CommandCougar.build/CommandCougar.DependencyMetadataFileList
WriteAuxiliaryFile /Users/admin/builder/spi-builder-workspace/.derivedData/Build/Intermediates.noindex/CommandCougar.build/Debug-appletvos/CommandCougar.build/CommandCougar.DependencyStaticMetadataFileList (in target 'CommandCougar' from project 'CommandCougar')
cd /Users/admin/builder/spi-builder-workspace
write-file /Users/admin/builder/spi-builder-workspace/.derivedData/Build/Intermediates.noindex/CommandCougar.build/Debug-appletvos/CommandCougar.build/CommandCougar.DependencyStaticMetadataFileList
WriteAuxiliaryFile /Users/admin/builder/spi-builder-workspace/.derivedData/Build/Intermediates.noindex/CommandCougar.build/Debug-appletvos/CommandCougar.build/Objects-normal/arm64/CommandCougar.SwiftConstValuesFileList (in target 'CommandCougar' from project 'CommandCougar')
cd /Users/admin/builder/spi-builder-workspace
write-file /Users/admin/builder/spi-builder-workspace/.derivedData/Build/Intermediates.noindex/CommandCougar.build/Debug-appletvos/CommandCougar.build/Objects-normal/arm64/CommandCougar.SwiftConstValuesFileList
WriteAuxiliaryFile /Users/admin/builder/spi-builder-workspace/.derivedData/Build/Intermediates.noindex/CommandCougar.build/Debug-appletvos/CommandCougar.build/Objects-normal/arm64/CommandCougar.LinkFileList (in target 'CommandCougar' from project 'CommandCougar')
cd /Users/admin/builder/spi-builder-workspace
write-file /Users/admin/builder/spi-builder-workspace/.derivedData/Build/Intermediates.noindex/CommandCougar.build/Debug-appletvos/CommandCougar.build/Objects-normal/arm64/CommandCougar.LinkFileList
WriteAuxiliaryFile /Users/admin/builder/spi-builder-workspace/.derivedData/Build/Intermediates.noindex/CommandCougar.build/Debug-appletvos/CommandCougar.build/Objects-normal/arm64/CommandCougar-OutputFileMap.json (in target 'CommandCougar' from project 'CommandCougar')
cd /Users/admin/builder/spi-builder-workspace
write-file /Users/admin/builder/spi-builder-workspace/.derivedData/Build/Intermediates.noindex/CommandCougar.build/Debug-appletvos/CommandCougar.build/Objects-normal/arm64/CommandCougar-OutputFileMap.json
WriteAuxiliaryFile /Users/admin/builder/spi-builder-workspace/.derivedData/Build/Intermediates.noindex/CommandCougar.build/Debug-appletvos/CommandCougar.build/Objects-normal/arm64/CommandCougar_const_extract_protocols.json (in target 'CommandCougar' from project 'CommandCougar')
cd /Users/admin/builder/spi-builder-workspace
write-file /Users/admin/builder/spi-builder-workspace/.derivedData/Build/Intermediates.noindex/CommandCougar.build/Debug-appletvos/CommandCougar.build/Objects-normal/arm64/CommandCougar_const_extract_protocols.json
WriteAuxiliaryFile /Users/admin/builder/spi-builder-workspace/.derivedData/Build/Intermediates.noindex/CommandCougar.build/Debug-appletvos/CommandCougar.build/Objects-normal/arm64/CommandCougar.SwiftFileList (in target 'CommandCougar' from project 'CommandCougar')
cd /Users/admin/builder/spi-builder-workspace
write-file /Users/admin/builder/spi-builder-workspace/.derivedData/Build/Intermediates.noindex/CommandCougar.build/Debug-appletvos/CommandCougar.build/Objects-normal/arm64/CommandCougar.SwiftFileList
ProcessInfoPlistFile /Users/admin/builder/spi-builder-workspace/.derivedData/Build/Products/Debug-appletvos/CommandCougar.framework/Info.plist /Users/admin/builder/spi-builder-workspace/CommandCougar.xcodeproj/CommandCougar_Info.plist (in target 'CommandCougar' from project 'CommandCougar')
cd /Users/admin/builder/spi-builder-workspace
builtin-infoPlistUtility /Users/admin/builder/spi-builder-workspace/CommandCougar.xcodeproj/CommandCougar_Info.plist -producttype com.apple.product-type.framework -expandbuildsettings -format binary -platform appletvos -o /Users/admin/builder/spi-builder-workspace/.derivedData/Build/Products/Debug-appletvos/CommandCougar.framework/Info.plist
SwiftDriver\ Compilation\ Requirements CommandCougar normal arm64 com.apple.xcode.tools.swift.compiler (in target 'CommandCougar' from project 'CommandCougar')
cd /Users/admin/builder/spi-builder-workspace
builtin-Swift-Compilation-Requirements -- /Applications/Xcode-27.0.0-Release.Candidate.app/Contents/Developer/Toolchains/XcodeDefault.xctoolchain/usr/bin/swiftc -module-name CommandCougar -Onone @/Users/admin/builder/spi-builder-workspace/.derivedData/Build/Intermediates.noindex/CommandCougar.build/Debug-appletvos/CommandCougar.build/Objects-normal/arm64/CommandCougar.SwiftFileList -DSWIFT_PACKAGE -DXcode -enable-bare-slash-regex -enable-experimental-feature DebugDescriptionMacro -sdk /Applications/Xcode-27.0.0-Release.Candidate.app/Contents/Developer/Platforms/AppleTVOS.platform/Developer/SDKs/AppleTVOS27.0.sdk -target arm64-apple-tvos27.0 -g -module-cache-path /Users/admin/builder/spi-builder-workspace/.derivedData/ModuleCache.noindex -Xfrontend -serialize-debugging-options -enable-testing -index-store-path /Users/admin/builder/spi-builder-workspace/.derivedData/Index.noindex/DataStore -Xcc -D_LIBCPP_HARDENING_MODE\=_LIBCPP_HARDENING_MODE_DEBUG -swift-version 4.2 -I /Users/admin/builder/spi-builder-workspace/.derivedData/Build/Products/Debug-appletvos -F /Users/admin/builder/spi-builder-workspace/.derivedData/Build/Products/Debug-appletvos -F /Applications/Xcode-27.0.0-Release.Candidate.app/Contents/Developer/Platforms/AppleTVOS.platform/Developer/Library/Frameworks -c -j10 -enable-batch-mode -incremental -Xcc -ivfsstatcache -Xcc /Users/admin/builder/spi-builder-workspace/.derivedData/SDKStatCaches.noindex/appletvos27.0-24J360-e829b21a6f8c9b70876ba0858053c044b32bfd8d43560033f8d89884cdb90028.sdkstatcache -output-file-map /Users/admin/builder/spi-builder-workspace/.derivedData/Build/Intermediates.noindex/CommandCougar.build/Debug-appletvos/CommandCougar.build/Objects-normal/arm64/CommandCougar-OutputFileMap.json -save-temps -no-color-diagnostics -emit-dependencies -emit-module -emit-module-path /Users/admin/builder/spi-builder-workspace/.derivedData/Build/Intermediates.noindex/CommandCougar.build/Debug-appletvos/CommandCougar.build/Objects-normal/arm64/CommandCougar.swiftmodule -serialize-diagnostics -validate-clang-modules-once -clang-build-session-file /Users/admin/builder/spi-builder-workspace/.derivedData/ModuleCache.noindex/Session.modulevalidation -Xcc -fmodules-prune-interval\=86400 -Xcc -fmodules-prune-after\=345600 -emit-const-values -const-gather-protocols-list /Users/admin/builder/spi-builder-workspace/.derivedData/Build/Intermediates.noindex/CommandCougar.build/Debug-appletvos/CommandCougar.build/Objects-normal/arm64/CommandCougar_const_extract_protocols.json -Xcc -I/Users/admin/builder/spi-builder-workspace/.derivedData/Build/Products/Debug-appletvos/include -Xcc -I/Users/admin/builder/spi-builder-workspace/.derivedData/Build/Intermediates.noindex/CommandCougar.build/Debug-appletvos/CommandCougar.build/DerivedSources-normal/arm64 -Xcc -I/Users/admin/builder/spi-builder-workspace/.derivedData/Build/Intermediates.noindex/CommandCougar.build/Debug-appletvos/CommandCougar.build/DerivedSources/arm64 -Xcc -I/Users/admin/builder/spi-builder-workspace/.derivedData/Build/Intermediates.noindex/CommandCougar.build/Debug-appletvos/CommandCougar.build/DerivedSources -emit-objc-header -emit-objc-header-path /Users/admin/builder/spi-builder-workspace/.derivedData/Build/Intermediates.noindex/CommandCougar.build/Debug-appletvos/CommandCougar.build/Objects-normal/arm64/CommandCougar-Swift.h -working-directory /Users/admin/builder/spi-builder-workspace -experimental-emit-module-separately -disable-cmo
error: Build input files cannot be found: '/Users/admin/builder/spi-builder-workspace/Sources/Command.swift', '/Users/admin/builder/spi-builder-workspace/Sources/CommandCougar.swift', '/Users/admin/builder/spi-builder-workspace/Sources/CommandEvaluation.swift', '/Users/admin/builder/spi-builder-workspace/Sources/CommandIndexable.swift', '/Users/admin/builder/spi-builder-workspace/Sources/Extensions.swift', '/Users/admin/builder/spi-builder-workspace/Sources/Flag.swift', '/Users/admin/builder/spi-builder-workspace/Sources/FlagIndexable.swift', '/Users/admin/builder/spi-builder-workspace/Sources/Option.swift', '/Users/admin/builder/spi-builder-workspace/Sources/OptionEvaluation.swift', '/Users/admin/builder/spi-builder-workspace/Sources/Parameter.swift', '/Users/admin/builder/spi-builder-workspace/Sources/ParameterEvaluation.swift'. Did you forget to declare these files as outputs of any script phases or custom build rules which produce them? (in target 'CommandCougar' from project 'CommandCougar')
SwiftDriver\ Compilation CommandCougar normal arm64 com.apple.xcode.tools.swift.compiler (in target 'CommandCougar' from project 'CommandCougar')
cd /Users/admin/builder/spi-builder-workspace
builtin-Swift-Compilation -- /Applications/Xcode-27.0.0-Release.Candidate.app/Contents/Developer/Toolchains/XcodeDefault.xctoolchain/usr/bin/swiftc -module-name CommandCougar -Onone @/Users/admin/builder/spi-builder-workspace/.derivedData/Build/Intermediates.noindex/CommandCougar.build/Debug-appletvos/CommandCougar.build/Objects-normal/arm64/CommandCougar.SwiftFileList -DSWIFT_PACKAGE -DXcode -enable-bare-slash-regex -enable-experimental-feature DebugDescriptionMacro -sdk /Applications/Xcode-27.0.0-Release.Candidate.app/Contents/Developer/Platforms/AppleTVOS.platform/Developer/SDKs/AppleTVOS27.0.sdk -target arm64-apple-tvos27.0 -g -module-cache-path /Users/admin/builder/spi-builder-workspace/.derivedData/ModuleCache.noindex -Xfrontend -serialize-debugging-options -enable-testing -index-store-path /Users/admin/builder/spi-builder-workspace/.derivedData/Index.noindex/DataStore -Xcc -D_LIBCPP_HARDENING_MODE\=_LIBCPP_HARDENING_MODE_DEBUG -swift-version 4.2 -I /Users/admin/builder/spi-builder-workspace/.derivedData/Build/Products/Debug-appletvos -F /Users/admin/builder/spi-builder-workspace/.derivedData/Build/Products/Debug-appletvos -F /Applications/Xcode-27.0.0-Release.Candidate.app/Contents/Developer/Platforms/AppleTVOS.platform/Developer/Library/Frameworks -c -j10 -enable-batch-mode -incremental -Xcc -ivfsstatcache -Xcc /Users/admin/builder/spi-builder-workspace/.derivedData/SDKStatCaches.noindex/appletvos27.0-24J360-e829b21a6f8c9b70876ba0858053c044b32bfd8d43560033f8d89884cdb90028.sdkstatcache -output-file-map /Users/admin/builder/spi-builder-workspace/.derivedData/Build/Intermediates.noindex/CommandCougar.build/Debug-appletvos/CommandCougar.build/Objects-normal/arm64/CommandCougar-OutputFileMap.json -save-temps -no-color-diagnostics -emit-dependencies -emit-module -emit-module-path /Users/admin/builder/spi-builder-workspace/.derivedData/Build/Intermediates.noindex/CommandCougar.build/Debug-appletvos/CommandCougar.build/Objects-normal/arm64/CommandCougar.swiftmodule -serialize-diagnostics -validate-clang-modules-once -clang-build-session-file /Users/admin/builder/spi-builder-workspace/.derivedData/ModuleCache.noindex/Session.modulevalidation -Xcc -fmodules-prune-interval\=86400 -Xcc -fmodules-prune-after\=345600 -emit-const-values -const-gather-protocols-list /Users/admin/builder/spi-builder-workspace/.derivedData/Build/Intermediates.noindex/CommandCougar.build/Debug-appletvos/CommandCougar.build/Objects-normal/arm64/CommandCougar_const_extract_protocols.json -Xcc -I/Users/admin/builder/spi-builder-workspace/.derivedData/Build/Products/Debug-appletvos/include -Xcc -I/Users/admin/builder/spi-builder-workspace/.derivedData/Build/Intermediates.noindex/CommandCougar.build/Debug-appletvos/CommandCougar.build/DerivedSources-normal/arm64 -Xcc -I/Users/admin/builder/spi-builder-workspace/.derivedData/Build/Intermediates.noindex/CommandCougar.build/Debug-appletvos/CommandCougar.build/DerivedSources/arm64 -Xcc -I/Users/admin/builder/spi-builder-workspace/.derivedData/Build/Intermediates.noindex/CommandCougar.build/Debug-appletvos/CommandCougar.build/DerivedSources -emit-objc-header -emit-objc-header-path /Users/admin/builder/spi-builder-workspace/.derivedData/Build/Intermediates.noindex/CommandCougar.build/Debug-appletvos/CommandCougar.build/Objects-normal/arm64/CommandCougar-Swift.h -working-directory /Users/admin/builder/spi-builder-workspace -experimental-emit-module-separately -disable-cmo
error: Build input files cannot be found: '/Users/admin/builder/spi-builder-workspace/Sources/Command.swift', '/Users/admin/builder/spi-builder-workspace/Sources/CommandCougar.swift', '/Users/admin/builder/spi-builder-workspace/Sources/CommandEvaluation.swift', '/Users/admin/builder/spi-builder-workspace/Sources/CommandIndexable.swift', '/Users/admin/builder/spi-builder-workspace/Sources/Extensions.swift', '/Users/admin/builder/spi-builder-workspace/Sources/Flag.swift', '/Users/admin/builder/spi-builder-workspace/Sources/FlagIndexable.swift', '/Users/admin/builder/spi-builder-workspace/Sources/Option.swift', '/Users/admin/builder/spi-builder-workspace/Sources/OptionEvaluation.swift', '/Users/admin/builder/spi-builder-workspace/Sources/Parameter.swift', '/Users/admin/builder/spi-builder-workspace/Sources/ParameterEvaluation.swift'. Did you forget to declare these files as outputs of any script phases or custom build rules which produce them? (in target 'CommandCougar' from project 'CommandCougar')
PruneExplicitPrecompiledModules /Users/admin/builder/spi-builder-workspace/.derivedData/SDKExplicitPrecompiledModules
PruneExplicitPrecompiledModules /Users/admin/builder/spi-builder-workspace/.derivedData/Build/Intermediates.noindex/ExplicitPrecompiledModules
PruneExplicitPrecompiledModules /Users/admin/builder/spi-builder-workspace/.derivedData/Build/Intermediates.noindex/SwiftExplicitPrecompiledModules
** BUILD FAILED **
The following build commands failed:
SwiftDriver\ Compilation\ Requirements CommandCougar normal arm64 com.apple.xcode.tools.swift.compiler (in target 'CommandCougar' from project 'CommandCougar')
SwiftDriver\ Compilation CommandCougar normal arm64 com.apple.xcode.tools.swift.compiler (in target 'CommandCougar' from project 'CommandCougar')
Building project CommandCougar with scheme CommandCougar-Package
(3 failures)
Command line invocation:
/Applications/Xcode-27.0.0-Release.Candidate.app/Contents/Developer/usr/bin/xcodebuild -IDEClonedSourcePackagesDirPathOverride=/Users/admin/builder/spi-builder-workspace/.dependencies -resolvePackageDependencies
resolved source packages:
{
"dependencies" : [
],
"manifest_display_name" : "CommandCougar",
"name" : "CommandCougar",
"path" : "/Users/admin/builder/spi-builder-workspace",
"platforms" : [
],
"products" : [
{
"name" : "CommandCougar",
"targets" : [
"CommandCougar"
],
"type" : {
"library" : [
"automatic"
]
}
}
],
"targets" : [
{
"c99name" : "CommandCougarTests",
"module_type" : "SwiftTarget",
"name" : "CommandCougarTests",
"path" : "Tests/CommandCougarTests",
"sources" : [
"CommandCougarTests.swift"
],
"target_dependencies" : [
"CommandCougar"
],
"type" : "test"
},
{
"c99name" : "CommandCougar",
"module_type" : "SwiftTarget",
"name" : "CommandCougar",
"path" : "Sources/CommandCougar",
"product_memberships" : [
"CommandCougar"
],
"sources" : [
"Command.swift",
"CommandCougar.swift",
"CommandEvaluation.swift",
"CommandIndexable.swift",
"Extensions.swift",
"Flag.swift",
"FlagIndexable.swift",
"Option.swift",
"OptionEvaluation.swift",
"Parameter.swift",
"ParameterEvaluation.swift"
],
"type" : "library"
}
],
"tools_version" : "4.0"
}
{
"project" : {
"configurations" : [
"Debug",
"Release"
],
"name" : "CommandCougar",
"schemes" : [
"CommandCougar",
"CommandCougar-Package",
"CommandCougarPackageDescription",
"CommandCougarPackageTests"
],
"targets" : [
"CommandCougar",
"CommandCougarPackageDescription",
"CommandCougarPackageTests",
"CommandCougarTests"
]
}
}
Running build ...
env DEVELOPER_DIR=/Applications/Xcode-27.0.0-Release.Candidate.app xcrun xcodebuild -IDEClonedSourcePackagesDirPathOverride=$PWD/.dependencies -skipMacroValidation -skipPackagePluginValidation -derivedDataPath $PWD/.derivedData build -scheme CommandCougar-Package -destination generic/platform=tvOS
Command line invocation:
/Applications/Xcode-27.0.0-Release.Candidate.app/Contents/Developer/usr/bin/xcodebuild -IDEClonedSourcePackagesDirPathOverride=/Users/admin/builder/spi-builder-workspace/.dependencies -skipMacroValidation -skipPackagePluginValidation -derivedDataPath /Users/admin/builder/spi-builder-workspace/.derivedData build -scheme CommandCougar-Package -destination generic/platform=tvOS
ComputePackagePrebuildTargetDependencyGraph
Prepare packages
CreateBuildRequest
SendProjectDescription
CreateBuildOperation
ComputeTargetDependencyGraph
note: Building targets in dependency order
note: Target dependency graph (1 target)
Target 'CommandCougar' in project 'CommandCougar' (no dependencies)
GatherProvisioningInputs
CreateBuildDescription
ClangStatCache /Applications/Xcode-27.0.0-Release.Candidate.app/Contents/Developer/Toolchains/XcodeDefault.xctoolchain/usr/bin/clang-stat-cache /Applications/Xcode-27.0.0-Release.Candidate.app/Contents/Developer/Platforms/AppleTVOS.platform/Developer/SDKs/AppleTVOS27.0.sdk /Users/admin/builder/spi-builder-workspace/.derivedData/SDKStatCaches.noindex/appletvos27.0-24J360-e829b21a6f8c9b70876ba0858053c044b32bfd8d43560033f8d89884cdb90028.sdkstatcache
cd /Users/admin/builder/spi-builder-workspace/CommandCougar.xcodeproj
/Applications/Xcode-27.0.0-Release.Candidate.app/Contents/Developer/Toolchains/XcodeDefault.xctoolchain/usr/bin/clang-stat-cache /Applications/Xcode-27.0.0-Release.Candidate.app/Contents/Developer/Platforms/AppleTVOS.platform/Developer/SDKs/AppleTVOS27.0.sdk -o /Users/admin/builder/spi-builder-workspace/.derivedData/SDKStatCaches.noindex/appletvos27.0-24J360-e829b21a6f8c9b70876ba0858053c044b32bfd8d43560033f8d89884cdb90028.sdkstatcache
SwiftDriver\ Compilation\ Requirements CommandCougar normal arm64 com.apple.xcode.tools.swift.compiler (in target 'CommandCougar' from project 'CommandCougar')
cd /Users/admin/builder/spi-builder-workspace
builtin-Swift-Compilation-Requirements -- /Applications/Xcode-27.0.0-Release.Candidate.app/Contents/Developer/Toolchains/XcodeDefault.xctoolchain/usr/bin/swiftc -module-name CommandCougar -Onone @/Users/admin/builder/spi-builder-workspace/.derivedData/Build/Intermediates.noindex/CommandCougar.build/Debug-appletvos/CommandCougar.build/Objects-normal/arm64/CommandCougar.SwiftFileList -DSWIFT_PACKAGE -DXcode -enable-bare-slash-regex -enable-experimental-feature DebugDescriptionMacro -sdk /Applications/Xcode-27.0.0-Release.Candidate.app/Contents/Developer/Platforms/AppleTVOS.platform/Developer/SDKs/AppleTVOS27.0.sdk -target arm64-apple-tvos27.0 -g -module-cache-path /Users/admin/builder/spi-builder-workspace/.derivedData/ModuleCache.noindex -Xfrontend -serialize-debugging-options -enable-testing -index-store-path /Users/admin/builder/spi-builder-workspace/.derivedData/Index.noindex/DataStore -Xcc -D_LIBCPP_HARDENING_MODE\=_LIBCPP_HARDENING_MODE_DEBUG -swift-version 4.2 -I /Users/admin/builder/spi-builder-workspace/.derivedData/Build/Products/Debug-appletvos -F /Users/admin/builder/spi-builder-workspace/.derivedData/Build/Products/Debug-appletvos -F /Applications/Xcode-27.0.0-Release.Candidate.app/Contents/Developer/Platforms/AppleTVOS.platform/Developer/Library/Frameworks -c -j10 -enable-batch-mode -incremental -Xcc -ivfsstatcache -Xcc /Users/admin/builder/spi-builder-workspace/.derivedData/SDKStatCaches.noindex/appletvos27.0-24J360-e829b21a6f8c9b70876ba0858053c044b32bfd8d43560033f8d89884cdb90028.sdkstatcache -output-file-map /Users/admin/builder/spi-builder-workspace/.derivedData/Build/Intermediates.noindex/CommandCougar.build/Debug-appletvos/CommandCougar.build/Objects-normal/arm64/CommandCougar-OutputFileMap.json -save-temps -no-color-diagnostics -emit-dependencies -emit-module -emit-module-path /Users/admin/builder/spi-builder-workspace/.derivedData/Build/Intermediates.noindex/CommandCougar.build/Debug-appletvos/CommandCougar.build/Objects-normal/arm64/CommandCougar.swiftmodule -serialize-diagnostics -validate-clang-modules-once -clang-build-session-file /Users/admin/builder/spi-builder-workspace/.derivedData/ModuleCache.noindex/Session.modulevalidation -Xcc -fmodules-prune-interval\=86400 -Xcc -fmodules-prune-after\=345600 -emit-const-values -const-gather-protocols-list /Users/admin/builder/spi-builder-workspace/.derivedData/Build/Intermediates.noindex/CommandCougar.build/Debug-appletvos/CommandCougar.build/Objects-normal/arm64/CommandCougar_const_extract_protocols.json -Xcc -I/Users/admin/builder/spi-builder-workspace/.derivedData/Build/Products/Debug-appletvos/include -Xcc -I/Users/admin/builder/spi-builder-workspace/.derivedData/Build/Intermediates.noindex/CommandCougar.build/Debug-appletvos/CommandCougar.build/DerivedSources-normal/arm64 -Xcc -I/Users/admin/builder/spi-builder-workspace/.derivedData/Build/Intermediates.noindex/CommandCougar.build/Debug-appletvos/CommandCougar.build/DerivedSources/arm64 -Xcc -I/Users/admin/builder/spi-builder-workspace/.derivedData/Build/Intermediates.noindex/CommandCougar.build/Debug-appletvos/CommandCougar.build/DerivedSources -emit-objc-header -emit-objc-header-path /Users/admin/builder/spi-builder-workspace/.derivedData/Build/Intermediates.noindex/CommandCougar.build/Debug-appletvos/CommandCougar.build/Objects-normal/arm64/CommandCougar-Swift.h -working-directory /Users/admin/builder/spi-builder-workspace -experimental-emit-module-separately -disable-cmo
error: Build input files cannot be found: '/Users/admin/builder/spi-builder-workspace/Sources/ParameterEvaluation.swift', '/Users/admin/builder/spi-builder-workspace/Sources/Parameter.swift', '/Users/admin/builder/spi-builder-workspace/Sources/OptionEvaluation.swift', '/Users/admin/builder/spi-builder-workspace/Sources/Option.swift', '/Users/admin/builder/spi-builder-workspace/Sources/FlagIndexable.swift', '/Users/admin/builder/spi-builder-workspace/Sources/Flag.swift', '/Users/admin/builder/spi-builder-workspace/Sources/Extensions.swift', '/Users/admin/builder/spi-builder-workspace/Sources/CommandIndexable.swift', '/Users/admin/builder/spi-builder-workspace/Sources/CommandEvaluation.swift', '/Users/admin/builder/spi-builder-workspace/Sources/CommandCougar.swift', '/Users/admin/builder/spi-builder-workspace/Sources/Command.swift'. Did you forget to declare these files as outputs of any script phases or custom build rules which produce them? (in target 'CommandCougar' from project 'CommandCougar')
SwiftDriver\ Compilation CommandCougar normal arm64 com.apple.xcode.tools.swift.compiler (in target 'CommandCougar' from project 'CommandCougar')
cd /Users/admin/builder/spi-builder-workspace
builtin-Swift-Compilation -- /Applications/Xcode-27.0.0-Release.Candidate.app/Contents/Developer/Toolchains/XcodeDefault.xctoolchain/usr/bin/swiftc -module-name CommandCougar -Onone @/Users/admin/builder/spi-builder-workspace/.derivedData/Build/Intermediates.noindex/CommandCougar.build/Debug-appletvos/CommandCougar.build/Objects-normal/arm64/CommandCougar.SwiftFileList -DSWIFT_PACKAGE -DXcode -enable-bare-slash-regex -enable-experimental-feature DebugDescriptionMacro -sdk /Applications/Xcode-27.0.0-Release.Candidate.app/Contents/Developer/Platforms/AppleTVOS.platform/Developer/SDKs/AppleTVOS27.0.sdk -target arm64-apple-tvos27.0 -g -module-cache-path /Users/admin/builder/spi-builder-workspace/.derivedData/ModuleCache.noindex -Xfrontend -serialize-debugging-options -enable-testing -index-store-path /Users/admin/builder/spi-builder-workspace/.derivedData/Index.noindex/DataStore -Xcc -D_LIBCPP_HARDENING_MODE\=_LIBCPP_HARDENING_MODE_DEBUG -swift-version 4.2 -I /Users/admin/builder/spi-builder-workspace/.derivedData/Build/Products/Debug-appletvos -F /Users/admin/builder/spi-builder-workspace/.derivedData/Build/Products/Debug-appletvos -F /Applications/Xcode-27.0.0-Release.Candidate.app/Contents/Developer/Platforms/AppleTVOS.platform/Developer/Library/Frameworks -c -j10 -enable-batch-mode -incremental -Xcc -ivfsstatcache -Xcc /Users/admin/builder/spi-builder-workspace/.derivedData/SDKStatCaches.noindex/appletvos27.0-24J360-e829b21a6f8c9b70876ba0858053c044b32bfd8d43560033f8d89884cdb90028.sdkstatcache -output-file-map /Users/admin/builder/spi-builder-workspace/.derivedData/Build/Intermediates.noindex/CommandCougar.build/Debug-appletvos/CommandCougar.build/Objects-normal/arm64/CommandCougar-OutputFileMap.json -save-temps -no-color-diagnostics -emit-dependencies -emit-module -emit-module-path /Users/admin/builder/spi-builder-workspace/.derivedData/Build/Intermediates.noindex/CommandCougar.build/Debug-appletvos/CommandCougar.build/Objects-normal/arm64/CommandCougar.swiftmodule -serialize-diagnostics -validate-clang-modules-once -clang-build-session-file /Users/admin/builder/spi-builder-workspace/.derivedData/ModuleCache.noindex/Session.modulevalidation -Xcc -fmodules-prune-interval\=86400 -Xcc -fmodules-prune-after\=345600 -emit-const-values -const-gather-protocols-list /Users/admin/builder/spi-builder-workspace/.derivedData/Build/Intermediates.noindex/CommandCougar.build/Debug-appletvos/CommandCougar.build/Objects-normal/arm64/CommandCougar_const_extract_protocols.json -Xcc -I/Users/admin/builder/spi-builder-workspace/.derivedData/Build/Products/Debug-appletvos/include -Xcc -I/Users/admin/builder/spi-builder-workspace/.derivedData/Build/Intermediates.noindex/CommandCougar.build/Debug-appletvos/CommandCougar.build/DerivedSources-normal/arm64 -Xcc -I/Users/admin/builder/spi-builder-workspace/.derivedData/Build/Intermediates.noindex/CommandCougar.build/Debug-appletvos/CommandCougar.build/DerivedSources/arm64 -Xcc -I/Users/admin/builder/spi-builder-workspace/.derivedData/Build/Intermediates.noindex/CommandCougar.build/Debug-appletvos/CommandCougar.build/DerivedSources -emit-objc-header -emit-objc-header-path /Users/admin/builder/spi-builder-workspace/.derivedData/Build/Intermediates.noindex/CommandCougar.build/Debug-appletvos/CommandCougar.build/Objects-normal/arm64/CommandCougar-Swift.h -working-directory /Users/admin/builder/spi-builder-workspace -experimental-emit-module-separately -disable-cmo
error: Build input files cannot be found: '/Users/admin/builder/spi-builder-workspace/Sources/ParameterEvaluation.swift', '/Users/admin/builder/spi-builder-workspace/Sources/Parameter.swift', '/Users/admin/builder/spi-builder-workspace/Sources/OptionEvaluation.swift', '/Users/admin/builder/spi-builder-workspace/Sources/Option.swift', '/Users/admin/builder/spi-builder-workspace/Sources/FlagIndexable.swift', '/Users/admin/builder/spi-builder-workspace/Sources/Flag.swift', '/Users/admin/builder/spi-builder-workspace/Sources/Extensions.swift', '/Users/admin/builder/spi-builder-workspace/Sources/CommandIndexable.swift', '/Users/admin/builder/spi-builder-workspace/Sources/CommandEvaluation.swift', '/Users/admin/builder/spi-builder-workspace/Sources/CommandCougar.swift', '/Users/admin/builder/spi-builder-workspace/Sources/Command.swift'. Did you forget to declare these files as outputs of any script phases or custom build rules which produce them? (in target 'CommandCougar' from project 'CommandCougar')
PruneExplicitPrecompiledModules /Users/admin/builder/spi-builder-workspace/.derivedData/Build/Intermediates.noindex/ExplicitPrecompiledModules
PruneExplicitPrecompiledModules /Users/admin/builder/spi-builder-workspace/.derivedData/Build/Intermediates.noindex/SwiftExplicitPrecompiledModules
PruneExplicitPrecompiledModules /Users/admin/builder/spi-builder-workspace/.derivedData/SDKExplicitPrecompiledModules
** BUILD FAILED **
The following build commands failed:
SwiftDriver\ Compilation\ Requirements CommandCougar normal arm64 com.apple.xcode.tools.swift.compiler (in target 'CommandCougar' from project 'CommandCougar')
SwiftDriver\ Compilation CommandCougar normal arm64 com.apple.xcode.tools.swift.compiler (in target 'CommandCougar' from project 'CommandCougar')
Building project CommandCougar with scheme CommandCougar-Package
(3 failures)
BUILD FAILURE 6.4 tvOS