Build Information
Failed to build Scanner, reference main (3c5eee), with Swift 6.4 for visionOS using Xcode 27.0 on 17 Sep 2026 18:34:13 UTC.
Build Command
env DEVELOPER_DIR=/Applications/Xcode-27.0.0-Release.Candidate.app xcrun xcodebuild -IDEClonedSourcePackagesDirPathOverride=$PWD/.dependencies -skipMacroValidation -skipPackagePluginValidation -derivedDataPath $PWD/.derivedData build -scheme Scanner -destination generic/platform=xrOSBuild Log
========================================
RunAll
========================================
Builder version: 5.1.0
Interrupt handler set up.
========================================
Checkout
========================================
Clone URL: https://github.com/IBM/ios-scanner.git
Reference: main
Initialized empty Git repository in /Users/admin/builder/spi-builder-workspace/.git/
From https://github.com/IBM/ios-scanner
* branch main -> FETCH_HEAD
* [new branch] main -> origin/main
HEAD is now at 3c5eee0 Merge branch 'main' of github.com:IBM/ios-scanner
Cloned https://github.com/IBM/ios-scanner.git
Revision (git rev-parse @):
3c5eee0ce439b6ceb389c6c358061a24f1cac0f4
SUCCESS checkout https://github.com/IBM/ios-scanner.git at main
========================================
Build
========================================
Selected platform: visionOS
Swift version: 6.4
Building package at path: $PWD
https://github.com/IBM/ios-scanner.git
Command line invocation:
/Applications/Xcode-27.0.0-Release.Candidate.app/Contents/Developer/usr/bin/xcodebuild -IDEClonedSourcePackagesDirPathOverride=/Users/admin/builder/spi-builder-workspace/.dependencies -resolvePackageDependencies
Resolve Package Graph
Resolve Package Graph
Resolved source packages:
Scanner: /Users/admin/builder/spi-builder-workspace
resolved source packages: Scanner
2026-09-17 14:33:25.323 xcodebuild[529:3033] [MT] IDERunDestination: Supported platforms for the buildables in the current scheme is empty.
{
"dependencies" : [
],
"manifest_display_name" : "Scanner",
"name" : "Scanner",
"path" : "/Users/admin/builder/spi-builder-workspace",
"platforms" : [
{
"name" : "ios",
"version" : "12.0"
}
],
"products" : [
{
"name" : "Scanner",
"targets" : [
"Scanner"
],
"type" : {
"library" : [
"automatic"
]
}
}
],
"targets" : [
{
"c99name" : "ScannerTests",
"module_type" : "SwiftTarget",
"name" : "ScannerTests",
"path" : "Tests/ScannerTests",
"sources" : [
"Mock/DefaultScannerDelegate.swift",
"ScannerTests.swift"
],
"target_dependencies" : [
"Scanner"
],
"type" : "test"
},
{
"c99name" : "Scanner",
"module_type" : "SwiftTarget",
"name" : "Scanner",
"path" : "Sources/Scanner",
"product_memberships" : [
"Scanner"
],
"sources" : [
"ScanError.swift",
"ScanMode.swift",
"Scanner.swift",
"ScannerCoordinator.swift",
"ScannerDelegate.swift",
"ScannerViewController.swift"
],
"type" : "library"
}
],
"tools_version" : "5.3"
}
{
"workspace" : {
"name" : "Scanner",
"schemes" : [
"Scanner"
]
}
}
2026-09-17 14:34:01.215 xcodebuild[626:3942] [MT] IDERunDestination: Supported platforms for the buildables in the current scheme is empty.
Running build ...
env DEVELOPER_DIR=/Applications/Xcode-27.0.0-Release.Candidate.app xcrun xcodebuild -IDEClonedSourcePackagesDirPathOverride=$PWD/.dependencies -skipMacroValidation -skipPackagePluginValidation -derivedDataPath $PWD/.derivedData build -scheme Scanner -destination generic/platform=xrOS
Command line invocation:
/Applications/Xcode-27.0.0-Release.Candidate.app/Contents/Developer/usr/bin/xcodebuild -IDEClonedSourcePackagesDirPathOverride=/Users/admin/builder/spi-builder-workspace/.dependencies -skipMacroValidation -skipPackagePluginValidation -derivedDataPath /Users/admin/builder/spi-builder-workspace/.derivedData build -scheme Scanner -destination generic/platform=xrOS
Resolve Package Graph
Resolved source packages:
Scanner: /Users/admin/builder/spi-builder-workspace
ComputePackagePrebuildTargetDependencyGraph
Prepare packages
CreateBuildRequest
SendProjectDescription
CreateBuildOperation
ComputeTargetDependencyGraph
note: Building targets in dependency order
note: Target dependency graph (2 targets)
Target 'Scanner-product' in project 'Scanner'
➜ Explicit dependency on target 'Scanner' in project 'Scanner'
Target 'Scanner' in project 'Scanner' (no dependencies)
GatherProvisioningInputs
CreateBuildDescription
ExecuteExternalTool /Applications/Xcode-27.0.0-Release.Candidate.app/Contents/Developer/Toolchains/XcodeDefault.xctoolchain/usr/bin/clang -v -E -dM -isysroot /Applications/Xcode-27.0.0-Release.Candidate.app/Contents/Developer/Platforms/XROS.platform/Developer/SDKs/XROS27.0.sdk -x c -c /dev/null
ExecuteExternalTool /Applications/Xcode-27.0.0-Release.Candidate.app/Contents/Developer/Toolchains/XcodeDefault.xctoolchain/usr/bin/swiftc --version
ExecuteExternalTool /Applications/Xcode-27.0.0-Release.Candidate.app/Contents/Developer/Toolchains/XcodeDefault.xctoolchain/usr/bin/ld -version_details
Build description signature: fbf4bbe76f52cba59c17e498671823f6
Build description path: /Users/admin/builder/spi-builder-workspace/.derivedData/Build/Intermediates.noindex/XCBuildData/fbf4bbe76f52cba59c17e498671823f6.xcbuilddata
CreateBuildDirectory /Users/admin/builder/spi-builder-workspace/.derivedData/CompilationCache.noindex
cd /Users/admin/builder/spi-builder-workspace/.swiftpm/xcode
builtin-create-build-directory /Users/admin/builder/spi-builder-workspace/.derivedData/CompilationCache.noindex
CreateBuildDirectory /Users/admin/builder/spi-builder-workspace/.derivedData/ModuleCache.noindex
cd /Users/admin/builder/spi-builder-workspace/.swiftpm/xcode
builtin-create-build-directory /Users/admin/builder/spi-builder-workspace/.derivedData/ModuleCache.noindex
CreateBuildDirectory /Users/admin/builder/spi-builder-workspace/.derivedData/SDKExplicitPrecompiledModules
cd /Users/admin/builder/spi-builder-workspace/.swiftpm/xcode
builtin-create-build-directory /Users/admin/builder/spi-builder-workspace/.derivedData/SDKExplicitPrecompiledModules
CreateBuildDirectory /Users/admin/builder/spi-builder-workspace/.derivedData/Build/Intermediates.noindex
cd /Users/admin/builder/spi-builder-workspace/.swiftpm/xcode
builtin-create-build-directory /Users/admin/builder/spi-builder-workspace/.derivedData/Build/Intermediates.noindex
CreateBuildDirectory /Users/admin/builder/spi-builder-workspace/.derivedData/Build/Products
cd /Users/admin/builder/spi-builder-workspace/.swiftpm/xcode
builtin-create-build-directory /Users/admin/builder/spi-builder-workspace/.derivedData/Build/Products
ClangStatCache /Applications/Xcode-27.0.0-Release.Candidate.app/Contents/Developer/Toolchains/XcodeDefault.xctoolchain/usr/bin/clang-stat-cache /Applications/Xcode-27.0.0-Release.Candidate.app/Contents/Developer/Platforms/XROS.platform/Developer/SDKs/XROS27.0.sdk /Users/admin/builder/spi-builder-workspace/.derivedData/SDKStatCaches.noindex/xros27.0-24M361-e829b21a6f8c9b70876ba0858053c044735bd543db762f57723cac368afd1ce4.sdkstatcache
cd /Users/admin/builder/spi-builder-workspace/.swiftpm/xcode
/Applications/Xcode-27.0.0-Release.Candidate.app/Contents/Developer/Toolchains/XcodeDefault.xctoolchain/usr/bin/clang-stat-cache /Applications/Xcode-27.0.0-Release.Candidate.app/Contents/Developer/Platforms/XROS.platform/Developer/SDKs/XROS27.0.sdk -o /Users/admin/builder/spi-builder-workspace/.derivedData/SDKStatCaches.noindex/xros27.0-24M361-e829b21a6f8c9b70876ba0858053c044735bd543db762f57723cac368afd1ce4.sdkstatcache
CreateBuildDirectory /Users/admin/builder/spi-builder-workspace/.derivedData/Build/Intermediates.noindex/SwiftExplicitPrecompiledModules
cd /Users/admin/builder/spi-builder-workspace/.swiftpm/xcode
builtin-create-build-directory /Users/admin/builder/spi-builder-workspace/.derivedData/Build/Intermediates.noindex/SwiftExplicitPrecompiledModules
CreateBuildDirectory /Users/admin/builder/spi-builder-workspace/.derivedData/Build/Intermediates.noindex/PrecompiledHeaders
cd /Users/admin/builder/spi-builder-workspace/.swiftpm/xcode
builtin-create-build-directory /Users/admin/builder/spi-builder-workspace/.derivedData/Build/Intermediates.noindex/PrecompiledHeaders
CreateBuildDirectory /Users/admin/builder/spi-builder-workspace/.derivedData/Build/Intermediates.noindex/ExplicitPrecompiledModules
cd /Users/admin/builder/spi-builder-workspace/.swiftpm/xcode
builtin-create-build-directory /Users/admin/builder/spi-builder-workspace/.derivedData/Build/Intermediates.noindex/ExplicitPrecompiledModules
CreateBuildDirectory /Users/admin/builder/spi-builder-workspace/.derivedData/Build/Intermediates.noindex/EagerLinkingTBDs/Debug-xros
cd /Users/admin/builder/spi-builder-workspace/.swiftpm/xcode
builtin-create-build-directory /Users/admin/builder/spi-builder-workspace/.derivedData/Build/Intermediates.noindex/EagerLinkingTBDs/Debug-xros
CreateBuildDirectory /Users/admin/builder/spi-builder-workspace/.derivedData/Build/Products/Debug-xros
cd /Users/admin/builder/spi-builder-workspace/.swiftpm/xcode
builtin-create-build-directory /Users/admin/builder/spi-builder-workspace/.derivedData/Build/Products/Debug-xros
CreateBuildDirectory /Users/admin/builder/spi-builder-workspace/.derivedData/Build/Products/Debug-xros/PackageFrameworks
cd /Users/admin/builder/spi-builder-workspace/.swiftpm/xcode
builtin-create-build-directory /Users/admin/builder/spi-builder-workspace/.derivedData/Build/Products/Debug-xros/PackageFrameworks
WriteAuxiliaryFile /Users/admin/builder/spi-builder-workspace/.derivedData/Build/Intermediates.noindex/Scanner.build/Debug-xros/Scanner-t.build/Scanner.DependencyStaticMetadataFileList (in target 'Scanner' from project 'Scanner')
cd /Users/admin/builder/spi-builder-workspace
write-file /Users/admin/builder/spi-builder-workspace/.derivedData/Build/Intermediates.noindex/Scanner.build/Debug-xros/Scanner-t.build/Scanner.DependencyStaticMetadataFileList
WriteAuxiliaryFile /Users/admin/builder/spi-builder-workspace/.derivedData/Build/Intermediates.noindex/Scanner.build/Debug-xros/Scanner-t.build/Scanner.DependencyMetadataFileList (in target 'Scanner' from project 'Scanner')
cd /Users/admin/builder/spi-builder-workspace
write-file /Users/admin/builder/spi-builder-workspace/.derivedData/Build/Intermediates.noindex/Scanner.build/Debug-xros/Scanner-t.build/Scanner.DependencyMetadataFileList
WriteAuxiliaryFile /Users/admin/builder/spi-builder-workspace/.derivedData/Build/Intermediates.noindex/Scanner.build/Debug-xros/Scanner-t.build/Scanner.modulemap (in target 'Scanner' from project 'Scanner')
cd /Users/admin/builder/spi-builder-workspace
write-file /Users/admin/builder/spi-builder-workspace/.derivedData/Build/Intermediates.noindex/Scanner.build/Debug-xros/Scanner-t.build/Scanner.modulemap
WriteAuxiliaryFile /Users/admin/builder/spi-builder-workspace/.derivedData/Build/Intermediates.noindex/Scanner.build/Debug-xros/Scanner-t.build/Objects-normal/arm64/Scanner.LinkFileList (in target 'Scanner' from project 'Scanner')
cd /Users/admin/builder/spi-builder-workspace
write-file /Users/admin/builder/spi-builder-workspace/.derivedData/Build/Intermediates.noindex/Scanner.build/Debug-xros/Scanner-t.build/Objects-normal/arm64/Scanner.LinkFileList
WriteAuxiliaryFile /Users/admin/builder/spi-builder-workspace/.derivedData/Build/Intermediates.noindex/Scanner.build/Debug-xros/Scanner-t.build/Objects-normal/arm64/Scanner_const_extract_protocols.json (in target 'Scanner' from project 'Scanner')
cd /Users/admin/builder/spi-builder-workspace
write-file /Users/admin/builder/spi-builder-workspace/.derivedData/Build/Intermediates.noindex/Scanner.build/Debug-xros/Scanner-t.build/Objects-normal/arm64/Scanner_const_extract_protocols.json
WriteAuxiliaryFile /Users/admin/builder/spi-builder-workspace/.derivedData/Build/Intermediates.noindex/Scanner.build/Debug-xros/Scanner-t.build/Objects-normal/arm64/Scanner.SwiftConstValuesFileList (in target 'Scanner' from project 'Scanner')
cd /Users/admin/builder/spi-builder-workspace
write-file /Users/admin/builder/spi-builder-workspace/.derivedData/Build/Intermediates.noindex/Scanner.build/Debug-xros/Scanner-t.build/Objects-normal/arm64/Scanner.SwiftConstValuesFileList
WriteAuxiliaryFile /Users/admin/builder/spi-builder-workspace/.derivedData/Build/Intermediates.noindex/Scanner.build/Debug-xros/Scanner-t.build/Objects-normal/arm64/Scanner-OutputFileMap.json (in target 'Scanner' from project 'Scanner')
cd /Users/admin/builder/spi-builder-workspace
write-file /Users/admin/builder/spi-builder-workspace/.derivedData/Build/Intermediates.noindex/Scanner.build/Debug-xros/Scanner-t.build/Objects-normal/arm64/Scanner-OutputFileMap.json
WriteAuxiliaryFile /Users/admin/builder/spi-builder-workspace/.derivedData/Build/Intermediates.noindex/Scanner.build/Debug-xros/Scanner-t.build/Objects-normal/arm64/Scanner.SwiftFileList (in target 'Scanner' from project 'Scanner')
cd /Users/admin/builder/spi-builder-workspace
write-file /Users/admin/builder/spi-builder-workspace/.derivedData/Build/Intermediates.noindex/Scanner.build/Debug-xros/Scanner-t.build/Objects-normal/arm64/Scanner.SwiftFileList
Copy /Users/admin/builder/spi-builder-workspace/.derivedData/Build/Intermediates.noindex/GeneratedModuleMaps-xros/Scanner.modulemap /Users/admin/builder/spi-builder-workspace/.derivedData/Build/Intermediates.noindex/Scanner.build/Debug-xros/Scanner-t.build/Scanner.modulemap (in target 'Scanner' from project 'Scanner')
cd /Users/admin/builder/spi-builder-workspace
builtin-copy -exclude .DS_Store -exclude CVS -exclude .svn -exclude .git -exclude .hg -resolve-src-symlinks /Users/admin/builder/spi-builder-workspace/.derivedData/Build/Intermediates.noindex/Scanner.build/Debug-xros/Scanner-t.build/Scanner.modulemap /Users/admin/builder/spi-builder-workspace/.derivedData/Build/Intermediates.noindex/GeneratedModuleMaps-xros
SwiftDriver Scanner normal arm64 com.apple.xcode.tools.swift.compiler (in target 'Scanner' from project 'Scanner')
cd /Users/admin/builder/spi-builder-workspace/.swiftpm/xcode
builtin-SwiftDriver -- /Applications/Xcode-27.0.0-Release.Candidate.app/Contents/Developer/Toolchains/XcodeDefault.xctoolchain/usr/bin/swiftc -parse-as-library -module-name Scanner -Onone @/Users/admin/builder/spi-builder-workspace/.derivedData/Build/Intermediates.noindex/Scanner.build/Debug-xros/Scanner-t.build/Objects-normal/arm64/Scanner.SwiftFileList -DSWIFT_PACKAGE -DDEBUG -DSWIFT_MODULE_RESOURCE_BUNDLE_UNAVAILABLE -DXcode -plugin-path /Applications/Xcode-27.0.0-Release.Candidate.app/Contents/Developer/Toolchains/XcodeDefault.xctoolchain/usr/lib/swift/host/plugins/testing -enable-experimental-feature DebugDescriptionMacro -sdk /Applications/Xcode-27.0.0-Release.Candidate.app/Contents/Developer/Platforms/XROS.platform/Developer/SDKs/XROS27.0.sdk -target arm64-apple-xros1.0 -g -module-cache-path /Users/admin/builder/spi-builder-workspace/.derivedData/ModuleCache.noindex -Xfrontend -serialize-debugging-options -profile-coverage-mapping -profile-generate -enable-testing -index-store-path /Users/admin/builder/spi-builder-workspace/.derivedData/Index.noindex/DataStore -Xcc -D_LIBCPP_HARDENING_MODE\=_LIBCPP_HARDENING_MODE_DEBUG -swift-version 5 -I /Users/admin/builder/spi-builder-workspace/.derivedData/Build/Products/Debug-xros -Isystem /Applications/Xcode-27.0.0-Release.Candidate.app/Contents/Developer/Platforms/XROS.platform/Developer/usr/lib -F /Users/admin/builder/spi-builder-workspace/.derivedData/Build/Products/Debug-xros -F /Applications/Xcode-27.0.0-Release.Candidate.app/Contents/Developer/Platforms/XROS.platform/Developer/Library/Frameworks -F /Applications/Xcode-27.0.0-Release.Candidate.app/Contents/Developer/Platforms/XROS.platform/Developer/SDKs/XROS27.0.sdk/Developer/Library/Frameworks -c -j10 -enable-batch-mode -incremental -Xcc -ivfsstatcache -Xcc /Users/admin/builder/spi-builder-workspace/.derivedData/SDKStatCaches.noindex/xros27.0-24M361-e829b21a6f8c9b70876ba0858053c044735bd543db762f57723cac368afd1ce4.sdkstatcache -output-file-map /Users/admin/builder/spi-builder-workspace/.derivedData/Build/Intermediates.noindex/Scanner.build/Debug-xros/Scanner-t.build/Objects-normal/arm64/Scanner-OutputFileMap.json -save-temps -no-color-diagnostics -explicit-module-build -module-cache-path /Users/admin/builder/spi-builder-workspace/.derivedData/Build/Intermediates.noindex/SwiftExplicitPrecompiledModules -clang-scanner-module-cache-path /Users/admin/builder/spi-builder-workspace/.derivedData/ModuleCache.noindex -sdk-module-cache-path /Users/admin/builder/spi-builder-workspace/.derivedData/SDKExplicitPrecompiledModules -emit-dependencies -emit-module -emit-module-path /Users/admin/builder/spi-builder-workspace/.derivedData/Build/Intermediates.noindex/Scanner.build/Debug-xros/Scanner-t.build/Objects-normal/arm64/Scanner.swiftmodule -serialize-diagnostics -dependency-scan-serialize-diagnostics-path /Users/admin/builder/spi-builder-workspace/.derivedData/Build/Intermediates.noindex/Scanner.build/Debug-xros/Scanner-t.build/Objects-normal/arm64/Scanner-dependency-scan.dia -validate-clang-modules-once -clang-build-session-file /Users/admin/builder/spi-builder-workspace/.derivedData/ModuleCache.noindex/Session.modulevalidation -Xcc -fmodules-prune-interval\=86400 -Xcc -fmodules-prune-after\=345600 -emit-const-values -const-gather-protocols-list /Users/admin/builder/spi-builder-workspace/.derivedData/Build/Intermediates.noindex/Scanner.build/Debug-xros/Scanner-t.build/Objects-normal/arm64/Scanner_const_extract_protocols.json -Xcc -I/Users/admin/builder/spi-builder-workspace/.derivedData/Build/Products/Debug-xros/include -Xcc -I/Users/admin/builder/spi-builder-workspace/.derivedData/Build/Intermediates.noindex/Scanner.build/Debug-xros/Scanner-t.build/DerivedSources-normal/arm64 -Xcc -I/Users/admin/builder/spi-builder-workspace/.derivedData/Build/Intermediates.noindex/Scanner.build/Debug-xros/Scanner-t.build/DerivedSources/arm64 -Xcc -I/Users/admin/builder/spi-builder-workspace/.derivedData/Build/Intermediates.noindex/Scanner.build/Debug-xros/Scanner-t.build/DerivedSources -Xcc -DSWIFT_PACKAGE -Xcc -DDEBUG\=1 -emit-objc-header -emit-objc-header-path /Users/admin/builder/spi-builder-workspace/.derivedData/Build/Intermediates.noindex/Scanner.build/Debug-xros/Scanner-t.build/Objects-normal/arm64/Scanner-Swift.h -working-directory /Users/admin/builder/spi-builder-workspace/.swiftpm/xcode -experimental-emit-module-separately -disable-cmo
SwiftExplicitDependencyGeneratePcm arm64 /Users/admin/builder/spi-builder-workspace/.derivedData/SDKExplicitPrecompiledModules/DeveloperToolsSupport-46GOQP8J1QTHLYQSJW81T8UZ3.pcm
SwiftExplicitDependencyGeneratePcm arm64 /Users/admin/builder/spi-builder-workspace/.derivedData/SDKExplicitPrecompiledModules/_Builtin_stdarg-CDA349K2K4US766844K8E0PVA.pcm
SwiftExplicitDependencyGeneratePcm arm64 /Users/admin/builder/spi-builder-workspace/.derivedData/SDKExplicitPrecompiledModules/_Builtin_stdbool-5BU2ADS7JXQMYENKQHW9X8XOU.pcm
SwiftExplicitDependencyGeneratePcm arm64 /Users/admin/builder/spi-builder-workspace/.derivedData/SDKExplicitPrecompiledModules/_AvailabilityInternal-1Q8IQP6M38UWSGZ95UCEY2M44.pcm
SwiftExplicitDependencyGeneratePcm arm64 /Users/admin/builder/spi-builder-workspace/.derivedData/SDKExplicitPrecompiledModules/SwiftShims-CI4H5RO9IYFFWQ2COB512Q2S9.pcm
SwiftExplicitDependencyGeneratePcm arm64 /Users/admin/builder/spi-builder-workspace/.derivedData/SDKExplicitPrecompiledModules/_SwiftConcurrencyShims-C8XHKSHX96D5YYALNM4W70Z0O.pcm
SwiftExplicitDependencyGeneratePcm arm64 /Users/admin/builder/spi-builder-workspace/.derivedData/SDKExplicitPrecompiledModules/ptrauth-1WBA714DZSVUL5JQDJ08CLKZ.pcm
SwiftExplicitDependencyGeneratePcm arm64 /Users/admin/builder/spi-builder-workspace/.derivedData/SDKExplicitPrecompiledModules/_Builtin_float-6WKHNW5S40U2QGHXXGETUDIRA.pcm
SwiftExplicitDependencyGeneratePcm arm64 /Users/admin/builder/spi-builder-workspace/.derivedData/SDKExplicitPrecompiledModules/ptrcheck-BXA97MNLI4BB0HF5I8MJE403D.pcm
SwiftExplicitDependencyGeneratePcm arm64 /Users/admin/builder/spi-builder-workspace/.derivedData/SDKExplicitPrecompiledModules/_Builtin_stddef-5NQ9Z1GV07GBSRQGAQCGXGVRI.pcm
SwiftExplicitDependencyGeneratePcm arm64 /Users/admin/builder/spi-builder-workspace/.derivedData/SDKExplicitPrecompiledModules/_DarwinFoundation1-5RGRVV2TZ6WC4WZW5IXF8NQ04.pcm
SwiftExplicitDependencyGeneratePcm arm64 /Users/admin/builder/spi-builder-workspace/.derivedData/SDKExplicitPrecompiledModules/_Builtin_limits-425JDMN5HPM3D0UEI8LEHP6NM.pcm
SwiftExplicitDependencyGeneratePcm arm64 /Users/admin/builder/spi-builder-workspace/.derivedData/SDKExplicitPrecompiledModules/_DarwinFoundation2-ENTECK156YEWITZRRBTOCE4KR.pcm
SwiftExplicitDependencyGeneratePcm arm64 /Users/admin/builder/spi-builder-workspace/.derivedData/SDKExplicitPrecompiledModules/sys_types-AYM0BHR77VKMWZCO2T0XGV2HF.pcm
SwiftExplicitDependencyGeneratePcm arm64 /Users/admin/builder/spi-builder-workspace/.derivedData/SDKExplicitPrecompiledModules/string_h-2GT67HHHHK5CF1V1S31LH0PU2.pcm
SwiftExplicitDependencyGeneratePcm arm64 /Users/admin/builder/spi-builder-workspace/.derivedData/SDKExplicitPrecompiledModules/_Builtin_stdint-8OR6T47OOYJA90ZBO3N1USDE.pcm
SwiftExplicitDependencyGeneratePcm arm64 /Users/admin/builder/spi-builder-workspace/.derivedData/SDKExplicitPrecompiledModules/_Builtin_tgmath-BPYSMHWI520EQRL2HW519ZY7Z.pcm
SwiftExplicitDependencyGeneratePcm arm64 /Users/admin/builder/spi-builder-workspace/.derivedData/SDKExplicitPrecompiledModules/_DarwinFoundation3-9ZHN6JKBS40BBA81RQMV8H0IC.pcm
SwiftExplicitDependencyGeneratePcm arm64 /Users/admin/builder/spi-builder-workspace/.derivedData/SDKExplicitPrecompiledModules/_Builtin_intrinsics-BC5IJI3YI34RQ61ZNVDRDZ6RN.pcm
SwiftExplicitDependencyGeneratePcm arm64 /Users/admin/builder/spi-builder-workspace/.derivedData/SDKExplicitPrecompiledModules/_Builtin_stdatomic-1VUZPM79PNCAHXVBERD53WRSF.pcm
SwiftExplicitDependencyGeneratePcm arm64 /Users/admin/builder/spi-builder-workspace/.derivedData/SDKExplicitPrecompiledModules/_Builtin_inttypes-11B64KJD36B3YOHBR1BBXBJY8.pcm
SwiftExplicitDependencyGeneratePcm arm64 /Users/admin/builder/spi-builder-workspace/.derivedData/SDKExplicitPrecompiledModules/Darwin-60P5LVNQO3ESRRM5DCJ05PFNK.pcm
SwiftExplicitDependencyGeneratePcm arm64 /Users/admin/builder/spi-builder-workspace/.derivedData/SDKExplicitPrecompiledModules/simd-9XXAB17Y6E4BBPQADD61NZ23.pcm
SwiftExplicitDependencyGeneratePcm arm64 /Users/admin/builder/spi-builder-workspace/.derivedData/SDKExplicitPrecompiledModules/MachO-3XTHY7HWV6RF3KXKYQVHUBUXK.pcm
SwiftExplicitDependencyGeneratePcm arm64 /Users/admin/builder/spi-builder-workspace/.derivedData/SDKExplicitPrecompiledModules/ObjectiveC-26TIBFYCEJZVP216ZZAU1X8KN.pcm
SwiftExplicitDependencyGeneratePcm arm64 /Users/admin/builder/spi-builder-workspace/.derivedData/SDKExplicitPrecompiledModules/os_object-692CJ8BG6RE5H04487EJJOVXW.pcm
SwiftExplicitDependencyGeneratePcm arm64 /Users/admin/builder/spi-builder-workspace/.derivedData/SDKExplicitPrecompiledModules/os_workgroup-4U1VXMWIZD80E7PRUQF2G7P9X.pcm
SwiftExplicitDependencyGeneratePcm arm64 /Users/admin/builder/spi-builder-workspace/.derivedData/SDKExplicitPrecompiledModules/Dispatch-CLT3466HKC22GCKAWSCNG0H7T.pcm
SwiftExplicitDependencyGeneratePcm arm64 /Users/admin/builder/spi-builder-workspace/.derivedData/SDKExplicitPrecompiledModules/Spatial-5E0I2846LO3ZE24CSVR2O57TI.pcm
SwiftExplicitDependencyGeneratePcm arm64 /Users/admin/builder/spi-builder-workspace/.derivedData/SDKExplicitPrecompiledModules/dnssd-CCUV1M8EULNEQJUXO7L0PJAL4.pcm
SwiftExplicitDependencyGeneratePcm arm64 /Users/admin/builder/spi-builder-workspace/.derivedData/SDKExplicitPrecompiledModules/XPC-EP5EU7FNGP4VOA3EDM18P1KHO.pcm
SwiftExplicitDependencyGeneratePcm arm64 /Users/admin/builder/spi-builder-workspace/.derivedData/SDKExplicitPrecompiledModules/CoreFoundation-AVLTZVCXBU2TO75JCN4AGU8XJ.pcm
SwiftExplicitDependencyGeneratePcm arm64 /Users/admin/builder/spi-builder-workspace/.derivedData/SDKExplicitPrecompiledModules/os-1004XEJ3IXOOAU0KL58SM3D0K.pcm
SwiftExplicitDependencyGeneratePcm arm64 /Users/admin/builder/spi-builder-workspace/.derivedData/SDKExplicitPrecompiledModules/CoreAudioTypes-45UXYEQRN95KG6BF2CW0QIYK9.pcm
SwiftExplicitDependencyGeneratePcm arm64 /Users/admin/builder/spi-builder-workspace/.derivedData/SDKExplicitPrecompiledModules/Security-8TH2M8WJIQMET4SADWX0N8372.pcm
SwiftExplicitDependencyGeneratePcm arm64 /Users/admin/builder/spi-builder-workspace/.derivedData/SDKExplicitPrecompiledModules/CFNetwork-5MI70N1VLDQSWTX4COWLMSIRO.pcm
SwiftExplicitDependencyGeneratePcm arm64 /Users/admin/builder/spi-builder-workspace/.derivedData/SDKExplicitPrecompiledModules/CoreGraphics-BFUJ177R223UT2ZI327ZTZY91.pcm
SwiftExplicitDependencyGeneratePcm arm64 /Users/admin/builder/spi-builder-workspace/.derivedData/SDKExplicitPrecompiledModules/CoreAudio-CXS3C78T5TQDGLEGXIBJ04WJ4.pcm
SwiftExplicitDependencyGeneratePcm arm64 /Users/admin/builder/spi-builder-workspace/.derivedData/SDKExplicitPrecompiledModules/Foundation-8GON1KVEKRN3NOQI8RETBRWJP.pcm
SwiftExplicitDependencyGeneratePcm arm64 /Users/admin/builder/spi-builder-workspace/.derivedData/SDKExplicitPrecompiledModules/ImageIO-5CC6COR9KJYI1UBL7CSHLU2OG.pcm
SwiftExplicitDependencyGeneratePcm arm64 /Users/admin/builder/spi-builder-workspace/.derivedData/SDKExplicitPrecompiledModules/CoreText-6F9TY5TEPCCZ1K2KYM4GMEGHD.pcm
SwiftExplicitDependencyGeneratePcm arm64 /Users/admin/builder/spi-builder-workspace/.derivedData/SDKExplicitPrecompiledModules/CoreTransferable-8TBYAKHCX6UC8QQSS7BD8GQK5.pcm
SwiftExplicitDependencyGeneratePcm arm64 /Users/admin/builder/spi-builder-workspace/.derivedData/SDKExplicitPrecompiledModules/Accessibility-1DR4J4YDVDGAYQTZ0FKZ1PU09.pcm
SwiftExplicitDependencyGeneratePcm arm64 /Users/admin/builder/spi-builder-workspace/.derivedData/SDKExplicitPrecompiledModules/Network-EQPZZF3W6BWG89K0PY9NZO3T0.pcm
SwiftExplicitDependencyGeneratePcm arm64 /Users/admin/builder/spi-builder-workspace/.derivedData/SDKExplicitPrecompiledModules/UserNotifications-8IIV1V1FPNAPA4LY1Y23LOM2N.pcm
SwiftExplicitDependencyGeneratePcm arm64 /Users/admin/builder/spi-builder-workspace/.derivedData/SDKExplicitPrecompiledModules/DataDetection-BANTQ3WXXGKZJYC0LLB3MD9K0.pcm
SwiftExplicitDependencyGeneratePcm arm64 /Users/admin/builder/spi-builder-workspace/.derivedData/SDKExplicitPrecompiledModules/UniformTypeIdentifiers-E5KMWDZEKS4QW9RO1KBRDEXV6.pcm
SwiftExplicitDependencyGeneratePcm arm64 /Users/admin/builder/spi-builder-workspace/.derivedData/SDKExplicitPrecompiledModules/FileProvider-C9I28SI56F2SEVH1BCWTKGODO.pcm
SwiftExplicitDependencyGeneratePcm arm64 /Users/admin/builder/spi-builder-workspace/.derivedData/SDKExplicitPrecompiledModules/IOSurface-5FE9U89GVFF9A7X7AGO2R8ENI.pcm
SwiftExplicitDependencyGeneratePcm arm64 /Users/admin/builder/spi-builder-workspace/.derivedData/SDKExplicitPrecompiledModules/OSLog-BNGT87TS0GMBFF7TY70HHB69.pcm
SwiftExplicitDependencyGeneratePcm arm64 /Users/admin/builder/spi-builder-workspace/.derivedData/SDKExplicitPrecompiledModules/Symbols-8G2XC01RPQ5HYIZE6JNUT864I.pcm
SwiftExplicitDependencyGeneratePcm arm64 /Users/admin/builder/spi-builder-workspace/.derivedData/SDKExplicitPrecompiledModules/CoreMIDI-7L19IC4ZH9BPYLVTD8IIFWN9R.pcm
SwiftExplicitDependencyGeneratePcm arm64 /Users/admin/builder/spi-builder-workspace/.derivedData/SDKExplicitPrecompiledModules/UIUtilities-AOVGLUWEAN6CG2UZFNESGSP6C.pcm
SwiftExplicitDependencyGeneratePcm arm64 /Users/admin/builder/spi-builder-workspace/.derivedData/SDKExplicitPrecompiledModules/_LocationEssentials-8GQGFVARUE99D8VJX3TINY0VP.pcm
SwiftExplicitDependencyGeneratePcm arm64 /Users/admin/builder/spi-builder-workspace/.derivedData/SDKExplicitPrecompiledModules/OpenGLES-56BKSYXNVAP91BYZRWAKQZKGI.pcm
SwiftExplicitDependencyGeneratePcm arm64 /Users/admin/builder/spi-builder-workspace/.derivedData/SDKExplicitPrecompiledModules/Metal-EKNUM9P3PRIBHZK1ZBD6BA2T7.pcm
SwiftExplicitDependencyGeneratePcm arm64 /Users/admin/builder/spi-builder-workspace/.derivedData/SDKExplicitPrecompiledModules/AVRouting-55P8FRNK50AFZOMMB2LBBOX33.pcm
SwiftExplicitDependencyGeneratePcm arm64 /Users/admin/builder/spi-builder-workspace/.derivedData/SDKExplicitPrecompiledModules/CoreLocation-1SN37095DAPVJ068LLP9TBDQX.pcm
SwiftExplicitDependencyGeneratePcm arm64 /Users/admin/builder/spi-builder-workspace/.derivedData/SDKExplicitPrecompiledModules/AudioToolbox-2K3S8EA590EB3GMH6D6784BWZ.pcm
SwiftExplicitDependencyGeneratePcm arm64 /Users/admin/builder/spi-builder-workspace/.derivedData/SDKExplicitPrecompiledModules/CoreMotion-10LV922UPGE28QX2SOIO7ALIZ.pcm
SwiftExplicitDependencyGeneratePcm arm64 /Users/admin/builder/spi-builder-workspace/.derivedData/SDKExplicitPrecompiledModules/CoreVideo-E12HJSJSLO0YKWYBES11UKJ02.pcm
SwiftExplicitDependencyGeneratePcm arm64 /Users/admin/builder/spi-builder-workspace/.derivedData/SDKExplicitPrecompiledModules/CoreMedia-D1IBHC28BRHWLNUG1Q75G5YN0.pcm
SwiftExplicitDependencyGeneratePcm arm64 /Users/admin/builder/spi-builder-workspace/.derivedData/SDKExplicitPrecompiledModules/CoreImage-8WF1P230U10QM666EQMNV7OF1.pcm
SwiftExplicitDependencyGeneratePcm arm64 /Users/admin/builder/spi-builder-workspace/.derivedData/SDKExplicitPrecompiledModules/QuartzCore-12T8WVKUNCL1N7VXH87MM4YOB.pcm
SwiftExplicitDependencyGeneratePcm arm64 /Users/admin/builder/spi-builder-workspace/.derivedData/SDKExplicitPrecompiledModules/SwiftUICore-6OBBMA39VFD4CB6SG2PE41FAP.pcm
SwiftExplicitDependencyGeneratePcm arm64 /Users/admin/builder/spi-builder-workspace/.derivedData/SDKExplicitPrecompiledModules/UIKit-2D2PMAAE45TMO6S28UCGCO5BR.pcm
SwiftExplicitDependencyGeneratePcm arm64 /Users/admin/builder/spi-builder-workspace/.derivedData/SDKExplicitPrecompiledModules/VideoToolbox-7I4MDYIPJ4IWU1ZSL4JE3I7M6.pcm
SwiftExplicitDependencyGeneratePcm arm64 /Users/admin/builder/spi-builder-workspace/.derivedData/SDKExplicitPrecompiledModules/AVFAudio-E8GATWFYYBEBB41O9N0LRRGYC.pcm
SwiftExplicitDependencyGeneratePcm arm64 /Users/admin/builder/spi-builder-workspace/.derivedData/SDKExplicitPrecompiledModules/MediaToolbox-1J5U29ERBPNPI1HKEJHXOP8EV.pcm
SwiftExplicitDependencyGeneratePcm arm64 /Users/admin/builder/spi-builder-workspace/.derivedData/SDKExplicitPrecompiledModules/AVFoundation-DFCX8GQJWVA3CZBITWEHAZEFX.pcm
SwiftEmitModule normal arm64 Emitting\ module\ for\ Scanner (in target 'Scanner' from project 'Scanner')
/Users/admin/builder/spi-builder-workspace/Sources/Scanner/Scanner.swift:12:51: error: 'AVMetadataObject' is unavailable in visionOS
10 |
11 | public enum Scanner {
12 | public static func viewController(codeTypes: [AVMetadataObject.ObjectType], scanMode: ScanMode = .once, scanInterval: Double = 2.0, simulatedData: String = "", delegate: ScannerDelegate?) -> ScannerViewController {
| `- error: 'AVMetadataObject' is unavailable in visionOS
13 | let coordinator = ScannerCoordinator(codeTypes: codeTypes, scanMode: scanMode, scanInterval: scanInterval, simulatedData: simulatedData)
14 | coordinator.delegate = delegate
/Applications/Xcode-27.0.0-Release.Candidate.app/Contents/Developer/Platforms/XROS.platform/Developer/SDKs/XROS27.0.sdk/System/Library/Frameworks/AVFoundation.framework/Headers/AVMetadataObject.h:44:12: note: 'AVMetadataObject' has been explicitly marked unavailable here
42 | */
43 | API_AVAILABLE(macos(10.10), ios(6.0), macCatalyst(14.0), tvos(9.0)) API_UNAVAILABLE(watchos, visionos)
44 | @interface AVMetadataObject : NSObject
| `- note: 'AVMetadataObject' has been explicitly marked unavailable here
45 | {
46 | @private
/Users/admin/builder/spi-builder-workspace/Sources/Scanner/ScannerCoordinator.swift:20:28: error: 'AVMetadataObject' is unavailable in visionOS
18 | // MARK: - Public
19 |
20 | public let codeTypes: [AVMetadataObject.ObjectType]
| `- error: 'AVMetadataObject' is unavailable in visionOS
21 | public let scanMode: ScanMode
22 | public let scanInterval: Double
/Applications/Xcode-27.0.0-Release.Candidate.app/Contents/Developer/Platforms/XROS.platform/Developer/SDKs/XROS27.0.sdk/System/Library/Frameworks/AVFoundation.framework/Headers/AVMetadataObject.h:44:12: note: 'AVMetadataObject' has been explicitly marked unavailable here
42 | */
43 | API_AVAILABLE(macos(10.10), ios(6.0), macCatalyst(14.0), tvos(9.0)) API_UNAVAILABLE(watchos, visionos)
44 | @interface AVMetadataObject : NSObject
| `- note: 'AVMetadataObject' has been explicitly marked unavailable here
45 | {
46 | @private
/Users/admin/builder/spi-builder-workspace/Sources/Scanner/ScannerCoordinator.swift:28:29: error: 'AVMetadataObject' is unavailable in visionOS
26 | // MARK: - Init
27 |
28 | public init(codeTypes: [AVMetadataObject.ObjectType], scanMode: ScanMode = .once, scanInterval: Double = 2.0, simulatedData: String = "") {
| `- error: 'AVMetadataObject' is unavailable in visionOS
29 | self.codeTypes = codeTypes
30 | self.scanMode = scanMode
/Applications/Xcode-27.0.0-Release.Candidate.app/Contents/Developer/Platforms/XROS.platform/Developer/SDKs/XROS27.0.sdk/System/Library/Frameworks/AVFoundation.framework/Headers/AVMetadataObject.h:44:12: note: 'AVMetadataObject' has been explicitly marked unavailable here
42 | */
43 | API_AVAILABLE(macos(10.10), ios(6.0), macCatalyst(14.0), tvos(9.0)) API_UNAVAILABLE(watchos, visionos)
44 | @interface AVMetadataObject : NSObject
| `- note: 'AVMetadataObject' has been explicitly marked unavailable here
45 | {
46 | @private
/Users/admin/builder/spi-builder-workspace/Sources/Scanner/ScannerCoordinator.swift:36:35: error: 'AVCaptureMetadataOutput' is unavailable in visionOS
34 | }
35 |
36 | public func metadataOutput(_: AVCaptureMetadataOutput, didOutput metadataObjects: [AVMetadataObject], from _: AVCaptureConnection) {
| `- error: 'AVCaptureMetadataOutput' is unavailable in visionOS
37 | if let metadataObject = metadataObjects.first {
38 | guard let readableObject = metadataObject as? AVMetadataMachineReadableCodeObject else { return }
/Applications/Xcode-27.0.0-Release.Candidate.app/Contents/Developer/Platforms/XROS.platform/Developer/SDKs/XROS27.0.sdk/System/Library/Frameworks/AVFoundation.framework/Headers/AVCaptureMetadataOutput.h:29:12: note: 'AVCaptureMetadataOutput' has been explicitly marked unavailable here
27 | */
28 | API_AVAILABLE(macos(13.0), ios(6.0), macCatalyst(14.0), tvos(17.0)) API_UNAVAILABLE(visionos) API_UNAVAILABLE(watchos)
29 | @interface AVCaptureMetadataOutput : AVCaptureOutput
| `- note: 'AVCaptureMetadataOutput' has been explicitly marked unavailable here
30 | {
31 | @private
/Users/admin/builder/spi-builder-workspace/Sources/Scanner/ScannerCoordinator.swift:36:88: error: 'AVMetadataObject' is unavailable in visionOS
34 | }
35 |
36 | public func metadataOutput(_: AVCaptureMetadataOutput, didOutput metadataObjects: [AVMetadataObject], from _: AVCaptureConnection) {
| `- error: 'AVMetadataObject' is unavailable in visionOS
37 | if let metadataObject = metadataObjects.first {
38 | guard let readableObject = metadataObject as? AVMetadataMachineReadableCodeObject else { return }
/Applications/Xcode-27.0.0-Release.Candidate.app/Contents/Developer/Platforms/XROS.platform/Developer/SDKs/XROS27.0.sdk/System/Library/Frameworks/AVFoundation.framework/Headers/AVMetadataObject.h:44:12: note: 'AVMetadataObject' has been explicitly marked unavailable here
42 | */
43 | API_AVAILABLE(macos(10.10), ios(6.0), macCatalyst(14.0), tvos(9.0)) API_UNAVAILABLE(watchos, visionos)
44 | @interface AVMetadataObject : NSObject
| `- note: 'AVMetadataObject' has been explicitly marked unavailable here
45 | {
46 | @private
/Users/admin/builder/spi-builder-workspace/Sources/Scanner/ScannerCoordinator.swift:11:44: error: 'AVCaptureMetadataOutputObjectsDelegate' is unavailable in visionOS
9 | import Foundation
10 |
11 | public class ScannerCoordinator: NSObject, AVCaptureMetadataOutputObjectsDelegate {
| `- error: 'AVCaptureMetadataOutputObjectsDelegate' is unavailable in visionOS
12 | // MARK: - Internal
13 |
/Applications/Xcode-27.0.0-Release.Candidate.app/Contents/Developer/Platforms/XROS.platform/Developer/SDKs/XROS27.0.sdk/System/Library/Frameworks/AVFoundation.framework/Headers/AVCaptureMetadataOutput.h:126:11: note: 'AVCaptureMetadataOutputObjectsDelegate' has been explicitly marked unavailable here
124 | */
125 | API_AVAILABLE(macos(13.0), ios(6.0), macCatalyst(14.0), tvos(17.0)) API_UNAVAILABLE(visionos) API_UNAVAILABLE(watchos)
126 | @protocol AVCaptureMetadataOutputObjectsDelegate <NSObject>
| `- note: 'AVCaptureMetadataOutputObjectsDelegate' has been explicitly marked unavailable here
127 |
128 | @optional
/Users/admin/builder/spi-builder-workspace/Sources/Scanner/ScannerViewController.swift:90:27: error: 'AVCaptureVideoPreviewLayer' is unavailable in visionOS
88 | public class ScannerViewController: UIViewController {
89 | var captureSession: AVCaptureSession!
90 | var previewLayer: AVCaptureVideoPreviewLayer!
| `- error: 'AVCaptureVideoPreviewLayer' is unavailable in visionOS
91 | var coordindator: ScannerCoordinator?
92 |
/Applications/Xcode-27.0.0-Release.Candidate.app/Contents/Developer/Platforms/XROS.platform/Developer/SDKs/XROS27.0.sdk/System/Library/Frameworks/AVFoundation.framework/Headers/AVCaptureVideoPreviewLayer.h:33:12: note: 'AVCaptureVideoPreviewLayer' has been explicitly marked unavailable here
31 | */
32 | API_AVAILABLE(macos(10.7), ios(4.0), macCatalyst(14.0), tvos(17.0)) API_UNAVAILABLE(visionos) API_UNAVAILABLE(watchos)
33 | @interface AVCaptureVideoPreviewLayer : CALayer
| `- note: 'AVCaptureVideoPreviewLayer' has been explicitly marked unavailable here
34 | {
35 | @private
Failed frontend command:
SwiftCompile normal arm64 (in target 'Scanner' from project 'Scanner')
cd /Users/admin/builder/spi-builder-workspace/.swiftpm/xcode
/Applications/Xcode-27.0.0-Release.Candidate.app/Contents/Developer/Toolchains/XcodeDefault.xctoolchain/usr/bin/swift-frontend -frontend -emit-module -experimental-skip-non-inlinable-function-bodies-without-types /Users/admin/builder/spi-builder-workspace/Sources/Scanner/ScanError.swift /Users/admin/builder/spi-builder-workspace/Sources/Scanner/ScanMode.swift /Users/admin/builder/spi-builder-workspace/Sources/Scanner/Scanner.swift /Users/admin/builder/spi-builder-workspace/Sources/Scanner/ScannerCoordinator.swift /Users/admin/builder/spi-builder-workspace/Sources/Scanner/ScannerDelegate.swift /Users/admin/builder/spi-builder-workspace/Sources/Scanner/ScannerViewController.swift -target arm64-apple-xros1.0 -disable-cross-import-overlay-search -load-resolved-plugin /Applications/Xcode-27.0.0-Release.Candidate.app/Contents/Developer/Platforms/XROS.platform/Developer/usr/lib/swift/host/plugins/libFoundationMacros.dylib\#/Applications/Xcode-27.0.0-Release.Candidate.app/Contents/Developer/Platforms/XROS.platform/Developer/usr/bin/swift-plugin-server\#FoundationMacros -load-resolved-plugin /Applications/Xcode-27.0.0-Release.Candidate.app/Contents/Developer/Platforms/XROS.platform/Developer/usr/lib/swift/host/plugins/libObservationMacros.dylib\#/Applications/Xcode-27.0.0-Release.Candidate.app/Contents/Developer/Platforms/XROS.platform/Developer/usr/bin/swift-plugin-server\#ObservationMacros -load-resolved-plugin /Applications/Xcode-27.0.0-Release.Candidate.app/Contents/Developer/Platforms/XROS.platform/Developer/usr/lib/swift/host/plugins/libPreviewsMacros.dylib\#/Applications/Xcode-27.0.0-Release.Candidate.app/Contents/Developer/Platforms/XROS.platform/Developer/usr/bin/swift-plugin-server\#PreviewsMacros -load-resolved-plugin /Applications/Xcode-27.0.0-Release.Candidate.app/Contents/Developer/Platforms/XROS.platform/Developer/usr/lib/swift/host/plugins/libSwiftMacros.dylib\#/Applications/Xcode-27.0.0-Release.Candidate.app/Contents/Developer/Platforms/XROS.platform/Developer/usr/bin/swift-plugin-server\#SwiftMacros -load-resolved-plugin /Applications/Xcode-27.0.0-Release.Candidate.app/Contents/Developer/Platforms/XROS.platform/Developer/usr/lib/swift/host/plugins/libSwiftUIMacros.dylib\#/Applications/Xcode-27.0.0-Release.Candidate.app/Contents/Developer/Platforms/XROS.platform/Developer/usr/bin/swift-plugin-server\#SwiftUIMacros -disable-implicit-swift-modules -Xcc -fno-implicit-modules -Xcc -fno-implicit-module-maps -explicit-swift-module-map-file /Users/admin/builder/spi-builder-workspace/.derivedData/Build/Intermediates.noindex/Scanner.build/Debug-xros/Scanner-t.build/Objects-normal/arm64/Scanner-dependencies-1.json -Xllvm -aarch64-use-tbi -enable-objc-interop -stack-check -sdk /Applications/Xcode-27.0.0-Release.Candidate.app/Contents/Developer/Platforms/XROS.platform/Developer/SDKs/XROS27.0.sdk -I /Users/admin/builder/spi-builder-workspace/.derivedData/Build/Products/Debug-xros -Isystem /Applications/Xcode-27.0.0-Release.Candidate.app/Contents/Developer/Platforms/XROS.platform/Developer/usr/lib -F /Users/admin/builder/spi-builder-workspace/.derivedData/Build/Products/Debug-xros -F /Applications/Xcode-27.0.0-Release.Candidate.app/Contents/Developer/Platforms/XROS.platform/Developer/Library/Frameworks -F /Applications/Xcode-27.0.0-Release.Candidate.app/Contents/Developer/Platforms/XROS.platform/Developer/SDKs/XROS27.0.sdk/Developer/Library/Frameworks -module-cache-path /Users/admin/builder/spi-builder-workspace/.derivedData/Build/Intermediates.noindex/SwiftExplicitPrecompiledModules -no-color-diagnostics -Xcc -fno-color-diagnostics -enable-testing -g -debug-info-format\=dwarf -dwarf-version\=4 -profile-generate -profile-coverage-mapping -swift-version 5 -Onone -D SWIFT_PACKAGE -D DEBUG -D SWIFT_MODULE_RESOURCE_BUNDLE_UNAVAILABLE -D Xcode -serialize-debugging-options -enable-experimental-feature DebugDescriptionMacro -empty-abi-descriptor -validate-clang-modules-once -clang-build-session-file /Users/admin/builder/spi-builder-workspace/.derivedData/ModuleCache.noindex/Session.modulevalidation -Xcc -working-directory -Xcc /Users/admin/builder/spi-builder-workspace/.swiftpm/xcode -enable-anonymous-context-mangled-names -file-compilation-dir /Users/admin/builder/spi-builder-workspace/.swiftpm/xcode -Xcc -D_LIBCPP_HARDENING_MODE\=_LIBCPP_HARDENING_MODE_DEBUG -Xcc -ivfsstatcache -Xcc /Users/admin/builder/spi-builder-workspace/.derivedData/SDKStatCaches.noindex/xros27.0-24M361-e829b21a6f8c9b70876ba0858053c044735bd543db762f57723cac368afd1ce4.sdkstatcache -Xcc -fmodules-prune-interval\=86400 -Xcc -fmodules-prune-after\=345600 -Xcc -I/Users/admin/builder/spi-builder-workspace/.derivedData/Build/Products/Debug-xros/include -Xcc -I/Users/admin/builder/spi-builder-workspace/.derivedData/Build/Intermediates.noindex/Scanner.build/Debug-xros/Scanner-t.build/DerivedSources-normal/arm64 -Xcc -I/Users/admin/builder/spi-builder-workspace/.derivedData/Build/Intermediates.noindex/Scanner.build/Debug-xros/Scanner-t.build/DerivedSources/arm64 -Xcc -I/Users/admin/builder/spi-builder-workspace/.derivedData/Build/Intermediates.noindex/Scanner.build/Debug-xros/Scanner-t.build/DerivedSources -Xcc -DSWIFT_PACKAGE -Xcc -DDEBUG\=1 -no-auto-bridging-header-chaining -module-name Scanner -const-gather-protocols-file /Users/admin/builder/spi-builder-workspace/.derivedData/Build/Intermediates.noindex/Scanner.build/Debug-xros/Scanner-t.build/Objects-normal/arm64/Scanner_const_extract_protocols.json -disable-clang-spi -clang-target arm64-apple-xros27.0 -target-sdk-version 27.0 -target-sdk-name xros27.0 -in-process-plugin-server-path /Applications/Xcode-27.0.0-Release.Candidate.app/Contents/Developer/Toolchains/XcodeDefault.xctoolchain/usr/lib/swift/host/libSwiftInProcPluginServer.dylib -emit-module-doc-path /Users/admin/builder/spi-builder-workspace/.derivedData/Build/Intermediates.noindex/Scanner.build/Debug-xros/Scanner-t.build/Objects-normal/arm64/Scanner.swiftdoc -emit-module-source-info-path /Users/admin/builder/spi-builder-workspace/.derivedData/Build/Intermediates.noindex/Scanner.build/Debug-xros/Scanner-t.build/Objects-normal/arm64/Scanner.swiftsourceinfo -emit-objc-header-path /Users/admin/builder/spi-builder-workspace/.derivedData/Build/Intermediates.noindex/Scanner.build/Debug-xros/Scanner-t.build/Objects-normal/arm64/Scanner-Swift.h -serialize-diagnostics-path /Users/admin/builder/spi-builder-workspace/.derivedData/Build/Intermediates.noindex/Scanner.build/Debug-xros/Scanner-t.build/Objects-normal/arm64/Scanner-primary-emit-module.dia -emit-dependencies-path /Users/admin/builder/spi-builder-workspace/.derivedData/Build/Intermediates.noindex/Scanner.build/Debug-xros/Scanner-t.build/Objects-normal/arm64/Scanner-primary-emit-module.d -parse-as-library -o /Users/admin/builder/spi-builder-workspace/.derivedData/Build/Intermediates.noindex/Scanner.build/Debug-xros/Scanner-t.build/Objects-normal/arm64/Scanner.swiftmodule -emit-abi-descriptor-path /Users/admin/builder/spi-builder-workspace/.derivedData/Build/Intermediates.noindex/Scanner.build/Debug-xros/Scanner-t.build/Objects-normal/arm64/Scanner.abi.json
SwiftCompile normal arm64 Compiling\ Scanner.swift /Users/admin/builder/spi-builder-workspace/Sources/Scanner/Scanner.swift (in target 'Scanner' from project 'Scanner')
SwiftCompile normal arm64 /Users/admin/builder/spi-builder-workspace/Sources/Scanner/Scanner.swift (in target 'Scanner' from project 'Scanner')
cd /Users/admin/builder/spi-builder-workspace/.swiftpm/xcode
builtin-SwiftPerFileCompile Scanner.swift
SwiftCompile normal arm64 Compiling\ ScannerCoordinator.swift /Users/admin/builder/spi-builder-workspace/Sources/Scanner/ScannerCoordinator.swift (in target 'Scanner' from project 'Scanner')
SwiftCompile normal arm64 /Users/admin/builder/spi-builder-workspace/Sources/Scanner/ScannerCoordinator.swift (in target 'Scanner' from project 'Scanner')
cd /Users/admin/builder/spi-builder-workspace/.swiftpm/xcode
builtin-SwiftPerFileCompile ScannerCoordinator.swift
/Users/admin/builder/spi-builder-workspace/Sources/Scanner/ScannerCoordinator.swift:20:28: error: 'AVMetadataObject' is unavailable in visionOS
18 | // MARK: - Public
19 |
20 | public let codeTypes: [AVMetadataObject.ObjectType]
| `- error: 'AVMetadataObject' is unavailable in visionOS
21 | public let scanMode: ScanMode
22 | public let scanInterval: Double
/Applications/Xcode-27.0.0-Release.Candidate.app/Contents/Developer/Platforms/XROS.platform/Developer/SDKs/XROS27.0.sdk/System/Library/Frameworks/AVFoundation.framework/Headers/AVMetadataObject.h:44:12: note: 'AVMetadataObject' has been explicitly marked unavailable here
42 | */
43 | API_AVAILABLE(macos(10.10), ios(6.0), macCatalyst(14.0), tvos(9.0)) API_UNAVAILABLE(watchos, visionos)
44 | @interface AVMetadataObject : NSObject
| `- note: 'AVMetadataObject' has been explicitly marked unavailable here
45 | {
46 | @private
/Users/admin/builder/spi-builder-workspace/Sources/Scanner/ScannerCoordinator.swift:28:29: error: 'AVMetadataObject' is unavailable in visionOS
26 | // MARK: - Init
27 |
28 | public init(codeTypes: [AVMetadataObject.ObjectType], scanMode: ScanMode = .once, scanInterval: Double = 2.0, simulatedData: String = "") {
| `- error: 'AVMetadataObject' is unavailable in visionOS
29 | self.codeTypes = codeTypes
30 | self.scanMode = scanMode
/Applications/Xcode-27.0.0-Release.Candidate.app/Contents/Developer/Platforms/XROS.platform/Developer/SDKs/XROS27.0.sdk/System/Library/Frameworks/AVFoundation.framework/Headers/AVMetadataObject.h:44:12: note: 'AVMetadataObject' has been explicitly marked unavailable here
42 | */
43 | API_AVAILABLE(macos(10.10), ios(6.0), macCatalyst(14.0), tvos(9.0)) API_UNAVAILABLE(watchos, visionos)
44 | @interface AVMetadataObject : NSObject
| `- note: 'AVMetadataObject' has been explicitly marked unavailable here
45 | {
46 | @private
/Users/admin/builder/spi-builder-workspace/Sources/Scanner/ScannerCoordinator.swift:36:35: error: 'AVCaptureMetadataOutput' is unavailable in visionOS
34 | }
35 |
36 | public func metadataOutput(_: AVCaptureMetadataOutput, didOutput metadataObjects: [AVMetadataObject], from _: AVCaptureConnection) {
| `- error: 'AVCaptureMetadataOutput' is unavailable in visionOS
37 | if let metadataObject = metadataObjects.first {
38 | guard let readableObject = metadataObject as? AVMetadataMachineReadableCodeObject else { return }
/Applications/Xcode-27.0.0-Release.Candidate.app/Contents/Developer/Platforms/XROS.platform/Developer/SDKs/XROS27.0.sdk/System/Library/Frameworks/AVFoundation.framework/Headers/AVCaptureMetadataOutput.h:29:12: note: 'AVCaptureMetadataOutput' has been explicitly marked unavailable here
27 | */
28 | API_AVAILABLE(macos(13.0), ios(6.0), macCatalyst(14.0), tvos(17.0)) API_UNAVAILABLE(visionos) API_UNAVAILABLE(watchos)
29 | @interface AVCaptureMetadataOutput : AVCaptureOutput
| `- note: 'AVCaptureMetadataOutput' has been explicitly marked unavailable here
30 | {
31 | @private
/Users/admin/builder/spi-builder-workspace/Sources/Scanner/ScannerCoordinator.swift:36:88: error: 'AVMetadataObject' is unavailable in visionOS
34 | }
35 |
36 | public func metadataOutput(_: AVCaptureMetadataOutput, didOutput metadataObjects: [AVMetadataObject], from _: AVCaptureConnection) {
| `- error: 'AVMetadataObject' is unavailable in visionOS
37 | if let metadataObject = metadataObjects.first {
38 | guard let readableObject = metadataObject as? AVMetadataMachineReadableCodeObject else { return }
/Applications/Xcode-27.0.0-Release.Candidate.app/Contents/Developer/Platforms/XROS.platform/Developer/SDKs/XROS27.0.sdk/System/Library/Frameworks/AVFoundation.framework/Headers/AVMetadataObject.h:44:12: note: 'AVMetadataObject' has been explicitly marked unavailable here
42 | */
43 | API_AVAILABLE(macos(10.10), ios(6.0), macCatalyst(14.0), tvos(9.0)) API_UNAVAILABLE(watchos, visionos)
44 | @interface AVMetadataObject : NSObject
| `- note: 'AVMetadataObject' has been explicitly marked unavailable here
45 | {
46 | @private
/Users/admin/builder/spi-builder-workspace/Sources/Scanner/ScannerCoordinator.swift:11:44: error: 'AVCaptureMetadataOutputObjectsDelegate' is unavailable in visionOS
9 | import Foundation
10 |
11 | public class ScannerCoordinator: NSObject, AVCaptureMetadataOutputObjectsDelegate {
| `- error: 'AVCaptureMetadataOutputObjectsDelegate' is unavailable in visionOS
12 | // MARK: - Internal
13 |
/Applications/Xcode-27.0.0-Release.Candidate.app/Contents/Developer/Platforms/XROS.platform/Developer/SDKs/XROS27.0.sdk/System/Library/Frameworks/AVFoundation.framework/Headers/AVCaptureMetadataOutput.h:126:11: note: 'AVCaptureMetadataOutputObjectsDelegate' has been explicitly marked unavailable here
124 | */
125 | API_AVAILABLE(macos(13.0), ios(6.0), macCatalyst(14.0), tvos(17.0)) API_UNAVAILABLE(visionos) API_UNAVAILABLE(watchos)
126 | @protocol AVCaptureMetadataOutputObjectsDelegate <NSObject>
| `- note: 'AVCaptureMetadataOutputObjectsDelegate' has been explicitly marked unavailable here
127 |
128 | @optional
SwiftCompile normal arm64 Compiling\ ScanError.swift /Users/admin/builder/spi-builder-workspace/Sources/Scanner/ScanError.swift (in target 'Scanner' from project 'Scanner')
SwiftCompile normal arm64 /Users/admin/builder/spi-builder-workspace/Sources/Scanner/ScanError.swift (in target 'Scanner' from project 'Scanner')
cd /Users/admin/builder/spi-builder-workspace/.swiftpm/xcode
builtin-SwiftPerFileCompile ScanError.swift
SwiftCompile normal arm64 Compiling\ ScannerDelegate.swift /Users/admin/builder/spi-builder-workspace/Sources/Scanner/ScannerDelegate.swift (in target 'Scanner' from project 'Scanner')
SwiftCompile normal arm64 /Users/admin/builder/spi-builder-workspace/Sources/Scanner/ScannerDelegate.swift (in target 'Scanner' from project 'Scanner')
cd /Users/admin/builder/spi-builder-workspace/.swiftpm/xcode
builtin-SwiftPerFileCompile ScannerDelegate.swift
SwiftCompile normal arm64 Compiling\ ScanMode.swift /Users/admin/builder/spi-builder-workspace/Sources/Scanner/ScanMode.swift (in target 'Scanner' from project 'Scanner')
SwiftCompile normal arm64 /Users/admin/builder/spi-builder-workspace/Sources/Scanner/ScanMode.swift (in target 'Scanner' from project 'Scanner')
cd /Users/admin/builder/spi-builder-workspace/.swiftpm/xcode
builtin-SwiftPerFileCompile ScanMode.swift
SwiftCompile normal arm64 Compiling\ ScannerViewController.swift /Users/admin/builder/spi-builder-workspace/Sources/Scanner/ScannerViewController.swift (in target 'Scanner' from project 'Scanner')
SwiftCompile normal arm64 /Users/admin/builder/spi-builder-workspace/Sources/Scanner/ScannerViewController.swift (in target 'Scanner' from project 'Scanner')
cd /Users/admin/builder/spi-builder-workspace/.swiftpm/xcode
builtin-SwiftPerFileCompile ScannerViewController.swift
/Users/admin/builder/spi-builder-workspace/Sources/Scanner/ScannerViewController.swift:90:27: error: 'AVCaptureVideoPreviewLayer' is unavailable in visionOS
88 | public class ScannerViewController: UIViewController {
89 | var captureSession: AVCaptureSession!
90 | var previewLayer: AVCaptureVideoPreviewLayer!
| `- error: 'AVCaptureVideoPreviewLayer' is unavailable in visionOS
91 | var coordindator: ScannerCoordinator?
92 |
/Applications/Xcode-27.0.0-Release.Candidate.app/Contents/Developer/Platforms/XROS.platform/Developer/SDKs/XROS27.0.sdk/System/Library/Frameworks/AVFoundation.framework/Headers/AVCaptureVideoPreviewLayer.h:33:12: note: 'AVCaptureVideoPreviewLayer' has been explicitly marked unavailable here
31 | */
32 | API_AVAILABLE(macos(10.7), ios(4.0), macCatalyst(14.0), tvos(17.0)) API_UNAVAILABLE(visionos) API_UNAVAILABLE(watchos)
33 | @interface AVCaptureVideoPreviewLayer : CALayer
| `- note: 'AVCaptureVideoPreviewLayer' has been explicitly marked unavailable here
34 | {
35 | @private
/Users/admin/builder/spi-builder-workspace/Sources/Scanner/ScannerViewController.swift:104:60: error: 'default(for:)' is only available in visionOS 2.1 or newer
86 | #else
87 |
88 | public class ScannerViewController: UIViewController {
| `- note: add '@available' attribute to enclosing class
89 | var captureSession: AVCaptureSession!
90 | var previewLayer: AVCaptureVideoPreviewLayer!
91 | var coordindator: ScannerCoordinator?
92 |
93 | override public func viewDidLoad() {
| `- note: add '@available' attribute to enclosing instance method
94 | super.viewDidLoad()
95 |
:
102 | captureSession = AVCaptureSession()
103 |
104 | guard let videoCaptureDevice = AVCaptureDevice.default(for: .video) else { return }
| |- error: 'default(for:)' is only available in visionOS 2.1 or newer
| `- note: add 'if #available' version check
105 | let videoInput: AVCaptureDeviceInput
106 |
/Users/admin/builder/spi-builder-workspace/Sources/Scanner/ScannerViewController.swift:120:34: error: 'AVCaptureMetadataOutput' is unavailable in visionOS
118 | }
119 |
120 | let metadataOutput = AVCaptureMetadataOutput()
| `- error: 'AVCaptureMetadataOutput' is unavailable in visionOS
121 |
122 | if captureSession.canAddOutput(metadataOutput) {
/Applications/Xcode-27.0.0-Release.Candidate.app/Contents/Developer/Platforms/XROS.platform/Developer/SDKs/XROS27.0.sdk/System/Library/Frameworks/AVFoundation.framework/Headers/AVCaptureMetadataOutput.h:29:12: note: 'AVCaptureMetadataOutput' has been explicitly marked unavailable here
27 | */
28 | API_AVAILABLE(macos(13.0), ios(6.0), macCatalyst(14.0), tvos(17.0)) API_UNAVAILABLE(visionos) API_UNAVAILABLE(watchos)
29 | @interface AVCaptureMetadataOutput : AVCaptureOutput
| `- note: 'AVCaptureMetadataOutput' has been explicitly marked unavailable here
30 | {
31 | @private
/Users/admin/builder/spi-builder-workspace/Sources/Scanner/ScannerViewController.swift:140:52: warning: 'windows' was deprecated in visionOS 1.0: Use UIWindowScene.windows on a relevant window scene instead [#DeprecatedDeclaration]
138 | var orientation: UIInterfaceOrientation = .portrait
139 | if #available(iOS 13.0, *) {
140 | orientation = UIApplication.shared.windows.first?.windowScene?.interfaceOrientation ?? .portrait
| `- warning: 'windows' was deprecated in visionOS 1.0: Use UIWindowScene.windows on a relevant window scene instead [#DeprecatedDeclaration]
141 | } else {
142 | orientation = UIApplication.shared.statusBarOrientation
PruneExplicitPrecompiledModules /Users/admin/builder/spi-builder-workspace/.derivedData/Build/Intermediates.noindex/ExplicitPrecompiledModules
PruneExplicitPrecompiledModules /Users/admin/builder/spi-builder-workspace/.derivedData/SDKExplicitPrecompiledModules
PruneExplicitPrecompiledModules /Users/admin/builder/spi-builder-workspace/.derivedData/Build/Intermediates.noindex/SwiftExplicitPrecompiledModules
2026-09-17 14:34:02.727 xcodebuild[627:3988] [MT] IDERunDestination: Supported platforms for the buildables in the current scheme is empty.
** BUILD FAILED **
The following build commands failed:
SwiftCompile normal arm64 (in target 'Scanner' from project 'Scanner')
SwiftEmitModule normal arm64 Emitting\ module\ for\ Scanner (in target 'Scanner' from project 'Scanner')
Building workspace Scanner with scheme Scanner
(3 failures)
Command line invocation:
/Applications/Xcode-27.0.0-Release.Candidate.app/Contents/Developer/usr/bin/xcodebuild -IDEClonedSourcePackagesDirPathOverride=/Users/admin/builder/spi-builder-workspace/.dependencies -resolvePackageDependencies
Resolve Package Graph
Resolved source packages:
Scanner: /Users/admin/builder/spi-builder-workspace
resolved source packages: Scanner
2026-09-17 14:34:10.200 xcodebuild[749:4573] [MT] IDERunDestination: Supported platforms for the buildables in the current scheme is empty.
{
"dependencies" : [
],
"manifest_display_name" : "Scanner",
"name" : "Scanner",
"path" : "/Users/admin/builder/spi-builder-workspace",
"platforms" : [
{
"name" : "ios",
"version" : "12.0"
}
],
"products" : [
{
"name" : "Scanner",
"targets" : [
"Scanner"
],
"type" : {
"library" : [
"automatic"
]
}
}
],
"targets" : [
{
"c99name" : "ScannerTests",
"module_type" : "SwiftTarget",
"name" : "ScannerTests",
"path" : "Tests/ScannerTests",
"sources" : [
"Mock/DefaultScannerDelegate.swift",
"ScannerTests.swift"
],
"target_dependencies" : [
"Scanner"
],
"type" : "test"
},
{
"c99name" : "Scanner",
"module_type" : "SwiftTarget",
"name" : "Scanner",
"path" : "Sources/Scanner",
"product_memberships" : [
"Scanner"
],
"sources" : [
"ScanError.swift",
"ScanMode.swift",
"Scanner.swift",
"ScannerCoordinator.swift",
"ScannerDelegate.swift",
"ScannerViewController.swift"
],
"type" : "library"
}
],
"tools_version" : "5.3"
}
{
"workspace" : {
"name" : "Scanner",
"schemes" : [
"Scanner"
]
}
}
2026-09-17 14:34:11.465 xcodebuild[757:4641] [MT] IDERunDestination: Supported platforms for the buildables in the current scheme is empty.
Running build ...
env DEVELOPER_DIR=/Applications/Xcode-27.0.0-Release.Candidate.app xcrun xcodebuild -IDEClonedSourcePackagesDirPathOverride=$PWD/.dependencies -skipMacroValidation -skipPackagePluginValidation -derivedDataPath $PWD/.derivedData build -scheme Scanner -destination generic/platform=xrOS
Command line invocation:
/Applications/Xcode-27.0.0-Release.Candidate.app/Contents/Developer/usr/bin/xcodebuild -IDEClonedSourcePackagesDirPathOverride=/Users/admin/builder/spi-builder-workspace/.dependencies -skipMacroValidation -skipPackagePluginValidation -derivedDataPath /Users/admin/builder/spi-builder-workspace/.derivedData build -scheme Scanner -destination generic/platform=xrOS
Resolve Package Graph
Resolved source packages:
Scanner: /Users/admin/builder/spi-builder-workspace
ComputePackagePrebuildTargetDependencyGraph
Prepare packages
CreateBuildRequest
SendProjectDescription
CreateBuildOperation
ComputeTargetDependencyGraph
note: Building targets in dependency order
note: Target dependency graph (2 targets)
Target 'Scanner-product' in project 'Scanner'
➜ Explicit dependency on target 'Scanner' in project 'Scanner'
Target 'Scanner' in project 'Scanner' (no dependencies)
GatherProvisioningInputs
CreateBuildDescription
ClangStatCache /Applications/Xcode-27.0.0-Release.Candidate.app/Contents/Developer/Toolchains/XcodeDefault.xctoolchain/usr/bin/clang-stat-cache /Applications/Xcode-27.0.0-Release.Candidate.app/Contents/Developer/Platforms/XROS.platform/Developer/SDKs/XROS27.0.sdk /Users/admin/builder/spi-builder-workspace/.derivedData/SDKStatCaches.noindex/xros27.0-24M361-e829b21a6f8c9b70876ba0858053c044735bd543db762f57723cac368afd1ce4.sdkstatcache
cd /Users/admin/builder/spi-builder-workspace/.swiftpm/xcode
/Applications/Xcode-27.0.0-Release.Candidate.app/Contents/Developer/Toolchains/XcodeDefault.xctoolchain/usr/bin/clang-stat-cache /Applications/Xcode-27.0.0-Release.Candidate.app/Contents/Developer/Platforms/XROS.platform/Developer/SDKs/XROS27.0.sdk -o /Users/admin/builder/spi-builder-workspace/.derivedData/SDKStatCaches.noindex/xros27.0-24M361-e829b21a6f8c9b70876ba0858053c044735bd543db762f57723cac368afd1ce4.sdkstatcache
SwiftDriver Scanner normal arm64 com.apple.xcode.tools.swift.compiler (in target 'Scanner' from project 'Scanner')
cd /Users/admin/builder/spi-builder-workspace/.swiftpm/xcode
builtin-SwiftDriver -- /Applications/Xcode-27.0.0-Release.Candidate.app/Contents/Developer/Toolchains/XcodeDefault.xctoolchain/usr/bin/swiftc -parse-as-library -module-name Scanner -Onone @/Users/admin/builder/spi-builder-workspace/.derivedData/Build/Intermediates.noindex/Scanner.build/Debug-xros/Scanner-t.build/Objects-normal/arm64/Scanner.SwiftFileList -DSWIFT_PACKAGE -DDEBUG -DSWIFT_MODULE_RESOURCE_BUNDLE_UNAVAILABLE -DXcode -plugin-path /Applications/Xcode-27.0.0-Release.Candidate.app/Contents/Developer/Toolchains/XcodeDefault.xctoolchain/usr/lib/swift/host/plugins/testing -enable-experimental-feature DebugDescriptionMacro -sdk /Applications/Xcode-27.0.0-Release.Candidate.app/Contents/Developer/Platforms/XROS.platform/Developer/SDKs/XROS27.0.sdk -target arm64-apple-xros1.0 -g -module-cache-path /Users/admin/builder/spi-builder-workspace/.derivedData/ModuleCache.noindex -Xfrontend -serialize-debugging-options -profile-coverage-mapping -profile-generate -enable-testing -index-store-path /Users/admin/builder/spi-builder-workspace/.derivedData/Index.noindex/DataStore -Xcc -D_LIBCPP_HARDENING_MODE\=_LIBCPP_HARDENING_MODE_DEBUG -swift-version 5 -I /Users/admin/builder/spi-builder-workspace/.derivedData/Build/Products/Debug-xros -Isystem /Applications/Xcode-27.0.0-Release.Candidate.app/Contents/Developer/Platforms/XROS.platform/Developer/usr/lib -F /Users/admin/builder/spi-builder-workspace/.derivedData/Build/Products/Debug-xros -F /Applications/Xcode-27.0.0-Release.Candidate.app/Contents/Developer/Platforms/XROS.platform/Developer/Library/Frameworks -F /Applications/Xcode-27.0.0-Release.Candidate.app/Contents/Developer/Platforms/XROS.platform/Developer/SDKs/XROS27.0.sdk/Developer/Library/Frameworks -c -j10 -enable-batch-mode -incremental -Xcc -ivfsstatcache -Xcc /Users/admin/builder/spi-builder-workspace/.derivedData/SDKStatCaches.noindex/xros27.0-24M361-e829b21a6f8c9b70876ba0858053c044735bd543db762f57723cac368afd1ce4.sdkstatcache -output-file-map /Users/admin/builder/spi-builder-workspace/.derivedData/Build/Intermediates.noindex/Scanner.build/Debug-xros/Scanner-t.build/Objects-normal/arm64/Scanner-OutputFileMap.json -save-temps -no-color-diagnostics -explicit-module-build -module-cache-path /Users/admin/builder/spi-builder-workspace/.derivedData/Build/Intermediates.noindex/SwiftExplicitPrecompiledModules -clang-scanner-module-cache-path /Users/admin/builder/spi-builder-workspace/.derivedData/ModuleCache.noindex -sdk-module-cache-path /Users/admin/builder/spi-builder-workspace/.derivedData/SDKExplicitPrecompiledModules -emit-dependencies -emit-module -emit-module-path /Users/admin/builder/spi-builder-workspace/.derivedData/Build/Intermediates.noindex/Scanner.build/Debug-xros/Scanner-t.build/Objects-normal/arm64/Scanner.swiftmodule -serialize-diagnostics -dependency-scan-serialize-diagnostics-path /Users/admin/builder/spi-builder-workspace/.derivedData/Build/Intermediates.noindex/Scanner.build/Debug-xros/Scanner-t.build/Objects-normal/arm64/Scanner-dependency-scan.dia -validate-clang-modules-once -clang-build-session-file /Users/admin/builder/spi-builder-workspace/.derivedData/ModuleCache.noindex/Session.modulevalidation -Xcc -fmodules-prune-interval\=86400 -Xcc -fmodules-prune-after\=345600 -emit-const-values -const-gather-protocols-list /Users/admin/builder/spi-builder-workspace/.derivedData/Build/Intermediates.noindex/Scanner.build/Debug-xros/Scanner-t.build/Objects-normal/arm64/Scanner_const_extract_protocols.json -Xcc -I/Users/admin/builder/spi-builder-workspace/.derivedData/Build/Products/Debug-xros/include -Xcc -I/Users/admin/builder/spi-builder-workspace/.derivedData/Build/Intermediates.noindex/Scanner.build/Debug-xros/Scanner-t.build/DerivedSources-normal/arm64 -Xcc -I/Users/admin/builder/spi-builder-workspace/.derivedData/Build/Intermediates.noindex/Scanner.build/Debug-xros/Scanner-t.build/DerivedSources/arm64 -Xcc -I/Users/admin/builder/spi-builder-workspace/.derivedData/Build/Intermediates.noindex/Scanner.build/Debug-xros/Scanner-t.build/DerivedSources -Xcc -DSWIFT_PACKAGE -Xcc -DDEBUG\=1 -emit-objc-header -emit-objc-header-path /Users/admin/builder/spi-builder-workspace/.derivedData/Build/Intermediates.noindex/Scanner.build/Debug-xros/Scanner-t.build/Objects-normal/arm64/Scanner-Swift.h -working-directory /Users/admin/builder/spi-builder-workspace/.swiftpm/xcode -experimental-emit-module-separately -disable-cmo
SwiftCompile normal arm64 Compiling\ ScanMode.swift /Users/admin/builder/spi-builder-workspace/Sources/Scanner/ScanMode.swift (in target 'Scanner' from project 'Scanner')
SwiftCompile normal arm64 /Users/admin/builder/spi-builder-workspace/Sources/Scanner/ScanMode.swift (in target 'Scanner' from project 'Scanner')
cd /Users/admin/builder/spi-builder-workspace/.swiftpm/xcode
builtin-SwiftPerFileCompile ScanMode.swift
SwiftCompile normal arm64 Compiling\ ScanError.swift /Users/admin/builder/spi-builder-workspace/Sources/Scanner/ScanError.swift (in target 'Scanner' from project 'Scanner')
SwiftCompile normal arm64 /Users/admin/builder/spi-builder-workspace/Sources/Scanner/ScanError.swift (in target 'Scanner' from project 'Scanner')
cd /Users/admin/builder/spi-builder-workspace/.swiftpm/xcode
builtin-SwiftPerFileCompile ScanError.swift
SwiftEmitModule normal arm64 Emitting\ module\ for\ Scanner (in target 'Scanner' from project 'Scanner')
/Users/admin/builder/spi-builder-workspace/Sources/Scanner/Scanner.swift:12:51: error: 'AVMetadataObject' is unavailable in visionOS
10 |
11 | public enum Scanner {
12 | public static func viewController(codeTypes: [AVMetadataObject.ObjectType], scanMode: ScanMode = .once, scanInterval: Double = 2.0, simulatedData: String = "", delegate: ScannerDelegate?) -> ScannerViewController {
| `- error: 'AVMetadataObject' is unavailable in visionOS
13 | let coordinator = ScannerCoordinator(codeTypes: codeTypes, scanMode: scanMode, scanInterval: scanInterval, simulatedData: simulatedData)
14 | coordinator.delegate = delegate
/Applications/Xcode-27.0.0-Release.Candidate.app/Contents/Developer/Platforms/XROS.platform/Developer/SDKs/XROS27.0.sdk/System/Library/Frameworks/AVFoundation.framework/Headers/AVMetadataObject.h:44:12: note: 'AVMetadataObject' has been explicitly marked unavailable here
42 | */
43 | API_AVAILABLE(macos(10.10), ios(6.0), macCatalyst(14.0), tvos(9.0)) API_UNAVAILABLE(watchos, visionos)
44 | @interface AVMetadataObject : NSObject
| `- note: 'AVMetadataObject' has been explicitly marked unavailable here
45 | {
46 | @private
/Users/admin/builder/spi-builder-workspace/Sources/Scanner/ScannerCoordinator.swift:20:28: error: 'AVMetadataObject' is unavailable in visionOS
18 | // MARK: - Public
19 |
20 | public let codeTypes: [AVMetadataObject.ObjectType]
| `- error: 'AVMetadataObject' is unavailable in visionOS
21 | public let scanMode: ScanMode
22 | public let scanInterval: Double
/Applications/Xcode-27.0.0-Release.Candidate.app/Contents/Developer/Platforms/XROS.platform/Developer/SDKs/XROS27.0.sdk/System/Library/Frameworks/AVFoundation.framework/Headers/AVMetadataObject.h:44:12: note: 'AVMetadataObject' has been explicitly marked unavailable here
42 | */
43 | API_AVAILABLE(macos(10.10), ios(6.0), macCatalyst(14.0), tvos(9.0)) API_UNAVAILABLE(watchos, visionos)
44 | @interface AVMetadataObject : NSObject
| `- note: 'AVMetadataObject' has been explicitly marked unavailable here
45 | {
46 | @private
/Users/admin/builder/spi-builder-workspace/Sources/Scanner/ScannerCoordinator.swift:28:29: error: 'AVMetadataObject' is unavailable in visionOS
26 | // MARK: - Init
27 |
28 | public init(codeTypes: [AVMetadataObject.ObjectType], scanMode: ScanMode = .once, scanInterval: Double = 2.0, simulatedData: String = "") {
| `- error: 'AVMetadataObject' is unavailable in visionOS
29 | self.codeTypes = codeTypes
30 | self.scanMode = scanMode
/Applications/Xcode-27.0.0-Release.Candidate.app/Contents/Developer/Platforms/XROS.platform/Developer/SDKs/XROS27.0.sdk/System/Library/Frameworks/AVFoundation.framework/Headers/AVMetadataObject.h:44:12: note: 'AVMetadataObject' has been explicitly marked unavailable here
42 | */
43 | API_AVAILABLE(macos(10.10), ios(6.0), macCatalyst(14.0), tvos(9.0)) API_UNAVAILABLE(watchos, visionos)
44 | @interface AVMetadataObject : NSObject
| `- note: 'AVMetadataObject' has been explicitly marked unavailable here
45 | {
46 | @private
/Users/admin/builder/spi-builder-workspace/Sources/Scanner/ScannerCoordinator.swift:36:35: error: 'AVCaptureMetadataOutput' is unavailable in visionOS
34 | }
35 |
36 | public func metadataOutput(_: AVCaptureMetadataOutput, didOutput metadataObjects: [AVMetadataObject], from _: AVCaptureConnection) {
| `- error: 'AVCaptureMetadataOutput' is unavailable in visionOS
37 | if let metadataObject = metadataObjects.first {
38 | guard let readableObject = metadataObject as? AVMetadataMachineReadableCodeObject else { return }
/Applications/Xcode-27.0.0-Release.Candidate.app/Contents/Developer/Platforms/XROS.platform/Developer/SDKs/XROS27.0.sdk/System/Library/Frameworks/AVFoundation.framework/Headers/AVCaptureMetadataOutput.h:29:12: note: 'AVCaptureMetadataOutput' has been explicitly marked unavailable here
27 | */
28 | API_AVAILABLE(macos(13.0), ios(6.0), macCatalyst(14.0), tvos(17.0)) API_UNAVAILABLE(visionos) API_UNAVAILABLE(watchos)
29 | @interface AVCaptureMetadataOutput : AVCaptureOutput
| `- note: 'AVCaptureMetadataOutput' has been explicitly marked unavailable here
30 | {
31 | @private
/Users/admin/builder/spi-builder-workspace/Sources/Scanner/ScannerCoordinator.swift:36:88: error: 'AVMetadataObject' is unavailable in visionOS
34 | }
35 |
36 | public func metadataOutput(_: AVCaptureMetadataOutput, didOutput metadataObjects: [AVMetadataObject], from _: AVCaptureConnection) {
| `- error: 'AVMetadataObject' is unavailable in visionOS
37 | if let metadataObject = metadataObjects.first {
38 | guard let readableObject = metadataObject as? AVMetadataMachineReadableCodeObject else { return }
/Applications/Xcode-27.0.0-Release.Candidate.app/Contents/Developer/Platforms/XROS.platform/Developer/SDKs/XROS27.0.sdk/System/Library/Frameworks/AVFoundation.framework/Headers/AVMetadataObject.h:44:12: note: 'AVMetadataObject' has been explicitly marked unavailable here
42 | */
43 | API_AVAILABLE(macos(10.10), ios(6.0), macCatalyst(14.0), tvos(9.0)) API_UNAVAILABLE(watchos, visionos)
44 | @interface AVMetadataObject : NSObject
| `- note: 'AVMetadataObject' has been explicitly marked unavailable here
45 | {
46 | @private
/Users/admin/builder/spi-builder-workspace/Sources/Scanner/ScannerCoordinator.swift:11:44: error: 'AVCaptureMetadataOutputObjectsDelegate' is unavailable in visionOS
9 | import Foundation
10 |
11 | public class ScannerCoordinator: NSObject, AVCaptureMetadataOutputObjectsDelegate {
| `- error: 'AVCaptureMetadataOutputObjectsDelegate' is unavailable in visionOS
12 | // MARK: - Internal
13 |
/Applications/Xcode-27.0.0-Release.Candidate.app/Contents/Developer/Platforms/XROS.platform/Developer/SDKs/XROS27.0.sdk/System/Library/Frameworks/AVFoundation.framework/Headers/AVCaptureMetadataOutput.h:126:11: note: 'AVCaptureMetadataOutputObjectsDelegate' has been explicitly marked unavailable here
124 | */
125 | API_AVAILABLE(macos(13.0), ios(6.0), macCatalyst(14.0), tvos(17.0)) API_UNAVAILABLE(visionos) API_UNAVAILABLE(watchos)
126 | @protocol AVCaptureMetadataOutputObjectsDelegate <NSObject>
| `- note: 'AVCaptureMetadataOutputObjectsDelegate' has been explicitly marked unavailable here
127 |
128 | @optional
/Users/admin/builder/spi-builder-workspace/Sources/Scanner/ScannerViewController.swift:90:27: error: 'AVCaptureVideoPreviewLayer' is unavailable in visionOS
88 | public class ScannerViewController: UIViewController {
89 | var captureSession: AVCaptureSession!
90 | var previewLayer: AVCaptureVideoPreviewLayer!
| `- error: 'AVCaptureVideoPreviewLayer' is unavailable in visionOS
91 | var coordindator: ScannerCoordinator?
92 |
/Applications/Xcode-27.0.0-Release.Candidate.app/Contents/Developer/Platforms/XROS.platform/Developer/SDKs/XROS27.0.sdk/System/Library/Frameworks/AVFoundation.framework/Headers/AVCaptureVideoPreviewLayer.h:33:12: note: 'AVCaptureVideoPreviewLayer' has been explicitly marked unavailable here
31 | */
32 | API_AVAILABLE(macos(10.7), ios(4.0), macCatalyst(14.0), tvos(17.0)) API_UNAVAILABLE(visionos) API_UNAVAILABLE(watchos)
33 | @interface AVCaptureVideoPreviewLayer : CALayer
| `- note: 'AVCaptureVideoPreviewLayer' has been explicitly marked unavailable here
34 | {
35 | @private
Failed frontend command:
/Applications/Xcode-27.0.0-Release.Candidate.app/Contents/Developer/Toolchains/XcodeDefault.xctoolchain/usr/bin/swift-frontend -frontend -emit-module -experimental-skip-non-inlinable-function-bodies-without-types /Users/admin/builder/spi-builder-workspace/Sources/Scanner/ScanError.swift /Users/admin/builder/spi-builder-workspace/Sources/Scanner/ScanMode.swift /Users/admin/builder/spi-builder-workspace/Sources/Scanner/Scanner.swift /Users/admin/builder/spi-builder-workspace/Sources/Scanner/ScannerCoordinator.swift /Users/admin/builder/spi-builder-workspace/Sources/Scanner/ScannerDelegate.swift /Users/admin/builder/spi-builder-workspace/Sources/Scanner/ScannerViewController.swift -target arm64-apple-xros1.0 -disable-cross-import-overlay-search -load-resolved-plugin /Applications/Xcode-27.0.0-Release.Candidate.app/Contents/Developer/Platforms/XROS.platform/Developer/usr/lib/swift/host/plugins/libFoundationMacros.dylib\#/Applications/Xcode-27.0.0-Release.Candidate.app/Contents/Developer/Platforms/XROS.platform/Developer/usr/bin/swift-plugin-server\#FoundationMacros -load-resolved-plugin /Applications/Xcode-27.0.0-Release.Candidate.app/Contents/Developer/Platforms/XROS.platform/Developer/usr/lib/swift/host/plugins/libObservationMacros.dylib\#/Applications/Xcode-27.0.0-Release.Candidate.app/Contents/Developer/Platforms/XROS.platform/Developer/usr/bin/swift-plugin-server\#ObservationMacros -load-resolved-plugin /Applications/Xcode-27.0.0-Release.Candidate.app/Contents/Developer/Platforms/XROS.platform/Developer/usr/lib/swift/host/plugins/libPreviewsMacros.dylib\#/Applications/Xcode-27.0.0-Release.Candidate.app/Contents/Developer/Platforms/XROS.platform/Developer/usr/bin/swift-plugin-server\#PreviewsMacros -load-resolved-plugin /Applications/Xcode-27.0.0-Release.Candidate.app/Contents/Developer/Platforms/XROS.platform/Developer/usr/lib/swift/host/plugins/libSwiftMacros.dylib\#/Applications/Xcode-27.0.0-Release.Candidate.app/Contents/Developer/Platforms/XROS.platform/Developer/usr/bin/swift-plugin-server\#SwiftMacros -load-resolved-plugin /Applications/Xcode-27.0.0-Release.Candidate.app/Contents/Developer/Platforms/XROS.platform/Developer/usr/lib/swift/host/plugins/libSwiftUIMacros.dylib\#/Applications/Xcode-27.0.0-Release.Candidate.app/Contents/Developer/Platforms/XROS.platform/Developer/usr/bin/swift-plugin-server\#SwiftUIMacros -disable-implicit-swift-modules -Xcc -fno-implicit-modules -Xcc -fno-implicit-module-maps -explicit-swift-module-map-file /Users/admin/builder/spi-builder-workspace/.derivedData/Build/Intermediates.noindex/Scanner.build/Debug-xros/Scanner-t.build/Objects-normal/arm64/Scanner-dependencies-1.json -Xllvm -aarch64-use-tbi -enable-objc-interop -stack-check -sdk /Applications/Xcode-27.0.0-Release.Candidate.app/Contents/Developer/Platforms/XROS.platform/Developer/SDKs/XROS27.0.sdk -I /Users/admin/builder/spi-builder-workspace/.derivedData/Build/Products/Debug-xros -Isystem /Applications/Xcode-27.0.0-Release.Candidate.app/Contents/Developer/Platforms/XROS.platform/Developer/usr/lib -F /Users/admin/builder/spi-builder-workspace/.derivedData/Build/Products/Debug-xros -F /Applications/Xcode-27.0.0-Release.Candidate.app/Contents/Developer/Platforms/XROS.platform/Developer/Library/Frameworks -F /Applications/Xcode-27.0.0-Release.Candidate.app/Contents/Developer/Platforms/XROS.platform/Developer/SDKs/XROS27.0.sdk/Developer/Library/Frameworks -module-cache-path /Users/admin/builder/spi-builder-workspace/.derivedData/Build/Intermediates.noindex/SwiftExplicitPrecompiledModules -no-color-diagnostics -Xcc -fno-color-diagnostics -enable-testing -g -debug-info-format\=dwarf -dwarf-version\=4 -profile-generate -profile-coverage-mapping -swift-version 5 -Onone -D SWIFT_PACKAGE -D DEBUG -D SWIFT_MODULE_RESOURCE_BUNDLE_UNAVAILABLE -D Xcode -serialize-debugging-options -enable-experimental-feature DebugDescriptionMacro -empty-abi-descriptor -validate-clang-modules-once -clang-build-session-file /Users/admin/builder/spi-builder-workspace/.derivedData/ModuleCache.noindex/Session.modulevalidation -Xcc -working-directory -Xcc /Users/admin/builder/spi-builder-workspace/.swiftpm/xcode -enable-anonymous-context-mangled-names -file-compilation-dir /Users/admin/builder/spi-builder-workspace/.swiftpm/xcode -Xcc -D_LIBCPP_HARDENING_MODE\=_LIBCPP_HARDENING_MODE_DEBUG -Xcc -ivfsstatcache -Xcc /Users/admin/builder/spi-builder-workspace/.derivedData/SDKStatCaches.noindex/xros27.0-24M361-e829b21a6f8c9b70876ba0858053c044735bd543db762f57723cac368afd1ce4.sdkstatcache -Xcc -fmodules-prune-interval\=86400 -Xcc -fmodules-prune-after\=345600 -Xcc -I/Users/admin/builder/spi-builder-workspace/.derivedData/Build/Products/Debug-xros/include -Xcc -I/Users/admin/builder/spi-builder-workspace/.derivedData/Build/Intermediates.noindex/Scanner.build/Debug-xros/Scanner-t.build/DerivedSources-normal/arm64 -Xcc -I/Users/admin/builder/spi-builder-workspace/.derivedData/Build/Intermediates.noindex/Scanner.build/Debug-xros/Scanner-t.build/DerivedSources/arm64 -Xcc -I/Users/admin/builder/spi-builder-workspace/.derivedData/Build/Intermediates.noindex/Scanner.build/Debug-xros/Scanner-t.build/DerivedSources -Xcc -DSWIFT_PACKAGE -Xcc -DDEBUG\=1 -no-auto-bridging-header-chaining -module-name Scanner -const-gather-protocols-file /Users/admin/builder/spi-builder-workspace/.derivedData/Build/Intermediates.noindex/Scanner.build/Debug-xros/Scanner-t.build/Objects-normal/arm64/Scanner_const_extract_protocols.json -disable-clang-spi -clang-target arm64-apple-xros27.0 -target-sdk-version 27.0 -target-sdk-name xros27.0 -in-process-plugin-server-path /Applications/Xcode-27.0.0-Release.Candidate.app/Contents/Developer/Toolchains/XcodeDefault.xctoolchain/usr/lib/swift/host/libSwiftInProcPluginServer.dylib -emit-module-doc-path /Users/admin/builder/spi-builder-workspace/.derivedData/Build/Intermediates.noindex/Scanner.build/Debug-xros/Scanner-t.build/Objects-normal/arm64/Scanner.swiftdoc -emit-module-source-info-path /Users/admin/builder/spi-builder-workspace/.derivedData/Build/Intermediates.noindex/Scanner.build/Debug-xros/Scanner-t.build/Objects-normal/arm64/Scanner.swiftsourceinfo -emit-objc-header-path /Users/admin/builder/spi-builder-workspace/.derivedData/Build/Intermediates.noindex/Scanner.build/Debug-xros/Scanner-t.build/Objects-normal/arm64/Scanner-Swift.h -serialize-diagnostics-path /Users/admin/builder/spi-builder-workspace/.derivedData/Build/Intermediates.noindex/Scanner.build/Debug-xros/Scanner-t.build/Objects-normal/arm64/Scanner-primary-emit-module.dia -emit-dependencies-path /Users/admin/builder/spi-builder-workspace/.derivedData/Build/Intermediates.noindex/Scanner.build/Debug-xros/Scanner-t.build/Objects-normal/arm64/Scanner-primary-emit-module.d -parse-as-library -o /Users/admin/builder/spi-builder-workspace/.derivedData/Build/Intermediates.noindex/Scanner.build/Debug-xros/Scanner-t.build/Objects-normal/arm64/Scanner.swiftmodule -emit-abi-descriptor-path /Users/admin/builder/spi-builder-workspace/.derivedData/Build/Intermediates.noindex/Scanner.build/Debug-xros/Scanner-t.build/Objects-normal/arm64/Scanner.abi.json
SwiftCompile normal arm64 (in target 'Scanner' from project 'Scanner')
cd /Users/admin/builder/spi-builder-workspace/.swiftpm/xcode
SwiftCompile normal arm64 Compiling\ Scanner.swift /Users/admin/builder/spi-builder-workspace/Sources/Scanner/Scanner.swift (in target 'Scanner' from project 'Scanner')
SwiftCompile normal arm64 /Users/admin/builder/spi-builder-workspace/Sources/Scanner/Scanner.swift (in target 'Scanner' from project 'Scanner')
cd /Users/admin/builder/spi-builder-workspace/.swiftpm/xcode
builtin-SwiftPerFileCompile Scanner.swift
SwiftCompile normal arm64 Compiling\ ScannerViewController.swift /Users/admin/builder/spi-builder-workspace/Sources/Scanner/ScannerViewController.swift (in target 'Scanner' from project 'Scanner')
/Users/admin/builder/spi-builder-workspace/Sources/Scanner/ScannerViewController.swift:90:27: error: 'AVCaptureVideoPreviewLayer' is unavailable in visionOS
88 | public class ScannerViewController: UIViewController {
89 | var captureSession: AVCaptureSession!
90 | var previewLayer: AVCaptureVideoPreviewLayer!
| `- error: 'AVCaptureVideoPreviewLayer' is unavailable in visionOS
91 | var coordindator: ScannerCoordinator?
92 |
/Applications/Xcode-27.0.0-Release.Candidate.app/Contents/Developer/Platforms/XROS.platform/Developer/SDKs/XROS27.0.sdk/System/Library/Frameworks/AVFoundation.framework/Headers/AVCaptureVideoPreviewLayer.h:33:12: note: 'AVCaptureVideoPreviewLayer' has been explicitly marked unavailable here
31 | */
32 | API_AVAILABLE(macos(10.7), ios(4.0), macCatalyst(14.0), tvos(17.0)) API_UNAVAILABLE(visionos) API_UNAVAILABLE(watchos)
33 | @interface AVCaptureVideoPreviewLayer : CALayer
| `- note: 'AVCaptureVideoPreviewLayer' has been explicitly marked unavailable here
34 | {
35 | @private
/Users/admin/builder/spi-builder-workspace/Sources/Scanner/ScannerViewController.swift:104:60: error: 'default(for:)' is only available in visionOS 2.1 or newer
86 | #else
87 |
88 | public class ScannerViewController: UIViewController {
| `- note: add '@available' attribute to enclosing class
89 | var captureSession: AVCaptureSession!
90 | var previewLayer: AVCaptureVideoPreviewLayer!
91 | var coordindator: ScannerCoordinator?
92 |
93 | override public func viewDidLoad() {
| `- note: add '@available' attribute to enclosing instance method
94 | super.viewDidLoad()
95 |
:
102 | captureSession = AVCaptureSession()
103 |
104 | guard let videoCaptureDevice = AVCaptureDevice.default(for: .video) else { return }
| |- error: 'default(for:)' is only available in visionOS 2.1 or newer
| `- note: add 'if #available' version check
105 | let videoInput: AVCaptureDeviceInput
106 |
/Users/admin/builder/spi-builder-workspace/Sources/Scanner/ScannerViewController.swift:120:34: error: 'AVCaptureMetadataOutput' is unavailable in visionOS
118 | }
119 |
120 | let metadataOutput = AVCaptureMetadataOutput()
| `- error: 'AVCaptureMetadataOutput' is unavailable in visionOS
121 |
122 | if captureSession.canAddOutput(metadataOutput) {
/Applications/Xcode-27.0.0-Release.Candidate.app/Contents/Developer/Platforms/XROS.platform/Developer/SDKs/XROS27.0.sdk/System/Library/Frameworks/AVFoundation.framework/Headers/AVCaptureMetadataOutput.h:29:12: note: 'AVCaptureMetadataOutput' has been explicitly marked unavailable here
27 | */
28 | API_AVAILABLE(macos(13.0), ios(6.0), macCatalyst(14.0), tvos(17.0)) API_UNAVAILABLE(visionos) API_UNAVAILABLE(watchos)
29 | @interface AVCaptureMetadataOutput : AVCaptureOutput
| `- note: 'AVCaptureMetadataOutput' has been explicitly marked unavailable here
30 | {
31 | @private
/Users/admin/builder/spi-builder-workspace/Sources/Scanner/ScannerViewController.swift:140:52: warning: 'windows' was deprecated in visionOS 1.0: Use UIWindowScene.windows on a relevant window scene instead [#DeprecatedDeclaration]
138 | var orientation: UIInterfaceOrientation = .portrait
139 | if #available(iOS 13.0, *) {
140 | orientation = UIApplication.shared.windows.first?.windowScene?.interfaceOrientation ?? .portrait
| `- warning: 'windows' was deprecated in visionOS 1.0: Use UIWindowScene.windows on a relevant window scene instead [#DeprecatedDeclaration]
141 | } else {
142 | orientation = UIApplication.shared.statusBarOrientation
SwiftCompile normal arm64 /Users/admin/builder/spi-builder-workspace/Sources/Scanner/ScannerViewController.swift (in target 'Scanner' from project 'Scanner')
cd /Users/admin/builder/spi-builder-workspace/.swiftpm/xcode
builtin-SwiftPerFileCompile ScannerViewController.swift
SwiftCompile normal arm64 Compiling\ ScannerCoordinator.swift /Users/admin/builder/spi-builder-workspace/Sources/Scanner/ScannerCoordinator.swift (in target 'Scanner' from project 'Scanner')
/Users/admin/builder/spi-builder-workspace/Sources/Scanner/ScannerCoordinator.swift:20:28: error: 'AVMetadataObject' is unavailable in visionOS
18 | // MARK: - Public
19 |
20 | public let codeTypes: [AVMetadataObject.ObjectType]
| `- error: 'AVMetadataObject' is unavailable in visionOS
21 | public let scanMode: ScanMode
22 | public let scanInterval: Double
/Applications/Xcode-27.0.0-Release.Candidate.app/Contents/Developer/Platforms/XROS.platform/Developer/SDKs/XROS27.0.sdk/System/Library/Frameworks/AVFoundation.framework/Headers/AVMetadataObject.h:44:12: note: 'AVMetadataObject' has been explicitly marked unavailable here
42 | */
43 | API_AVAILABLE(macos(10.10), ios(6.0), macCatalyst(14.0), tvos(9.0)) API_UNAVAILABLE(watchos, visionos)
44 | @interface AVMetadataObject : NSObject
| `- note: 'AVMetadataObject' has been explicitly marked unavailable here
45 | {
46 | @private
/Users/admin/builder/spi-builder-workspace/Sources/Scanner/ScannerCoordinator.swift:28:29: error: 'AVMetadataObject' is unavailable in visionOS
26 | // MARK: - Init
27 |
28 | public init(codeTypes: [AVMetadataObject.ObjectType], scanMode: ScanMode = .once, scanInterval: Double = 2.0, simulatedData: String = "") {
| `- error: 'AVMetadataObject' is unavailable in visionOS
29 | self.codeTypes = codeTypes
30 | self.scanMode = scanMode
/Applications/Xcode-27.0.0-Release.Candidate.app/Contents/Developer/Platforms/XROS.platform/Developer/SDKs/XROS27.0.sdk/System/Library/Frameworks/AVFoundation.framework/Headers/AVMetadataObject.h:44:12: note: 'AVMetadataObject' has been explicitly marked unavailable here
42 | */
43 | API_AVAILABLE(macos(10.10), ios(6.0), macCatalyst(14.0), tvos(9.0)) API_UNAVAILABLE(watchos, visionos)
44 | @interface AVMetadataObject : NSObject
| `- note: 'AVMetadataObject' has been explicitly marked unavailable here
45 | {
46 | @private
/Users/admin/builder/spi-builder-workspace/Sources/Scanner/ScannerCoordinator.swift:36:35: error: 'AVCaptureMetadataOutput' is unavailable in visionOS
34 | }
35 |
36 | public func metadataOutput(_: AVCaptureMetadataOutput, didOutput metadataObjects: [AVMetadataObject], from _: AVCaptureConnection) {
| `- error: 'AVCaptureMetadataOutput' is unavailable in visionOS
37 | if let metadataObject = metadataObjects.first {
38 | guard let readableObject = metadataObject as? AVMetadataMachineReadableCodeObject else { return }
/Applications/Xcode-27.0.0-Release.Candidate.app/Contents/Developer/Platforms/XROS.platform/Developer/SDKs/XROS27.0.sdk/System/Library/Frameworks/AVFoundation.framework/Headers/AVCaptureMetadataOutput.h:29:12: note: 'AVCaptureMetadataOutput' has been explicitly marked unavailable here
27 | */
28 | API_AVAILABLE(macos(13.0), ios(6.0), macCatalyst(14.0), tvos(17.0)) API_UNAVAILABLE(visionos) API_UNAVAILABLE(watchos)
29 | @interface AVCaptureMetadataOutput : AVCaptureOutput
| `- note: 'AVCaptureMetadataOutput' has been explicitly marked unavailable here
30 | {
31 | @private
/Users/admin/builder/spi-builder-workspace/Sources/Scanner/ScannerCoordinator.swift:36:88: error: 'AVMetadataObject' is unavailable in visionOS
34 | }
35 |
36 | public func metadataOutput(_: AVCaptureMetadataOutput, didOutput metadataObjects: [AVMetadataObject], from _: AVCaptureConnection) {
| `- error: 'AVMetadataObject' is unavailable in visionOS
37 | if let metadataObject = metadataObjects.first {
38 | guard let readableObject = metadataObject as? AVMetadataMachineReadableCodeObject else { return }
/Applications/Xcode-27.0.0-Release.Candidate.app/Contents/Developer/Platforms/XROS.platform/Developer/SDKs/XROS27.0.sdk/System/Library/Frameworks/AVFoundation.framework/Headers/AVMetadataObject.h:44:12: note: 'AVMetadataObject' has been explicitly marked unavailable here
42 | */
43 | API_AVAILABLE(macos(10.10), ios(6.0), macCatalyst(14.0), tvos(9.0)) API_UNAVAILABLE(watchos, visionos)
44 | @interface AVMetadataObject : NSObject
| `- note: 'AVMetadataObject' has been explicitly marked unavailable here
45 | {
46 | @private
/Users/admin/builder/spi-builder-workspace/Sources/Scanner/ScannerCoordinator.swift:11:44: error: 'AVCaptureMetadataOutputObjectsDelegate' is unavailable in visionOS
9 | import Foundation
10 |
11 | public class ScannerCoordinator: NSObject, AVCaptureMetadataOutputObjectsDelegate {
| `- error: 'AVCaptureMetadataOutputObjectsDelegate' is unavailable in visionOS
12 | // MARK: - Internal
13 |
/Applications/Xcode-27.0.0-Release.Candidate.app/Contents/Developer/Platforms/XROS.platform/Developer/SDKs/XROS27.0.sdk/System/Library/Frameworks/AVFoundation.framework/Headers/AVCaptureMetadataOutput.h:126:11: note: 'AVCaptureMetadataOutputObjectsDelegate' has been explicitly marked unavailable here
124 | */
125 | API_AVAILABLE(macos(13.0), ios(6.0), macCatalyst(14.0), tvos(17.0)) API_UNAVAILABLE(visionos) API_UNAVAILABLE(watchos)
126 | @protocol AVCaptureMetadataOutputObjectsDelegate <NSObject>
| `- note: 'AVCaptureMetadataOutputObjectsDelegate' has been explicitly marked unavailable here
127 |
128 | @optional
SwiftCompile normal arm64 /Users/admin/builder/spi-builder-workspace/Sources/Scanner/ScannerCoordinator.swift (in target 'Scanner' from project 'Scanner')
cd /Users/admin/builder/spi-builder-workspace/.swiftpm/xcode
builtin-SwiftPerFileCompile ScannerCoordinator.swift
SwiftCompile normal arm64 Compiling\ ScannerDelegate.swift /Users/admin/builder/spi-builder-workspace/Sources/Scanner/ScannerDelegate.swift (in target 'Scanner' from project 'Scanner')
SwiftCompile normal arm64 /Users/admin/builder/spi-builder-workspace/Sources/Scanner/ScannerDelegate.swift (in target 'Scanner' from project 'Scanner')
cd /Users/admin/builder/spi-builder-workspace/.swiftpm/xcode
builtin-SwiftPerFileCompile ScannerDelegate.swift
PruneExplicitPrecompiledModules /Users/admin/builder/spi-builder-workspace/.derivedData/Build/Intermediates.noindex/ExplicitPrecompiledModules
PruneExplicitPrecompiledModules /Users/admin/builder/spi-builder-workspace/.derivedData/Build/Intermediates.noindex/SwiftExplicitPrecompiledModules
PruneExplicitPrecompiledModules /Users/admin/builder/spi-builder-workspace/.derivedData/SDKExplicitPrecompiledModules
2026-09-17 14:34:12.449 xcodebuild[758:4674] [MT] IDERunDestination: Supported platforms for the buildables in the current scheme is empty.
** BUILD FAILED **
The following build commands failed:
SwiftEmitModule normal arm64 Emitting\ module\ for\ Scanner (in target 'Scanner' from project 'Scanner')
SwiftCompile normal arm64 (in target 'Scanner' from project 'Scanner')
Building workspace Scanner with scheme Scanner
(3 failures)
BUILD FAILURE 6.4 visionOS