Build Information
Failed to build MapplsUIWidgets, reference 2.0.1 (4fbfe8), with Swift 6.4 for tvOS using Xcode 27.0 on 24 Sep 2026 15:22:45 UTC.
Build Command
No build command. This typically means the build failed at an early stage where we determine the build command.Build Log
========================================
RunAll
========================================
Builder version: 5.1.0
Interrupt handler set up.
========================================
Checkout
========================================
Clone URL: https://github.com/mappls-api/mappls-ui-widget-ios-distribution.git
Reference: 2.0.1
Initialized empty Git repository in /Users/admin/builder/spi-builder-workspace/.git/
From https://github.com/mappls-api/mappls-ui-widget-ios-distribution
* tag 2.0.1 -> FETCH_HEAD
HEAD is now at 4fbfe8e released vesion : 2.0.1
Cloned https://github.com/mappls-api/mappls-ui-widget-ios-distribution.git
Revision (git rev-parse @):
4fbfe8e96c4fdae97e3d3a0a0fa496726ac0ec20
SUCCESS checkout https://github.com/mappls-api/mappls-ui-widget-ios-distribution.git at 2.0.1
========================================
Build
========================================
Selected platform: tvOS
Swift version: 6.4
Building package at path: $PWD
https://github.com/mappls-api/mappls-ui-widget-ios-distribution.git
Command line invocation:
/Applications/Xcode-27.0.0-Release.Candidate.app/Contents/Developer/usr/bin/xcodebuild -IDEClonedSourcePackagesDirPathOverride=/Users/admin/builder/spi-builder-workspace/.dependencies -resolvePackageDependencies
Resolve Package Graph
Fetching from https://github.com/mappls-api/mappls-map-ios-distribution.git
Fetching from https://github.com/mappls-api/mappls-api-kit-ios-distribution.git
Fetching from https://github.com/mappls-api/mappls-api-core-ios-distribution.git
Creating working copy of package ‘mappls-map-ios-distribution’
Checking out 6.1.5 of package ‘mappls-map-ios-distribution’
Creating working copy of package ‘mappls-api-kit-ios-distribution’
Checking out 3.0.8 of package ‘mappls-api-kit-ios-distribution’
Creating working copy of package ‘mappls-api-core-ios-distribution’
Checking out 2.1.4 of package ‘mappls-api-core-ios-distribution’
checksum of downloaded artifact of binary target 'MapplsAPIKit' (a26c22b90dbdb7c6d7633e5bca97df3aae4a29f11c2494279e891527392d92ce) does not match checksum specified by the manifest (ab4d2a4b2d584b3ac8f2a6dd805ed1a3bc2aa7e2f0c319fad805ef4399d0c2a8)fatalErrorResolve Package Graph
checksum of downloaded artifact of binary target 'MapplsAPIKit' (a26c22b90dbdb7c6d7633e5bca97df3aae4a29f11c2494279e891527392d92ce) does not match checksum specified by the manifest (ab4d2a4b2d584b3ac8f2a6dd805ed1a3bc2aa7e2f0c319fad805ef4399d0c2a8)fatalError
Resolved source packages:
spi-builder-workspace: (null)
2026-09-24 11:22:43.847 xcodebuild[529:3049] Writing error result bundle to /var/folders/xq/y_g06wb113726d38xsyx71_h0000gn/T/ResultBundle_2026-24-09_11-22-0043.xcresult
xcodebuild: error: Could not resolve package dependencies:
checksum of downloaded artifact of binary target 'MapplsAPIKit' (a26c22b90dbdb7c6d7633e5bca97df3aae4a29f11c2494279e891527392d92ce) does not match checksum specified by the manifest (ab4d2a4b2d584b3ac8f2a6dd805ed1a3bc2aa7e2f0c319fad805ef4399d0c2a8)
fatalError
Command line invocation:
/Applications/Xcode-27.0.0-Release.Candidate.app/Contents/Developer/usr/bin/xcodebuild -IDEClonedSourcePackagesDirPathOverride=/Users/admin/builder/spi-builder-workspace/.dependencies -resolvePackageDependencies
Resolve Package Graph
checksum of downloaded artifact of binary target 'MapplsAPIKit' (a26c22b90dbdb7c6d7633e5bca97df3aae4a29f11c2494279e891527392d92ce) does not match checksum specified by the manifest (ab4d2a4b2d584b3ac8f2a6dd805ed1a3bc2aa7e2f0c319fad805ef4399d0c2a8)fatalError
Resolved source packages:
spi-builder-workspace: (null)
2026-09-24 11:22:45.138 xcodebuild[758:4238] Writing error result bundle to /var/folders/xq/y_g06wb113726d38xsyx71_h0000gn/T/ResultBundle_2026-24-09_11-22-0045.xcresult
xcodebuild: error: Could not resolve package dependencies:
checksum of downloaded artifact of binary target 'MapplsAPIKit' (a26c22b90dbdb7c6d7633e5bca97df3aae4a29f11c2494279e891527392d92ce) does not match checksum specified by the manifest (ab4d2a4b2d584b3ac8f2a6dd805ed1a3bc2aa7e2f0c319fad805ef4399d0c2a8)
fatalError
BUILD FAILURE 6.4 tvOS