The Swift Package Index logo.Swift Package Index

Build Information

Failed to build WindowPopupKit, reference master (234981), with Swift 6.1 for macOS (SPM) on 28 Jun 2026 14:32:57 UTC.

Build Command

env DEVELOPER_DIR=/Applications/Xcode-16.3.0.app xcrun swift build --arch arm64

Build Log

========================================
RunAll
========================================
Builder version: undefined version: run 'make version' to update
Interrupt handler set up.
========================================
Checkout
========================================
Clone URL: https://github.com/thuyetngocluong/WindowPopupKit.git
Reference: master
Initialized empty Git repository in /Users/admin/builder/spi-builder-workspace/.git/
From https://github.com/thuyetngocluong/WindowPopupKit
 * branch            master     -> FETCH_HEAD
 * [new branch]      master     -> origin/master
HEAD is now at 2349814 Initial commit
Cloned https://github.com/thuyetngocluong/WindowPopupKit.git
Revision (git rev-parse @):
23498149317a94825da410af1cc48cab4d9813e1
SUCCESS checkout https://github.com/thuyetngocluong/WindowPopupKit.git at master
========================================
Build
========================================
Selected platform:         macosSpm
Swift version:             6.1
Building package at path:  $PWD
https://github.com/thuyetngocluong/WindowPopupKit.git
https://github.com/thuyetngocluong/WindowPopupKit.git
{
  "dependencies" : [
  ],
  "manifest_display_name" : "WindowPopupKit",
  "name" : "WindowPopupKit",
  "path" : "/Users/admin/builder/spi-builder-workspace",
  "platforms" : [
    {
      "name" : "ios",
      "version" : "16.0"
    }
  ],
  "products" : [
    {
      "name" : "WindowPopupKit",
      "targets" : [
        "WindowPopupKit"
      ],
      "type" : {
        "library" : [
          "automatic"
        ]
      }
    }
  ],
  "swift_languages_versions" : [
    "5"
  ],
  "targets" : [
    {
      "c99name" : "WindowPopupKitTests",
      "module_type" : "SwiftTarget",
      "name" : "WindowPopupKitTests",
      "path" : "Tests/WindowPopupKitTests",
      "sources" : [
        "WPPopupConfigurationTests.swift"
      ],
      "target_dependencies" : [
        "WindowPopupKit"
      ],
      "type" : "test"
    },
    {
      "c99name" : "WindowPopupKit",
      "module_type" : "SwiftTarget",
      "name" : "WindowPopupKit",
      "path" : "Sources/WindowPopupKit",
      "product_memberships" : [
        "WindowPopupKit"
      ],
      "sources" : [
        "Configuration/WPPopupConfiguration+Animation.swift",
        "Configuration/WPPopupConfiguration+Appearance.swift",
        "Configuration/WPPopupConfiguration+Behavior.swift",
        "Configuration/WPPopupConfiguration+Layout.swift",
        "Internal/WPPassthroughWindow.swift",
        "Internal/WPPopupBackgroundView.swift",
        "Internal/WPPopupContentView.swift",
        "Internal/WPPopupRootViewController.swift",
        "Support/WPAsyncGuarantee.swift",
        "Support/WPLayout.swift",
        "Support/WPLog.swift",
        "Support/WPScreenMetrics.swift",
        "WPLoading.swift",
        "WPPopup.swift",
        "WPPopupConfiguration.swift",
        "WPPopupContent.swift",
        "WPPopupDismissAction.swift",
        "WPToast.swift"
      ],
      "type" : "library"
    }
  ],
  "tools_version" : "6.0"
}
Running build ...
env DEVELOPER_DIR=/Applications/Xcode-16.3.0.app xcrun swift build --arch arm64 -Xswiftc -Xfrontend -Xswiftc -stats-output-dir -Xswiftc -Xfrontend -Xswiftc .stats -Xswiftc -strict-concurrency=complete -Xswiftc -enable-upcoming-feature -Xswiftc StrictConcurrency -Xswiftc -enable-upcoming-feature -Xswiftc DisableOutwardActorInference -Xswiftc -enable-upcoming-feature -Xswiftc GlobalActorIsolatedTypesUsability -Xswiftc -enable-upcoming-feature -Xswiftc InferSendableFromCaptures
Building for debugging...
[0/2] Write sources
[1/2] Write swift-version-2F0A5646E1D333AE.txt
[3/20] Compiling WindowPopupKit WPPopupConfiguration.swift
/Users/admin/builder/spi-builder-workspace/Sources/WindowPopupKit/Configuration/WPPopupConfiguration+Animation.swift:1:8: error: no such module 'UIKit'
  1 | import UIKit
    |        `- error: no such module 'UIKit'
  2 |
  3 | extension WPPopupConfiguration {
[4/20] Compiling WindowPopupKit WPPopupContent.swift
/Users/admin/builder/spi-builder-workspace/Sources/WindowPopupKit/Configuration/WPPopupConfiguration+Animation.swift:1:8: error: no such module 'UIKit'
  1 | import UIKit
    |        `- error: no such module 'UIKit'
  2 |
  3 | extension WPPopupConfiguration {
error: emit-module command failed with exit code 1 (use -v to see invocation)
[5/21] Emitting module WindowPopupKit
/Users/admin/builder/spi-builder-workspace/Sources/WindowPopupKit/Configuration/WPPopupConfiguration+Animation.swift:1:8: error: no such module 'UIKit'
  1 | import UIKit
    |        `- error: no such module 'UIKit'
  2 |
  3 | extension WPPopupConfiguration {
[6/21] Compiling WindowPopupKit WPPopupDismissAction.swift
/Users/admin/builder/spi-builder-workspace/Sources/WindowPopupKit/Configuration/WPPopupConfiguration+Animation.swift:1:8: error: no such module 'UIKit'
  1 | import UIKit
    |        `- error: no such module 'UIKit'
  2 |
  3 | extension WPPopupConfiguration {
[7/21] Compiling WindowPopupKit WPAsyncGuarantee.swift
/Users/admin/builder/spi-builder-workspace/Sources/WindowPopupKit/Configuration/WPPopupConfiguration+Animation.swift:1:8: error: no such module 'UIKit'
  1 | import UIKit
    |        `- error: no such module 'UIKit'
  2 |
  3 | extension WPPopupConfiguration {
[8/21] Compiling WindowPopupKit WPLayout.swift
/Users/admin/builder/spi-builder-workspace/Sources/WindowPopupKit/Configuration/WPPopupConfiguration+Animation.swift:1:8: error: no such module 'UIKit'
  1 | import UIKit
    |        `- error: no such module 'UIKit'
  2 |
  3 | extension WPPopupConfiguration {
[9/21] Compiling WindowPopupKit WPLog.swift
/Users/admin/builder/spi-builder-workspace/Sources/WindowPopupKit/Configuration/WPPopupConfiguration+Animation.swift:1:8: error: no such module 'UIKit'
  1 | import UIKit
    |        `- error: no such module 'UIKit'
  2 |
  3 | extension WPPopupConfiguration {
[10/21] Compiling WindowPopupKit WPScreenMetrics.swift
/Users/admin/builder/spi-builder-workspace/Sources/WindowPopupKit/Configuration/WPPopupConfiguration+Animation.swift:1:8: error: no such module 'UIKit'
  1 | import UIKit
    |        `- error: no such module 'UIKit'
  2 |
  3 | extension WPPopupConfiguration {
[11/21] Compiling WindowPopupKit WPLoading.swift
/Users/admin/builder/spi-builder-workspace/Sources/WindowPopupKit/Configuration/WPPopupConfiguration+Animation.swift:1:8: error: no such module 'UIKit'
  1 | import UIKit
    |        `- error: no such module 'UIKit'
  2 |
  3 | extension WPPopupConfiguration {
[12/21] Compiling WindowPopupKit WPPopup.swift
/Users/admin/builder/spi-builder-workspace/Sources/WindowPopupKit/Configuration/WPPopupConfiguration+Animation.swift:1:8: error: no such module 'UIKit'
  1 | import UIKit
    |        `- error: no such module 'UIKit'
  2 |
  3 | extension WPPopupConfiguration {
[13/21] Compiling WindowPopupKit WPPopupContentView.swift
/Users/admin/builder/spi-builder-workspace/Sources/WindowPopupKit/Configuration/WPPopupConfiguration+Animation.swift:1:8: error: no such module 'UIKit'
  1 | import UIKit
    |        `- error: no such module 'UIKit'
  2 |
  3 | extension WPPopupConfiguration {
[14/21] Compiling WindowPopupKit WPPopupRootViewController.swift
/Users/admin/builder/spi-builder-workspace/Sources/WindowPopupKit/Configuration/WPPopupConfiguration+Animation.swift:1:8: error: no such module 'UIKit'
  1 | import UIKit
    |        `- error: no such module 'UIKit'
  2 |
  3 | extension WPPopupConfiguration {
[15/21] Compiling WindowPopupKit WPPopupConfiguration+Animation.swift
/Users/admin/builder/spi-builder-workspace/Sources/WindowPopupKit/Configuration/WPPopupConfiguration+Animation.swift:1:8: error: no such module 'UIKit'
  1 | import UIKit
    |        `- error: no such module 'UIKit'
  2 |
  3 | extension WPPopupConfiguration {
[16/21] Compiling WindowPopupKit WPPopupConfiguration+Appearance.swift
/Users/admin/builder/spi-builder-workspace/Sources/WindowPopupKit/Configuration/WPPopupConfiguration+Animation.swift:1:8: error: no such module 'UIKit'
  1 | import UIKit
    |        `- error: no such module 'UIKit'
  2 |
  3 | extension WPPopupConfiguration {
[17/21] Compiling WindowPopupKit WPPassthroughWindow.swift
/Users/admin/builder/spi-builder-workspace/Sources/WindowPopupKit/Configuration/WPPopupConfiguration+Animation.swift:1:8: error: no such module 'UIKit'
  1 | import UIKit
    |        `- error: no such module 'UIKit'
  2 |
  3 | extension WPPopupConfiguration {
[18/21] Compiling WindowPopupKit WPPopupBackgroundView.swift
/Users/admin/builder/spi-builder-workspace/Sources/WindowPopupKit/Configuration/WPPopupConfiguration+Animation.swift:1:8: error: no such module 'UIKit'
  1 | import UIKit
    |        `- error: no such module 'UIKit'
  2 |
  3 | extension WPPopupConfiguration {
[19/21] Compiling WindowPopupKit WPPopupConfiguration+Behavior.swift
/Users/admin/builder/spi-builder-workspace/Sources/WindowPopupKit/Configuration/WPPopupConfiguration+Animation.swift:1:8: error: no such module 'UIKit'
  1 | import UIKit
    |        `- error: no such module 'UIKit'
  2 |
  3 | extension WPPopupConfiguration {
[20/21] Compiling WindowPopupKit WPPopupConfiguration+Layout.swift
/Users/admin/builder/spi-builder-workspace/Sources/WindowPopupKit/Configuration/WPPopupConfiguration+Animation.swift:1:8: error: no such module 'UIKit'
  1 | import UIKit
    |        `- error: no such module 'UIKit'
  2 |
  3 | extension WPPopupConfiguration {
[21/21] Compiling WindowPopupKit WPToast.swift
/Users/admin/builder/spi-builder-workspace/Sources/WindowPopupKit/Configuration/WPPopupConfiguration+Animation.swift:1:8: error: no such module 'UIKit'
  1 | import UIKit
    |        `- error: no such module 'UIKit'
  2 |
  3 | extension WPPopupConfiguration {
Running build ...
env DEVELOPER_DIR=/Applications/Xcode-16.3.0.app xcrun swift build --arch arm64
[0/1] Planning build
Building for debugging...
[0/1] Write swift-version-2F0A5646E1D333AE.txt
[2/19] Compiling WindowPopupKit WPPopupDismissAction.swift
/Users/admin/builder/spi-builder-workspace/Sources/WindowPopupKit/Configuration/WPPopupConfiguration+Animation.swift:1:8: error: no such module 'UIKit'
  1 | import UIKit
    |        `- error: no such module 'UIKit'
  2 |
  3 | extension WPPopupConfiguration {
[3/19] Compiling WindowPopupKit WPLog.swift
/Users/admin/builder/spi-builder-workspace/Sources/WindowPopupKit/Configuration/WPPopupConfiguration+Animation.swift:1:8: error: no such module 'UIKit'
  1 | import UIKit
    |        `- error: no such module 'UIKit'
  2 |
  3 | extension WPPopupConfiguration {
[4/19] Compiling WindowPopupKit WPScreenMetrics.swift
/Users/admin/builder/spi-builder-workspace/Sources/WindowPopupKit/Configuration/WPPopupConfiguration+Animation.swift:1:8: error: no such module 'UIKit'
  1 | import UIKit
    |        `- error: no such module 'UIKit'
  2 |
  3 | extension WPPopupConfiguration {
[5/19] Compiling WindowPopupKit WPPopupConfiguration.swift
/Users/admin/builder/spi-builder-workspace/Sources/WindowPopupKit/Configuration/WPPopupConfiguration+Animation.swift:1:8: error: no such module 'UIKit'
  1 | import UIKit
    |        `- error: no such module 'UIKit'
  2 |
  3 | extension WPPopupConfiguration {
[6/19] Compiling WindowPopupKit WPPopupContent.swift
/Users/admin/builder/spi-builder-workspace/Sources/WindowPopupKit/Configuration/WPPopupConfiguration+Animation.swift:1:8: error: no such module 'UIKit'
  1 | import UIKit
    |        `- error: no such module 'UIKit'
  2 |
  3 | extension WPPopupConfiguration {
[7/20] Compiling WindowPopupKit WPToast.swift
/Users/admin/builder/spi-builder-workspace/Sources/WindowPopupKit/Configuration/WPPopupConfiguration+Animation.swift:1:8: error: no such module 'UIKit'
  1 | import UIKit
    |        `- error: no such module 'UIKit'
  2 |
  3 | extension WPPopupConfiguration {
[8/20] Compiling WindowPopupKit WPLoading.swift
/Users/admin/builder/spi-builder-workspace/Sources/WindowPopupKit/Configuration/WPPopupConfiguration+Animation.swift:1:8: error: no such module 'UIKit'
  1 | import UIKit
    |        `- error: no such module 'UIKit'
  2 |
  3 | extension WPPopupConfiguration {
[9/20] Compiling WindowPopupKit WPPopup.swift
/Users/admin/builder/spi-builder-workspace/Sources/WindowPopupKit/Configuration/WPPopupConfiguration+Animation.swift:1:8: error: no such module 'UIKit'
  1 | import UIKit
    |        `- error: no such module 'UIKit'
  2 |
  3 | extension WPPopupConfiguration {
[10/20] Compiling WindowPopupKit WPAsyncGuarantee.swift
/Users/admin/builder/spi-builder-workspace/Sources/WindowPopupKit/Configuration/WPPopupConfiguration+Animation.swift:1:8: error: no such module 'UIKit'
  1 | import UIKit
    |        `- error: no such module 'UIKit'
  2 |
  3 | extension WPPopupConfiguration {
[11/20] Compiling WindowPopupKit WPLayout.swift
/Users/admin/builder/spi-builder-workspace/Sources/WindowPopupKit/Configuration/WPPopupConfiguration+Animation.swift:1:8: error: no such module 'UIKit'
  1 | import UIKit
    |        `- error: no such module 'UIKit'
  2 |
  3 | extension WPPopupConfiguration {
error: emit-module command failed with exit code 1 (use -v to see invocation)
[12/20] Compiling WindowPopupKit WPPassthroughWindow.swift
/Users/admin/builder/spi-builder-workspace/Sources/WindowPopupKit/Configuration/WPPopupConfiguration+Animation.swift:1:8: error: no such module 'UIKit'
  1 | import UIKit
    |        `- error: no such module 'UIKit'
  2 |
  3 | extension WPPopupConfiguration {
[13/20] Compiling WindowPopupKit WPPopupBackgroundView.swift
/Users/admin/builder/spi-builder-workspace/Sources/WindowPopupKit/Configuration/WPPopupConfiguration+Animation.swift:1:8: error: no such module 'UIKit'
  1 | import UIKit
    |        `- error: no such module 'UIKit'
  2 |
  3 | extension WPPopupConfiguration {
[14/20] Emitting module WindowPopupKit
/Users/admin/builder/spi-builder-workspace/Sources/WindowPopupKit/Configuration/WPPopupConfiguration+Animation.swift:1:8: error: no such module 'UIKit'
  1 | import UIKit
    |        `- error: no such module 'UIKit'
  2 |
  3 | extension WPPopupConfiguration {
[15/20] Compiling WindowPopupKit WPPopupContentView.swift
/Users/admin/builder/spi-builder-workspace/Sources/WindowPopupKit/Configuration/WPPopupConfiguration+Animation.swift:1:8: error: no such module 'UIKit'
  1 | import UIKit
    |        `- error: no such module 'UIKit'
  2 |
  3 | extension WPPopupConfiguration {
[16/20] Compiling WindowPopupKit WPPopupRootViewController.swift
/Users/admin/builder/spi-builder-workspace/Sources/WindowPopupKit/Configuration/WPPopupConfiguration+Animation.swift:1:8: error: no such module 'UIKit'
  1 | import UIKit
    |        `- error: no such module 'UIKit'
  2 |
  3 | extension WPPopupConfiguration {
[17/20] Compiling WindowPopupKit WPPopupConfiguration+Behavior.swift
/Users/admin/builder/spi-builder-workspace/Sources/WindowPopupKit/Configuration/WPPopupConfiguration+Animation.swift:1:8: error: no such module 'UIKit'
  1 | import UIKit
    |        `- error: no such module 'UIKit'
  2 |
  3 | extension WPPopupConfiguration {
[18/20] Compiling WindowPopupKit WPPopupConfiguration+Layout.swift
/Users/admin/builder/spi-builder-workspace/Sources/WindowPopupKit/Configuration/WPPopupConfiguration+Animation.swift:1:8: error: no such module 'UIKit'
  1 | import UIKit
    |        `- error: no such module 'UIKit'
  2 |
  3 | extension WPPopupConfiguration {
[19/20] Compiling WindowPopupKit WPPopupConfiguration+Animation.swift
/Users/admin/builder/spi-builder-workspace/Sources/WindowPopupKit/Configuration/WPPopupConfiguration+Animation.swift:1:8: error: no such module 'UIKit'
  1 | import UIKit
    |        `- error: no such module 'UIKit'
  2 |
  3 | extension WPPopupConfiguration {
[20/20] Compiling WindowPopupKit WPPopupConfiguration+Appearance.swift
/Users/admin/builder/spi-builder-workspace/Sources/WindowPopupKit/Configuration/WPPopupConfiguration+Animation.swift:1:8: error: no such module 'UIKit'
  1 | import UIKit
    |        `- error: no such module 'UIKit'
  2 |
  3 | extension WPPopupConfiguration {
BUILD FAILURE 6.1 macosSpm