Build Information
Failed to build XCTVaporExtensions, reference master (7ef074), with Swift 6.4 for visionOS using Xcode 27.0 on 21 Sep 2026 18:48:09 UTC.
Build Command
env DEVELOPER_DIR=/Applications/Xcode-27.0.0-Release.Candidate.app xcrun xcodebuild -IDEClonedSourcePackagesDirPathOverride=$PWD/.dependencies -skipMacroValidation -skipPackagePluginValidation -derivedDataPath $PWD/.derivedData build -scheme XCTVaporExtensions-Package -destination generic/platform=xrOSBuild Log
========================================
RunAll
========================================
Builder version: 5.1.0
Interrupt handler set up.
========================================
Checkout
========================================
Clone URL: https://github.com/Appsaurus/VaporTestUtils.git
Reference: master
Initialized empty Git repository in /Users/admin/builder/spi-builder-workspace/.git/
From https://github.com/Appsaurus/VaporTestUtils
* branch master -> FETCH_HEAD
* [new branch] master -> origin/master
HEAD is now at 7ef074c Renaming package from VaporTestUtils to XCTVaporExtensions to avoid clashes with dependency package VaporTestUtils that is part of Vapor package and was leading to circular dependency issues.
Cloned https://github.com/Appsaurus/VaporTestUtils.git
Revision (git rev-parse @):
7ef074c6d9927d33479e32ae0dfbe6205b48f585
SUCCESS checkout https://github.com/Appsaurus/VaporTestUtils.git at master
========================================
Build
========================================
Selected platform: visionOS
Swift version: 6.4
Building package at path: $PWD
https://github.com/Appsaurus/VaporTestUtils.git
Command line invocation:
/Applications/Xcode-27.0.0-Release.Candidate.app/Contents/Developer/usr/bin/xcodebuild -IDEClonedSourcePackagesDirPathOverride=/Users/admin/builder/spi-builder-workspace/.dependencies -resolvePackageDependencies
Resolve Package Graph
Fetching from https://github.com/vapor/vapor.git
Fetching from https://github.com/Appsaurus/SwiftTestUtils
Fetching from https://github.com/apple/swift-metrics.git
Fetching from https://github.com/apple/swift-service-context.git
Fetching from https://github.com/apple/swift-atomics.git
Fetching from https://github.com/apple/swift-asn1.git
Fetching from https://github.com/vapor/multipart-kit.git
Fetching from https://github.com/apple/swift-certificates.git
Fetching from https://github.com/apple/swift-algorithms.git
Fetching from https://github.com/apple/swift-distributed-tracing.git
Fetching from https://github.com/vapor/websocket-kit.git
Fetching from https://github.com/apple/swift-nio-extras.git
Fetching from https://github.com/apple/swift-nio-http2.git
Fetching from https://github.com/apple/swift-nio-ssl.git
Fetching from https://github.com/vapor/routing-kit.git
Fetching from https://github.com/apple/swift-crypto.git
Fetching from https://github.com/apple/swift-nio.git
Fetching from https://github.com/vapor/console-kit.git
Fetching from https://github.com/vapor/async-kit.git
Fetching from https://github.com/swift-server/async-http-client.git
Fetching from https://github.com/apple/swift-log.git
Fetching from https://github.com/apple/swift-numerics.git
Fetching from https://github.com/apple/swift-nio-transport-services.git
Fetching from https://github.com/apple/swift-collections.git
Fetching from https://github.com/apple/swift-system.git
Fetching from https://github.com/apple/swift-http-types.git
Fetching from https://github.com/apple/swift-http-structured-headers.git
Fetching from https://github.com/apple/swift-async-algorithms.git
Fetching from https://github.com/swift-server/swift-service-lifecycle.git
Fetching from https://github.com/apple/swift-configuration.git
Creating working copy of package ‘swift-http-structured-headers’
Checking out 1.7.0 of package ‘swift-http-structured-headers’
Creating working copy of package ‘SwiftTestUtils’
Checking out 1.0.1 of package ‘SwiftTestUtils’
Creating working copy of package ‘swift-async-algorithms’
Checking out 1.1.5 of package ‘swift-async-algorithms’
Creating working copy of package ‘swift-algorithms’
Checking out 1.2.1 of package ‘swift-algorithms’
Creating working copy of package ‘async-http-client’
Checking out 1.36.1 of package ‘async-http-client’
Creating working copy of package ‘async-kit’
Checking out 1.22.0 of package ‘async-kit’
Creating working copy of package ‘websocket-kit’
Checking out 2.16.2 of package ‘websocket-kit’
Creating working copy of package ‘swift-configuration’
Checking out 1.2.0 of package ‘swift-configuration’
Creating working copy of package ‘swift-asn1’
Checking out 1.7.3 of package ‘swift-asn1’
Creating working copy of package ‘swift-http-types’
Checking out 1.8.0 of package ‘swift-http-types’
Creating working copy of package ‘routing-kit’
Checking out 4.9.3 of package ‘routing-kit’
Creating working copy of package ‘swift-service-context’
Checking out 1.3.0 of package ‘swift-service-context’
Creating working copy of package ‘swift-certificates’
Checking out 1.20.0 of package ‘swift-certificates’
Creating working copy of package ‘swift-collections’
Checking out 1.6.0 of package ‘swift-collections’
Creating working copy of package ‘swift-system’
Checking out 1.8.1 of package ‘swift-system’
Creating working copy of package ‘swift-numerics’
Checking out 1.1.1 of package ‘swift-numerics’
Creating working copy of package ‘swift-atomics’
Checking out 1.3.1 of package ‘swift-atomics’
Creating working copy of package ‘swift-nio-http2’
Checking out 1.46.0 of package ‘swift-nio-http2’
Creating working copy of package ‘swift-nio’
Checking out 2.103.0 of package ‘swift-nio’
Creating working copy of package ‘swift-nio-transport-services’
Checking out 1.28.0 of package ‘swift-nio-transport-services’
Creating working copy of package ‘vapor’
Checking out 4.122.2 of package ‘vapor’
Creating working copy of package ‘multipart-kit’
Checking out 4.7.1 of package ‘multipart-kit’
Creating working copy of package ‘swift-distributed-tracing’
Checking out 1.5.0 of package ‘swift-distributed-tracing’
Creating working copy of package ‘swift-nio-ssl’
Checking out 2.37.5 of package ‘swift-nio-ssl’
Creating working copy of package ‘swift-nio-extras’
Checking out 1.35.1 of package ‘swift-nio-extras’
Creating working copy of package ‘swift-metrics’
Checking out 2.11.0 of package ‘swift-metrics’
Creating working copy of package ‘swift-service-lifecycle’
Checking out 2.12.0 of package ‘swift-service-lifecycle’
Creating working copy of package ‘console-kit’
Checking out 4.16.1 of package ‘console-kit’
Creating working copy of package ‘swift-log’
Checking out 1.15.1 of package ‘swift-log’
Creating working copy of package ‘swift-crypto’
Checking out 4.5.2 of package ‘swift-crypto’
Resolve Package Graph
Resolved source packages:
console-kit: https://github.com/vapor/console-kit.git @ 4.16.1
vapor: https://github.com/vapor/vapor.git @ 4.122.2
swift-algorithms: https://github.com/apple/swift-algorithms.git @ 1.2.1
multipart-kit: https://github.com/vapor/multipart-kit.git @ 4.7.1
swift-nio: https://github.com/apple/swift-nio.git @ 2.103.0
swift-crypto: https://github.com/apple/swift-crypto.git @ 4.5.2
swift-http-types: https://github.com/apple/swift-http-types.git @ 1.8.0
swift-metrics: https://github.com/apple/swift-metrics.git @ 2.11.0
swift-atomics: https://github.com/apple/swift-atomics.git @ 1.3.1
swift-nio-extras: https://github.com/apple/swift-nio-extras.git @ 1.35.1
async-http-client: https://github.com/swift-server/async-http-client.git @ 1.36.1
swift-log: https://github.com/apple/swift-log.git @ 1.15.1
swift-nio-ssl: https://github.com/apple/swift-nio-ssl.git @ 2.37.5
swift-nio-http2: https://github.com/apple/swift-nio-http2.git @ 1.46.0
swift-configuration: https://github.com/apple/swift-configuration.git @ 1.2.0
swift-http-structured-headers: https://github.com/apple/swift-http-structured-headers.git @ 1.7.0
websocket-kit: https://github.com/vapor/websocket-kit.git @ 2.16.2
swift-async-algorithms: https://github.com/apple/swift-async-algorithms.git @ 1.1.5
swift-service-context: https://github.com/apple/swift-service-context.git @ 1.3.0
swift-service-lifecycle: https://github.com/swift-server/swift-service-lifecycle.git @ 2.12.0
swift-collections: https://github.com/apple/swift-collections.git @ 1.6.0
swift-certificates: https://github.com/apple/swift-certificates.git @ 1.20.0
swift-system: https://github.com/apple/swift-system.git @ 1.8.1
routing-kit: https://github.com/vapor/routing-kit.git @ 4.9.3
swift-distributed-tracing: https://github.com/apple/swift-distributed-tracing.git @ 1.5.0
swift-nio-transport-services: https://github.com/apple/swift-nio-transport-services.git @ 1.28.0
async-kit: https://github.com/vapor/async-kit.git @ 1.22.0
swift-numerics: https://github.com/apple/swift-numerics.git @ 1.1.1
XCTVaporExtensions: /Users/admin/builder/spi-builder-workspace
SwiftTestUtils: https://github.com/Appsaurus/SwiftTestUtils @ 1.0.1
swift-asn1: https://github.com/apple/swift-asn1.git @ 1.7.3
resolved source packages: console-kit, vapor, swift-algorithms, multipart-kit, swift-nio, swift-crypto, swift-http-types, swift-metrics, swift-atomics, swift-nio-extras, async-http-client, swift-log, swift-nio-ssl, swift-nio-http2, swift-configuration, swift-http-structured-headers, websocket-kit, swift-async-algorithms, swift-service-context, swift-service-lifecycle, swift-collections, swift-certificates, swift-system, routing-kit, swift-distributed-tracing, swift-nio-transport-services, async-kit, swift-numerics, XCTVaporExtensions, SwiftTestUtils, swift-asn1
2026-09-21 14:45:45.367 xcodebuild[529:3035] [MT] IDERunDestination: Supported platforms for the buildables in the current scheme is empty.
2026-09-21 14:45:45.545 xcodebuild[529:3035] [MT] IDERunDestination: Supported platforms for the buildables in the current scheme is empty.
2026-09-21 14:45:47.244 xcodebuild[529:3035] [MT] IDERunDestination: Supported platforms for the buildables in the current scheme is empty.
{
"dependencies" : [
{
"identity" : "swifttestutils",
"requirement" : {
"range" : [
{
"lower_bound" : "1.0.0",
"upper_bound" : "2.0.0"
}
]
},
"type" : "sourceControl",
"url" : "https://github.com/Appsaurus/SwiftTestUtils"
},
{
"identity" : "vapor",
"requirement" : {
"range" : [
{
"lower_bound" : "4.0.0",
"upper_bound" : "5.0.0"
}
]
},
"type" : "sourceControl",
"url" : "https://github.com/vapor/vapor.git"
}
],
"manifest_display_name" : "XCTVaporExtensions",
"name" : "XCTVaporExtensions",
"path" : "/Users/admin/builder/spi-builder-workspace",
"platforms" : [
{
"name" : "macos",
"version" : "12.0"
},
{
"name" : "ios",
"version" : "13.0"
},
{
"name" : "tvos",
"version" : "13.0"
},
{
"name" : "watchos",
"version" : "6.0"
}
],
"products" : [
{
"name" : "XCTVaporExtensions",
"targets" : [
"XCTVaporExtensions"
],
"type" : {
"library" : [
"automatic"
]
}
}
],
"targets" : [
{
"c99name" : "XCTVaporExtensionsTests",
"module_type" : "SwiftTarget",
"name" : "XCTVaporExtensionsTests",
"path" : "Tests/XCTVaporExtensionsTests",
"sources" : [
"VaporTestUtilsTests.swift",
"XCTestManifests.swift"
],
"target_dependencies" : [
"XCTVaporExtensions"
],
"type" : "test"
},
{
"c99name" : "XCTVaporExtensions",
"module_type" : "SwiftTarget",
"name" : "XCTVaporExtensions",
"path" : "Sources/XCTVaporExtensions",
"product_dependencies" : [
"SwiftTestUtils",
"Vapor",
"XCTVapor"
],
"product_memberships" : [
"XCTVaporExtensions"
],
"sources" : [
"ResponseExtensions.swift",
"VaporTestCase.swift"
],
"type" : "library"
},
{
"c99name" : "ExampleAppTests",
"module_type" : "SwiftTarget",
"name" : "ExampleAppTests",
"path" : "ExampleApp/Tests",
"product_dependencies" : [
"XCTVapor"
],
"sources" : [
"ExampleAppTests.swift",
"ExampleLinuxAppTests.swift"
],
"target_dependencies" : [
"ExampleApp",
"XCTVaporExtensions"
],
"type" : "test"
},
{
"c99name" : "ExampleApp",
"module_type" : "SwiftTarget",
"name" : "ExampleApp",
"path" : "ExampleApp/App",
"product_dependencies" : [
"Vapor"
],
"sources" : [
"configure.swift",
"routes.swift"
],
"type" : "library"
}
],
"tools_version" : "5.7"
}
{
"workspace" : {
"name" : "XCTVaporExtensions",
"schemes" : [
"ExampleAppTests",
"XCTVaporExtensions",
"XCTVaporExtensions-Package"
]
}
}
2026-09-21 14:47:40.999 xcodebuild[1762:8907] [MT] IDERunDestination: Supported platforms for the buildables in the current scheme is empty.
2026-09-21 14:47:41.099 xcodebuild[1762:8907] [MT] IDERunDestination: Supported platforms for the buildables in the current scheme is empty.
{
"workspace" : {
"name" : "XCTVaporExtensions",
"schemes" : [
"ExampleAppTests",
"XCTVaporExtensions",
"XCTVaporExtensions-Package"
]
}
}
2026-09-21 14:47:43.347 xcodebuild[1764:8963] [MT] IDERunDestination: Supported platforms for the buildables in the current scheme is empty.
2026-09-21 14:47:43.449 xcodebuild[1764:8963] [MT] IDERunDestination: Supported platforms for the buildables in the current scheme is empty.
Running build ...
env DEVELOPER_DIR=/Applications/Xcode-27.0.0-Release.Candidate.app xcrun xcodebuild -IDEClonedSourcePackagesDirPathOverride=$PWD/.dependencies -skipMacroValidation -skipPackagePluginValidation -derivedDataPath $PWD/.derivedData build -scheme XCTVaporExtensions-Package -destination generic/platform=xrOS
Command line invocation:
/Applications/Xcode-27.0.0-Release.Candidate.app/Contents/Developer/usr/bin/xcodebuild -IDEClonedSourcePackagesDirPathOverride=/Users/admin/builder/spi-builder-workspace/.dependencies -skipMacroValidation -skipPackagePluginValidation -derivedDataPath /Users/admin/builder/spi-builder-workspace/.derivedData build -scheme XCTVaporExtensions-Package -destination generic/platform=xrOS
Resolve Package Graph
Resolve Package Graph
Resolved source packages:
swift-log: https://github.com/apple/swift-log.git @ 1.15.1
async-kit: https://github.com/vapor/async-kit.git @ 1.22.0
swift-nio-extras: https://github.com/apple/swift-nio-extras.git @ 1.35.1
multipart-kit: https://github.com/vapor/multipart-kit.git @ 4.7.1
websocket-kit: https://github.com/vapor/websocket-kit.git @ 2.16.2
swift-distributed-tracing: https://github.com/apple/swift-distributed-tracing.git @ 1.5.0
swift-http-structured-headers: https://github.com/apple/swift-http-structured-headers.git @ 1.7.0
vapor: https://github.com/vapor/vapor.git @ 4.122.2
swift-collections: https://github.com/apple/swift-collections.git @ 1.6.0
swift-async-algorithms: https://github.com/apple/swift-async-algorithms.git @ 1.1.5
SwiftTestUtils: https://github.com/Appsaurus/SwiftTestUtils @ 1.0.1
swift-atomics: https://github.com/apple/swift-atomics.git @ 1.3.1
console-kit: https://github.com/vapor/console-kit.git @ 4.16.1
async-http-client: https://github.com/swift-server/async-http-client.git @ 1.36.1
XCTVaporExtensions: /Users/admin/builder/spi-builder-workspace
swift-metrics: https://github.com/apple/swift-metrics.git @ 2.11.0
swift-service-lifecycle: https://github.com/swift-server/swift-service-lifecycle.git @ 2.12.0
swift-configuration: https://github.com/apple/swift-configuration.git @ 1.2.0
swift-service-context: https://github.com/apple/swift-service-context.git @ 1.3.0
swift-nio: https://github.com/apple/swift-nio.git @ 2.103.0
swift-algorithms: https://github.com/apple/swift-algorithms.git @ 1.2.1
swift-http-types: https://github.com/apple/swift-http-types.git @ 1.8.0
swift-certificates: https://github.com/apple/swift-certificates.git @ 1.20.0
swift-numerics: https://github.com/apple/swift-numerics.git @ 1.1.1
swift-nio-http2: https://github.com/apple/swift-nio-http2.git @ 1.46.0
swift-nio-ssl: https://github.com/apple/swift-nio-ssl.git @ 2.37.5
swift-nio-transport-services: https://github.com/apple/swift-nio-transport-services.git @ 1.28.0
swift-crypto: https://github.com/apple/swift-crypto.git @ 4.5.2
routing-kit: https://github.com/vapor/routing-kit.git @ 4.9.3
swift-system: https://github.com/apple/swift-system.git @ 1.8.1
swift-asn1: https://github.com/apple/swift-asn1.git @ 1.7.3
2026-09-21 14:47:45.639 xcodebuild[1765:8990] [MT] IDERunDestination: Supported platforms for the buildables in the current scheme is empty.
2026-09-21 14:47:45.741 xcodebuild[1765:8990] [MT] IDERunDestination: Supported platforms for the buildables in the current scheme is empty.
2026-09-21 14:47:59.270 xcodebuild[1765:8990] Writing error result bundle to /var/folders/xq/y_g06wb113726d38xsyx71_h0000gn/T/ResultBundle_2026-21-09_14-47-0059.xcresult
xcodebuild: error: Scheme XCTVaporExtensions-Package is not currently configured for the build action.
Command line invocation:
/Applications/Xcode-27.0.0-Release.Candidate.app/Contents/Developer/usr/bin/xcodebuild -IDEClonedSourcePackagesDirPathOverride=/Users/admin/builder/spi-builder-workspace/.dependencies -resolvePackageDependencies
Resolve Package Graph
Resolved source packages:
swift-algorithms: https://github.com/apple/swift-algorithms.git @ 1.2.1
swift-http-types: https://github.com/apple/swift-http-types.git @ 1.8.0
swift-http-structured-headers: https://github.com/apple/swift-http-structured-headers.git @ 1.7.0
console-kit: https://github.com/vapor/console-kit.git @ 4.16.1
XCTVaporExtensions: /Users/admin/builder/spi-builder-workspace
swift-log: https://github.com/apple/swift-log.git @ 1.15.1
swift-numerics: https://github.com/apple/swift-numerics.git @ 1.1.1
swift-async-algorithms: https://github.com/apple/swift-async-algorithms.git @ 1.1.5
swift-collections: https://github.com/apple/swift-collections.git @ 1.6.0
swift-system: https://github.com/apple/swift-system.git @ 1.8.1
websocket-kit: https://github.com/vapor/websocket-kit.git @ 2.16.2
vapor: https://github.com/vapor/vapor.git @ 4.122.2
swift-nio-http2: https://github.com/apple/swift-nio-http2.git @ 1.46.0
swift-configuration: https://github.com/apple/swift-configuration.git @ 1.2.0
swift-crypto: https://github.com/apple/swift-crypto.git @ 4.5.2
swift-nio-transport-services: https://github.com/apple/swift-nio-transport-services.git @ 1.28.0
swift-certificates: https://github.com/apple/swift-certificates.git @ 1.20.0
swift-service-lifecycle: https://github.com/swift-server/swift-service-lifecycle.git @ 2.12.0
async-http-client: https://github.com/swift-server/async-http-client.git @ 1.36.1
swift-nio-ssl: https://github.com/apple/swift-nio-ssl.git @ 2.37.5
swift-atomics: https://github.com/apple/swift-atomics.git @ 1.3.1
swift-nio: https://github.com/apple/swift-nio.git @ 2.103.0
routing-kit: https://github.com/vapor/routing-kit.git @ 4.9.3
swift-service-context: https://github.com/apple/swift-service-context.git @ 1.3.0
SwiftTestUtils: https://github.com/Appsaurus/SwiftTestUtils @ 1.0.1
async-kit: https://github.com/vapor/async-kit.git @ 1.22.0
swift-distributed-tracing: https://github.com/apple/swift-distributed-tracing.git @ 1.5.0
swift-metrics: https://github.com/apple/swift-metrics.git @ 2.11.0
multipart-kit: https://github.com/vapor/multipart-kit.git @ 4.7.1
swift-nio-extras: https://github.com/apple/swift-nio-extras.git @ 1.35.1
swift-asn1: https://github.com/apple/swift-asn1.git @ 1.7.3
resolved source packages: swift-algorithms, swift-http-types, swift-http-structured-headers, console-kit, XCTVaporExtensions, swift-log, swift-numerics, swift-async-algorithms, swift-collections, swift-system, websocket-kit, vapor, swift-nio-http2, swift-configuration, swift-crypto, swift-nio-transport-services, swift-certificates, swift-service-lifecycle, async-http-client, swift-nio-ssl, swift-atomics, swift-nio, routing-kit, swift-service-context, SwiftTestUtils, async-kit, swift-distributed-tracing, swift-metrics, multipart-kit, swift-nio-extras, swift-asn1
2026-09-21 14:48:00.246 xcodebuild[2014:10308] [MT] IDERunDestination: Supported platforms for the buildables in the current scheme is empty.
2026-09-21 14:48:00.344 xcodebuild[2014:10308] [MT] IDERunDestination: Supported platforms for the buildables in the current scheme is empty.
{
"dependencies" : [
{
"identity" : "swifttestutils",
"requirement" : {
"range" : [
{
"lower_bound" : "1.0.0",
"upper_bound" : "2.0.0"
}
]
},
"type" : "sourceControl",
"url" : "https://github.com/Appsaurus/SwiftTestUtils"
},
{
"identity" : "vapor",
"requirement" : {
"range" : [
{
"lower_bound" : "4.0.0",
"upper_bound" : "5.0.0"
}
]
},
"type" : "sourceControl",
"url" : "https://github.com/vapor/vapor.git"
}
],
"manifest_display_name" : "XCTVaporExtensions",
"name" : "XCTVaporExtensions",
"path" : "/Users/admin/builder/spi-builder-workspace",
"platforms" : [
{
"name" : "macos",
"version" : "12.0"
},
{
"name" : "ios",
"version" : "13.0"
},
{
"name" : "tvos",
"version" : "13.0"
},
{
"name" : "watchos",
"version" : "6.0"
}
],
"products" : [
{
"name" : "XCTVaporExtensions",
"targets" : [
"XCTVaporExtensions"
],
"type" : {
"library" : [
"automatic"
]
}
}
],
"targets" : [
{
"c99name" : "XCTVaporExtensionsTests",
"module_type" : "SwiftTarget",
"name" : "XCTVaporExtensionsTests",
"path" : "Tests/XCTVaporExtensionsTests",
"sources" : [
"VaporTestUtilsTests.swift",
"XCTestManifests.swift"
],
"target_dependencies" : [
"XCTVaporExtensions"
],
"type" : "test"
},
{
"c99name" : "XCTVaporExtensions",
"module_type" : "SwiftTarget",
"name" : "XCTVaporExtensions",
"path" : "Sources/XCTVaporExtensions",
"product_dependencies" : [
"SwiftTestUtils",
"Vapor",
"XCTVapor"
],
"product_memberships" : [
"XCTVaporExtensions"
],
"sources" : [
"ResponseExtensions.swift",
"VaporTestCase.swift"
],
"type" : "library"
},
{
"c99name" : "ExampleAppTests",
"module_type" : "SwiftTarget",
"name" : "ExampleAppTests",
"path" : "ExampleApp/Tests",
"product_dependencies" : [
"XCTVapor"
],
"sources" : [
"ExampleAppTests.swift",
"ExampleLinuxAppTests.swift"
],
"target_dependencies" : [
"ExampleApp",
"XCTVaporExtensions"
],
"type" : "test"
},
{
"c99name" : "ExampleApp",
"module_type" : "SwiftTarget",
"name" : "ExampleApp",
"path" : "ExampleApp/App",
"product_dependencies" : [
"Vapor"
],
"sources" : [
"configure.swift",
"routes.swift"
],
"type" : "library"
}
],
"tools_version" : "5.7"
}
{
"workspace" : {
"name" : "XCTVaporExtensions",
"schemes" : [
"ExampleAppTests",
"XCTVaporExtensions",
"XCTVaporExtensions-Package"
]
}
}
2026-09-21 14:48:02.924 xcodebuild[2022:10381] [MT] IDERunDestination: Supported platforms for the buildables in the current scheme is empty.
2026-09-21 14:48:03.024 xcodebuild[2022:10381] [MT] IDERunDestination: Supported platforms for the buildables in the current scheme is empty.
{
"workspace" : {
"name" : "XCTVaporExtensions",
"schemes" : [
"ExampleAppTests",
"XCTVaporExtensions",
"XCTVaporExtensions-Package"
]
}
}
2026-09-21 14:48:05.189 xcodebuild[2024:10417] [MT] IDERunDestination: Supported platforms for the buildables in the current scheme is empty.
2026-09-21 14:48:05.292 xcodebuild[2024:10417] [MT] IDERunDestination: Supported platforms for the buildables in the current scheme is empty.
Running build ...
env DEVELOPER_DIR=/Applications/Xcode-27.0.0-Release.Candidate.app xcrun xcodebuild -IDEClonedSourcePackagesDirPathOverride=$PWD/.dependencies -skipMacroValidation -skipPackagePluginValidation -derivedDataPath $PWD/.derivedData build -scheme XCTVaporExtensions-Package -destination generic/platform=xrOS
Command line invocation:
/Applications/Xcode-27.0.0-Release.Candidate.app/Contents/Developer/usr/bin/xcodebuild -IDEClonedSourcePackagesDirPathOverride=/Users/admin/builder/spi-builder-workspace/.dependencies -skipMacroValidation -skipPackagePluginValidation -derivedDataPath /Users/admin/builder/spi-builder-workspace/.derivedData build -scheme XCTVaporExtensions-Package -destination generic/platform=xrOS
Resolve Package Graph
Resolved source packages:
swift-nio-http2: https://github.com/apple/swift-nio-http2.git @ 1.46.0
swift-configuration: https://github.com/apple/swift-configuration.git @ 1.2.0
swift-service-lifecycle: https://github.com/swift-server/swift-service-lifecycle.git @ 2.12.0
swift-system: https://github.com/apple/swift-system.git @ 1.8.1
swift-numerics: https://github.com/apple/swift-numerics.git @ 1.1.1
swift-atomics: https://github.com/apple/swift-atomics.git @ 1.3.1
console-kit: https://github.com/vapor/console-kit.git @ 4.16.1
XCTVaporExtensions: /Users/admin/builder/spi-builder-workspace
routing-kit: https://github.com/vapor/routing-kit.git @ 4.9.3
swift-certificates: https://github.com/apple/swift-certificates.git @ 1.20.0
swift-nio-extras: https://github.com/apple/swift-nio-extras.git @ 1.35.1
swift-log: https://github.com/apple/swift-log.git @ 1.15.1
multipart-kit: https://github.com/vapor/multipart-kit.git @ 4.7.1
swift-http-structured-headers: https://github.com/apple/swift-http-structured-headers.git @ 1.7.0
swift-nio: https://github.com/apple/swift-nio.git @ 2.103.0
swift-asn1: https://github.com/apple/swift-asn1.git @ 1.7.3
vapor: https://github.com/vapor/vapor.git @ 4.122.2
swift-collections: https://github.com/apple/swift-collections.git @ 1.6.0
swift-service-context: https://github.com/apple/swift-service-context.git @ 1.3.0
websocket-kit: https://github.com/vapor/websocket-kit.git @ 2.16.2
swift-metrics: https://github.com/apple/swift-metrics.git @ 2.11.0
SwiftTestUtils: https://github.com/Appsaurus/SwiftTestUtils @ 1.0.1
swift-algorithms: https://github.com/apple/swift-algorithms.git @ 1.2.1
async-http-client: https://github.com/swift-server/async-http-client.git @ 1.36.1
swift-nio-ssl: https://github.com/apple/swift-nio-ssl.git @ 2.37.5
swift-distributed-tracing: https://github.com/apple/swift-distributed-tracing.git @ 1.5.0
swift-nio-transport-services: https://github.com/apple/swift-nio-transport-services.git @ 1.28.0
swift-async-algorithms: https://github.com/apple/swift-async-algorithms.git @ 1.1.5
swift-http-types: https://github.com/apple/swift-http-types.git @ 1.8.0
swift-crypto: https://github.com/apple/swift-crypto.git @ 4.5.2
async-kit: https://github.com/vapor/async-kit.git @ 1.22.0
2026-09-21 14:48:07.458 xcodebuild[2025:10446] [MT] IDERunDestination: Supported platforms for the buildables in the current scheme is empty.
2026-09-21 14:48:07.558 xcodebuild[2025:10446] [MT] IDERunDestination: Supported platforms for the buildables in the current scheme is empty.
2026-09-21 14:48:08.961 xcodebuild[2025:10446] Writing error result bundle to /var/folders/xq/y_g06wb113726d38xsyx71_h0000gn/T/ResultBundle_2026-21-09_14-48-0008.xcresult
xcodebuild: error: Scheme XCTVaporExtensions-Package is not currently configured for the build action.
BUILD FAILURE 6.4 visionOS