Build Information
Failed to build AdaEngine, reference main (5e29e6), with Swift 6.3 for watchOS using Xcode 26.4 on 25 Oct 2026 14:28:48 UTC.
Build Command
env DEVELOPER_DIR=/Applications/Xcode-26.5.0.app xcrun xcodebuild -IDEClonedSourcePackagesDirPathOverride=$PWD/.dependencies -skipMacroValidation -skipPackagePluginValidation -derivedDataPath $PWD/.derivedData build -scheme AdaEngine-Package -destination generic/platform=watchOSBuild Log
SwiftDriver AdaScriptCompilerCore normal arm64_32 com.apple.xcode.tools.swift.compiler (in target 'AdaScriptCompilerCore' from project 'AdaEngine')
cd /Users/admin/builder/spi-builder-workspace/.swiftpm/xcode
builtin-SwiftDriver -- /Applications/Xcode-26.5.0.app/Contents/Developer/Toolchains/XcodeDefault.xctoolchain/usr/bin/swiftc -module-name AdaScriptCompilerCore -Onone @/Users/admin/builder/spi-builder-workspace/.derivedData/Build/Intermediates.noindex/AdaEngine.build/Debug-watchos/AdaScriptCompilerCore.build/Objects-normal/arm64_32/AdaScriptCompilerCore.SwiftFileList -DSWIFT_PACKAGE -DDEBUG -DSWIFT_MODULE_RESOURCE_BUNDLE_UNAVAILABLE -DENABLE_DEBUG_DYLIB -DDARWIN -DMETAL -DXcode -enable-upcoming-feature MemberImportVisibility -strict-memory-safety -Xfrontend -validate-tbd-against-ir\=none -plugin-path /Applications/Xcode-26.5.0.app/Contents/Developer/Toolchains/XcodeDefault.xctoolchain/usr/lib/swift/host/plugins/testing -enable-experimental-feature DebugDescriptionMacro -sdk /Applications/Xcode-26.5.0.app/Contents/Developer/Platforms/WatchOS.platform/Developer/SDKs/WatchOS26.5.sdk -target arm64_32-apple-watchos11.0 -g -module-cache-path /Users/admin/builder/spi-builder-workspace/.derivedData/ModuleCache.noindex -Xfrontend -serialize-debugging-options -profile-coverage-mapping -profile-generate -enable-testing -index-store-path /Users/admin/builder/spi-builder-workspace/.derivedData/Index.noindex/DataStore -Xcc -D_LIBCPP_HARDENING_MODE\=_LIBCPP_HARDENING_MODE_DEBUG -swift-version 6 -I /Users/admin/builder/spi-builder-workspace/.derivedData/Build/Products/Debug-watchos -Isystem /Applications/Xcode-26.5.0.app/Contents/Developer/Platforms/WatchOS.platform/Developer/usr/lib -F /Users/admin/builder/spi-builder-workspace/.derivedData/Build/Products/Debug-watchos -F /Applications/Xcode-26.5.0.app/Contents/Developer/Platforms/WatchOS.platform/Developer/Library/Frameworks -F /Applications/Xcode-26.5.0.app/Contents/Developer/Platforms/WatchOS.platform/Developer/SDKs/WatchOS26.5.sdk/Developer/Library/Frameworks -emit-localized-strings -emit-localized-strings-path /Users/admin/builder/spi-builder-workspace/.derivedData/Build/Intermediates.noindex/AdaEngine.build/Debug-watchos/AdaScriptCompilerCore.build/Objects-normal/arm64_32 -c -j10 -enable-batch-mode -incremental -Xcc -ivfsstatcache -Xcc /Users/admin/builder/spi-builder-workspace/.derivedData/SDKStatCaches.noindex/watchos26.5-23T570-688ef53f1462e2c8f657fdc38a81448f7931b973dfc65d9472806dbbc3af9379.sdkstatcache -output-file-map /Users/admin/builder/spi-builder-workspace/.derivedData/Build/Intermediates.noindex/AdaEngine.build/Debug-watchos/AdaScriptCompilerCore.build/Objects-normal/arm64_32/AdaScriptCompilerCore-OutputFileMap.json -use-frontend-parseable-output -save-temps -no-color-diagnostics -explicit-module-build -module-cache-path /Users/admin/builder/spi-builder-workspace/.derivedData/Build/Intermediates.noindex/SwiftExplicitPrecompiledModules -clang-scanner-module-cache-path /Users/admin/builder/spi-builder-workspace/.derivedData/ModuleCache.noindex -sdk-module-cache-path /Users/admin/builder/spi-builder-workspace/.derivedData/ModuleCache.noindex -serialize-diagnostics -emit-dependencies -emit-module -emit-module-path /Users/admin/builder/spi-builder-workspace/.derivedData/Build/Intermediates.noindex/AdaEngine.build/Debug-watchos/AdaScriptCompilerCore.build/Objects-normal/arm64_32/AdaScriptCompilerCore.swiftmodule -validate-clang-modules-once -clang-build-session-file /Users/admin/builder/spi-builder-workspace/.derivedData/ModuleCache.noindex/Session.modulevalidation -package-name spi_builder_workspace -Xcc -I/Users/admin/builder/spi-builder-workspace/.derivedData/Build/Intermediates.noindex/AdaEngine.build/Debug-watchos/AdaScriptCompilerCore.build/swift-overrides.hmap -emit-const-values -Xfrontend -const-gather-protocols-file -Xfrontend /Users/admin/builder/spi-builder-workspace/.derivedData/Build/Intermediates.noindex/AdaEngine.build/Debug-watchos/AdaScriptCompilerCore.build/Objects-normal/arm64_32/AdaScriptCompilerCore_const_extract_protocols.json -Xcc -I/Users/admin/builder/spi-builder-workspace/.derivedData/Build/Products/Debug-watchos/include -Xcc -I/Users/admin/builder/spi-builder-workspace/.derivedData/Build/Intermediates.noindex/AdaEngine.build/Debug-watchos/AdaScriptCompilerCore.build/DerivedSources-normal/arm64_32 -Xcc -I/Users/admin/builder/spi-builder-workspace/.derivedData/Build/Intermediates.noindex/AdaEngine.build/Debug-watchos/AdaScriptCompilerCore.build/DerivedSources/arm64_32 -Xcc -I/Users/admin/builder/spi-builder-workspace/.derivedData/Build/Intermediates.noindex/AdaEngine.build/Debug-watchos/AdaScriptCompilerCore.build/DerivedSources -Xcc -DSWIFT_PACKAGE -Xcc -DDEBUG\=1 -emit-objc-header -emit-objc-header-path /Users/admin/builder/spi-builder-workspace/.derivedData/Build/Intermediates.noindex/AdaEngine.build/Debug-watchos/AdaScriptCompilerCore.build/Objects-normal/arm64_32/AdaScriptCompilerCore-Swift.h -working-directory /Users/admin/builder/spi-builder-workspace/.swiftpm/xcode -experimental-emit-module-separately -disable-cmo
CompileC /Users/admin/builder/spi-builder-workspace/.derivedData/Build/Intermediates.noindex/AdaEngine.build/Debug-watchos/freetype.build/Objects-normal/arm64_32/truetype.o /Users/admin/builder/spi-builder-workspace/Sources/msdf-atlas-gen/freetype/src/truetype/truetype.c normal arm64_32 c com.apple.compilers.llvm.clang.1_0.compiler (in target 'freetype' from project 'AdaEngine')
cd /Users/admin/builder/spi-builder-workspace/.swiftpm/xcode
Using response file: /Users/admin/builder/spi-builder-workspace/.derivedData/Build/Intermediates.noindex/AdaEngine.build/Debug-watchos/freetype.build/Objects-normal/arm64_32/7187679823f38a2a940e0043cdf9d637-common-args.resp
/Applications/Xcode-26.5.0.app/Contents/Developer/Toolchains/XcodeDefault.xctoolchain/usr/bin/clang -x c -ivfsstatcache /Users/admin/builder/spi-builder-workspace/.derivedData/SDKStatCaches.noindex/watchos26.5-23T570-688ef53f1462e2c8f657fdc38a81448f7931b973dfc65d9472806dbbc3af9379.sdkstatcache -target arm64_32-apple-watchos11.0 -fmessage-length\=0 -fdiagnostics-show-note-include-stack -fmacro-backtrace-limit\=0 -fno-color-diagnostics -fmodules-prune-interval\=86400 -fmodules-prune-after\=345600 -fbuild-session-file\=/Users/admin/builder/spi-builder-workspace/.derivedData/ModuleCache.noindex/Session.modulevalidation -fmodules-validate-once-per-build-session -Wnon-modular-include-in-framework-module -Werror\=non-modular-include-in-framework-module -Wno-trigraphs -Wno-missing-field-initializers -Wno-missing-prototypes -Wno-return-type -Wno-missing-braces -Wparentheses -Wswitch -Wno-unused-function -Wno-unused-label -Wno-unused-parameter -Wno-unused-variable -Wunused-value -Wno-empty-body -Wno-uninitialized -Wno-unknown-pragmas -Wno-shadow -Wno-four-char-constants -Wno-conversion -Wno-constant-conversion -Wno-int-conversion -Wno-bool-conversion -Wno-enum-conversion -Wno-float-conversion -Wno-non-literal-null-conversion -Wno-objc-literal-conversion -Wno-shorten-64-to-32 -Wpointer-sign -Wno-newline-eof -Wno-implicit-fallthrough -isysroot /Applications/Xcode-26.5.0.app/Contents/Developer/Platforms/WatchOS.platform/Developer/SDKs/WatchOS26.5.sdk -fstrict-aliasing -Wdeprecated-declarations -Wno-sign-conversion -Wno-infinite-recursion -Wno-comma -Wno-block-capture-autoreleasing -Wno-strict-prototypes -Wno-semicolon-before-method-body -index-store-path /Users/admin/builder/spi-builder-workspace/.derivedData/Index.noindex/DataStore -w @/Users/admin/builder/spi-builder-workspace/.derivedData/Build/Intermediates.noindex/AdaEngine.build/Debug-watchos/freetype.build/Objects-normal/arm64_32/7187679823f38a2a940e0043cdf9d637-common-args.resp -MMD -MT dependencies -MF /Users/admin/builder/spi-builder-workspace/.derivedData/Build/Intermediates.noindex/AdaEngine.build/Debug-watchos/freetype.build/Objects-normal/arm64_32/truetype.d --serialize-diagnostics /Users/admin/builder/spi-builder-workspace/.derivedData/Build/Intermediates.noindex/AdaEngine.build/Debug-watchos/freetype.build/Objects-normal/arm64_32/truetype.dia -c /Users/admin/builder/spi-builder-workspace/Sources/msdf-atlas-gen/freetype/src/truetype/truetype.c -o /Users/admin/builder/spi-builder-workspace/.derivedData/Build/Intermediates.noindex/AdaEngine.build/Debug-watchos/freetype.build/Objects-normal/arm64_32/truetype.o -index-unit-output-path /AdaEngine.build/Debug-watchos/freetype.build/Objects-normal/arm64_32/truetype.o
CompileC /Users/admin/builder/spi-builder-workspace/.derivedData/Build/Intermediates.noindex/AdaEngine.build/Debug-watchos/freetype.build/Objects-normal/arm64_32/sfnt.o /Users/admin/builder/spi-builder-workspace/Sources/msdf-atlas-gen/freetype/src/sfnt/sfnt.c normal arm64_32 c com.apple.compilers.llvm.clang.1_0.compiler (in target 'freetype' from project 'AdaEngine')
cd /Users/admin/builder/spi-builder-workspace/.swiftpm/xcode
Using response file: /Users/admin/builder/spi-builder-workspace/.derivedData/Build/Intermediates.noindex/AdaEngine.build/Debug-watchos/freetype.build/Objects-normal/arm64_32/7187679823f38a2a940e0043cdf9d637-common-args.resp
/Applications/Xcode-26.5.0.app/Contents/Developer/Toolchains/XcodeDefault.xctoolchain/usr/bin/clang -x c -ivfsstatcache /Users/admin/builder/spi-builder-workspace/.derivedData/SDKStatCaches.noindex/watchos26.5-23T570-688ef53f1462e2c8f657fdc38a81448f7931b973dfc65d9472806dbbc3af9379.sdkstatcache -target arm64_32-apple-watchos11.0 -fmessage-length\=0 -fdiagnostics-show-note-include-stack -fmacro-backtrace-limit\=0 -fno-color-diagnostics -fmodules-prune-interval\=86400 -fmodules-prune-after\=345600 -fbuild-session-file\=/Users/admin/builder/spi-builder-workspace/.derivedData/ModuleCache.noindex/Session.modulevalidation -fmodules-validate-once-per-build-session -Wnon-modular-include-in-framework-module -Werror\=non-modular-include-in-framework-module -Wno-trigraphs -Wno-missing-field-initializers -Wno-missing-prototypes -Wno-return-type -Wno-missing-braces -Wparentheses -Wswitch -Wno-unused-function -Wno-unused-label -Wno-unused-parameter -Wno-unused-variable -Wunused-value -Wno-empty-body -Wno-uninitialized -Wno-unknown-pragmas -Wno-shadow -Wno-four-char-constants -Wno-conversion -Wno-constant-conversion -Wno-int-conversion -Wno-bool-conversion -Wno-enum-conversion -Wno-float-conversion -Wno-non-literal-null-conversion -Wno-objc-literal-conversion -Wno-shorten-64-to-32 -Wpointer-sign -Wno-newline-eof -Wno-implicit-fallthrough -isysroot /Applications/Xcode-26.5.0.app/Contents/Developer/Platforms/WatchOS.platform/Developer/SDKs/WatchOS26.5.sdk -fstrict-aliasing -Wdeprecated-declarations -Wno-sign-conversion -Wno-infinite-recursion -Wno-comma -Wno-block-capture-autoreleasing -Wno-strict-prototypes -Wno-semicolon-before-method-body -index-store-path /Users/admin/builder/spi-builder-workspace/.derivedData/Index.noindex/DataStore -w @/Users/admin/builder/spi-builder-workspace/.derivedData/Build/Intermediates.noindex/AdaEngine.build/Debug-watchos/freetype.build/Objects-normal/arm64_32/7187679823f38a2a940e0043cdf9d637-common-args.resp -MMD -MT dependencies -MF /Users/admin/builder/spi-builder-workspace/.derivedData/Build/Intermediates.noindex/AdaEngine.build/Debug-watchos/freetype.build/Objects-normal/arm64_32/sfnt.d --serialize-diagnostics /Users/admin/builder/spi-builder-workspace/.derivedData/Build/Intermediates.noindex/AdaEngine.build/Debug-watchos/freetype.build/Objects-normal/arm64_32/sfnt.dia -c /Users/admin/builder/spi-builder-workspace/Sources/msdf-atlas-gen/freetype/src/sfnt/sfnt.c -o /Users/admin/builder/spi-builder-workspace/.derivedData/Build/Intermediates.noindex/AdaEngine.build/Debug-watchos/freetype.build/Objects-normal/arm64_32/sfnt.o -index-unit-output-path /AdaEngine.build/Debug-watchos/freetype.build/Objects-normal/arm64_32/sfnt.o
CompileC /Users/admin/builder/spi-builder-workspace/.derivedData/Build/Intermediates.noindex/AdaEngine.build/Debug-watchos/freetype.build/Objects-normal/arm64_32/sdf.o /Users/admin/builder/spi-builder-workspace/Sources/msdf-atlas-gen/freetype/src/sdf/sdf.c normal arm64_32 c com.apple.compilers.llvm.clang.1_0.compiler (in target 'freetype' from project 'AdaEngine')
cd /Users/admin/builder/spi-builder-workspace/.swiftpm/xcode
Using response file: /Users/admin/builder/spi-builder-workspace/.derivedData/Build/Intermediates.noindex/AdaEngine.build/Debug-watchos/freetype.build/Objects-normal/arm64_32/7187679823f38a2a940e0043cdf9d637-common-args.resp
/Applications/Xcode-26.5.0.app/Contents/Developer/Toolchains/XcodeDefault.xctoolchain/usr/bin/clang -x c -ivfsstatcache /Users/admin/builder/spi-builder-workspace/.derivedData/SDKStatCaches.noindex/watchos26.5-23T570-688ef53f1462e2c8f657fdc38a81448f7931b973dfc65d9472806dbbc3af9379.sdkstatcache -target arm64_32-apple-watchos11.0 -fmessage-length\=0 -fdiagnostics-show-note-include-stack -fmacro-backtrace-limit\=0 -fno-color-diagnostics -fmodules-prune-interval\=86400 -fmodules-prune-after\=345600 -fbuild-session-file\=/Users/admin/builder/spi-builder-workspace/.derivedData/ModuleCache.noindex/Session.modulevalidation -fmodules-validate-once-per-build-session -Wnon-modular-include-in-framework-module -Werror\=non-modular-include-in-framework-module -Wno-trigraphs -Wno-missing-field-initializers -Wno-missing-prototypes -Wno-return-type -Wno-missing-braces -Wparentheses -Wswitch -Wno-unused-function -Wno-unused-label -Wno-unused-parameter -Wno-unused-variable -Wunused-value -Wno-empty-body -Wno-uninitialized -Wno-unknown-pragmas -Wno-shadow -Wno-four-char-constants -Wno-conversion -Wno-constant-conversion -Wno-int-conversion -Wno-bool-conversion -Wno-enum-conversion -Wno-float-conversion -Wno-non-literal-null-conversion -Wno-objc-literal-conversion -Wno-shorten-64-to-32 -Wpointer-sign -Wno-newline-eof -Wno-implicit-fallthrough -isysroot /Applications/Xcode-26.5.0.app/Contents/Developer/Platforms/WatchOS.platform/Developer/SDKs/WatchOS26.5.sdk -fstrict-aliasing -Wdeprecated-declarations -Wno-sign-conversion -Wno-infinite-recursion -Wno-comma -Wno-block-capture-autoreleasing -Wno-strict-prototypes -Wno-semicolon-before-method-body -index-store-path /Users/admin/builder/spi-builder-workspace/.derivedData/Index.noindex/DataStore -w @/Users/admin/builder/spi-builder-workspace/.derivedData/Build/Intermediates.noindex/AdaEngine.build/Debug-watchos/freetype.build/Objects-normal/arm64_32/7187679823f38a2a940e0043cdf9d637-common-args.resp -MMD -MT dependencies -MF /Users/admin/builder/spi-builder-workspace/.derivedData/Build/Intermediates.noindex/AdaEngine.build/Debug-watchos/freetype.build/Objects-normal/arm64_32/sdf.d --serialize-diagnostics /Users/admin/builder/spi-builder-workspace/.derivedData/Build/Intermediates.noindex/AdaEngine.build/Debug-watchos/freetype.build/Objects-normal/arm64_32/sdf.dia -c /Users/admin/builder/spi-builder-workspace/Sources/msdf-atlas-gen/freetype/src/sdf/sdf.c -o /Users/admin/builder/spi-builder-workspace/.derivedData/Build/Intermediates.noindex/AdaEngine.build/Debug-watchos/freetype.build/Objects-normal/arm64_32/sdf.o -index-unit-output-path /AdaEngine.build/Debug-watchos/freetype.build/Objects-normal/arm64_32/sdf.o
CompileC /Users/admin/builder/spi-builder-workspace/.derivedData/Build/Intermediates.noindex/AdaEngine.build/Debug-watchos/freetype.build/Objects-normal/arm64_32/raster.o /Users/admin/builder/spi-builder-workspace/Sources/msdf-atlas-gen/freetype/src/raster/raster.c normal arm64_32 c com.apple.compilers.llvm.clang.1_0.compiler (in target 'freetype' from project 'AdaEngine')
cd /Users/admin/builder/spi-builder-workspace/.swiftpm/xcode
Using response file: /Users/admin/builder/spi-builder-workspace/.derivedData/Build/Intermediates.noindex/AdaEngine.build/Debug-watchos/freetype.build/Objects-normal/arm64_32/7187679823f38a2a940e0043cdf9d637-common-args.resp
/Applications/Xcode-26.5.0.app/Contents/Developer/Toolchains/XcodeDefault.xctoolchain/usr/bin/clang -x c -ivfsstatcache /Users/admin/builder/spi-builder-workspace/.derivedData/SDKStatCaches.noindex/watchos26.5-23T570-688ef53f1462e2c8f657fdc38a81448f7931b973dfc65d9472806dbbc3af9379.sdkstatcache -target arm64_32-apple-watchos11.0 -fmessage-length\=0 -fdiagnostics-show-note-include-stack -fmacro-backtrace-limit\=0 -fno-color-diagnostics -fmodules-prune-interval\=86400 -fmodules-prune-after\=345600 -fbuild-session-file\=/Users/admin/builder/spi-builder-workspace/.derivedData/ModuleCache.noindex/Session.modulevalidation -fmodules-validate-once-per-build-session -Wnon-modular-include-in-framework-module -Werror\=non-modular-include-in-framework-module -Wno-trigraphs -Wno-missing-field-initializers -Wno-missing-prototypes -Wno-return-type -Wno-missing-braces -Wparentheses -Wswitch -Wno-unused-function -Wno-unused-label -Wno-unused-parameter -Wno-unused-variable -Wunused-value -Wno-empty-body -Wno-uninitialized -Wno-unknown-pragmas -Wno-shadow -Wno-four-char-constants -Wno-conversion -Wno-constant-conversion -Wno-int-conversion -Wno-bool-conversion -Wno-enum-conversion -Wno-float-conversion -Wno-non-literal-null-conversion -Wno-objc-literal-conversion -Wno-shorten-64-to-32 -Wpointer-sign -Wno-newline-eof -Wno-implicit-fallthrough -isysroot /Applications/Xcode-26.5.0.app/Contents/Developer/Platforms/WatchOS.platform/Developer/SDKs/WatchOS26.5.sdk -fstrict-aliasing -Wdeprecated-declarations -Wno-sign-conversion -Wno-infinite-recursion -Wno-comma -Wno-block-capture-autoreleasing -Wno-strict-prototypes -Wno-semicolon-before-method-body -index-store-path /Users/admin/builder/spi-builder-workspace/.derivedData/Index.noindex/DataStore -w @/Users/admin/builder/spi-builder-workspace/.derivedData/Build/Intermediates.noindex/AdaEngine.build/Debug-watchos/freetype.build/Objects-normal/arm64_32/7187679823f38a2a940e0043cdf9d637-common-args.resp -MMD -MT dependencies -MF /Users/admin/builder/spi-builder-workspace/.derivedData/Build/Intermediates.noindex/AdaEngine.build/Debug-watchos/freetype.build/Objects-normal/arm64_32/raster.d --serialize-diagnostics /Users/admin/builder/spi-builder-workspace/.derivedData/Build/Intermediates.noindex/AdaEngine.build/Debug-watchos/freetype.build/Objects-normal/arm64_32/raster.dia -c /Users/admin/builder/spi-builder-workspace/Sources/msdf-atlas-gen/freetype/src/raster/raster.c -o /Users/admin/builder/spi-builder-workspace/.derivedData/Build/Intermediates.noindex/AdaEngine.build/Debug-watchos/freetype.build/Objects-normal/arm64_32/raster.o -index-unit-output-path /AdaEngine.build/Debug-watchos/freetype.build/Objects-normal/arm64_32/raster.o
CompileC /Users/admin/builder/spi-builder-workspace/.derivedData/Build/Intermediates.noindex/AdaEngine.build/Debug-watchos/freetype.build/Objects-normal/arm64_32/psnames.o /Users/admin/builder/spi-builder-workspace/Sources/msdf-atlas-gen/freetype/src/psnames/psnames.c normal arm64_32 c com.apple.compilers.llvm.clang.1_0.compiler (in target 'freetype' from project 'AdaEngine')
cd /Users/admin/builder/spi-builder-workspace/.swiftpm/xcode
Using response file: /Users/admin/builder/spi-builder-workspace/.derivedData/Build/Intermediates.noindex/AdaEngine.build/Debug-watchos/freetype.build/Objects-normal/arm64_32/7187679823f38a2a940e0043cdf9d637-common-args.resp
/Applications/Xcode-26.5.0.app/Contents/Developer/Toolchains/XcodeDefault.xctoolchain/usr/bin/clang -x c -ivfsstatcache /Users/admin/builder/spi-builder-workspace/.derivedData/SDKStatCaches.noindex/watchos26.5-23T570-688ef53f1462e2c8f657fdc38a81448f7931b973dfc65d9472806dbbc3af9379.sdkstatcache -target arm64_32-apple-watchos11.0 -fmessage-length\=0 -fdiagnostics-show-note-include-stack -fmacro-backtrace-limit\=0 -fno-color-diagnostics -fmodules-prune-interval\=86400 -fmodules-prune-after\=345600 -fbuild-session-file\=/Users/admin/builder/spi-builder-workspace/.derivedData/ModuleCache.noindex/Session.modulevalidation -fmodules-validate-once-per-build-session -Wnon-modular-include-in-framework-module -Werror\=non-modular-include-in-framework-module -Wno-trigraphs -Wno-missing-field-initializers -Wno-missing-prototypes -Wno-return-type -Wno-missing-braces -Wparentheses -Wswitch -Wno-unused-function -Wno-unused-label -Wno-unused-parameter -Wno-unused-variable -Wunused-value -Wno-empty-body -Wno-uninitialized -Wno-unknown-pragmas -Wno-shadow -Wno-four-char-constants -Wno-conversion -Wno-constant-conversion -Wno-int-conversion -Wno-bool-conversion -Wno-enum-conversion -Wno-float-conversion -Wno-non-literal-null-conversion -Wno-objc-literal-conversion -Wno-shorten-64-to-32 -Wpointer-sign -Wno-newline-eof -Wno-implicit-fallthrough -isysroot /Applications/Xcode-26.5.0.app/Contents/Developer/Platforms/WatchOS.platform/Developer/SDKs/WatchOS26.5.sdk -fstrict-aliasing -Wdeprecated-declarations -Wno-sign-conversion -Wno-infinite-recursion -Wno-comma -Wno-block-capture-autoreleasing -Wno-strict-prototypes -Wno-semicolon-before-method-body -index-store-path /Users/admin/builder/spi-builder-workspace/.derivedData/Index.noindex/DataStore -w @/Users/admin/builder/spi-builder-workspace/.derivedData/Build/Intermediates.noindex/AdaEngine.build/Debug-watchos/freetype.build/Objects-normal/arm64_32/7187679823f38a2a940e0043cdf9d637-common-args.resp -MMD -MT dependencies -MF /Users/admin/builder/spi-builder-workspace/.derivedData/Build/Intermediates.noindex/AdaEngine.build/Debug-watchos/freetype.build/Objects-normal/arm64_32/psnames.d --serialize-diagnostics /Users/admin/builder/spi-builder-workspace/.derivedData/Build/Intermediates.noindex/AdaEngine.build/Debug-watchos/freetype.build/Objects-normal/arm64_32/psnames.dia -c /Users/admin/builder/spi-builder-workspace/Sources/msdf-atlas-gen/freetype/src/psnames/psnames.c -o /Users/admin/builder/spi-builder-workspace/.derivedData/Build/Intermediates.noindex/AdaEngine.build/Debug-watchos/freetype.build/Objects-normal/arm64_32/psnames.o -index-unit-output-path /AdaEngine.build/Debug-watchos/freetype.build/Objects-normal/arm64_32/psnames.o
CompileC /Users/admin/builder/spi-builder-workspace/.derivedData/Build/Intermediates.noindex/AdaEngine.build/Debug-watchos/freetype.build/Objects-normal/arm64_32/pshinter.o /Users/admin/builder/spi-builder-workspace/Sources/msdf-atlas-gen/freetype/src/pshinter/pshinter.c normal arm64_32 c com.apple.compilers.llvm.clang.1_0.compiler (in target 'freetype' from project 'AdaEngine')
cd /Users/admin/builder/spi-builder-workspace/.swiftpm/xcode
Using response file: /Users/admin/builder/spi-builder-workspace/.derivedData/Build/Intermediates.noindex/AdaEngine.build/Debug-watchos/freetype.build/Objects-normal/arm64_32/7187679823f38a2a940e0043cdf9d637-common-args.resp
/Applications/Xcode-26.5.0.app/Contents/Developer/Toolchains/XcodeDefault.xctoolchain/usr/bin/clang -x c -ivfsstatcache /Users/admin/builder/spi-builder-workspace/.derivedData/SDKStatCaches.noindex/watchos26.5-23T570-688ef53f1462e2c8f657fdc38a81448f7931b973dfc65d9472806dbbc3af9379.sdkstatcache -target arm64_32-apple-watchos11.0 -fmessage-length\=0 -fdiagnostics-show-note-include-stack -fmacro-backtrace-limit\=0 -fno-color-diagnostics -fmodules-prune-interval\=86400 -fmodules-prune-after\=345600 -fbuild-session-file\=/Users/admin/builder/spi-builder-workspace/.derivedData/ModuleCache.noindex/Session.modulevalidation -fmodules-validate-once-per-build-session -Wnon-modular-include-in-framework-module -Werror\=non-modular-include-in-framework-module -Wno-trigraphs -Wno-missing-field-initializers -Wno-missing-prototypes -Wno-return-type -Wno-missing-braces -Wparentheses -Wswitch -Wno-unused-function -Wno-unused-label -Wno-unused-parameter -Wno-unused-variable -Wunused-value -Wno-empty-body -Wno-uninitialized -Wno-unknown-pragmas -Wno-shadow -Wno-four-char-constants -Wno-conversion -Wno-constant-conversion -Wno-int-conversion -Wno-bool-conversion -Wno-enum-conversion -Wno-float-conversion -Wno-non-literal-null-conversion -Wno-objc-literal-conversion -Wno-shorten-64-to-32 -Wpointer-sign -Wno-newline-eof -Wno-implicit-fallthrough -isysroot /Applications/Xcode-26.5.0.app/Contents/Developer/Platforms/WatchOS.platform/Developer/SDKs/WatchOS26.5.sdk -fstrict-aliasing -Wdeprecated-declarations -Wno-sign-conversion -Wno-infinite-recursion -Wno-comma -Wno-block-capture-autoreleasing -Wno-strict-prototypes -Wno-semicolon-before-method-body -index-store-path /Users/admin/builder/spi-builder-workspace/.derivedData/Index.noindex/DataStore -w @/Users/admin/builder/spi-builder-workspace/.derivedData/Build/Intermediates.noindex/AdaEngine.build/Debug-watchos/freetype.build/Objects-normal/arm64_32/7187679823f38a2a940e0043cdf9d637-common-args.resp -MMD -MT dependencies -MF /Users/admin/builder/spi-builder-workspace/.derivedData/Build/Intermediates.noindex/AdaEngine.build/Debug-watchos/freetype.build/Objects-normal/arm64_32/pshinter.d --serialize-diagnostics /Users/admin/builder/spi-builder-workspace/.derivedData/Build/Intermediates.noindex/AdaEngine.build/Debug-watchos/freetype.build/Objects-normal/arm64_32/pshinter.dia -c /Users/admin/builder/spi-builder-workspace/Sources/msdf-atlas-gen/freetype/src/pshinter/pshinter.c -o /Users/admin/builder/spi-builder-workspace/.derivedData/Build/Intermediates.noindex/AdaEngine.build/Debug-watchos/freetype.build/Objects-normal/arm64_32/pshinter.o -index-unit-output-path /AdaEngine.build/Debug-watchos/freetype.build/Objects-normal/arm64_32/pshinter.o
SwiftEmitModule normal arm64 Emitting\ module\ for\ AdaScriptCompilerCore (in target 'AdaScriptCompilerCore' from project 'AdaEngine')
EmitSwiftModule normal arm64 (in target 'AdaScriptCompilerCore' from project 'AdaEngine')
cd /Users/admin/builder/spi-builder-workspace/.swiftpm/xcode
SwiftEmitModule normal arm64_32 Emitting\ module\ for\ AdaScriptCompilerCore (in target 'AdaScriptCompilerCore' from project 'AdaEngine')
EmitSwiftModule normal arm64_32 (in target 'AdaScriptCompilerCore' from project 'AdaEngine')
cd /Users/admin/builder/spi-builder-workspace/.swiftpm/xcode
CompileC /Users/admin/builder/spi-builder-workspace/.derivedData/Build/Intermediates.noindex/AdaEngine.build/Debug-watchos/freetype.build/Objects-normal/arm64_32/psaux.o /Users/admin/builder/spi-builder-workspace/Sources/msdf-atlas-gen/freetype/src/psaux/psaux.c normal arm64_32 c com.apple.compilers.llvm.clang.1_0.compiler (in target 'freetype' from project 'AdaEngine')
cd /Users/admin/builder/spi-builder-workspace/.swiftpm/xcode
Using response file: /Users/admin/builder/spi-builder-workspace/.derivedData/Build/Intermediates.noindex/AdaEngine.build/Debug-watchos/freetype.build/Objects-normal/arm64_32/7187679823f38a2a940e0043cdf9d637-common-args.resp
/Applications/Xcode-26.5.0.app/Contents/Developer/Toolchains/XcodeDefault.xctoolchain/usr/bin/clang -x c -ivfsstatcache /Users/admin/builder/spi-builder-workspace/.derivedData/SDKStatCaches.noindex/watchos26.5-23T570-688ef53f1462e2c8f657fdc38a81448f7931b973dfc65d9472806dbbc3af9379.sdkstatcache -target arm64_32-apple-watchos11.0 -fmessage-length\=0 -fdiagnostics-show-note-include-stack -fmacro-backtrace-limit\=0 -fno-color-diagnostics -fmodules-prune-interval\=86400 -fmodules-prune-after\=345600 -fbuild-session-file\=/Users/admin/builder/spi-builder-workspace/.derivedData/ModuleCache.noindex/Session.modulevalidation -fmodules-validate-once-per-build-session -Wnon-modular-include-in-framework-module -Werror\=non-modular-include-in-framework-module -Wno-trigraphs -Wno-missing-field-initializers -Wno-missing-prototypes -Wno-return-type -Wno-missing-braces -Wparentheses -Wswitch -Wno-unused-function -Wno-unused-label -Wno-unused-parameter -Wno-unused-variable -Wunused-value -Wno-empty-body -Wno-uninitialized -Wno-unknown-pragmas -Wno-shadow -Wno-four-char-constants -Wno-conversion -Wno-constant-conversion -Wno-int-conversion -Wno-bool-conversion -Wno-enum-conversion -Wno-float-conversion -Wno-non-literal-null-conversion -Wno-objc-literal-conversion -Wno-shorten-64-to-32 -Wpointer-sign -Wno-newline-eof -Wno-implicit-fallthrough -isysroot /Applications/Xcode-26.5.0.app/Contents/Developer/Platforms/WatchOS.platform/Developer/SDKs/WatchOS26.5.sdk -fstrict-aliasing -Wdeprecated-declarations -Wno-sign-conversion -Wno-infinite-recursion -Wno-comma -Wno-block-capture-autoreleasing -Wno-strict-prototypes -Wno-semicolon-before-method-body -index-store-path /Users/admin/builder/spi-builder-workspace/.derivedData/Index.noindex/DataStore -w @/Users/admin/builder/spi-builder-workspace/.derivedData/Build/Intermediates.noindex/AdaEngine.build/Debug-watchos/freetype.build/Objects-normal/arm64_32/7187679823f38a2a940e0043cdf9d637-common-args.resp -MMD -MT dependencies -MF /Users/admin/builder/spi-builder-workspace/.derivedData/Build/Intermediates.noindex/AdaEngine.build/Debug-watchos/freetype.build/Objects-normal/arm64_32/psaux.d --serialize-diagnostics /Users/admin/builder/spi-builder-workspace/.derivedData/Build/Intermediates.noindex/AdaEngine.build/Debug-watchos/freetype.build/Objects-normal/arm64_32/psaux.dia -c /Users/admin/builder/spi-builder-workspace/Sources/msdf-atlas-gen/freetype/src/psaux/psaux.c -o /Users/admin/builder/spi-builder-workspace/.derivedData/Build/Intermediates.noindex/AdaEngine.build/Debug-watchos/freetype.build/Objects-normal/arm64_32/psaux.o -index-unit-output-path /AdaEngine.build/Debug-watchos/freetype.build/Objects-normal/arm64_32/psaux.o
CompileC /Users/admin/builder/spi-builder-workspace/.derivedData/Build/Intermediates.noindex/AdaEngine.build/Debug-watchos/freetype.build/Objects-normal/arm64_32/pfr.o /Users/admin/builder/spi-builder-workspace/Sources/msdf-atlas-gen/freetype/src/pfr/pfr.c normal arm64_32 c com.apple.compilers.llvm.clang.1_0.compiler (in target 'freetype' from project 'AdaEngine')
cd /Users/admin/builder/spi-builder-workspace/.swiftpm/xcode
Using response file: /Users/admin/builder/spi-builder-workspace/.derivedData/Build/Intermediates.noindex/AdaEngine.build/Debug-watchos/freetype.build/Objects-normal/arm64_32/7187679823f38a2a940e0043cdf9d637-common-args.resp
/Applications/Xcode-26.5.0.app/Contents/Developer/Toolchains/XcodeDefault.xctoolchain/usr/bin/clang -x c -ivfsstatcache /Users/admin/builder/spi-builder-workspace/.derivedData/SDKStatCaches.noindex/watchos26.5-23T570-688ef53f1462e2c8f657fdc38a81448f7931b973dfc65d9472806dbbc3af9379.sdkstatcache -target arm64_32-apple-watchos11.0 -fmessage-length\=0 -fdiagnostics-show-note-include-stack -fmacro-backtrace-limit\=0 -fno-color-diagnostics -fmodules-prune-interval\=86400 -fmodules-prune-after\=345600 -fbuild-session-file\=/Users/admin/builder/spi-builder-workspace/.derivedData/ModuleCache.noindex/Session.modulevalidation -fmodules-validate-once-per-build-session -Wnon-modular-include-in-framework-module -Werror\=non-modular-include-in-framework-module -Wno-trigraphs -Wno-missing-field-initializers -Wno-missing-prototypes -Wno-return-type -Wno-missing-braces -Wparentheses -Wswitch -Wno-unused-function -Wno-unused-label -Wno-unused-parameter -Wno-unused-variable -Wunused-value -Wno-empty-body -Wno-uninitialized -Wno-unknown-pragmas -Wno-shadow -Wno-four-char-constants -Wno-conversion -Wno-constant-conversion -Wno-int-conversion -Wno-bool-conversion -Wno-enum-conversion -Wno-float-conversion -Wno-non-literal-null-conversion -Wno-objc-literal-conversion -Wno-shorten-64-to-32 -Wpointer-sign -Wno-newline-eof -Wno-implicit-fallthrough -isysroot /Applications/Xcode-26.5.0.app/Contents/Developer/Platforms/WatchOS.platform/Developer/SDKs/WatchOS26.5.sdk -fstrict-aliasing -Wdeprecated-declarations -Wno-sign-conversion -Wno-infinite-recursion -Wno-comma -Wno-block-capture-autoreleasing -Wno-strict-prototypes -Wno-semicolon-before-method-body -index-store-path /Users/admin/builder/spi-builder-workspace/.derivedData/Index.noindex/DataStore -w @/Users/admin/builder/spi-builder-workspace/.derivedData/Build/Intermediates.noindex/AdaEngine.build/Debug-watchos/freetype.build/Objects-normal/arm64_32/7187679823f38a2a940e0043cdf9d637-common-args.resp -MMD -MT dependencies -MF /Users/admin/builder/spi-builder-workspace/.derivedData/Build/Intermediates.noindex/AdaEngine.build/Debug-watchos/freetype.build/Objects-normal/arm64_32/pfr.d --serialize-diagnostics /Users/admin/builder/spi-builder-workspace/.derivedData/Build/Intermediates.noindex/AdaEngine.build/Debug-watchos/freetype.build/Objects-normal/arm64_32/pfr.dia -c /Users/admin/builder/spi-builder-workspace/Sources/msdf-atlas-gen/freetype/src/pfr/pfr.c -o /Users/admin/builder/spi-builder-workspace/.derivedData/Build/Intermediates.noindex/AdaEngine.build/Debug-watchos/freetype.build/Objects-normal/arm64_32/pfr.o -index-unit-output-path /AdaEngine.build/Debug-watchos/freetype.build/Objects-normal/arm64_32/pfr.o
CompileC /Users/admin/builder/spi-builder-workspace/.derivedData/Build/Intermediates.noindex/AdaEngine.build/Debug-watchos/freetype.build/Objects-normal/arm64_32/pcf.o /Users/admin/builder/spi-builder-workspace/Sources/msdf-atlas-gen/freetype/src/pcf/pcf.c normal arm64_32 c com.apple.compilers.llvm.clang.1_0.compiler (in target 'freetype' from project 'AdaEngine')
cd /Users/admin/builder/spi-builder-workspace/.swiftpm/xcode
Using response file: /Users/admin/builder/spi-builder-workspace/.derivedData/Build/Intermediates.noindex/AdaEngine.build/Debug-watchos/freetype.build/Objects-normal/arm64_32/7187679823f38a2a940e0043cdf9d637-common-args.resp
/Applications/Xcode-26.5.0.app/Contents/Developer/Toolchains/XcodeDefault.xctoolchain/usr/bin/clang -x c -ivfsstatcache /Users/admin/builder/spi-builder-workspace/.derivedData/SDKStatCaches.noindex/watchos26.5-23T570-688ef53f1462e2c8f657fdc38a81448f7931b973dfc65d9472806dbbc3af9379.sdkstatcache -target arm64_32-apple-watchos11.0 -fmessage-length\=0 -fdiagnostics-show-note-include-stack -fmacro-backtrace-limit\=0 -fno-color-diagnostics -fmodules-prune-interval\=86400 -fmodules-prune-after\=345600 -fbuild-session-file\=/Users/admin/builder/spi-builder-workspace/.derivedData/ModuleCache.noindex/Session.modulevalidation -fmodules-validate-once-per-build-session -Wnon-modular-include-in-framework-module -Werror\=non-modular-include-in-framework-module -Wno-trigraphs -Wno-missing-field-initializers -Wno-missing-prototypes -Wno-return-type -Wno-missing-braces -Wparentheses -Wswitch -Wno-unused-function -Wno-unused-label -Wno-unused-parameter -Wno-unused-variable -Wunused-value -Wno-empty-body -Wno-uninitialized -Wno-unknown-pragmas -Wno-shadow -Wno-four-char-constants -Wno-conversion -Wno-constant-conversion -Wno-int-conversion -Wno-bool-conversion -Wno-enum-conversion -Wno-float-conversion -Wno-non-literal-null-conversion -Wno-objc-literal-conversion -Wno-shorten-64-to-32 -Wpointer-sign -Wno-newline-eof -Wno-implicit-fallthrough -isysroot /Applications/Xcode-26.5.0.app/Contents/Developer/Platforms/WatchOS.platform/Developer/SDKs/WatchOS26.5.sdk -fstrict-aliasing -Wdeprecated-declarations -Wno-sign-conversion -Wno-infinite-recursion -Wno-comma -Wno-block-capture-autoreleasing -Wno-strict-prototypes -Wno-semicolon-before-method-body -index-store-path /Users/admin/builder/spi-builder-workspace/.derivedData/Index.noindex/DataStore -w @/Users/admin/builder/spi-builder-workspace/.derivedData/Build/Intermediates.noindex/AdaEngine.build/Debug-watchos/freetype.build/Objects-normal/arm64_32/7187679823f38a2a940e0043cdf9d637-common-args.resp -MMD -MT dependencies -MF /Users/admin/builder/spi-builder-workspace/.derivedData/Build/Intermediates.noindex/AdaEngine.build/Debug-watchos/freetype.build/Objects-normal/arm64_32/pcf.d --serialize-diagnostics /Users/admin/builder/spi-builder-workspace/.derivedData/Build/Intermediates.noindex/AdaEngine.build/Debug-watchos/freetype.build/Objects-normal/arm64_32/pcf.dia -c /Users/admin/builder/spi-builder-workspace/Sources/msdf-atlas-gen/freetype/src/pcf/pcf.c -o /Users/admin/builder/spi-builder-workspace/.derivedData/Build/Intermediates.noindex/AdaEngine.build/Debug-watchos/freetype.build/Objects-normal/arm64_32/pcf.o -index-unit-output-path /AdaEngine.build/Debug-watchos/freetype.build/Objects-normal/arm64_32/pcf.o
CompileC /Users/admin/builder/spi-builder-workspace/.derivedData/Build/Intermediates.noindex/AdaEngine.build/Debug-watchos/freetype.build/Objects-normal/arm64_32/ftwinfnt.o /Users/admin/builder/spi-builder-workspace/Sources/msdf-atlas-gen/freetype/src/base/ftwinfnt.c normal arm64_32 c com.apple.compilers.llvm.clang.1_0.compiler (in target 'freetype' from project 'AdaEngine')
cd /Users/admin/builder/spi-builder-workspace/.swiftpm/xcode
Using response file: /Users/admin/builder/spi-builder-workspace/.derivedData/Build/Intermediates.noindex/AdaEngine.build/Debug-watchos/freetype.build/Objects-normal/arm64_32/7187679823f38a2a940e0043cdf9d637-common-args.resp
/Applications/Xcode-26.5.0.app/Contents/Developer/Toolchains/XcodeDefault.xctoolchain/usr/bin/clang -x c -ivfsstatcache /Users/admin/builder/spi-builder-workspace/.derivedData/SDKStatCaches.noindex/watchos26.5-23T570-688ef53f1462e2c8f657fdc38a81448f7931b973dfc65d9472806dbbc3af9379.sdkstatcache -target arm64_32-apple-watchos11.0 -fmessage-length\=0 -fdiagnostics-show-note-include-stack -fmacro-backtrace-limit\=0 -fno-color-diagnostics -fmodules-prune-interval\=86400 -fmodules-prune-after\=345600 -fbuild-session-file\=/Users/admin/builder/spi-builder-workspace/.derivedData/ModuleCache.noindex/Session.modulevalidation -fmodules-validate-once-per-build-session -Wnon-modular-include-in-framework-module -Werror\=non-modular-include-in-framework-module -Wno-trigraphs -Wno-missing-field-initializers -Wno-missing-prototypes -Wno-return-type -Wno-missing-braces -Wparentheses -Wswitch -Wno-unused-function -Wno-unused-label -Wno-unused-parameter -Wno-unused-variable -Wunused-value -Wno-empty-body -Wno-uninitialized -Wno-unknown-pragmas -Wno-shadow -Wno-four-char-constants -Wno-conversion -Wno-constant-conversion -Wno-int-conversion -Wno-bool-conversion -Wno-enum-conversion -Wno-float-conversion -Wno-non-literal-null-conversion -Wno-objc-literal-conversion -Wno-shorten-64-to-32 -Wpointer-sign -Wno-newline-eof -Wno-implicit-fallthrough -isysroot /Applications/Xcode-26.5.0.app/Contents/Developer/Platforms/WatchOS.platform/Developer/SDKs/WatchOS26.5.sdk -fstrict-aliasing -Wdeprecated-declarations -Wno-sign-conversion -Wno-infinite-recursion -Wno-comma -Wno-block-capture-autoreleasing -Wno-strict-prototypes -Wno-semicolon-before-method-body -index-store-path /Users/admin/builder/spi-builder-workspace/.derivedData/Index.noindex/DataStore -w @/Users/admin/builder/spi-builder-workspace/.derivedData/Build/Intermediates.noindex/AdaEngine.build/Debug-watchos/freetype.build/Objects-normal/arm64_32/7187679823f38a2a940e0043cdf9d637-common-args.resp -MMD -MT dependencies -MF /Users/admin/builder/spi-builder-workspace/.derivedData/Build/Intermediates.noindex/AdaEngine.build/Debug-watchos/freetype.build/Objects-normal/arm64_32/ftwinfnt.d --serialize-diagnostics /Users/admin/builder/spi-builder-workspace/.derivedData/Build/Intermediates.noindex/AdaEngine.build/Debug-watchos/freetype.build/Objects-normal/arm64_32/ftwinfnt.dia -c /Users/admin/builder/spi-builder-workspace/Sources/msdf-atlas-gen/freetype/src/base/ftwinfnt.c -o /Users/admin/builder/spi-builder-workspace/.derivedData/Build/Intermediates.noindex/AdaEngine.build/Debug-watchos/freetype.build/Objects-normal/arm64_32/ftwinfnt.o -index-unit-output-path /AdaEngine.build/Debug-watchos/freetype.build/Objects-normal/arm64_32/ftwinfnt.o
CompileC /Users/admin/builder/spi-builder-workspace/.derivedData/Build/Intermediates.noindex/AdaEngine.build/Debug-watchos/freetype.build/Objects-normal/arm64_32/fttype1.o /Users/admin/builder/spi-builder-workspace/Sources/msdf-atlas-gen/freetype/src/base/fttype1.c normal arm64_32 c com.apple.compilers.llvm.clang.1_0.compiler (in target 'freetype' from project 'AdaEngine')
cd /Users/admin/builder/spi-builder-workspace/.swiftpm/xcode
Using response file: /Users/admin/builder/spi-builder-workspace/.derivedData/Build/Intermediates.noindex/AdaEngine.build/Debug-watchos/freetype.build/Objects-normal/arm64_32/7187679823f38a2a940e0043cdf9d637-common-args.resp
/Applications/Xcode-26.5.0.app/Contents/Developer/Toolchains/XcodeDefault.xctoolchain/usr/bin/clang -x c -ivfsstatcache /Users/admin/builder/spi-builder-workspace/.derivedData/SDKStatCaches.noindex/watchos26.5-23T570-688ef53f1462e2c8f657fdc38a81448f7931b973dfc65d9472806dbbc3af9379.sdkstatcache -target arm64_32-apple-watchos11.0 -fmessage-length\=0 -fdiagnostics-show-note-include-stack -fmacro-backtrace-limit\=0 -fno-color-diagnostics -fmodules-prune-interval\=86400 -fmodules-prune-after\=345600 -fbuild-session-file\=/Users/admin/builder/spi-builder-workspace/.derivedData/ModuleCache.noindex/Session.modulevalidation -fmodules-validate-once-per-build-session -Wnon-modular-include-in-framework-module -Werror\=non-modular-include-in-framework-module -Wno-trigraphs -Wno-missing-field-initializers -Wno-missing-prototypes -Wno-return-type -Wno-missing-braces -Wparentheses -Wswitch -Wno-unused-function -Wno-unused-label -Wno-unused-parameter -Wno-unused-variable -Wunused-value -Wno-empty-body -Wno-uninitialized -Wno-unknown-pragmas -Wno-shadow -Wno-four-char-constants -Wno-conversion -Wno-constant-conversion -Wno-int-conversion -Wno-bool-conversion -Wno-enum-conversion -Wno-float-conversion -Wno-non-literal-null-conversion -Wno-objc-literal-conversion -Wno-shorten-64-to-32 -Wpointer-sign -Wno-newline-eof -Wno-implicit-fallthrough -isysroot /Applications/Xcode-26.5.0.app/Contents/Developer/Platforms/WatchOS.platform/Developer/SDKs/WatchOS26.5.sdk -fstrict-aliasing -Wdeprecated-declarations -Wno-sign-conversion -Wno-infinite-recursion -Wno-comma -Wno-block-capture-autoreleasing -Wno-strict-prototypes -Wno-semicolon-before-method-body -index-store-path /Users/admin/builder/spi-builder-workspace/.derivedData/Index.noindex/DataStore -w @/Users/admin/builder/spi-builder-workspace/.derivedData/Build/Intermediates.noindex/AdaEngine.build/Debug-watchos/freetype.build/Objects-normal/arm64_32/7187679823f38a2a940e0043cdf9d637-common-args.resp -MMD -MT dependencies -MF /Users/admin/builder/spi-builder-workspace/.derivedData/Build/Intermediates.noindex/AdaEngine.build/Debug-watchos/freetype.build/Objects-normal/arm64_32/fttype1.d --serialize-diagnostics /Users/admin/builder/spi-builder-workspace/.derivedData/Build/Intermediates.noindex/AdaEngine.build/Debug-watchos/freetype.build/Objects-normal/arm64_32/fttype1.dia -c /Users/admin/builder/spi-builder-workspace/Sources/msdf-atlas-gen/freetype/src/base/fttype1.c -o /Users/admin/builder/spi-builder-workspace/.derivedData/Build/Intermediates.noindex/AdaEngine.build/Debug-watchos/freetype.build/Objects-normal/arm64_32/fttype1.o -index-unit-output-path /AdaEngine.build/Debug-watchos/freetype.build/Objects-normal/arm64_32/fttype1.o
CompileC /Users/admin/builder/spi-builder-workspace/.derivedData/Build/Intermediates.noindex/AdaEngine.build/Debug-watchos/freetype.build/Objects-normal/arm64_32/ftsystem.o /Users/admin/builder/spi-builder-workspace/Sources/msdf-atlas-gen/freetype/src/base/ftsystem.c normal arm64_32 c com.apple.compilers.llvm.clang.1_0.compiler (in target 'freetype' from project 'AdaEngine')
cd /Users/admin/builder/spi-builder-workspace/.swiftpm/xcode
Using response file: /Users/admin/builder/spi-builder-workspace/.derivedData/Build/Intermediates.noindex/AdaEngine.build/Debug-watchos/freetype.build/Objects-normal/arm64_32/7187679823f38a2a940e0043cdf9d637-common-args.resp
/Applications/Xcode-26.5.0.app/Contents/Developer/Toolchains/XcodeDefault.xctoolchain/usr/bin/clang -x c -ivfsstatcache /Users/admin/builder/spi-builder-workspace/.derivedData/SDKStatCaches.noindex/watchos26.5-23T570-688ef53f1462e2c8f657fdc38a81448f7931b973dfc65d9472806dbbc3af9379.sdkstatcache -target arm64_32-apple-watchos11.0 -fmessage-length\=0 -fdiagnostics-show-note-include-stack -fmacro-backtrace-limit\=0 -fno-color-diagnostics -fmodules-prune-interval\=86400 -fmodules-prune-after\=345600 -fbuild-session-file\=/Users/admin/builder/spi-builder-workspace/.derivedData/ModuleCache.noindex/Session.modulevalidation -fmodules-validate-once-per-build-session -Wnon-modular-include-in-framework-module -Werror\=non-modular-include-in-framework-module -Wno-trigraphs -Wno-missing-field-initializers -Wno-missing-prototypes -Wno-return-type -Wno-missing-braces -Wparentheses -Wswitch -Wno-unused-function -Wno-unused-label -Wno-unused-parameter -Wno-unused-variable -Wunused-value -Wno-empty-body -Wno-uninitialized -Wno-unknown-pragmas -Wno-shadow -Wno-four-char-constants -Wno-conversion -Wno-constant-conversion -Wno-int-conversion -Wno-bool-conversion -Wno-enum-conversion -Wno-float-conversion -Wno-non-literal-null-conversion -Wno-objc-literal-conversion -Wno-shorten-64-to-32 -Wpointer-sign -Wno-newline-eof -Wno-implicit-fallthrough -isysroot /Applications/Xcode-26.5.0.app/Contents/Developer/Platforms/WatchOS.platform/Developer/SDKs/WatchOS26.5.sdk -fstrict-aliasing -Wdeprecated-declarations -Wno-sign-conversion -Wno-infinite-recursion -Wno-comma -Wno-block-capture-autoreleasing -Wno-strict-prototypes -Wno-semicolon-before-method-body -index-store-path /Users/admin/builder/spi-builder-workspace/.derivedData/Index.noindex/DataStore -w @/Users/admin/builder/spi-builder-workspace/.derivedData/Build/Intermediates.noindex/AdaEngine.build/Debug-watchos/freetype.build/Objects-normal/arm64_32/7187679823f38a2a940e0043cdf9d637-common-args.resp -MMD -MT dependencies -MF /Users/admin/builder/spi-builder-workspace/.derivedData/Build/Intermediates.noindex/AdaEngine.build/Debug-watchos/freetype.build/Objects-normal/arm64_32/ftsystem.d --serialize-diagnostics /Users/admin/builder/spi-builder-workspace/.derivedData/Build/Intermediates.noindex/AdaEngine.build/Debug-watchos/freetype.build/Objects-normal/arm64_32/ftsystem.dia -c /Users/admin/builder/spi-builder-workspace/Sources/msdf-atlas-gen/freetype/src/base/ftsystem.c -o /Users/admin/builder/spi-builder-workspace/.derivedData/Build/Intermediates.noindex/AdaEngine.build/Debug-watchos/freetype.build/Objects-normal/arm64_32/ftsystem.o -index-unit-output-path /AdaEngine.build/Debug-watchos/freetype.build/Objects-normal/arm64_32/ftsystem.o
CompileC /Users/admin/builder/spi-builder-workspace/.derivedData/Build/Intermediates.noindex/AdaEngine.build/Debug-watchos/freetype.build/Objects-normal/arm64_32/ftsynth.o /Users/admin/builder/spi-builder-workspace/Sources/msdf-atlas-gen/freetype/src/base/ftsynth.c normal arm64_32 c com.apple.compilers.llvm.clang.1_0.compiler (in target 'freetype' from project 'AdaEngine')
cd /Users/admin/builder/spi-builder-workspace/.swiftpm/xcode
Using response file: /Users/admin/builder/spi-builder-workspace/.derivedData/Build/Intermediates.noindex/AdaEngine.build/Debug-watchos/freetype.build/Objects-normal/arm64_32/7187679823f38a2a940e0043cdf9d637-common-args.resp
/Applications/Xcode-26.5.0.app/Contents/Developer/Toolchains/XcodeDefault.xctoolchain/usr/bin/clang -x c -ivfsstatcache /Users/admin/builder/spi-builder-workspace/.derivedData/SDKStatCaches.noindex/watchos26.5-23T570-688ef53f1462e2c8f657fdc38a81448f7931b973dfc65d9472806dbbc3af9379.sdkstatcache -target arm64_32-apple-watchos11.0 -fmessage-length\=0 -fdiagnostics-show-note-include-stack -fmacro-backtrace-limit\=0 -fno-color-diagnostics -fmodules-prune-interval\=86400 -fmodules-prune-after\=345600 -fbuild-session-file\=/Users/admin/builder/spi-builder-workspace/.derivedData/ModuleCache.noindex/Session.modulevalidation -fmodules-validate-once-per-build-session -Wnon-modular-include-in-framework-module -Werror\=non-modular-include-in-framework-module -Wno-trigraphs -Wno-missing-field-initializers -Wno-missing-prototypes -Wno-return-type -Wno-missing-braces -Wparentheses -Wswitch -Wno-unused-function -Wno-unused-label -Wno-unused-parameter -Wno-unused-variable -Wunused-value -Wno-empty-body -Wno-uninitialized -Wno-unknown-pragmas -Wno-shadow -Wno-four-char-constants -Wno-conversion -Wno-constant-conversion -Wno-int-conversion -Wno-bool-conversion -Wno-enum-conversion -Wno-float-conversion -Wno-non-literal-null-conversion -Wno-objc-literal-conversion -Wno-shorten-64-to-32 -Wpointer-sign -Wno-newline-eof -Wno-implicit-fallthrough -isysroot /Applications/Xcode-26.5.0.app/Contents/Developer/Platforms/WatchOS.platform/Developer/SDKs/WatchOS26.5.sdk -fstrict-aliasing -Wdeprecated-declarations -Wno-sign-conversion -Wno-infinite-recursion -Wno-comma -Wno-block-capture-autoreleasing -Wno-strict-prototypes -Wno-semicolon-before-method-body -index-store-path /Users/admin/builder/spi-builder-workspace/.derivedData/Index.noindex/DataStore -w @/Users/admin/builder/spi-builder-workspace/.derivedData/Build/Intermediates.noindex/AdaEngine.build/Debug-watchos/freetype.build/Objects-normal/arm64_32/7187679823f38a2a940e0043cdf9d637-common-args.resp -MMD -MT dependencies -MF /Users/admin/builder/spi-builder-workspace/.derivedData/Build/Intermediates.noindex/AdaEngine.build/Debug-watchos/freetype.build/Objects-normal/arm64_32/ftsynth.d --serialize-diagnostics /Users/admin/builder/spi-builder-workspace/.derivedData/Build/Intermediates.noindex/AdaEngine.build/Debug-watchos/freetype.build/Objects-normal/arm64_32/ftsynth.dia -c /Users/admin/builder/spi-builder-workspace/Sources/msdf-atlas-gen/freetype/src/base/ftsynth.c -o /Users/admin/builder/spi-builder-workspace/.derivedData/Build/Intermediates.noindex/AdaEngine.build/Debug-watchos/freetype.build/Objects-normal/arm64_32/ftsynth.o -index-unit-output-path /AdaEngine.build/Debug-watchos/freetype.build/Objects-normal/arm64_32/ftsynth.o
CompileC /Users/admin/builder/spi-builder-workspace/.derivedData/Build/Intermediates.noindex/AdaEngine.build/Debug-watchos/freetype.build/Objects-normal/arm64_32/ftstroke.o /Users/admin/builder/spi-builder-workspace/Sources/msdf-atlas-gen/freetype/src/base/ftstroke.c normal arm64_32 c com.apple.compilers.llvm.clang.1_0.compiler (in target 'freetype' from project 'AdaEngine')
cd /Users/admin/builder/spi-builder-workspace/.swiftpm/xcode
Using response file: /Users/admin/builder/spi-builder-workspace/.derivedData/Build/Intermediates.noindex/AdaEngine.build/Debug-watchos/freetype.build/Objects-normal/arm64_32/7187679823f38a2a940e0043cdf9d637-common-args.resp
/Applications/Xcode-26.5.0.app/Contents/Developer/Toolchains/XcodeDefault.xctoolchain/usr/bin/clang -x c -ivfsstatcache /Users/admin/builder/spi-builder-workspace/.derivedData/SDKStatCaches.noindex/watchos26.5-23T570-688ef53f1462e2c8f657fdc38a81448f7931b973dfc65d9472806dbbc3af9379.sdkstatcache -target arm64_32-apple-watchos11.0 -fmessage-length\=0 -fdiagnostics-show-note-include-stack -fmacro-backtrace-limit\=0 -fno-color-diagnostics -fmodules-prune-interval\=86400 -fmodules-prune-after\=345600 -fbuild-session-file\=/Users/admin/builder/spi-builder-workspace/.derivedData/ModuleCache.noindex/Session.modulevalidation -fmodules-validate-once-per-build-session -Wnon-modular-include-in-framework-module -Werror\=non-modular-include-in-framework-module -Wno-trigraphs -Wno-missing-field-initializers -Wno-missing-prototypes -Wno-return-type -Wno-missing-braces -Wparentheses -Wswitch -Wno-unused-function -Wno-unused-label -Wno-unused-parameter -Wno-unused-variable -Wunused-value -Wno-empty-body -Wno-uninitialized -Wno-unknown-pragmas -Wno-shadow -Wno-four-char-constants -Wno-conversion -Wno-constant-conversion -Wno-int-conversion -Wno-bool-conversion -Wno-enum-conversion -Wno-float-conversion -Wno-non-literal-null-conversion -Wno-objc-literal-conversion -Wno-shorten-64-to-32 -Wpointer-sign -Wno-newline-eof -Wno-implicit-fallthrough -isysroot /Applications/Xcode-26.5.0.app/Contents/Developer/Platforms/WatchOS.platform/Developer/SDKs/WatchOS26.5.sdk -fstrict-aliasing -Wdeprecated-declarations -Wno-sign-conversion -Wno-infinite-recursion -Wno-comma -Wno-block-capture-autoreleasing -Wno-strict-prototypes -Wno-semicolon-before-method-body -index-store-path /Users/admin/builder/spi-builder-workspace/.derivedData/Index.noindex/DataStore -w @/Users/admin/builder/spi-builder-workspace/.derivedData/Build/Intermediates.noindex/AdaEngine.build/Debug-watchos/freetype.build/Objects-normal/arm64_32/7187679823f38a2a940e0043cdf9d637-common-args.resp -MMD -MT dependencies -MF /Users/admin/builder/spi-builder-workspace/.derivedData/Build/Intermediates.noindex/AdaEngine.build/Debug-watchos/freetype.build/Objects-normal/arm64_32/ftstroke.d --serialize-diagnostics /Users/admin/builder/spi-builder-workspace/.derivedData/Build/Intermediates.noindex/AdaEngine.build/Debug-watchos/freetype.build/Objects-normal/arm64_32/ftstroke.dia -c /Users/admin/builder/spi-builder-workspace/Sources/msdf-atlas-gen/freetype/src/base/ftstroke.c -o /Users/admin/builder/spi-builder-workspace/.derivedData/Build/Intermediates.noindex/AdaEngine.build/Debug-watchos/freetype.build/Objects-normal/arm64_32/ftstroke.o -index-unit-output-path /AdaEngine.build/Debug-watchos/freetype.build/Objects-normal/arm64_32/ftstroke.o
CompileC /Users/admin/builder/spi-builder-workspace/.derivedData/Build/Intermediates.noindex/AdaEngine.build/Debug-watchos/freetype.build/Objects-normal/arm64_32/ftpfr.o /Users/admin/builder/spi-builder-workspace/Sources/msdf-atlas-gen/freetype/src/base/ftpfr.c normal arm64_32 c com.apple.compilers.llvm.clang.1_0.compiler (in target 'freetype' from project 'AdaEngine')
cd /Users/admin/builder/spi-builder-workspace/.swiftpm/xcode
Using response file: /Users/admin/builder/spi-builder-workspace/.derivedData/Build/Intermediates.noindex/AdaEngine.build/Debug-watchos/freetype.build/Objects-normal/arm64_32/7187679823f38a2a940e0043cdf9d637-common-args.resp
/Applications/Xcode-26.5.0.app/Contents/Developer/Toolchains/XcodeDefault.xctoolchain/usr/bin/clang -x c -ivfsstatcache /Users/admin/builder/spi-builder-workspace/.derivedData/SDKStatCaches.noindex/watchos26.5-23T570-688ef53f1462e2c8f657fdc38a81448f7931b973dfc65d9472806dbbc3af9379.sdkstatcache -target arm64_32-apple-watchos11.0 -fmessage-length\=0 -fdiagnostics-show-note-include-stack -fmacro-backtrace-limit\=0 -fno-color-diagnostics -fmodules-prune-interval\=86400 -fmodules-prune-after\=345600 -fbuild-session-file\=/Users/admin/builder/spi-builder-workspace/.derivedData/ModuleCache.noindex/Session.modulevalidation -fmodules-validate-once-per-build-session -Wnon-modular-include-in-framework-module -Werror\=non-modular-include-in-framework-module -Wno-trigraphs -Wno-missing-field-initializers -Wno-missing-prototypes -Wno-return-type -Wno-missing-braces -Wparentheses -Wswitch -Wno-unused-function -Wno-unused-label -Wno-unused-parameter -Wno-unused-variable -Wunused-value -Wno-empty-body -Wno-uninitialized -Wno-unknown-pragmas -Wno-shadow -Wno-four-char-constants -Wno-conversion -Wno-constant-conversion -Wno-int-conversion -Wno-bool-conversion -Wno-enum-conversion -Wno-float-conversion -Wno-non-literal-null-conversion -Wno-objc-literal-conversion -Wno-shorten-64-to-32 -Wpointer-sign -Wno-newline-eof -Wno-implicit-fallthrough -isysroot /Applications/Xcode-26.5.0.app/Contents/Developer/Platforms/WatchOS.platform/Developer/SDKs/WatchOS26.5.sdk -fstrict-aliasing -Wdeprecated-declarations -Wno-sign-conversion -Wno-infinite-recursion -Wno-comma -Wno-block-capture-autoreleasing -Wno-strict-prototypes -Wno-semicolon-before-method-body -index-store-path /Users/admin/builder/spi-builder-workspace/.derivedData/Index.noindex/DataStore -w @/Users/admin/builder/spi-builder-workspace/.derivedData/Build/Intermediates.noindex/AdaEngine.build/Debug-watchos/freetype.build/Objects-normal/arm64_32/7187679823f38a2a940e0043cdf9d637-common-args.resp -MMD -MT dependencies -MF /Users/admin/builder/spi-builder-workspace/.derivedData/Build/Intermediates.noindex/AdaEngine.build/Debug-watchos/freetype.build/Objects-normal/arm64_32/ftpfr.d --serialize-diagnostics /Users/admin/builder/spi-builder-workspace/.derivedData/Build/Intermediates.noindex/AdaEngine.build/Debug-watchos/freetype.build/Objects-normal/arm64_32/ftpfr.dia -c /Users/admin/builder/spi-builder-workspace/Sources/msdf-atlas-gen/freetype/src/base/ftpfr.c -o /Users/admin/builder/spi-builder-workspace/.derivedData/Build/Intermediates.noindex/AdaEngine.build/Debug-watchos/freetype.build/Objects-normal/arm64_32/ftpfr.o -index-unit-output-path /AdaEngine.build/Debug-watchos/freetype.build/Objects-normal/arm64_32/ftpfr.o
CompileC /Users/admin/builder/spi-builder-workspace/.derivedData/Build/Intermediates.noindex/AdaEngine.build/Debug-watchos/freetype.build/Objects-normal/arm64_32/ftpatent.o /Users/admin/builder/spi-builder-workspace/Sources/msdf-atlas-gen/freetype/src/base/ftpatent.c normal arm64_32 c com.apple.compilers.llvm.clang.1_0.compiler (in target 'freetype' from project 'AdaEngine')
cd /Users/admin/builder/spi-builder-workspace/.swiftpm/xcode
Using response file: /Users/admin/builder/spi-builder-workspace/.derivedData/Build/Intermediates.noindex/AdaEngine.build/Debug-watchos/freetype.build/Objects-normal/arm64_32/7187679823f38a2a940e0043cdf9d637-common-args.resp
/Applications/Xcode-26.5.0.app/Contents/Developer/Toolchains/XcodeDefault.xctoolchain/usr/bin/clang -x c -ivfsstatcache /Users/admin/builder/spi-builder-workspace/.derivedData/SDKStatCaches.noindex/watchos26.5-23T570-688ef53f1462e2c8f657fdc38a81448f7931b973dfc65d9472806dbbc3af9379.sdkstatcache -target arm64_32-apple-watchos11.0 -fmessage-length\=0 -fdiagnostics-show-note-include-stack -fmacro-backtrace-limit\=0 -fno-color-diagnostics -fmodules-prune-interval\=86400 -fmodules-prune-after\=345600 -fbuild-session-file\=/Users/admin/builder/spi-builder-workspace/.derivedData/ModuleCache.noindex/Session.modulevalidation -fmodules-validate-once-per-build-session -Wnon-modular-include-in-framework-module -Werror\=non-modular-include-in-framework-module -Wno-trigraphs -Wno-missing-field-initializers -Wno-missing-prototypes -Wno-return-type -Wno-missing-braces -Wparentheses -Wswitch -Wno-unused-function -Wno-unused-label -Wno-unused-parameter -Wno-unused-variable -Wunused-value -Wno-empty-body -Wno-uninitialized -Wno-unknown-pragmas -Wno-shadow -Wno-four-char-constants -Wno-conversion -Wno-constant-conversion -Wno-int-conversion -Wno-bool-conversion -Wno-enum-conversion -Wno-float-conversion -Wno-non-literal-null-conversion -Wno-objc-literal-conversion -Wno-shorten-64-to-32 -Wpointer-sign -Wno-newline-eof -Wno-implicit-fallthrough -isysroot /Applications/Xcode-26.5.0.app/Contents/Developer/Platforms/WatchOS.platform/Developer/SDKs/WatchOS26.5.sdk -fstrict-aliasing -Wdeprecated-declarations -Wno-sign-conversion -Wno-infinite-recursion -Wno-comma -Wno-block-capture-autoreleasing -Wno-strict-prototypes -Wno-semicolon-before-method-body -index-store-path /Users/admin/builder/spi-builder-workspace/.derivedData/Index.noindex/DataStore -w @/Users/admin/builder/spi-builder-workspace/.derivedData/Build/Intermediates.noindex/AdaEngine.build/Debug-watchos/freetype.build/Objects-normal/arm64_32/7187679823f38a2a940e0043cdf9d637-common-args.resp -MMD -MT dependencies -MF /Users/admin/builder/spi-builder-workspace/.derivedData/Build/Intermediates.noindex/AdaEngine.build/Debug-watchos/freetype.build/Objects-normal/arm64_32/ftpatent.d --serialize-diagnostics /Users/admin/builder/spi-builder-workspace/.derivedData/Build/Intermediates.noindex/AdaEngine.build/Debug-watchos/freetype.build/Objects-normal/arm64_32/ftpatent.dia -c /Users/admin/builder/spi-builder-workspace/Sources/msdf-atlas-gen/freetype/src/base/ftpatent.c -o /Users/admin/builder/spi-builder-workspace/.derivedData/Build/Intermediates.noindex/AdaEngine.build/Debug-watchos/freetype.build/Objects-normal/arm64_32/ftpatent.o -index-unit-output-path /AdaEngine.build/Debug-watchos/freetype.build/Objects-normal/arm64_32/ftpatent.o
CompileC /Users/admin/builder/spi-builder-workspace/.derivedData/Build/Intermediates.noindex/AdaEngine.build/Debug-watchos/freetype.build/Objects-normal/arm64_32/ftotval.o /Users/admin/builder/spi-builder-workspace/Sources/msdf-atlas-gen/freetype/src/base/ftotval.c normal arm64_32 c com.apple.compilers.llvm.clang.1_0.compiler (in target 'freetype' from project 'AdaEngine')
cd /Users/admin/builder/spi-builder-workspace/.swiftpm/xcode
Using response file: /Users/admin/builder/spi-builder-workspace/.derivedData/Build/Intermediates.noindex/AdaEngine.build/Debug-watchos/freetype.build/Objects-normal/arm64_32/7187679823f38a2a940e0043cdf9d637-common-args.resp
/Applications/Xcode-26.5.0.app/Contents/Developer/Toolchains/XcodeDefault.xctoolchain/usr/bin/clang -x c -ivfsstatcache /Users/admin/builder/spi-builder-workspace/.derivedData/SDKStatCaches.noindex/watchos26.5-23T570-688ef53f1462e2c8f657fdc38a81448f7931b973dfc65d9472806dbbc3af9379.sdkstatcache -target arm64_32-apple-watchos11.0 -fmessage-length\=0 -fdiagnostics-show-note-include-stack -fmacro-backtrace-limit\=0 -fno-color-diagnostics -fmodules-prune-interval\=86400 -fmodules-prune-after\=345600 -fbuild-session-file\=/Users/admin/builder/spi-builder-workspace/.derivedData/ModuleCache.noindex/Session.modulevalidation -fmodules-validate-once-per-build-session -Wnon-modular-include-in-framework-module -Werror\=non-modular-include-in-framework-module -Wno-trigraphs -Wno-missing-field-initializers -Wno-missing-prototypes -Wno-return-type -Wno-missing-braces -Wparentheses -Wswitch -Wno-unused-function -Wno-unused-label -Wno-unused-parameter -Wno-unused-variable -Wunused-value -Wno-empty-body -Wno-uninitialized -Wno-unknown-pragmas -Wno-shadow -Wno-four-char-constants -Wno-conversion -Wno-constant-conversion -Wno-int-conversion -Wno-bool-conversion -Wno-enum-conversion -Wno-float-conversion -Wno-non-literal-null-conversion -Wno-objc-literal-conversion -Wno-shorten-64-to-32 -Wpointer-sign -Wno-newline-eof -Wno-implicit-fallthrough -isysroot /Applications/Xcode-26.5.0.app/Contents/Developer/Platforms/WatchOS.platform/Developer/SDKs/WatchOS26.5.sdk -fstrict-aliasing -Wdeprecated-declarations -Wno-sign-conversion -Wno-infinite-recursion -Wno-comma -Wno-block-capture-autoreleasing -Wno-strict-prototypes -Wno-semicolon-before-method-body -index-store-path /Users/admin/builder/spi-builder-workspace/.derivedData/Index.noindex/DataStore -w @/Users/admin/builder/spi-builder-workspace/.derivedData/Build/Intermediates.noindex/AdaEngine.build/Debug-watchos/freetype.build/Objects-normal/arm64_32/7187679823f38a2a940e0043cdf9d637-common-args.resp -MMD -MT dependencies -MF /Users/admin/builder/spi-builder-workspace/.derivedData/Build/Intermediates.noindex/AdaEngine.build/Debug-watchos/freetype.build/Objects-normal/arm64_32/ftotval.d --serialize-diagnostics /Users/admin/builder/spi-builder-workspace/.derivedData/Build/Intermediates.noindex/AdaEngine.build/Debug-watchos/freetype.build/Objects-normal/arm64_32/ftotval.dia -c /Users/admin/builder/spi-builder-workspace/Sources/msdf-atlas-gen/freetype/src/base/ftotval.c -o /Users/admin/builder/spi-builder-workspace/.derivedData/Build/Intermediates.noindex/AdaEngine.build/Debug-watchos/freetype.build/Objects-normal/arm64_32/ftotval.o -index-unit-output-path /AdaEngine.build/Debug-watchos/freetype.build/Objects-normal/arm64_32/ftotval.o
CompileC /Users/admin/builder/spi-builder-workspace/.derivedData/Build/Intermediates.noindex/AdaEngine.build/Debug-watchos/freetype.build/Objects-normal/arm64_32/ftmm.o /Users/admin/builder/spi-builder-workspace/Sources/msdf-atlas-gen/freetype/src/base/ftmm.c normal arm64_32 c com.apple.compilers.llvm.clang.1_0.compiler (in target 'freetype' from project 'AdaEngine')
cd /Users/admin/builder/spi-builder-workspace/.swiftpm/xcode
Using response file: /Users/admin/builder/spi-builder-workspace/.derivedData/Build/Intermediates.noindex/AdaEngine.build/Debug-watchos/freetype.build/Objects-normal/arm64_32/7187679823f38a2a940e0043cdf9d637-common-args.resp
/Applications/Xcode-26.5.0.app/Contents/Developer/Toolchains/XcodeDefault.xctoolchain/usr/bin/clang -x c -ivfsstatcache /Users/admin/builder/spi-builder-workspace/.derivedData/SDKStatCaches.noindex/watchos26.5-23T570-688ef53f1462e2c8f657fdc38a81448f7931b973dfc65d9472806dbbc3af9379.sdkstatcache -target arm64_32-apple-watchos11.0 -fmessage-length\=0 -fdiagnostics-show-note-include-stack -fmacro-backtrace-limit\=0 -fno-color-diagnostics -fmodules-prune-interval\=86400 -fmodules-prune-after\=345600 -fbuild-session-file\=/Users/admin/builder/spi-builder-workspace/.derivedData/ModuleCache.noindex/Session.modulevalidation -fmodules-validate-once-per-build-session -Wnon-modular-include-in-framework-module -Werror\=non-modular-include-in-framework-module -Wno-trigraphs -Wno-missing-field-initializers -Wno-missing-prototypes -Wno-return-type -Wno-missing-braces -Wparentheses -Wswitch -Wno-unused-function -Wno-unused-label -Wno-unused-parameter -Wno-unused-variable -Wunused-value -Wno-empty-body -Wno-uninitialized -Wno-unknown-pragmas -Wno-shadow -Wno-four-char-constants -Wno-conversion -Wno-constant-conversion -Wno-int-conversion -Wno-bool-conversion -Wno-enum-conversion -Wno-float-conversion -Wno-non-literal-null-conversion -Wno-objc-literal-conversion -Wno-shorten-64-to-32 -Wpointer-sign -Wno-newline-eof -Wno-implicit-fallthrough -isysroot /Applications/Xcode-26.5.0.app/Contents/Developer/Platforms/WatchOS.platform/Developer/SDKs/WatchOS26.5.sdk -fstrict-aliasing -Wdeprecated-declarations -Wno-sign-conversion -Wno-infinite-recursion -Wno-comma -Wno-block-capture-autoreleasing -Wno-strict-prototypes -Wno-semicolon-before-method-body -index-store-path /Users/admin/builder/spi-builder-workspace/.derivedData/Index.noindex/DataStore -w @/Users/admin/builder/spi-builder-workspace/.derivedData/Build/Intermediates.noindex/AdaEngine.build/Debug-watchos/freetype.build/Objects-normal/arm64_32/7187679823f38a2a940e0043cdf9d637-common-args.resp -MMD -MT dependencies -MF /Users/admin/builder/spi-builder-workspace/.derivedData/Build/Intermediates.noindex/AdaEngine.build/Debug-watchos/freetype.build/Objects-normal/arm64_32/ftmm.d --serialize-diagnostics /Users/admin/builder/spi-builder-workspace/.derivedData/Build/Intermediates.noindex/AdaEngine.build/Debug-watchos/freetype.build/Objects-normal/arm64_32/ftmm.dia -c /Users/admin/builder/spi-builder-workspace/Sources/msdf-atlas-gen/freetype/src/base/ftmm.c -o /Users/admin/builder/spi-builder-workspace/.derivedData/Build/Intermediates.noindex/AdaEngine.build/Debug-watchos/freetype.build/Objects-normal/arm64_32/ftmm.o -index-unit-output-path /AdaEngine.build/Debug-watchos/freetype.build/Objects-normal/arm64_32/ftmm.o
CompileC /Users/admin/builder/spi-builder-workspace/.derivedData/Build/Intermediates.noindex/AdaEngine.build/Debug-watchos/freetype.build/Objects-normal/arm64_32/ftlzw.o /Users/admin/builder/spi-builder-workspace/Sources/msdf-atlas-gen/freetype/src/lzw/ftlzw.c normal arm64_32 c com.apple.compilers.llvm.clang.1_0.compiler (in target 'freetype' from project 'AdaEngine')
cd /Users/admin/builder/spi-builder-workspace/.swiftpm/xcode
Using response file: /Users/admin/builder/spi-builder-workspace/.derivedData/Build/Intermediates.noindex/AdaEngine.build/Debug-watchos/freetype.build/Objects-normal/arm64_32/7187679823f38a2a940e0043cdf9d637-common-args.resp
/Applications/Xcode-26.5.0.app/Contents/Developer/Toolchains/XcodeDefault.xctoolchain/usr/bin/clang -x c -ivfsstatcache /Users/admin/builder/spi-builder-workspace/.derivedData/SDKStatCaches.noindex/watchos26.5-23T570-688ef53f1462e2c8f657fdc38a81448f7931b973dfc65d9472806dbbc3af9379.sdkstatcache -target arm64_32-apple-watchos11.0 -fmessage-length\=0 -fdiagnostics-show-note-include-stack -fmacro-backtrace-limit\=0 -fno-color-diagnostics -fmodules-prune-interval\=86400 -fmodules-prune-after\=345600 -fbuild-session-file\=/Users/admin/builder/spi-builder-workspace/.derivedData/ModuleCache.noindex/Session.modulevalidation -fmodules-validate-once-per-build-session -Wnon-modular-include-in-framework-module -Werror\=non-modular-include-in-framework-module -Wno-trigraphs -Wno-missing-field-initializers -Wno-missing-prototypes -Wno-return-type -Wno-missing-braces -Wparentheses -Wswitch -Wno-unused-function -Wno-unused-label -Wno-unused-parameter -Wno-unused-variable -Wunused-value -Wno-empty-body -Wno-uninitialized -Wno-unknown-pragmas -Wno-shadow -Wno-four-char-constants -Wno-conversion -Wno-constant-conversion -Wno-int-conversion -Wno-bool-conversion -Wno-enum-conversion -Wno-float-conversion -Wno-non-literal-null-conversion -Wno-objc-literal-conversion -Wno-shorten-64-to-32 -Wpointer-sign -Wno-newline-eof -Wno-implicit-fallthrough -isysroot /Applications/Xcode-26.5.0.app/Contents/Developer/Platforms/WatchOS.platform/Developer/SDKs/WatchOS26.5.sdk -fstrict-aliasing -Wdeprecated-declarations -Wno-sign-conversion -Wno-infinite-recursion -Wno-comma -Wno-block-capture-autoreleasing -Wno-strict-prototypes -Wno-semicolon-before-method-body -index-store-path /Users/admin/builder/spi-builder-workspace/.derivedData/Index.noindex/DataStore -w @/Users/admin/builder/spi-builder-workspace/.derivedData/Build/Intermediates.noindex/AdaEngine.build/Debug-watchos/freetype.build/Objects-normal/arm64_32/7187679823f38a2a940e0043cdf9d637-common-args.resp -MMD -MT dependencies -MF /Users/admin/builder/spi-builder-workspace/.derivedData/Build/Intermediates.noindex/AdaEngine.build/Debug-watchos/freetype.build/Objects-normal/arm64_32/ftlzw.d --serialize-diagnostics /Users/admin/builder/spi-builder-workspace/.derivedData/Build/Intermediates.noindex/AdaEngine.build/Debug-watchos/freetype.build/Objects-normal/arm64_32/ftlzw.dia -c /Users/admin/builder/spi-builder-workspace/Sources/msdf-atlas-gen/freetype/src/lzw/ftlzw.c -o /Users/admin/builder/spi-builder-workspace/.derivedData/Build/Intermediates.noindex/AdaEngine.build/Debug-watchos/freetype.build/Objects-normal/arm64_32/ftlzw.o -index-unit-output-path /AdaEngine.build/Debug-watchos/freetype.build/Objects-normal/arm64_32/ftlzw.o
CompileC /Users/admin/builder/spi-builder-workspace/.derivedData/Build/Intermediates.noindex/AdaEngine.build/Debug-watchos/freetype.build/Objects-normal/arm64_32/ftinit.o /Users/admin/builder/spi-builder-workspace/Sources/msdf-atlas-gen/freetype/src/base/ftinit.c normal arm64_32 c com.apple.compilers.llvm.clang.1_0.compiler (in target 'freetype' from project 'AdaEngine')
cd /Users/admin/builder/spi-builder-workspace/.swiftpm/xcode
Using response file: /Users/admin/builder/spi-builder-workspace/.derivedData/Build/Intermediates.noindex/AdaEngine.build/Debug-watchos/freetype.build/Objects-normal/arm64_32/7187679823f38a2a940e0043cdf9d637-common-args.resp
/Applications/Xcode-26.5.0.app/Contents/Developer/Toolchains/XcodeDefault.xctoolchain/usr/bin/clang -x c -ivfsstatcache /Users/admin/builder/spi-builder-workspace/.derivedData/SDKStatCaches.noindex/watchos26.5-23T570-688ef53f1462e2c8f657fdc38a81448f7931b973dfc65d9472806dbbc3af9379.sdkstatcache -target arm64_32-apple-watchos11.0 -fmessage-length\=0 -fdiagnostics-show-note-include-stack -fmacro-backtrace-limit\=0 -fno-color-diagnostics -fmodules-prune-interval\=86400 -fmodules-prune-after\=345600 -fbuild-session-file\=/Users/admin/builder/spi-builder-workspace/.derivedData/ModuleCache.noindex/Session.modulevalidation -fmodules-validate-once-per-build-session -Wnon-modular-include-in-framework-module -Werror\=non-modular-include-in-framework-module -Wno-trigraphs -Wno-missing-field-initializers -Wno-missing-prototypes -Wno-return-type -Wno-missing-braces -Wparentheses -Wswitch -Wno-unused-function -Wno-unused-label -Wno-unused-parameter -Wno-unused-variable -Wunused-value -Wno-empty-body -Wno-uninitialized -Wno-unknown-pragmas -Wno-shadow -Wno-four-char-constants -Wno-conversion -Wno-constant-conversion -Wno-int-conversion -Wno-bool-conversion -Wno-enum-conversion -Wno-float-conversion -Wno-non-literal-null-conversion -Wno-objc-literal-conversion -Wno-shorten-64-to-32 -Wpointer-sign -Wno-newline-eof -Wno-implicit-fallthrough -isysroot /Applications/Xcode-26.5.0.app/Contents/Developer/Platforms/WatchOS.platform/Developer/SDKs/WatchOS26.5.sdk -fstrict-aliasing -Wdeprecated-declarations -Wno-sign-conversion -Wno-infinite-recursion -Wno-comma -Wno-block-capture-autoreleasing -Wno-strict-prototypes -Wno-semicolon-before-method-body -index-store-path /Users/admin/builder/spi-builder-workspace/.derivedData/Index.noindex/DataStore -w @/Users/admin/builder/spi-builder-workspace/.derivedData/Build/Intermediates.noindex/AdaEngine.build/Debug-watchos/freetype.build/Objects-normal/arm64_32/7187679823f38a2a940e0043cdf9d637-common-args.resp -MMD -MT dependencies -MF /Users/admin/builder/spi-builder-workspace/.derivedData/Build/Intermediates.noindex/AdaEngine.build/Debug-watchos/freetype.build/Objects-normal/arm64_32/ftinit.d --serialize-diagnostics /Users/admin/builder/spi-builder-workspace/.derivedData/Build/Intermediates.noindex/AdaEngine.build/Debug-watchos/freetype.build/Objects-normal/arm64_32/ftinit.dia -c /Users/admin/builder/spi-builder-workspace/Sources/msdf-atlas-gen/freetype/src/base/ftinit.c -o /Users/admin/builder/spi-builder-workspace/.derivedData/Build/Intermediates.noindex/AdaEngine.build/Debug-watchos/freetype.build/Objects-normal/arm64_32/ftinit.o -index-unit-output-path /AdaEngine.build/Debug-watchos/freetype.build/Objects-normal/arm64_32/ftinit.o
CompileC /Users/admin/builder/spi-builder-workspace/.derivedData/Build/Intermediates.noindex/AdaEngine.build/Debug-watchos/freetype.build/Objects-normal/arm64_32/ftgzip.o /Users/admin/builder/spi-builder-workspace/Sources/msdf-atlas-gen/freetype/src/gzip/ftgzip.c normal arm64_32 c com.apple.compilers.llvm.clang.1_0.compiler (in target 'freetype' from project 'AdaEngine')
cd /Users/admin/builder/spi-builder-workspace/.swiftpm/xcode
Using response file: /Users/admin/builder/spi-builder-workspace/.derivedData/Build/Intermediates.noindex/AdaEngine.build/Debug-watchos/freetype.build/Objects-normal/arm64_32/7187679823f38a2a940e0043cdf9d637-common-args.resp
/Applications/Xcode-26.5.0.app/Contents/Developer/Toolchains/XcodeDefault.xctoolchain/usr/bin/clang -x c -ivfsstatcache /Users/admin/builder/spi-builder-workspace/.derivedData/SDKStatCaches.noindex/watchos26.5-23T570-688ef53f1462e2c8f657fdc38a81448f7931b973dfc65d9472806dbbc3af9379.sdkstatcache -target arm64_32-apple-watchos11.0 -fmessage-length\=0 -fdiagnostics-show-note-include-stack -fmacro-backtrace-limit\=0 -fno-color-diagnostics -fmodules-prune-interval\=86400 -fmodules-prune-after\=345600 -fbuild-session-file\=/Users/admin/builder/spi-builder-workspace/.derivedData/ModuleCache.noindex/Session.modulevalidation -fmodules-validate-once-per-build-session -Wnon-modular-include-in-framework-module -Werror\=non-modular-include-in-framework-module -Wno-trigraphs -Wno-missing-field-initializers -Wno-missing-prototypes -Wno-return-type -Wno-missing-braces -Wparentheses -Wswitch -Wno-unused-function -Wno-unused-label -Wno-unused-parameter -Wno-unused-variable -Wunused-value -Wno-empty-body -Wno-uninitialized -Wno-unknown-pragmas -Wno-shadow -Wno-four-char-constants -Wno-conversion -Wno-constant-conversion -Wno-int-conversion -Wno-bool-conversion -Wno-enum-conversion -Wno-float-conversion -Wno-non-literal-null-conversion -Wno-objc-literal-conversion -Wno-shorten-64-to-32 -Wpointer-sign -Wno-newline-eof -Wno-implicit-fallthrough -isysroot /Applications/Xcode-26.5.0.app/Contents/Developer/Platforms/WatchOS.platform/Developer/SDKs/WatchOS26.5.sdk -fstrict-aliasing -Wdeprecated-declarations -Wno-sign-conversion -Wno-infinite-recursion -Wno-comma -Wno-block-capture-autoreleasing -Wno-strict-prototypes -Wno-semicolon-before-method-body -index-store-path /Users/admin/builder/spi-builder-workspace/.derivedData/Index.noindex/DataStore -w @/Users/admin/builder/spi-builder-workspace/.derivedData/Build/Intermediates.noindex/AdaEngine.build/Debug-watchos/freetype.build/Objects-normal/arm64_32/7187679823f38a2a940e0043cdf9d637-common-args.resp -MMD -MT dependencies -MF /Users/admin/builder/spi-builder-workspace/.derivedData/Build/Intermediates.noindex/AdaEngine.build/Debug-watchos/freetype.build/Objects-normal/arm64_32/ftgzip.d --serialize-diagnostics /Users/admin/builder/spi-builder-workspace/.derivedData/Build/Intermediates.noindex/AdaEngine.build/Debug-watchos/freetype.build/Objects-normal/arm64_32/ftgzip.dia -c /Users/admin/builder/spi-builder-workspace/Sources/msdf-atlas-gen/freetype/src/gzip/ftgzip.c -o /Users/admin/builder/spi-builder-workspace/.derivedData/Build/Intermediates.noindex/AdaEngine.build/Debug-watchos/freetype.build/Objects-normal/arm64_32/ftgzip.o -index-unit-output-path /AdaEngine.build/Debug-watchos/freetype.build/Objects-normal/arm64_32/ftgzip.o
CompileC /Users/admin/builder/spi-builder-workspace/.derivedData/Build/Intermediates.noindex/AdaEngine.build/Debug-watchos/freetype.build/Objects-normal/arm64_32/ftgxval.o /Users/admin/builder/spi-builder-workspace/Sources/msdf-atlas-gen/freetype/src/base/ftgxval.c normal arm64_32 c com.apple.compilers.llvm.clang.1_0.compiler (in target 'freetype' from project 'AdaEngine')
cd /Users/admin/builder/spi-builder-workspace/.swiftpm/xcode
Using response file: /Users/admin/builder/spi-builder-workspace/.derivedData/Build/Intermediates.noindex/AdaEngine.build/Debug-watchos/freetype.build/Objects-normal/arm64_32/7187679823f38a2a940e0043cdf9d637-common-args.resp
/Applications/Xcode-26.5.0.app/Contents/Developer/Toolchains/XcodeDefault.xctoolchain/usr/bin/clang -x c -ivfsstatcache /Users/admin/builder/spi-builder-workspace/.derivedData/SDKStatCaches.noindex/watchos26.5-23T570-688ef53f1462e2c8f657fdc38a81448f7931b973dfc65d9472806dbbc3af9379.sdkstatcache -target arm64_32-apple-watchos11.0 -fmessage-length\=0 -fdiagnostics-show-note-include-stack -fmacro-backtrace-limit\=0 -fno-color-diagnostics -fmodules-prune-interval\=86400 -fmodules-prune-after\=345600 -fbuild-session-file\=/Users/admin/builder/spi-builder-workspace/.derivedData/ModuleCache.noindex/Session.modulevalidation -fmodules-validate-once-per-build-session -Wnon-modular-include-in-framework-module -Werror\=non-modular-include-in-framework-module -Wno-trigraphs -Wno-missing-field-initializers -Wno-missing-prototypes -Wno-return-type -Wno-missing-braces -Wparentheses -Wswitch -Wno-unused-function -Wno-unused-label -Wno-unused-parameter -Wno-unused-variable -Wunused-value -Wno-empty-body -Wno-uninitialized -Wno-unknown-pragmas -Wno-shadow -Wno-four-char-constants -Wno-conversion -Wno-constant-conversion -Wno-int-conversion -Wno-bool-conversion -Wno-enum-conversion -Wno-float-conversion -Wno-non-literal-null-conversion -Wno-objc-literal-conversion -Wno-shorten-64-to-32 -Wpointer-sign -Wno-newline-eof -Wno-implicit-fallthrough -isysroot /Applications/Xcode-26.5.0.app/Contents/Developer/Platforms/WatchOS.platform/Developer/SDKs/WatchOS26.5.sdk -fstrict-aliasing -Wdeprecated-declarations -Wno-sign-conversion -Wno-infinite-recursion -Wno-comma -Wno-block-capture-autoreleasing -Wno-strict-prototypes -Wno-semicolon-before-method-body -index-store-path /Users/admin/builder/spi-builder-workspace/.derivedData/Index.noindex/DataStore -w @/Users/admin/builder/spi-builder-workspace/.derivedData/Build/Intermediates.noindex/AdaEngine.build/Debug-watchos/freetype.build/Objects-normal/arm64_32/7187679823f38a2a940e0043cdf9d637-common-args.resp -MMD -MT dependencies -MF /Users/admin/builder/spi-builder-workspace/.derivedData/Build/Intermediates.noindex/AdaEngine.build/Debug-watchos/freetype.build/Objects-normal/arm64_32/ftgxval.d --serialize-diagnostics /Users/admin/builder/spi-builder-workspace/.derivedData/Build/Intermediates.noindex/AdaEngine.build/Debug-watchos/freetype.build/Objects-normal/arm64_32/ftgxval.dia -c /Users/admin/builder/spi-builder-workspace/Sources/msdf-atlas-gen/freetype/src/base/ftgxval.c -o /Users/admin/builder/spi-builder-workspace/.derivedData/Build/Intermediates.noindex/AdaEngine.build/Debug-watchos/freetype.build/Objects-normal/arm64_32/ftgxval.o -index-unit-output-path /AdaEngine.build/Debug-watchos/freetype.build/Objects-normal/arm64_32/ftgxval.o
CompileC /Users/admin/builder/spi-builder-workspace/.derivedData/Build/Intermediates.noindex/AdaEngine.build/Debug-watchos/freetype.build/Objects-normal/arm64_32/ftglyph.o /Users/admin/builder/spi-builder-workspace/Sources/msdf-atlas-gen/freetype/src/base/ftglyph.c normal arm64_32 c com.apple.compilers.llvm.clang.1_0.compiler (in target 'freetype' from project 'AdaEngine')
cd /Users/admin/builder/spi-builder-workspace/.swiftpm/xcode
Using response file: /Users/admin/builder/spi-builder-workspace/.derivedData/Build/Intermediates.noindex/AdaEngine.build/Debug-watchos/freetype.build/Objects-normal/arm64_32/7187679823f38a2a940e0043cdf9d637-common-args.resp
/Applications/Xcode-26.5.0.app/Contents/Developer/Toolchains/XcodeDefault.xctoolchain/usr/bin/clang -x c -ivfsstatcache /Users/admin/builder/spi-builder-workspace/.derivedData/SDKStatCaches.noindex/watchos26.5-23T570-688ef53f1462e2c8f657fdc38a81448f7931b973dfc65d9472806dbbc3af9379.sdkstatcache -target arm64_32-apple-watchos11.0 -fmessage-length\=0 -fdiagnostics-show-note-include-stack -fmacro-backtrace-limit\=0 -fno-color-diagnostics -fmodules-prune-interval\=86400 -fmodules-prune-after\=345600 -fbuild-session-file\=/Users/admin/builder/spi-builder-workspace/.derivedData/ModuleCache.noindex/Session.modulevalidation -fmodules-validate-once-per-build-session -Wnon-modular-include-in-framework-module -Werror\=non-modular-include-in-framework-module -Wno-trigraphs -Wno-missing-field-initializers -Wno-missing-prototypes -Wno-return-type -Wno-missing-braces -Wparentheses -Wswitch -Wno-unused-function -Wno-unused-label -Wno-unused-parameter -Wno-unused-variable -Wunused-value -Wno-empty-body -Wno-uninitialized -Wno-unknown-pragmas -Wno-shadow -Wno-four-char-constants -Wno-conversion -Wno-constant-conversion -Wno-int-conversion -Wno-bool-conversion -Wno-enum-conversion -Wno-float-conversion -Wno-non-literal-null-conversion -Wno-objc-literal-conversion -Wno-shorten-64-to-32 -Wpointer-sign -Wno-newline-eof -Wno-implicit-fallthrough -isysroot /Applications/Xcode-26.5.0.app/Contents/Developer/Platforms/WatchOS.platform/Developer/SDKs/WatchOS26.5.sdk -fstrict-aliasing -Wdeprecated-declarations -Wno-sign-conversion -Wno-infinite-recursion -Wno-comma -Wno-block-capture-autoreleasing -Wno-strict-prototypes -Wno-semicolon-before-method-body -index-store-path /Users/admin/builder/spi-builder-workspace/.derivedData/Index.noindex/DataStore -w @/Users/admin/builder/spi-builder-workspace/.derivedData/Build/Intermediates.noindex/AdaEngine.build/Debug-watchos/freetype.build/Objects-normal/arm64_32/7187679823f38a2a940e0043cdf9d637-common-args.resp -MMD -MT dependencies -MF /Users/admin/builder/spi-builder-workspace/.derivedData/Build/Intermediates.noindex/AdaEngine.build/Debug-watchos/freetype.build/Objects-normal/arm64_32/ftglyph.d --serialize-diagnostics /Users/admin/builder/spi-builder-workspace/.derivedData/Build/Intermediates.noindex/AdaEngine.build/Debug-watchos/freetype.build/Objects-normal/arm64_32/ftglyph.dia -c /Users/admin/builder/spi-builder-workspace/Sources/msdf-atlas-gen/freetype/src/base/ftglyph.c -o /Users/admin/builder/spi-builder-workspace/.derivedData/Build/Intermediates.noindex/AdaEngine.build/Debug-watchos/freetype.build/Objects-normal/arm64_32/ftglyph.o -index-unit-output-path /AdaEngine.build/Debug-watchos/freetype.build/Objects-normal/arm64_32/ftglyph.o
CompileC /Users/admin/builder/spi-builder-workspace/.derivedData/Build/Intermediates.noindex/AdaEngine.build/Debug-watchos/freetype.build/Objects-normal/arm64_32/ftgasp.o /Users/admin/builder/spi-builder-workspace/Sources/msdf-atlas-gen/freetype/src/base/ftgasp.c normal arm64_32 c com.apple.compilers.llvm.clang.1_0.compiler (in target 'freetype' from project 'AdaEngine')
cd /Users/admin/builder/spi-builder-workspace/.swiftpm/xcode
Using response file: /Users/admin/builder/spi-builder-workspace/.derivedData/Build/Intermediates.noindex/AdaEngine.build/Debug-watchos/freetype.build/Objects-normal/arm64_32/7187679823f38a2a940e0043cdf9d637-common-args.resp
/Applications/Xcode-26.5.0.app/Contents/Developer/Toolchains/XcodeDefault.xctoolchain/usr/bin/clang -x c -ivfsstatcache /Users/admin/builder/spi-builder-workspace/.derivedData/SDKStatCaches.noindex/watchos26.5-23T570-688ef53f1462e2c8f657fdc38a81448f7931b973dfc65d9472806dbbc3af9379.sdkstatcache -target arm64_32-apple-watchos11.0 -fmessage-length\=0 -fdiagnostics-show-note-include-stack -fmacro-backtrace-limit\=0 -fno-color-diagnostics -fmodules-prune-interval\=86400 -fmodules-prune-after\=345600 -fbuild-session-file\=/Users/admin/builder/spi-builder-workspace/.derivedData/ModuleCache.noindex/Session.modulevalidation -fmodules-validate-once-per-build-session -Wnon-modular-include-in-framework-module -Werror\=non-modular-include-in-framework-module -Wno-trigraphs -Wno-missing-field-initializers -Wno-missing-prototypes -Wno-return-type -Wno-missing-braces -Wparentheses -Wswitch -Wno-unused-function -Wno-unused-label -Wno-unused-parameter -Wno-unused-variable -Wunused-value -Wno-empty-body -Wno-uninitialized -Wno-unknown-pragmas -Wno-shadow -Wno-four-char-constants -Wno-conversion -Wno-constant-conversion -Wno-int-conversion -Wno-bool-conversion -Wno-enum-conversion -Wno-float-conversion -Wno-non-literal-null-conversion -Wno-objc-literal-conversion -Wno-shorten-64-to-32 -Wpointer-sign -Wno-newline-eof -Wno-implicit-fallthrough -isysroot /Applications/Xcode-26.5.0.app/Contents/Developer/Platforms/WatchOS.platform/Developer/SDKs/WatchOS26.5.sdk -fstrict-aliasing -Wdeprecated-declarations -Wno-sign-conversion -Wno-infinite-recursion -Wno-comma -Wno-block-capture-autoreleasing -Wno-strict-prototypes -Wno-semicolon-before-method-body -index-store-path /Users/admin/builder/spi-builder-workspace/.derivedData/Index.noindex/DataStore -w @/Users/admin/builder/spi-builder-workspace/.derivedData/Build/Intermediates.noindex/AdaEngine.build/Debug-watchos/freetype.build/Objects-normal/arm64_32/7187679823f38a2a940e0043cdf9d637-common-args.resp -MMD -MT dependencies -MF /Users/admin/builder/spi-builder-workspace/.derivedData/Build/Intermediates.noindex/AdaEngine.build/Debug-watchos/freetype.build/Objects-normal/arm64_32/ftgasp.d --serialize-diagnostics /Users/admin/builder/spi-builder-workspace/.derivedData/Build/Intermediates.noindex/AdaEngine.build/Debug-watchos/freetype.build/Objects-normal/arm64_32/ftgasp.dia -c /Users/admin/builder/spi-builder-workspace/Sources/msdf-atlas-gen/freetype/src/base/ftgasp.c -o /Users/admin/builder/spi-builder-workspace/.derivedData/Build/Intermediates.noindex/AdaEngine.build/Debug-watchos/freetype.build/Objects-normal/arm64_32/ftgasp.o -index-unit-output-path /AdaEngine.build/Debug-watchos/freetype.build/Objects-normal/arm64_32/ftgasp.o
CompileC /Users/admin/builder/spi-builder-workspace/.derivedData/Build/Intermediates.noindex/AdaEngine.build/Debug-watchos/freetype.build/Objects-normal/arm64_32/ftfstype.o /Users/admin/builder/spi-builder-workspace/Sources/msdf-atlas-gen/freetype/src/base/ftfstype.c normal arm64_32 c com.apple.compilers.llvm.clang.1_0.compiler (in target 'freetype' from project 'AdaEngine')
cd /Users/admin/builder/spi-builder-workspace/.swiftpm/xcode
Using response file: /Users/admin/builder/spi-builder-workspace/.derivedData/Build/Intermediates.noindex/AdaEngine.build/Debug-watchos/freetype.build/Objects-normal/arm64_32/7187679823f38a2a940e0043cdf9d637-common-args.resp
/Applications/Xcode-26.5.0.app/Contents/Developer/Toolchains/XcodeDefault.xctoolchain/usr/bin/clang -x c -ivfsstatcache /Users/admin/builder/spi-builder-workspace/.derivedData/SDKStatCaches.noindex/watchos26.5-23T570-688ef53f1462e2c8f657fdc38a81448f7931b973dfc65d9472806dbbc3af9379.sdkstatcache -target arm64_32-apple-watchos11.0 -fmessage-length\=0 -fdiagnostics-show-note-include-stack -fmacro-backtrace-limit\=0 -fno-color-diagnostics -fmodules-prune-interval\=86400 -fmodules-prune-after\=345600 -fbuild-session-file\=/Users/admin/builder/spi-builder-workspace/.derivedData/ModuleCache.noindex/Session.modulevalidation -fmodules-validate-once-per-build-session -Wnon-modular-include-in-framework-module -Werror\=non-modular-include-in-framework-module -Wno-trigraphs -Wno-missing-field-initializers -Wno-missing-prototypes -Wno-return-type -Wno-missing-braces -Wparentheses -Wswitch -Wno-unused-function -Wno-unused-label -Wno-unused-parameter -Wno-unused-variable -Wunused-value -Wno-empty-body -Wno-uninitialized -Wno-unknown-pragmas -Wno-shadow -Wno-four-char-constants -Wno-conversion -Wno-constant-conversion -Wno-int-conversion -Wno-bool-conversion -Wno-enum-conversion -Wno-float-conversion -Wno-non-literal-null-conversion -Wno-objc-literal-conversion -Wno-shorten-64-to-32 -Wpointer-sign -Wno-newline-eof -Wno-implicit-fallthrough -isysroot /Applications/Xcode-26.5.0.app/Contents/Developer/Platforms/WatchOS.platform/Developer/SDKs/WatchOS26.5.sdk -fstrict-aliasing -Wdeprecated-declarations -Wno-sign-conversion -Wno-infinite-recursion -Wno-comma -Wno-block-capture-autoreleasing -Wno-strict-prototypes -Wno-semicolon-before-method-body -index-store-path /Users/admin/builder/spi-builder-workspace/.derivedData/Index.noindex/DataStore -w @/Users/admin/builder/spi-builder-workspace/.derivedData/Build/Intermediates.noindex/AdaEngine.build/Debug-watchos/freetype.build/Objects-normal/arm64_32/7187679823f38a2a940e0043cdf9d637-common-args.resp -MMD -MT dependencies -MF /Users/admin/builder/spi-builder-workspace/.derivedData/Build/Intermediates.noindex/AdaEngine.build/Debug-watchos/freetype.build/Objects-normal/arm64_32/ftfstype.d --serialize-diagnostics /Users/admin/builder/spi-builder-workspace/.derivedData/Build/Intermediates.noindex/AdaEngine.build/Debug-watchos/freetype.build/Objects-normal/arm64_32/ftfstype.dia -c /Users/admin/builder/spi-builder-workspace/Sources/msdf-atlas-gen/freetype/src/base/ftfstype.c -o /Users/admin/builder/spi-builder-workspace/.derivedData/Build/Intermediates.noindex/AdaEngine.build/Debug-watchos/freetype.build/Objects-normal/arm64_32/ftfstype.o -index-unit-output-path /AdaEngine.build/Debug-watchos/freetype.build/Objects-normal/arm64_32/ftfstype.o
CompileC /Users/admin/builder/spi-builder-workspace/.derivedData/Build/Intermediates.noindex/AdaEngine.build/Debug-watchos/freetype.build/Objects-normal/arm64_32/ftdebug.o /Users/admin/builder/spi-builder-workspace/Sources/msdf-atlas-gen/freetype/src/base/ftdebug.c normal arm64_32 c com.apple.compilers.llvm.clang.1_0.compiler (in target 'freetype' from project 'AdaEngine')
cd /Users/admin/builder/spi-builder-workspace/.swiftpm/xcode
Using response file: /Users/admin/builder/spi-builder-workspace/.derivedData/Build/Intermediates.noindex/AdaEngine.build/Debug-watchos/freetype.build/Objects-normal/arm64_32/7187679823f38a2a940e0043cdf9d637-common-args.resp
/Applications/Xcode-26.5.0.app/Contents/Developer/Toolchains/XcodeDefault.xctoolchain/usr/bin/clang -x c -ivfsstatcache /Users/admin/builder/spi-builder-workspace/.derivedData/SDKStatCaches.noindex/watchos26.5-23T570-688ef53f1462e2c8f657fdc38a81448f7931b973dfc65d9472806dbbc3af9379.sdkstatcache -target arm64_32-apple-watchos11.0 -fmessage-length\=0 -fdiagnostics-show-note-include-stack -fmacro-backtrace-limit\=0 -fno-color-diagnostics -fmodules-prune-interval\=86400 -fmodules-prune-after\=345600 -fbuild-session-file\=/Users/admin/builder/spi-builder-workspace/.derivedData/ModuleCache.noindex/Session.modulevalidation -fmodules-validate-once-per-build-session -Wnon-modular-include-in-framework-module -Werror\=non-modular-include-in-framework-module -Wno-trigraphs -Wno-missing-field-initializers -Wno-missing-prototypes -Wno-return-type -Wno-missing-braces -Wparentheses -Wswitch -Wno-unused-function -Wno-unused-label -Wno-unused-parameter -Wno-unused-variable -Wunused-value -Wno-empty-body -Wno-uninitialized -Wno-unknown-pragmas -Wno-shadow -Wno-four-char-constants -Wno-conversion -Wno-constant-conversion -Wno-int-conversion -Wno-bool-conversion -Wno-enum-conversion -Wno-float-conversion -Wno-non-literal-null-conversion -Wno-objc-literal-conversion -Wno-shorten-64-to-32 -Wpointer-sign -Wno-newline-eof -Wno-implicit-fallthrough -isysroot /Applications/Xcode-26.5.0.app/Contents/Developer/Platforms/WatchOS.platform/Developer/SDKs/WatchOS26.5.sdk -fstrict-aliasing -Wdeprecated-declarations -Wno-sign-conversion -Wno-infinite-recursion -Wno-comma -Wno-block-capture-autoreleasing -Wno-strict-prototypes -Wno-semicolon-before-method-body -index-store-path /Users/admin/builder/spi-builder-workspace/.derivedData/Index.noindex/DataStore -w @/Users/admin/builder/spi-builder-workspace/.derivedData/Build/Intermediates.noindex/AdaEngine.build/Debug-watchos/freetype.build/Objects-normal/arm64_32/7187679823f38a2a940e0043cdf9d637-common-args.resp -MMD -MT dependencies -MF /Users/admin/builder/spi-builder-workspace/.derivedData/Build/Intermediates.noindex/AdaEngine.build/Debug-watchos/freetype.build/Objects-normal/arm64_32/ftdebug.d --serialize-diagnostics /Users/admin/builder/spi-builder-workspace/.derivedData/Build/Intermediates.noindex/AdaEngine.build/Debug-watchos/freetype.build/Objects-normal/arm64_32/ftdebug.dia -c /Users/admin/builder/spi-builder-workspace/Sources/msdf-atlas-gen/freetype/src/base/ftdebug.c -o /Users/admin/builder/spi-builder-workspace/.derivedData/Build/Intermediates.noindex/AdaEngine.build/Debug-watchos/freetype.build/Objects-normal/arm64_32/ftdebug.o -index-unit-output-path /AdaEngine.build/Debug-watchos/freetype.build/Objects-normal/arm64_32/ftdebug.o
CompileC /Users/admin/builder/spi-builder-workspace/.derivedData/Build/Intermediates.noindex/AdaEngine.build/Debug-watchos/freetype.build/Objects-normal/arm64_32/ftcid.o /Users/admin/builder/spi-builder-workspace/Sources/msdf-atlas-gen/freetype/src/base/ftcid.c normal arm64_32 c com.apple.compilers.llvm.clang.1_0.compiler (in target 'freetype' from project 'AdaEngine')
cd /Users/admin/builder/spi-builder-workspace/.swiftpm/xcode
Using response file: /Users/admin/builder/spi-builder-workspace/.derivedData/Build/Intermediates.noindex/AdaEngine.build/Debug-watchos/freetype.build/Objects-normal/arm64_32/7187679823f38a2a940e0043cdf9d637-common-args.resp
/Applications/Xcode-26.5.0.app/Contents/Developer/Toolchains/XcodeDefault.xctoolchain/usr/bin/clang -x c -ivfsstatcache /Users/admin/builder/spi-builder-workspace/.derivedData/SDKStatCaches.noindex/watchos26.5-23T570-688ef53f1462e2c8f657fdc38a81448f7931b973dfc65d9472806dbbc3af9379.sdkstatcache -target arm64_32-apple-watchos11.0 -fmessage-length\=0 -fdiagnostics-show-note-include-stack -fmacro-backtrace-limit\=0 -fno-color-diagnostics -fmodules-prune-interval\=86400 -fmodules-prune-after\=345600 -fbuild-session-file\=/Users/admin/builder/spi-builder-workspace/.derivedData/ModuleCache.noindex/Session.modulevalidation -fmodules-validate-once-per-build-session -Wnon-modular-include-in-framework-module -Werror\=non-modular-include-in-framework-module -Wno-trigraphs -Wno-missing-field-initializers -Wno-missing-prototypes -Wno-return-type -Wno-missing-braces -Wparentheses -Wswitch -Wno-unused-function -Wno-unused-label -Wno-unused-parameter -Wno-unused-variable -Wunused-value -Wno-empty-body -Wno-uninitialized -Wno-unknown-pragmas -Wno-shadow -Wno-four-char-constants -Wno-conversion -Wno-constant-conversion -Wno-int-conversion -Wno-bool-conversion -Wno-enum-conversion -Wno-float-conversion -Wno-non-literal-null-conversion -Wno-objc-literal-conversion -Wno-shorten-64-to-32 -Wpointer-sign -Wno-newline-eof -Wno-implicit-fallthrough -isysroot /Applications/Xcode-26.5.0.app/Contents/Developer/Platforms/WatchOS.platform/Developer/SDKs/WatchOS26.5.sdk -fstrict-aliasing -Wdeprecated-declarations -Wno-sign-conversion -Wno-infinite-recursion -Wno-comma -Wno-block-capture-autoreleasing -Wno-strict-prototypes -Wno-semicolon-before-method-body -index-store-path /Users/admin/builder/spi-builder-workspace/.derivedData/Index.noindex/DataStore -w @/Users/admin/builder/spi-builder-workspace/.derivedData/Build/Intermediates.noindex/AdaEngine.build/Debug-watchos/freetype.build/Objects-normal/arm64_32/7187679823f38a2a940e0043cdf9d637-common-args.resp -MMD -MT dependencies -MF /Users/admin/builder/spi-builder-workspace/.derivedData/Build/Intermediates.noindex/AdaEngine.build/Debug-watchos/freetype.build/Objects-normal/arm64_32/ftcid.d --serialize-diagnostics /Users/admin/builder/spi-builder-workspace/.derivedData/Build/Intermediates.noindex/AdaEngine.build/Debug-watchos/freetype.build/Objects-normal/arm64_32/ftcid.dia -c /Users/admin/builder/spi-builder-workspace/Sources/msdf-atlas-gen/freetype/src/base/ftcid.c -o /Users/admin/builder/spi-builder-workspace/.derivedData/Build/Intermediates.noindex/AdaEngine.build/Debug-watchos/freetype.build/Objects-normal/arm64_32/ftcid.o -index-unit-output-path /AdaEngine.build/Debug-watchos/freetype.build/Objects-normal/arm64_32/ftcid.o
CompileC /Users/admin/builder/spi-builder-workspace/.derivedData/Build/Intermediates.noindex/AdaEngine.build/Debug-watchos/freetype.build/Objects-normal/arm64_32/ftcache.o /Users/admin/builder/spi-builder-workspace/Sources/msdf-atlas-gen/freetype/src/cache/ftcache.c normal arm64_32 c com.apple.compilers.llvm.clang.1_0.compiler (in target 'freetype' from project 'AdaEngine')
cd /Users/admin/builder/spi-builder-workspace/.swiftpm/xcode
Using response file: /Users/admin/builder/spi-builder-workspace/.derivedData/Build/Intermediates.noindex/AdaEngine.build/Debug-watchos/freetype.build/Objects-normal/arm64_32/7187679823f38a2a940e0043cdf9d637-common-args.resp
/Applications/Xcode-26.5.0.app/Contents/Developer/Toolchains/XcodeDefault.xctoolchain/usr/bin/clang -x c -ivfsstatcache /Users/admin/builder/spi-builder-workspace/.derivedData/SDKStatCaches.noindex/watchos26.5-23T570-688ef53f1462e2c8f657fdc38a81448f7931b973dfc65d9472806dbbc3af9379.sdkstatcache -target arm64_32-apple-watchos11.0 -fmessage-length\=0 -fdiagnostics-show-note-include-stack -fmacro-backtrace-limit\=0 -fno-color-diagnostics -fmodules-prune-interval\=86400 -fmodules-prune-after\=345600 -fbuild-session-file\=/Users/admin/builder/spi-builder-workspace/.derivedData/ModuleCache.noindex/Session.modulevalidation -fmodules-validate-once-per-build-session -Wnon-modular-include-in-framework-module -Werror\=non-modular-include-in-framework-module -Wno-trigraphs -Wno-missing-field-initializers -Wno-missing-prototypes -Wno-return-type -Wno-missing-braces -Wparentheses -Wswitch -Wno-unused-function -Wno-unused-label -Wno-unused-parameter -Wno-unused-variable -Wunused-value -Wno-empty-body -Wno-uninitialized -Wno-unknown-pragmas -Wno-shadow -Wno-four-char-constants -Wno-conversion -Wno-constant-conversion -Wno-int-conversion -Wno-bool-conversion -Wno-enum-conversion -Wno-float-conversion -Wno-non-literal-null-conversion -Wno-objc-literal-conversion -Wno-shorten-64-to-32 -Wpointer-sign -Wno-newline-eof -Wno-implicit-fallthrough -isysroot /Applications/Xcode-26.5.0.app/Contents/Developer/Platforms/WatchOS.platform/Developer/SDKs/WatchOS26.5.sdk -fstrict-aliasing -Wdeprecated-declarations -Wno-sign-conversion -Wno-infinite-recursion -Wno-comma -Wno-block-capture-autoreleasing -Wno-strict-prototypes -Wno-semicolon-before-method-body -index-store-path /Users/admin/builder/spi-builder-workspace/.derivedData/Index.noindex/DataStore -w @/Users/admin/builder/spi-builder-workspace/.derivedData/Build/Intermediates.noindex/AdaEngine.build/Debug-watchos/freetype.build/Objects-normal/arm64_32/7187679823f38a2a940e0043cdf9d637-common-args.resp -MMD -MT dependencies -MF /Users/admin/builder/spi-builder-workspace/.derivedData/Build/Intermediates.noindex/AdaEngine.build/Debug-watchos/freetype.build/Objects-normal/arm64_32/ftcache.d --serialize-diagnostics /Users/admin/builder/spi-builder-workspace/.derivedData/Build/Intermediates.noindex/AdaEngine.build/Debug-watchos/freetype.build/Objects-normal/arm64_32/ftcache.dia -c /Users/admin/builder/spi-builder-workspace/Sources/msdf-atlas-gen/freetype/src/cache/ftcache.c -o /Users/admin/builder/spi-builder-workspace/.derivedData/Build/Intermediates.noindex/AdaEngine.build/Debug-watchos/freetype.build/Objects-normal/arm64_32/ftcache.o -index-unit-output-path /AdaEngine.build/Debug-watchos/freetype.build/Objects-normal/arm64_32/ftcache.o
CompileC /Users/admin/builder/spi-builder-workspace/.derivedData/Build/Intermediates.noindex/AdaEngine.build/Debug-watchos/freetype.build/Objects-normal/arm64_32/ftbzip2.o /Users/admin/builder/spi-builder-workspace/Sources/msdf-atlas-gen/freetype/src/bzip2/ftbzip2.c normal arm64_32 c com.apple.compilers.llvm.clang.1_0.compiler (in target 'freetype' from project 'AdaEngine')
cd /Users/admin/builder/spi-builder-workspace/.swiftpm/xcode
Using response file: /Users/admin/builder/spi-builder-workspace/.derivedData/Build/Intermediates.noindex/AdaEngine.build/Debug-watchos/freetype.build/Objects-normal/arm64_32/7187679823f38a2a940e0043cdf9d637-common-args.resp
/Applications/Xcode-26.5.0.app/Contents/Developer/Toolchains/XcodeDefault.xctoolchain/usr/bin/clang -x c -ivfsstatcache /Users/admin/builder/spi-builder-workspace/.derivedData/SDKStatCaches.noindex/watchos26.5-23T570-688ef53f1462e2c8f657fdc38a81448f7931b973dfc65d9472806dbbc3af9379.sdkstatcache -target arm64_32-apple-watchos11.0 -fmessage-length\=0 -fdiagnostics-show-note-include-stack -fmacro-backtrace-limit\=0 -fno-color-diagnostics -fmodules-prune-interval\=86400 -fmodules-prune-after\=345600 -fbuild-session-file\=/Users/admin/builder/spi-builder-workspace/.derivedData/ModuleCache.noindex/Session.modulevalidation -fmodules-validate-once-per-build-session -Wnon-modular-include-in-framework-module -Werror\=non-modular-include-in-framework-module -Wno-trigraphs -Wno-missing-field-initializers -Wno-missing-prototypes -Wno-return-type -Wno-missing-braces -Wparentheses -Wswitch -Wno-unused-function -Wno-unused-label -Wno-unused-parameter -Wno-unused-variable -Wunused-value -Wno-empty-body -Wno-uninitialized -Wno-unknown-pragmas -Wno-shadow -Wno-four-char-constants -Wno-conversion -Wno-constant-conversion -Wno-int-conversion -Wno-bool-conversion -Wno-enum-conversion -Wno-float-conversion -Wno-non-literal-null-conversion -Wno-objc-literal-conversion -Wno-shorten-64-to-32 -Wpointer-sign -Wno-newline-eof -Wno-implicit-fallthrough -isysroot /Applications/Xcode-26.5.0.app/Contents/Developer/Platforms/WatchOS.platform/Developer/SDKs/WatchOS26.5.sdk -fstrict-aliasing -Wdeprecated-declarations -Wno-sign-conversion -Wno-infinite-recursion -Wno-comma -Wno-block-capture-autoreleasing -Wno-strict-prototypes -Wno-semicolon-before-method-body -index-store-path /Users/admin/builder/spi-builder-workspace/.derivedData/Index.noindex/DataStore -w @/Users/admin/builder/spi-builder-workspace/.derivedData/Build/Intermediates.noindex/AdaEngine.build/Debug-watchos/freetype.build/Objects-normal/arm64_32/7187679823f38a2a940e0043cdf9d637-common-args.resp -MMD -MT dependencies -MF /Users/admin/builder/spi-builder-workspace/.derivedData/Build/Intermediates.noindex/AdaEngine.build/Debug-watchos/freetype.build/Objects-normal/arm64_32/ftbzip2.d --serialize-diagnostics /Users/admin/builder/spi-builder-workspace/.derivedData/Build/Intermediates.noindex/AdaEngine.build/Debug-watchos/freetype.build/Objects-normal/arm64_32/ftbzip2.dia -c /Users/admin/builder/spi-builder-workspace/Sources/msdf-atlas-gen/freetype/src/bzip2/ftbzip2.c -o /Users/admin/builder/spi-builder-workspace/.derivedData/Build/Intermediates.noindex/AdaEngine.build/Debug-watchos/freetype.build/Objects-normal/arm64_32/ftbzip2.o -index-unit-output-path /AdaEngine.build/Debug-watchos/freetype.build/Objects-normal/arm64_32/ftbzip2.o
CompileC /Users/admin/builder/spi-builder-workspace/.derivedData/Build/Intermediates.noindex/AdaEngine.build/Debug-watchos/freetype.build/Objects-normal/arm64_32/ftbitmap.o /Users/admin/builder/spi-builder-workspace/Sources/msdf-atlas-gen/freetype/src/base/ftbitmap.c normal arm64_32 c com.apple.compilers.llvm.clang.1_0.compiler (in target 'freetype' from project 'AdaEngine')
cd /Users/admin/builder/spi-builder-workspace/.swiftpm/xcode
Using response file: /Users/admin/builder/spi-builder-workspace/.derivedData/Build/Intermediates.noindex/AdaEngine.build/Debug-watchos/freetype.build/Objects-normal/arm64_32/7187679823f38a2a940e0043cdf9d637-common-args.resp
/Applications/Xcode-26.5.0.app/Contents/Developer/Toolchains/XcodeDefault.xctoolchain/usr/bin/clang -x c -ivfsstatcache /Users/admin/builder/spi-builder-workspace/.derivedData/SDKStatCaches.noindex/watchos26.5-23T570-688ef53f1462e2c8f657fdc38a81448f7931b973dfc65d9472806dbbc3af9379.sdkstatcache -target arm64_32-apple-watchos11.0 -fmessage-length\=0 -fdiagnostics-show-note-include-stack -fmacro-backtrace-limit\=0 -fno-color-diagnostics -fmodules-prune-interval\=86400 -fmodules-prune-after\=345600 -fbuild-session-file\=/Users/admin/builder/spi-builder-workspace/.derivedData/ModuleCache.noindex/Session.modulevalidation -fmodules-validate-once-per-build-session -Wnon-modular-include-in-framework-module -Werror\=non-modular-include-in-framework-module -Wno-trigraphs -Wno-missing-field-initializers -Wno-missing-prototypes -Wno-return-type -Wno-missing-braces -Wparentheses -Wswitch -Wno-unused-function -Wno-unused-label -Wno-unused-parameter -Wno-unused-variable -Wunused-value -Wno-empty-body -Wno-uninitialized -Wno-unknown-pragmas -Wno-shadow -Wno-four-char-constants -Wno-conversion -Wno-constant-conversion -Wno-int-conversion -Wno-bool-conversion -Wno-enum-conversion -Wno-float-conversion -Wno-non-literal-null-conversion -Wno-objc-literal-conversion -Wno-shorten-64-to-32 -Wpointer-sign -Wno-newline-eof -Wno-implicit-fallthrough -isysroot /Applications/Xcode-26.5.0.app/Contents/Developer/Platforms/WatchOS.platform/Developer/SDKs/WatchOS26.5.sdk -fstrict-aliasing -Wdeprecated-declarations -Wno-sign-conversion -Wno-infinite-recursion -Wno-comma -Wno-block-capture-autoreleasing -Wno-strict-prototypes -Wno-semicolon-before-method-body -index-store-path /Users/admin/builder/spi-builder-workspace/.derivedData/Index.noindex/DataStore -w @/Users/admin/builder/spi-builder-workspace/.derivedData/Build/Intermediates.noindex/AdaEngine.build/Debug-watchos/freetype.build/Objects-normal/arm64_32/7187679823f38a2a940e0043cdf9d637-common-args.resp -MMD -MT dependencies -MF /Users/admin/builder/spi-builder-workspace/.derivedData/Build/Intermediates.noindex/AdaEngine.build/Debug-watchos/freetype.build/Objects-normal/arm64_32/ftbitmap.d --serialize-diagnostics /Users/admin/builder/spi-builder-workspace/.derivedData/Build/Intermediates.noindex/AdaEngine.build/Debug-watchos/freetype.build/Objects-normal/arm64_32/ftbitmap.dia -c /Users/admin/builder/spi-builder-workspace/Sources/msdf-atlas-gen/freetype/src/base/ftbitmap.c -o /Users/admin/builder/spi-builder-workspace/.derivedData/Build/Intermediates.noindex/AdaEngine.build/Debug-watchos/freetype.build/Objects-normal/arm64_32/ftbitmap.o -index-unit-output-path /AdaEngine.build/Debug-watchos/freetype.build/Objects-normal/arm64_32/ftbitmap.o
CompileC /Users/admin/builder/spi-builder-workspace/.derivedData/Build/Intermediates.noindex/AdaEngine.build/Debug-watchos/freetype.build/Objects-normal/arm64_32/ftbdf.o /Users/admin/builder/spi-builder-workspace/Sources/msdf-atlas-gen/freetype/src/base/ftbdf.c normal arm64_32 c com.apple.compilers.llvm.clang.1_0.compiler (in target 'freetype' from project 'AdaEngine')
cd /Users/admin/builder/spi-builder-workspace/.swiftpm/xcode
Using response file: /Users/admin/builder/spi-builder-workspace/.derivedData/Build/Intermediates.noindex/AdaEngine.build/Debug-watchos/freetype.build/Objects-normal/arm64_32/7187679823f38a2a940e0043cdf9d637-common-args.resp
/Applications/Xcode-26.5.0.app/Contents/Developer/Toolchains/XcodeDefault.xctoolchain/usr/bin/clang -x c -ivfsstatcache /Users/admin/builder/spi-builder-workspace/.derivedData/SDKStatCaches.noindex/watchos26.5-23T570-688ef53f1462e2c8f657fdc38a81448f7931b973dfc65d9472806dbbc3af9379.sdkstatcache -target arm64_32-apple-watchos11.0 -fmessage-length\=0 -fdiagnostics-show-note-include-stack -fmacro-backtrace-limit\=0 -fno-color-diagnostics -fmodules-prune-interval\=86400 -fmodules-prune-after\=345600 -fbuild-session-file\=/Users/admin/builder/spi-builder-workspace/.derivedData/ModuleCache.noindex/Session.modulevalidation -fmodules-validate-once-per-build-session -Wnon-modular-include-in-framework-module -Werror\=non-modular-include-in-framework-module -Wno-trigraphs -Wno-missing-field-initializers -Wno-missing-prototypes -Wno-return-type -Wno-missing-braces -Wparentheses -Wswitch -Wno-unused-function -Wno-unused-label -Wno-unused-parameter -Wno-unused-variable -Wunused-value -Wno-empty-body -Wno-uninitialized -Wno-unknown-pragmas -Wno-shadow -Wno-four-char-constants -Wno-conversion -Wno-constant-conversion -Wno-int-conversion -Wno-bool-conversion -Wno-enum-conversion -Wno-float-conversion -Wno-non-literal-null-conversion -Wno-objc-literal-conversion -Wno-shorten-64-to-32 -Wpointer-sign -Wno-newline-eof -Wno-implicit-fallthrough -isysroot /Applications/Xcode-26.5.0.app/Contents/Developer/Platforms/WatchOS.platform/Developer/SDKs/WatchOS26.5.sdk -fstrict-aliasing -Wdeprecated-declarations -Wno-sign-conversion -Wno-infinite-recursion -Wno-comma -Wno-block-capture-autoreleasing -Wno-strict-prototypes -Wno-semicolon-before-method-body -index-store-path /Users/admin/builder/spi-builder-workspace/.derivedData/Index.noindex/DataStore -w @/Users/admin/builder/spi-builder-workspace/.derivedData/Build/Intermediates.noindex/AdaEngine.build/Debug-watchos/freetype.build/Objects-normal/arm64_32/7187679823f38a2a940e0043cdf9d637-common-args.resp -MMD -MT dependencies -MF /Users/admin/builder/spi-builder-workspace/.derivedData/Build/Intermediates.noindex/AdaEngine.build/Debug-watchos/freetype.build/Objects-normal/arm64_32/ftbdf.d --serialize-diagnostics /Users/admin/builder/spi-builder-workspace/.derivedData/Build/Intermediates.noindex/AdaEngine.build/Debug-watchos/freetype.build/Objects-normal/arm64_32/ftbdf.dia -c /Users/admin/builder/spi-builder-workspace/Sources/msdf-atlas-gen/freetype/src/base/ftbdf.c -o /Users/admin/builder/spi-builder-workspace/.derivedData/Build/Intermediates.noindex/AdaEngine.build/Debug-watchos/freetype.build/Objects-normal/arm64_32/ftbdf.o -index-unit-output-path /AdaEngine.build/Debug-watchos/freetype.build/Objects-normal/arm64_32/ftbdf.o
CompileC /Users/admin/builder/spi-builder-workspace/.derivedData/Build/Intermediates.noindex/AdaEngine.build/Debug-watchos/freetype.build/Objects-normal/arm64_32/ftbbox.o /Users/admin/builder/spi-builder-workspace/Sources/msdf-atlas-gen/freetype/src/base/ftbbox.c normal arm64_32 c com.apple.compilers.llvm.clang.1_0.compiler (in target 'freetype' from project 'AdaEngine')
cd /Users/admin/builder/spi-builder-workspace/.swiftpm/xcode
Using response file: /Users/admin/builder/spi-builder-workspace/.derivedData/Build/Intermediates.noindex/AdaEngine.build/Debug-watchos/freetype.build/Objects-normal/arm64_32/7187679823f38a2a940e0043cdf9d637-common-args.resp
/Applications/Xcode-26.5.0.app/Contents/Developer/Toolchains/XcodeDefault.xctoolchain/usr/bin/clang -x c -ivfsstatcache /Users/admin/builder/spi-builder-workspace/.derivedData/SDKStatCaches.noindex/watchos26.5-23T570-688ef53f1462e2c8f657fdc38a81448f7931b973dfc65d9472806dbbc3af9379.sdkstatcache -target arm64_32-apple-watchos11.0 -fmessage-length\=0 -fdiagnostics-show-note-include-stack -fmacro-backtrace-limit\=0 -fno-color-diagnostics -fmodules-prune-interval\=86400 -fmodules-prune-after\=345600 -fbuild-session-file\=/Users/admin/builder/spi-builder-workspace/.derivedData/ModuleCache.noindex/Session.modulevalidation -fmodules-validate-once-per-build-session -Wnon-modular-include-in-framework-module -Werror\=non-modular-include-in-framework-module -Wno-trigraphs -Wno-missing-field-initializers -Wno-missing-prototypes -Wno-return-type -Wno-missing-braces -Wparentheses -Wswitch -Wno-unused-function -Wno-unused-label -Wno-unused-parameter -Wno-unused-variable -Wunused-value -Wno-empty-body -Wno-uninitialized -Wno-unknown-pragmas -Wno-shadow -Wno-four-char-constants -Wno-conversion -Wno-constant-conversion -Wno-int-conversion -Wno-bool-conversion -Wno-enum-conversion -Wno-float-conversion -Wno-non-literal-null-conversion -Wno-objc-literal-conversion -Wno-shorten-64-to-32 -Wpointer-sign -Wno-newline-eof -Wno-implicit-fallthrough -isysroot /Applications/Xcode-26.5.0.app/Contents/Developer/Platforms/WatchOS.platform/Developer/SDKs/WatchOS26.5.sdk -fstrict-aliasing -Wdeprecated-declarations -Wno-sign-conversion -Wno-infinite-recursion -Wno-comma -Wno-block-capture-autoreleasing -Wno-strict-prototypes -Wno-semicolon-before-method-body -index-store-path /Users/admin/builder/spi-builder-workspace/.derivedData/Index.noindex/DataStore -w @/Users/admin/builder/spi-builder-workspace/.derivedData/Build/Intermediates.noindex/AdaEngine.build/Debug-watchos/freetype.build/Objects-normal/arm64_32/7187679823f38a2a940e0043cdf9d637-common-args.resp -MMD -MT dependencies -MF /Users/admin/builder/spi-builder-workspace/.derivedData/Build/Intermediates.noindex/AdaEngine.build/Debug-watchos/freetype.build/Objects-normal/arm64_32/ftbbox.d --serialize-diagnostics /Users/admin/builder/spi-builder-workspace/.derivedData/Build/Intermediates.noindex/AdaEngine.build/Debug-watchos/freetype.build/Objects-normal/arm64_32/ftbbox.dia -c /Users/admin/builder/spi-builder-workspace/Sources/msdf-atlas-gen/freetype/src/base/ftbbox.c -o /Users/admin/builder/spi-builder-workspace/.derivedData/Build/Intermediates.noindex/AdaEngine.build/Debug-watchos/freetype.build/Objects-normal/arm64_32/ftbbox.o -index-unit-output-path /AdaEngine.build/Debug-watchos/freetype.build/Objects-normal/arm64_32/ftbbox.o
CompileC /Users/admin/builder/spi-builder-workspace/.derivedData/Build/Intermediates.noindex/AdaEngine.build/Debug-watchos/freetype.build/Objects-normal/arm64_32/ftbase.o /Users/admin/builder/spi-builder-workspace/Sources/msdf-atlas-gen/freetype/src/base/ftbase.c normal arm64_32 c com.apple.compilers.llvm.clang.1_0.compiler (in target 'freetype' from project 'AdaEngine')
cd /Users/admin/builder/spi-builder-workspace/.swiftpm/xcode
Using response file: /Users/admin/builder/spi-builder-workspace/.derivedData/Build/Intermediates.noindex/AdaEngine.build/Debug-watchos/freetype.build/Objects-normal/arm64_32/7187679823f38a2a940e0043cdf9d637-common-args.resp
/Applications/Xcode-26.5.0.app/Contents/Developer/Toolchains/XcodeDefault.xctoolchain/usr/bin/clang -x c -ivfsstatcache /Users/admin/builder/spi-builder-workspace/.derivedData/SDKStatCaches.noindex/watchos26.5-23T570-688ef53f1462e2c8f657fdc38a81448f7931b973dfc65d9472806dbbc3af9379.sdkstatcache -target arm64_32-apple-watchos11.0 -fmessage-length\=0 -fdiagnostics-show-note-include-stack -fmacro-backtrace-limit\=0 -fno-color-diagnostics -fmodules-prune-interval\=86400 -fmodules-prune-after\=345600 -fbuild-session-file\=/Users/admin/builder/spi-builder-workspace/.derivedData/ModuleCache.noindex/Session.modulevalidation -fmodules-validate-once-per-build-session -Wnon-modular-include-in-framework-module -Werror\=non-modular-include-in-framework-module -Wno-trigraphs -Wno-missing-field-initializers -Wno-missing-prototypes -Wno-return-type -Wno-missing-braces -Wparentheses -Wswitch -Wno-unused-function -Wno-unused-label -Wno-unused-parameter -Wno-unused-variable -Wunused-value -Wno-empty-body -Wno-uninitialized -Wno-unknown-pragmas -Wno-shadow -Wno-four-char-constants -Wno-conversion -Wno-constant-conversion -Wno-int-conversion -Wno-bool-conversion -Wno-enum-conversion -Wno-float-conversion -Wno-non-literal-null-conversion -Wno-objc-literal-conversion -Wno-shorten-64-to-32 -Wpointer-sign -Wno-newline-eof -Wno-implicit-fallthrough -isysroot /Applications/Xcode-26.5.0.app/Contents/Developer/Platforms/WatchOS.platform/Developer/SDKs/WatchOS26.5.sdk -fstrict-aliasing -Wdeprecated-declarations -Wno-sign-conversion -Wno-infinite-recursion -Wno-comma -Wno-block-capture-autoreleasing -Wno-strict-prototypes -Wno-semicolon-before-method-body -index-store-path /Users/admin/builder/spi-builder-workspace/.derivedData/Index.noindex/DataStore -w @/Users/admin/builder/spi-builder-workspace/.derivedData/Build/Intermediates.noindex/AdaEngine.build/Debug-watchos/freetype.build/Objects-normal/arm64_32/7187679823f38a2a940e0043cdf9d637-common-args.resp -MMD -MT dependencies -MF /Users/admin/builder/spi-builder-workspace/.derivedData/Build/Intermediates.noindex/AdaEngine.build/Debug-watchos/freetype.build/Objects-normal/arm64_32/ftbase.d --serialize-diagnostics /Users/admin/builder/spi-builder-workspace/.derivedData/Build/Intermediates.noindex/AdaEngine.build/Debug-watchos/freetype.build/Objects-normal/arm64_32/ftbase.dia -c /Users/admin/builder/spi-builder-workspace/Sources/msdf-atlas-gen/freetype/src/base/ftbase.c -o /Users/admin/builder/spi-builder-workspace/.derivedData/Build/Intermediates.noindex/AdaEngine.build/Debug-watchos/freetype.build/Objects-normal/arm64_32/ftbase.o -index-unit-output-path /AdaEngine.build/Debug-watchos/freetype.build/Objects-normal/arm64_32/ftbase.o
Failed frontend command:
/Applications/Xcode-26.5.0.app/Contents/Developer/Toolchains/XcodeDefault.xctoolchain/usr/bin/clang -cc1 -Wundef-prefix\=TARGET_OS_ -fdiagnostics-show-note-include-stack -fmacro-backtrace-limit\=0 -w -ferror-limit 19 -serialize-diagnostic-file /Users/admin/builder/spi-builder-workspace/.derivedData/Build/Intermediates.noindex/AdaEngine.build/Debug-watchos/freetype.build/Objects-normal/arm64_32/ftbase.dia -Wdeprecated-objc-isa-usage -Werror\=deprecated-objc-isa-usage -Werror\=implicit-function-declaration -Wnon-modular-include-in-framework-module -Werror\=non-modular-include-in-framework-module -Wno-trigraphs -Wno-missing-field-initializers -Wno-missing-prototypes -Wno-return-type -Wno-missing-braces -Wparentheses -Wswitch -Wno-unused-function -Wno-unused-label -Wno-unused-parameter -Wno-unused-variable -Wunused-value -Wno-empty-body -Wno-uninitialized -Wno-unknown-pragmas -Wno-shadow -Wno-four-char-constants -Wno-conversion -Wno-constant-conversion -Wno-int-conversion -Wno-bool-conversion -Wno-enum-conversion -Wno-float-conversion -Wno-non-literal-null-conversion -Wno-objc-literal-conversion -Wno-shorten-64-to-32 -Wpointer-sign -Wno-newline-eof -Wno-implicit-fallthrough -Wdeprecated-declarations -Wno-sign-conversion -Wno-infinite-recursion -Wno-comma -Wno-block-capture-autoreleasing -Wno-strict-prototypes -Wno-semicolon-before-method-body -Wno-elaborated-enum-base -Wno-error\=allocator-wrappers -index-store-path /Users/admin/builder/spi-builder-workspace/.derivedData/Index.noindex/DataStore -index-unit-output-path /AdaEngine.build/Debug-watchos/freetype.build/Objects-normal/arm64_32/ftbase.o -fmodule-map-file\=/Users/admin/builder/spi-builder-workspace/Sources/msdf-atlas-gen/freetype/include/module.modulemap -fmodule-map-file\=/Applications/Xcode-26.5.0.app/Contents/Developer/Toolchains/XcodeDefault.xctoolchain/usr/lib/clang/21/include/module.modulemap -fmodule-map-file\=/Applications/Xcode-26.5.0.app/Contents/Developer/Platforms/WatchOS.platform/Developer/SDKs/WatchOS.sdk/usr/include/DarwinFoundation1.modulemap -fmodule-map-file\=/Applications/Xcode-26.5.0.app/Contents/Developer/Toolchains/XcodeDefault.xctoolchain/usr/lib/clang/21/include/module.modulemap -fmodule-map-file\=/Applications/Xcode-26.5.0.app/Contents/Developer/Toolchains/XcodeDefault.xctoolchain/usr/lib/clang/21/include/module.modulemap -fmodule-map-file\=/Applications/Xcode-26.5.0.app/Contents/Developer/Platforms/WatchOS.platform/Developer/SDKs/WatchOS.sdk/usr/include/DarwinFoundation2.modulemap -fmodule-map-file\=/Applications/Xcode-26.5.0.app/Contents/Developer/Platforms/WatchOS.platform/Developer/SDKs/WatchOS.sdk/usr/include/DarwinFoundation3.modulemap -o /Users/admin/builder/spi-builder-workspace/.derivedData/Build/Intermediates.noindex/AdaEngine.build/Debug-watchos/freetype.build/Objects-normal/arm64_32/ftbase.o -disable-free -emit-obj -x c /Users/admin/builder/spi-builder-workspace/Sources/msdf-atlas-gen/freetype/src/base/ftbase.c -target-abi darwinpcs -target-cpu apple-s4 -target-feature +v8.3a -target-feature +aes -target-feature +complxnum -target-feature +crc -target-feature +fp-armv8 -target-feature +fullfp16 -target-feature +jsconv -target-feature +lse -target-feature +neon -target-feature +pauth -target-feature +perfmon -target-feature +ras -target-feature +rcpc -target-feature +rdm -target-feature +sha2 -triple arm64_32-apple-watchos11.0.0 -target-linker-version 1267 -target-sdk-version\=26.5 -fmodules-validate-system-headers -fno-modulemap-allow-subdirectory-search -isysroot /Applications/Xcode-26.5.0.app/Contents/Developer/Platforms/WatchOS.platform/Developer/SDKs/WatchOS26.5.sdk -resource-dir /Applications/Xcode-26.5.0.app/Contents/Developer/Toolchains/XcodeDefault.xctoolchain/usr/lib/clang/21 -fmodule-format\=obj -fmodule-file\=_Builtin_limits\=/Users/admin/builder/spi-builder-workspace/.derivedData/Build/Intermediates.noindex/ExplicitPrecompiledModules/_Builtin_limits-3VGFMB0Y5YR4TKDKZTSOWK93P.pcm -fmodule-file\=_Builtin_stdarg\=/Users/admin/builder/spi-builder-workspace/.derivedData/Build/Intermediates.noindex/ExplicitPrecompiledModules/_Builtin_stdarg-6LY50YW4EY78OZJ8YQTPZMWM6.pcm -fmodule-file\=_Builtin_stddef\=/Users/admin/builder/spi-builder-workspace/.derivedData/Build/Intermediates.noindex/ExplicitPrecompiledModules/_Builtin_stddef-610DQCW3SLXGB6SZT7A7LGB2N.pcm -fmodule-file\=_DarwinFoundation1\=/Users/admin/builder/spi-builder-workspace/.derivedData/Build/Intermediates.noindex/ExplicitPrecompiledModules/_DarwinFoundation1-E74PNRAG6F4GBMIOY4QRBJ7XR.pcm -fmodule-file\=_DarwinFoundation2\=/Users/admin/builder/spi-builder-workspace/.derivedData/Build/Intermediates.noindex/ExplicitPrecompiledModules/_DarwinFoundation2-50AW4DESXV4IWGKIBD2V1YVAQ.pcm -fmodule-file\=_DarwinFoundation3\=/Users/admin/builder/spi-builder-workspace/.derivedData/Build/Intermediates.noindex/ExplicitPrecompiledModules/_DarwinFoundation3-51S32WZ8DQI32DQBZG8CQAJ9X.pcm -I /Users/admin/builder/spi-builder-workspace/.derivedData/Build/Products/Debug-watchos/include -I /Users/admin/builder/spi-builder-workspace/Sources/msdf-atlas-gen/freetype/include -I /Users/admin/builder/spi-builder-workspace/.derivedData/Build/Intermediates.noindex/AdaEngine.build/Debug-watchos/freetype.build/DerivedSources-normal/arm64_32 -I /Users/admin/builder/spi-builder-workspace/.derivedData/Build/Intermediates.noindex/AdaEngine.build/Debug-watchos/freetype.build/DerivedSources/arm64_32 -I /Users/admin/builder/spi-builder-workspace/.derivedData/Build/Intermediates.noindex/AdaEngine.build/Debug-watchos/freetype.build/DerivedSources -F /Users/admin/builder/spi-builder-workspace/.derivedData/Build/Products/Debug-watchos -iframework /Applications/Xcode-26.5.0.app/Contents/Developer/Platforms/WatchOS.platform/Developer/Library/Frameworks -iframework /Applications/Xcode-26.5.0.app/Contents/Developer/Platforms/WatchOS.platform/Developer/SDKs/WatchOS26.5.sdk/Developer/Library/Frameworks -internal-isystem /Applications/Xcode-26.5.0.app/Contents/Developer/Platforms/WatchOS.platform/Developer/SDKs/WatchOS26.5.sdk/usr/local/include -internal-isystem /Applications/Xcode-26.5.0.app/Contents/Developer/Toolchains/XcodeDefault.xctoolchain/usr/lib/clang/21/include -internal-externc-isystem /Applications/Xcode-26.5.0.app/Contents/Developer/Platforms/WatchOS.platform/Developer/SDKs/WatchOS26.5.sdk/usr/include -internal-externc-isystem /Applications/Xcode-26.5.0.app/Contents/Developer/Toolchains/XcodeDefault.xctoolchain/usr/include -internal-iframework /Applications/Xcode-26.5.0.app/Contents/Developer/Platforms/WatchOS.platform/Developer/SDKs/WatchOS26.5.sdk/System/Library/Frameworks -internal-iframework /Applications/Xcode-26.5.0.app/Contents/Developer/Platforms/WatchOS.platform/Developer/SDKs/WatchOS26.5.sdk/System/Library/SubFrameworks -internal-iframework /Applications/Xcode-26.5.0.app/Contents/Developer/Platforms/WatchOS.platform/Developer/SDKs/WatchOS26.5.sdk/Library/Frameworks -ivfsstatcache /Users/admin/builder/spi-builder-workspace/.derivedData/SDKStatCaches.noindex/watchos26.5-23T570-688ef53f1462e2c8f657fdc38a81448f7931b973dfc65d9472806dbbc3af9379.sdkstatcache -std\=c17 -fskip-odr-check-in-gmf -fmodules -fmodule-name\=freetype -fno-implicit-modules -fmax-type-align\=16 -fpascal-strings -fvisibility-inlines-hidden-static-local-var -mdarwin-stkchk-strong-link -fno-odr-hash-protocols -pic-level 2 -fencode-extended-block-signature -stack-protector 1 -fgnuc-version\=4.2.1 -fblocks -fno-convergent-functions -ffp-contract\=on -fclang-abi-compat\=4.0 -fno-experimental-relative-c++-abi-vtables -fno-file-reproducible -clang-vendor-feature\=+disableNonDependentMemberExprInCurrentInstantiation -clang-vendor-feature\=+enableAggressiveVLAFolding -clang-vendor-feature\=+revert09abecef7bbf -clang-vendor-feature\=+thisNoAlignAttr -clang-vendor-feature\=+thisNoNullAttr -clang-vendor-feature\=+disableAtImportPrivateFrameworkInImplementationError -O0 -fno-assume-unique-vtables -fdebug-compilation-dir\=/Users/admin/builder/spi-builder-workspace/.swiftpm/xcode -fcoverage-compilation-dir\=/Users/admin/builder/spi-builder-workspace/.swiftpm/xcode -fcoverage-mapping -fcommon -fdwarf2-cfi-asm -fobjc-msgsend-selector-stubs -fregister-global-dtors-with-atexit -fno-strict-return -dwarf-version\=5 -debugger-tuning\=lldb -disable-llvm-verifier -dwarf-ext-refs -funwind-tables\=1 -fprofile-instrument\=clang -enable-tlsdesc -clear-ast-before-backend -discard-value-names -main-file-name ftbase.c -mframe-pointer\=non-leaf -debug-info-kind\=standalone -fno-loop-interchange -fdiagnostics-hotness-threshold\=0 -fdiagnostics-misexpect-tolerance\=0 -D DEBUG\=1 -D FT2_BUILD_LIBRARY -D SWIFT_PACKAGE -D Xcode -D _CRT_NONSTDC_NO_WARNINGS -D _CRT_SECURE_NO_WARNINGS -fdefine-target-os-macros -MT dependencies -dependency-file /Users/admin/builder/spi-builder-workspace/.derivedData/Build/Intermediates.noindex/AdaEngine.build/Debug-watchos/freetype.build/Objects-normal/arm64_32/ftbase.d -skip-unused-modulemap-deps
CompileC /Users/admin/builder/spi-builder-workspace/.derivedData/Build/Intermediates.noindex/AdaEngine.build/Debug-watchos/freetype.build/Objects-normal/arm64_32/cff.o /Users/admin/builder/spi-builder-workspace/Sources/msdf-atlas-gen/freetype/src/cff/cff.c normal arm64_32 c com.apple.compilers.llvm.clang.1_0.compiler (in target 'freetype' from project 'AdaEngine')
cd /Users/admin/builder/spi-builder-workspace/.swiftpm/xcode
Using response file: /Users/admin/builder/spi-builder-workspace/.derivedData/Build/Intermediates.noindex/AdaEngine.build/Debug-watchos/freetype.build/Objects-normal/arm64_32/7187679823f38a2a940e0043cdf9d637-common-args.resp
/Applications/Xcode-26.5.0.app/Contents/Developer/Toolchains/XcodeDefault.xctoolchain/usr/bin/clang -x c -ivfsstatcache /Users/admin/builder/spi-builder-workspace/.derivedData/SDKStatCaches.noindex/watchos26.5-23T570-688ef53f1462e2c8f657fdc38a81448f7931b973dfc65d9472806dbbc3af9379.sdkstatcache -target arm64_32-apple-watchos11.0 -fmessage-length\=0 -fdiagnostics-show-note-include-stack -fmacro-backtrace-limit\=0 -fno-color-diagnostics -fmodules-prune-interval\=86400 -fmodules-prune-after\=345600 -fbuild-session-file\=/Users/admin/builder/spi-builder-workspace/.derivedData/ModuleCache.noindex/Session.modulevalidation -fmodules-validate-once-per-build-session -Wnon-modular-include-in-framework-module -Werror\=non-modular-include-in-framework-module -Wno-trigraphs -Wno-missing-field-initializers -Wno-missing-prototypes -Wno-return-type -Wno-missing-braces -Wparentheses -Wswitch -Wno-unused-function -Wno-unused-label -Wno-unused-parameter -Wno-unused-variable -Wunused-value -Wno-empty-body -Wno-uninitialized -Wno-unknown-pragmas -Wno-shadow -Wno-four-char-constants -Wno-conversion -Wno-constant-conversion -Wno-int-conversion -Wno-bool-conversion -Wno-enum-conversion -Wno-float-conversion -Wno-non-literal-null-conversion -Wno-objc-literal-conversion -Wno-shorten-64-to-32 -Wpointer-sign -Wno-newline-eof -Wno-implicit-fallthrough -isysroot /Applications/Xcode-26.5.0.app/Contents/Developer/Platforms/WatchOS.platform/Developer/SDKs/WatchOS26.5.sdk -fstrict-aliasing -Wdeprecated-declarations -Wno-sign-conversion -Wno-infinite-recursion -Wno-comma -Wno-block-capture-autoreleasing -Wno-strict-prototypes -Wno-semicolon-before-method-body -index-store-path /Users/admin/builder/spi-builder-workspace/.derivedData/Index.noindex/DataStore -w @/Users/admin/builder/spi-builder-workspace/.derivedData/Build/Intermediates.noindex/AdaEngine.build/Debug-watchos/freetype.build/Objects-normal/arm64_32/7187679823f38a2a940e0043cdf9d637-common-args.resp -MMD -MT dependencies -MF /Users/admin/builder/spi-builder-workspace/.derivedData/Build/Intermediates.noindex/AdaEngine.build/Debug-watchos/freetype.build/Objects-normal/arm64_32/cff.d --serialize-diagnostics /Users/admin/builder/spi-builder-workspace/.derivedData/Build/Intermediates.noindex/AdaEngine.build/Debug-watchos/freetype.build/Objects-normal/arm64_32/cff.dia -c /Users/admin/builder/spi-builder-workspace/Sources/msdf-atlas-gen/freetype/src/cff/cff.c -o /Users/admin/builder/spi-builder-workspace/.derivedData/Build/Intermediates.noindex/AdaEngine.build/Debug-watchos/freetype.build/Objects-normal/arm64_32/cff.o -index-unit-output-path /AdaEngine.build/Debug-watchos/freetype.build/Objects-normal/arm64_32/cff.o
CompileC /Users/admin/builder/spi-builder-workspace/.derivedData/Build/Intermediates.noindex/AdaEngine.build/Debug-watchos/freetype.build/Objects-normal/arm64_32/bdf.o /Users/admin/builder/spi-builder-workspace/Sources/msdf-atlas-gen/freetype/src/bdf/bdf.c normal arm64_32 c com.apple.compilers.llvm.clang.1_0.compiler (in target 'freetype' from project 'AdaEngine')
cd /Users/admin/builder/spi-builder-workspace/.swiftpm/xcode
Using response file: /Users/admin/builder/spi-builder-workspace/.derivedData/Build/Intermediates.noindex/AdaEngine.build/Debug-watchos/freetype.build/Objects-normal/arm64_32/7187679823f38a2a940e0043cdf9d637-common-args.resp
/Applications/Xcode-26.5.0.app/Contents/Developer/Toolchains/XcodeDefault.xctoolchain/usr/bin/clang -x c -ivfsstatcache /Users/admin/builder/spi-builder-workspace/.derivedData/SDKStatCaches.noindex/watchos26.5-23T570-688ef53f1462e2c8f657fdc38a81448f7931b973dfc65d9472806dbbc3af9379.sdkstatcache -target arm64_32-apple-watchos11.0 -fmessage-length\=0 -fdiagnostics-show-note-include-stack -fmacro-backtrace-limit\=0 -fno-color-diagnostics -fmodules-prune-interval\=86400 -fmodules-prune-after\=345600 -fbuild-session-file\=/Users/admin/builder/spi-builder-workspace/.derivedData/ModuleCache.noindex/Session.modulevalidation -fmodules-validate-once-per-build-session -Wnon-modular-include-in-framework-module -Werror\=non-modular-include-in-framework-module -Wno-trigraphs -Wno-missing-field-initializers -Wno-missing-prototypes -Wno-return-type -Wno-missing-braces -Wparentheses -Wswitch -Wno-unused-function -Wno-unused-label -Wno-unused-parameter -Wno-unused-variable -Wunused-value -Wno-empty-body -Wno-uninitialized -Wno-unknown-pragmas -Wno-shadow -Wno-four-char-constants -Wno-conversion -Wno-constant-conversion -Wno-int-conversion -Wno-bool-conversion -Wno-enum-conversion -Wno-float-conversion -Wno-non-literal-null-conversion -Wno-objc-literal-conversion -Wno-shorten-64-to-32 -Wpointer-sign -Wno-newline-eof -Wno-implicit-fallthrough -isysroot /Applications/Xcode-26.5.0.app/Contents/Developer/Platforms/WatchOS.platform/Developer/SDKs/WatchOS26.5.sdk -fstrict-aliasing -Wdeprecated-declarations -Wno-sign-conversion -Wno-infinite-recursion -Wno-comma -Wno-block-capture-autoreleasing -Wno-strict-prototypes -Wno-semicolon-before-method-body -index-store-path /Users/admin/builder/spi-builder-workspace/.derivedData/Index.noindex/DataStore -w @/Users/admin/builder/spi-builder-workspace/.derivedData/Build/Intermediates.noindex/AdaEngine.build/Debug-watchos/freetype.build/Objects-normal/arm64_32/7187679823f38a2a940e0043cdf9d637-common-args.resp -MMD -MT dependencies -MF /Users/admin/builder/spi-builder-workspace/.derivedData/Build/Intermediates.noindex/AdaEngine.build/Debug-watchos/freetype.build/Objects-normal/arm64_32/bdf.d --serialize-diagnostics /Users/admin/builder/spi-builder-workspace/.derivedData/Build/Intermediates.noindex/AdaEngine.build/Debug-watchos/freetype.build/Objects-normal/arm64_32/bdf.dia -c /Users/admin/builder/spi-builder-workspace/Sources/msdf-atlas-gen/freetype/src/bdf/bdf.c -o /Users/admin/builder/spi-builder-workspace/.derivedData/Build/Intermediates.noindex/AdaEngine.build/Debug-watchos/freetype.build/Objects-normal/arm64_32/bdf.o -index-unit-output-path /AdaEngine.build/Debug-watchos/freetype.build/Objects-normal/arm64_32/bdf.o
CompileC /Users/admin/builder/spi-builder-workspace/.derivedData/Build/Intermediates.noindex/AdaEngine.build/Debug-watchos/freetype.build/Objects-normal/arm64_32/autofit.o /Users/admin/builder/spi-builder-workspace/Sources/msdf-atlas-gen/freetype/src/autofit/autofit.c normal arm64_32 c com.apple.compilers.llvm.clang.1_0.compiler (in target 'freetype' from project 'AdaEngine')
cd /Users/admin/builder/spi-builder-workspace/.swiftpm/xcode
Using response file: /Users/admin/builder/spi-builder-workspace/.derivedData/Build/Intermediates.noindex/AdaEngine.build/Debug-watchos/freetype.build/Objects-normal/arm64_32/7187679823f38a2a940e0043cdf9d637-common-args.resp
/Applications/Xcode-26.5.0.app/Contents/Developer/Toolchains/XcodeDefault.xctoolchain/usr/bin/clang -x c -ivfsstatcache /Users/admin/builder/spi-builder-workspace/.derivedData/SDKStatCaches.noindex/watchos26.5-23T570-688ef53f1462e2c8f657fdc38a81448f7931b973dfc65d9472806dbbc3af9379.sdkstatcache -target arm64_32-apple-watchos11.0 -fmessage-length\=0 -fdiagnostics-show-note-include-stack -fmacro-backtrace-limit\=0 -fno-color-diagnostics -fmodules-prune-interval\=86400 -fmodules-prune-after\=345600 -fbuild-session-file\=/Users/admin/builder/spi-builder-workspace/.derivedData/ModuleCache.noindex/Session.modulevalidation -fmodules-validate-once-per-build-session -Wnon-modular-include-in-framework-module -Werror\=non-modular-include-in-framework-module -Wno-trigraphs -Wno-missing-field-initializers -Wno-missing-prototypes -Wno-return-type -Wno-missing-braces -Wparentheses -Wswitch -Wno-unused-function -Wno-unused-label -Wno-unused-parameter -Wno-unused-variable -Wunused-value -Wno-empty-body -Wno-uninitialized -Wno-unknown-pragmas -Wno-shadow -Wno-four-char-constants -Wno-conversion -Wno-constant-conversion -Wno-int-conversion -Wno-bool-conversion -Wno-enum-conversion -Wno-float-conversion -Wno-non-literal-null-conversion -Wno-objc-literal-conversion -Wno-shorten-64-to-32 -Wpointer-sign -Wno-newline-eof -Wno-implicit-fallthrough -isysroot /Applications/Xcode-26.5.0.app/Contents/Developer/Platforms/WatchOS.platform/Developer/SDKs/WatchOS26.5.sdk -fstrict-aliasing -Wdeprecated-declarations -Wno-sign-conversion -Wno-infinite-recursion -Wno-comma -Wno-block-capture-autoreleasing -Wno-strict-prototypes -Wno-semicolon-before-method-body -index-store-path /Users/admin/builder/spi-builder-workspace/.derivedData/Index.noindex/DataStore -w @/Users/admin/builder/spi-builder-workspace/.derivedData/Build/Intermediates.noindex/AdaEngine.build/Debug-watchos/freetype.build/Objects-normal/arm64_32/7187679823f38a2a940e0043cdf9d637-common-args.resp -MMD -MT dependencies -MF /Users/admin/builder/spi-builder-workspace/.derivedData/Build/Intermediates.noindex/AdaEngine.build/Debug-watchos/freetype.build/Objects-normal/arm64_32/autofit.d --serialize-diagnostics /Users/admin/builder/spi-builder-workspace/.derivedData/Build/Intermediates.noindex/AdaEngine.build/Debug-watchos/freetype.build/Objects-normal/arm64_32/autofit.dia -c /Users/admin/builder/spi-builder-workspace/Sources/msdf-atlas-gen/freetype/src/autofit/autofit.c -o /Users/admin/builder/spi-builder-workspace/.derivedData/Build/Intermediates.noindex/AdaEngine.build/Debug-watchos/freetype.build/Objects-normal/arm64_32/autofit.o -index-unit-output-path /AdaEngine.build/Debug-watchos/freetype.build/Objects-normal/arm64_32/autofit.o
CompileC /Users/admin/builder/spi-builder-workspace/.derivedData/Build/Intermediates.noindex/cmark-gfm.build/Debug-watchos/cmark-gfm-extensions.build/Objects-normal/armv7k/autolink.o /Users/admin/builder/spi-builder-workspace/.dependencies/checkouts/swift-cmark/extensions/autolink.c normal armv7k c com.apple.compilers.llvm.clang.1_0.compiler (in target 'cmark-gfm-extensions' from project 'cmark-gfm')
cd /Users/admin/builder/spi-builder-workspace/.swiftpm/xcode
Using response file: /Users/admin/builder/spi-builder-workspace/.derivedData/Build/Intermediates.noindex/cmark-gfm.build/Debug-watchos/cmark-gfm-extensions.build/Objects-normal/armv7k/7187679823f38a2a940e0043cdf9d637-common-args.resp
/Applications/Xcode-26.5.0.app/Contents/Developer/Toolchains/XcodeDefault.xctoolchain/usr/bin/clang -x c -ivfsstatcache /Users/admin/builder/spi-builder-workspace/.derivedData/SDKStatCaches.noindex/watchos26.5-23T570-688ef53f1462e2c8f657fdc38a81448f7931b973dfc65d9472806dbbc3af9379.sdkstatcache -target armv7k-apple-watchos5.0 -fmessage-length\=0 -fdiagnostics-show-note-include-stack -fmacro-backtrace-limit\=0 -fno-color-diagnostics -fmodules-prune-interval\=86400 -fmodules-prune-after\=345600 -fbuild-session-file\=/Users/admin/builder/spi-builder-workspace/.derivedData/ModuleCache.noindex/Session.modulevalidation -fmodules-validate-once-per-build-session -Wnon-modular-include-in-framework-module -Werror\=non-modular-include-in-framework-module -Wno-trigraphs -Wno-missing-field-initializers -Wno-missing-prototypes -Wno-return-type -Wno-missing-braces -Wparentheses -Wswitch -Wno-unused-function -Wno-unused-label -Wno-unused-parameter -Wno-unused-variable -Wunused-value -Wno-empty-body -Wno-uninitialized -Wno-unknown-pragmas -w -Wno-shadow -Wno-four-char-constants -Wno-conversion -Wno-constant-conversion -Wno-int-conversion -Wno-bool-conversion -Wno-enum-conversion -Wno-float-conversion -Wno-non-literal-null-conversion -Wno-objc-literal-conversion -Wno-shorten-64-to-32 -Wpointer-sign -Wno-newline-eof -Wno-implicit-fallthrough -isysroot /Applications/Xcode-26.5.0.app/Contents/Developer/Platforms/WatchOS.platform/Developer/SDKs/WatchOS26.5.sdk -fstrict-aliasing -Wdeprecated-declarations -Wno-sign-conversion -Wno-infinite-recursion -Wno-comma -Wno-block-capture-autoreleasing -Wno-strict-prototypes -Wno-semicolon-before-method-body -index-store-path /Users/admin/builder/spi-builder-workspace/.derivedData/Index.noindex/DataStore @/Users/admin/builder/spi-builder-workspace/.derivedData/Build/Intermediates.noindex/cmark-gfm.build/Debug-watchos/cmark-gfm-extensions.build/Objects-normal/armv7k/7187679823f38a2a940e0043cdf9d637-common-args.resp -MMD -MT dependencies -MF /Users/admin/builder/spi-builder-workspace/.derivedData/Build/Intermediates.noindex/cmark-gfm.build/Debug-watchos/cmark-gfm-extensions.build/Objects-normal/armv7k/autolink.d --serialize-diagnostics /Users/admin/builder/spi-builder-workspace/.derivedData/Build/Intermediates.noindex/cmark-gfm.build/Debug-watchos/cmark-gfm-extensions.build/Objects-normal/armv7k/autolink.dia -c /Users/admin/builder/spi-builder-workspace/.dependencies/checkouts/swift-cmark/extensions/autolink.c -o /Users/admin/builder/spi-builder-workspace/.derivedData/Build/Intermediates.noindex/cmark-gfm.build/Debug-watchos/cmark-gfm-extensions.build/Objects-normal/armv7k/autolink.o -index-unit-output-path /cmark-gfm.build/Debug-watchos/cmark-gfm-extensions.build/Objects-normal/armv7k/autolink.o
CompileC /Users/admin/builder/spi-builder-workspace/.derivedData/Build/Intermediates.noindex/cmark-gfm.build/Debug-watchos/cmark-gfm-extensions.build/Objects-normal/arm64_32/table.o /Users/admin/builder/spi-builder-workspace/.dependencies/checkouts/swift-cmark/extensions/table.c normal arm64_32 c com.apple.compilers.llvm.clang.1_0.compiler (in target 'cmark-gfm-extensions' from project 'cmark-gfm')
cd /Users/admin/builder/spi-builder-workspace/.swiftpm/xcode
Using response file: /Users/admin/builder/spi-builder-workspace/.derivedData/Build/Intermediates.noindex/cmark-gfm.build/Debug-watchos/cmark-gfm-extensions.build/Objects-normal/arm64_32/7187679823f38a2a940e0043cdf9d637-common-args.resp
/Applications/Xcode-26.5.0.app/Contents/Developer/Toolchains/XcodeDefault.xctoolchain/usr/bin/clang -x c -ivfsstatcache /Users/admin/builder/spi-builder-workspace/.derivedData/SDKStatCaches.noindex/watchos26.5-23T570-688ef53f1462e2c8f657fdc38a81448f7931b973dfc65d9472806dbbc3af9379.sdkstatcache -target arm64_32-apple-watchos5.0 -fmessage-length\=0 -fdiagnostics-show-note-include-stack -fmacro-backtrace-limit\=0 -fno-color-diagnostics -fmodules-prune-interval\=86400 -fmodules-prune-after\=345600 -fbuild-session-file\=/Users/admin/builder/spi-builder-workspace/.derivedData/ModuleCache.noindex/Session.modulevalidation -fmodules-validate-once-per-build-session -Wnon-modular-include-in-framework-module -Werror\=non-modular-include-in-framework-module -Wno-trigraphs -Wno-missing-field-initializers -Wno-missing-prototypes -Wno-return-type -Wno-missing-braces -Wparentheses -Wswitch -Wno-unused-function -Wno-unused-label -Wno-unused-parameter -Wno-unused-variable -Wunused-value -Wno-empty-body -Wno-uninitialized -Wno-unknown-pragmas -w -Wno-shadow -Wno-four-char-constants -Wno-conversion -Wno-constant-conversion -Wno-int-conversion -Wno-bool-conversion -Wno-enum-conversion -Wno-float-conversion -Wno-non-literal-null-conversion -Wno-objc-literal-conversion -Wno-shorten-64-to-32 -Wpointer-sign -Wno-newline-eof -Wno-implicit-fallthrough -isysroot /Applications/Xcode-26.5.0.app/Contents/Developer/Platforms/WatchOS.platform/Developer/SDKs/WatchOS26.5.sdk -fstrict-aliasing -Wdeprecated-declarations -Wno-sign-conversion -Wno-infinite-recursion -Wno-comma -Wno-block-capture-autoreleasing -Wno-strict-prototypes -Wno-semicolon-before-method-body -index-store-path /Users/admin/builder/spi-builder-workspace/.derivedData/Index.noindex/DataStore @/Users/admin/builder/spi-builder-workspace/.derivedData/Build/Intermediates.noindex/cmark-gfm.build/Debug-watchos/cmark-gfm-extensions.build/Objects-normal/arm64_32/7187679823f38a2a940e0043cdf9d637-common-args.resp -MMD -MT dependencies -MF /Users/admin/builder/spi-builder-workspace/.derivedData/Build/Intermediates.noindex/cmark-gfm.build/Debug-watchos/cmark-gfm-extensions.build/Objects-normal/arm64_32/table.d --serialize-diagnostics /Users/admin/builder/spi-builder-workspace/.derivedData/Build/Intermediates.noindex/cmark-gfm.build/Debug-watchos/cmark-gfm-extensions.build/Objects-normal/arm64_32/table.dia -c /Users/admin/builder/spi-builder-workspace/.dependencies/checkouts/swift-cmark/extensions/table.c -o /Users/admin/builder/spi-builder-workspace/.derivedData/Build/Intermediates.noindex/cmark-gfm.build/Debug-watchos/cmark-gfm-extensions.build/Objects-normal/arm64_32/table.o -index-unit-output-path /cmark-gfm.build/Debug-watchos/cmark-gfm-extensions.build/Objects-normal/arm64_32/table.o
CompileC /Users/admin/builder/spi-builder-workspace/.derivedData/Build/Intermediates.noindex/cmark-gfm.build/Debug-watchos/cmark-gfm-extensions.build/Objects-normal/arm64_32/strikethrough.o /Users/admin/builder/spi-builder-workspace/.dependencies/checkouts/swift-cmark/extensions/strikethrough.c normal arm64_32 c com.apple.compilers.llvm.clang.1_0.compiler (in target 'cmark-gfm-extensions' from project 'cmark-gfm')
cd /Users/admin/builder/spi-builder-workspace/.swiftpm/xcode
Using response file: /Users/admin/builder/spi-builder-workspace/.derivedData/Build/Intermediates.noindex/cmark-gfm.build/Debug-watchos/cmark-gfm-extensions.build/Objects-normal/arm64_32/7187679823f38a2a940e0043cdf9d637-common-args.resp
/Applications/Xcode-26.5.0.app/Contents/Developer/Toolchains/XcodeDefault.xctoolchain/usr/bin/clang -x c -ivfsstatcache /Users/admin/builder/spi-builder-workspace/.derivedData/SDKStatCaches.noindex/watchos26.5-23T570-688ef53f1462e2c8f657fdc38a81448f7931b973dfc65d9472806dbbc3af9379.sdkstatcache -target arm64_32-apple-watchos5.0 -fmessage-length\=0 -fdiagnostics-show-note-include-stack -fmacro-backtrace-limit\=0 -fno-color-diagnostics -fmodules-prune-interval\=86400 -fmodules-prune-after\=345600 -fbuild-session-file\=/Users/admin/builder/spi-builder-workspace/.derivedData/ModuleCache.noindex/Session.modulevalidation -fmodules-validate-once-per-build-session -Wnon-modular-include-in-framework-module -Werror\=non-modular-include-in-framework-module -Wno-trigraphs -Wno-missing-field-initializers -Wno-missing-prototypes -Wno-return-type -Wno-missing-braces -Wparentheses -Wswitch -Wno-unused-function -Wno-unused-label -Wno-unused-parameter -Wno-unused-variable -Wunused-value -Wno-empty-body -Wno-uninitialized -Wno-unknown-pragmas -w -Wno-shadow -Wno-four-char-constants -Wno-conversion -Wno-constant-conversion -Wno-int-conversion -Wno-bool-conversion -Wno-enum-conversion -Wno-float-conversion -Wno-non-literal-null-conversion -Wno-objc-literal-conversion -Wno-shorten-64-to-32 -Wpointer-sign -Wno-newline-eof -Wno-implicit-fallthrough -isysroot /Applications/Xcode-26.5.0.app/Contents/Developer/Platforms/WatchOS.platform/Developer/SDKs/WatchOS26.5.sdk -fstrict-aliasing -Wdeprecated-declarations -Wno-sign-conversion -Wno-infinite-recursion -Wno-comma -Wno-block-capture-autoreleasing -Wno-strict-prototypes -Wno-semicolon-before-method-body -index-store-path /Users/admin/builder/spi-builder-workspace/.derivedData/Index.noindex/DataStore @/Users/admin/builder/spi-builder-workspace/.derivedData/Build/Intermediates.noindex/cmark-gfm.build/Debug-watchos/cmark-gfm-extensions.build/Objects-normal/arm64_32/7187679823f38a2a940e0043cdf9d637-common-args.resp -MMD -MT dependencies -MF /Users/admin/builder/spi-builder-workspace/.derivedData/Build/Intermediates.noindex/cmark-gfm.build/Debug-watchos/cmark-gfm-extensions.build/Objects-normal/arm64_32/strikethrough.d --serialize-diagnostics /Users/admin/builder/spi-builder-workspace/.derivedData/Build/Intermediates.noindex/cmark-gfm.build/Debug-watchos/cmark-gfm-extensions.build/Objects-normal/arm64_32/strikethrough.dia -c /Users/admin/builder/spi-builder-workspace/.dependencies/checkouts/swift-cmark/extensions/strikethrough.c -o /Users/admin/builder/spi-builder-workspace/.derivedData/Build/Intermediates.noindex/cmark-gfm.build/Debug-watchos/cmark-gfm-extensions.build/Objects-normal/arm64_32/strikethrough.o -index-unit-output-path /cmark-gfm.build/Debug-watchos/cmark-gfm-extensions.build/Objects-normal/arm64_32/strikethrough.o
CompileC /Users/admin/builder/spi-builder-workspace/.derivedData/Build/Intermediates.noindex/cmark-gfm.build/Debug-watchos/cmark-gfm-extensions.build/Objects-normal/arm64_32/ext_scanners.o /Users/admin/builder/spi-builder-workspace/.dependencies/checkouts/swift-cmark/extensions/ext_scanners.c normal arm64_32 c com.apple.compilers.llvm.clang.1_0.compiler (in target 'cmark-gfm-extensions' from project 'cmark-gfm')
cd /Users/admin/builder/spi-builder-workspace/.swiftpm/xcode
Using response file: /Users/admin/builder/spi-builder-workspace/.derivedData/Build/Intermediates.noindex/cmark-gfm.build/Debug-watchos/cmark-gfm-extensions.build/Objects-normal/arm64_32/7187679823f38a2a940e0043cdf9d637-common-args.resp
/Applications/Xcode-26.5.0.app/Contents/Developer/Toolchains/XcodeDefault.xctoolchain/usr/bin/clang -x c -ivfsstatcache /Users/admin/builder/spi-builder-workspace/.derivedData/SDKStatCaches.noindex/watchos26.5-23T570-688ef53f1462e2c8f657fdc38a81448f7931b973dfc65d9472806dbbc3af9379.sdkstatcache -target arm64_32-apple-watchos5.0 -fmessage-length\=0 -fdiagnostics-show-note-include-stack -fmacro-backtrace-limit\=0 -fno-color-diagnostics -fmodules-prune-interval\=86400 -fmodules-prune-after\=345600 -fbuild-session-file\=/Users/admin/builder/spi-builder-workspace/.derivedData/ModuleCache.noindex/Session.modulevalidation -fmodules-validate-once-per-build-session -Wnon-modular-include-in-framework-module -Werror\=non-modular-include-in-framework-module -Wno-trigraphs -Wno-missing-field-initializers -Wno-missing-prototypes -Wno-return-type -Wno-missing-braces -Wparentheses -Wswitch -Wno-unused-function -Wno-unused-label -Wno-unused-parameter -Wno-unused-variable -Wunused-value -Wno-empty-body -Wno-uninitialized -Wno-unknown-pragmas -w -Wno-shadow -Wno-four-char-constants -Wno-conversion -Wno-constant-conversion -Wno-int-conversion -Wno-bool-conversion -Wno-enum-conversion -Wno-float-conversion -Wno-non-literal-null-conversion -Wno-objc-literal-conversion -Wno-shorten-64-to-32 -Wpointer-sign -Wno-newline-eof -Wno-implicit-fallthrough -isysroot /Applications/Xcode-26.5.0.app/Contents/Developer/Platforms/WatchOS.platform/Developer/SDKs/WatchOS26.5.sdk -fstrict-aliasing -Wdeprecated-declarations -Wno-sign-conversion -Wno-infinite-recursion -Wno-comma -Wno-block-capture-autoreleasing -Wno-strict-prototypes -Wno-semicolon-before-method-body -index-store-path /Users/admin/builder/spi-builder-workspace/.derivedData/Index.noindex/DataStore @/Users/admin/builder/spi-builder-workspace/.derivedData/Build/Intermediates.noindex/cmark-gfm.build/Debug-watchos/cmark-gfm-extensions.build/Objects-normal/arm64_32/7187679823f38a2a940e0043cdf9d637-common-args.resp -MMD -MT dependencies -MF /Users/admin/builder/spi-builder-workspace/.derivedData/Build/Intermediates.noindex/cmark-gfm.build/Debug-watchos/cmark-gfm-extensions.build/Objects-normal/arm64_32/ext_scanners.d --serialize-diagnostics /Users/admin/builder/spi-builder-workspace/.derivedData/Build/Intermediates.noindex/cmark-gfm.build/Debug-watchos/cmark-gfm-extensions.build/Objects-normal/arm64_32/ext_scanners.dia -c /Users/admin/builder/spi-builder-workspace/.dependencies/checkouts/swift-cmark/extensions/ext_scanners.c -o /Users/admin/builder/spi-builder-workspace/.derivedData/Build/Intermediates.noindex/cmark-gfm.build/Debug-watchos/cmark-gfm-extensions.build/Objects-normal/arm64_32/ext_scanners.o -index-unit-output-path /cmark-gfm.build/Debug-watchos/cmark-gfm-extensions.build/Objects-normal/arm64_32/ext_scanners.o
CompileC /Users/admin/builder/spi-builder-workspace/.derivedData/Build/Intermediates.noindex/cmark-gfm.build/Debug-watchos/cmark-gfm-extensions.build/Objects-normal/arm64_32/core-extensions.o /Users/admin/builder/spi-builder-workspace/.dependencies/checkouts/swift-cmark/extensions/core-extensions.c normal arm64_32 c com.apple.compilers.llvm.clang.1_0.compiler (in target 'cmark-gfm-extensions' from project 'cmark-gfm')
cd /Users/admin/builder/spi-builder-workspace/.swiftpm/xcode
Using response file: /Users/admin/builder/spi-builder-workspace/.derivedData/Build/Intermediates.noindex/cmark-gfm.build/Debug-watchos/cmark-gfm-extensions.build/Objects-normal/arm64_32/7187679823f38a2a940e0043cdf9d637-common-args.resp
/Applications/Xcode-26.5.0.app/Contents/Developer/Toolchains/XcodeDefault.xctoolchain/usr/bin/clang -x c -ivfsstatcache /Users/admin/builder/spi-builder-workspace/.derivedData/SDKStatCaches.noindex/watchos26.5-23T570-688ef53f1462e2c8f657fdc38a81448f7931b973dfc65d9472806dbbc3af9379.sdkstatcache -target arm64_32-apple-watchos5.0 -fmessage-length\=0 -fdiagnostics-show-note-include-stack -fmacro-backtrace-limit\=0 -fno-color-diagnostics -fmodules-prune-interval\=86400 -fmodules-prune-after\=345600 -fbuild-session-file\=/Users/admin/builder/spi-builder-workspace/.derivedData/ModuleCache.noindex/Session.modulevalidation -fmodules-validate-once-per-build-session -Wnon-modular-include-in-framework-module -Werror\=non-modular-include-in-framework-module -Wno-trigraphs -Wno-missing-field-initializers -Wno-missing-prototypes -Wno-return-type -Wno-missing-braces -Wparentheses -Wswitch -Wno-unused-function -Wno-unused-label -Wno-unused-parameter -Wno-unused-variable -Wunused-value -Wno-empty-body -Wno-uninitialized -Wno-unknown-pragmas -w -Wno-shadow -Wno-four-char-constants -Wno-conversion -Wno-constant-conversion -Wno-int-conversion -Wno-bool-conversion -Wno-enum-conversion -Wno-float-conversion -Wno-non-literal-null-conversion -Wno-objc-literal-conversion -Wno-shorten-64-to-32 -Wpointer-sign -Wno-newline-eof -Wno-implicit-fallthrough -isysroot /Applications/Xcode-26.5.0.app/Contents/Developer/Platforms/WatchOS.platform/Developer/SDKs/WatchOS26.5.sdk -fstrict-aliasing -Wdeprecated-declarations -Wno-sign-conversion -Wno-infinite-recursion -Wno-comma -Wno-block-capture-autoreleasing -Wno-strict-prototypes -Wno-semicolon-before-method-body -index-store-path /Users/admin/builder/spi-builder-workspace/.derivedData/Index.noindex/DataStore @/Users/admin/builder/spi-builder-workspace/.derivedData/Build/Intermediates.noindex/cmark-gfm.build/Debug-watchos/cmark-gfm-extensions.build/Objects-normal/arm64_32/7187679823f38a2a940e0043cdf9d637-common-args.resp -MMD -MT dependencies -MF /Users/admin/builder/spi-builder-workspace/.derivedData/Build/Intermediates.noindex/cmark-gfm.build/Debug-watchos/cmark-gfm-extensions.build/Objects-normal/arm64_32/core-extensions.d --serialize-diagnostics /Users/admin/builder/spi-builder-workspace/.derivedData/Build/Intermediates.noindex/cmark-gfm.build/Debug-watchos/cmark-gfm-extensions.build/Objects-normal/arm64_32/core-extensions.dia -c /Users/admin/builder/spi-builder-workspace/.dependencies/checkouts/swift-cmark/extensions/core-extensions.c -o /Users/admin/builder/spi-builder-workspace/.derivedData/Build/Intermediates.noindex/cmark-gfm.build/Debug-watchos/cmark-gfm-extensions.build/Objects-normal/arm64_32/core-extensions.o -index-unit-output-path /cmark-gfm.build/Debug-watchos/cmark-gfm-extensions.build/Objects-normal/arm64_32/core-extensions.o
CompileC /Users/admin/builder/spi-builder-workspace/.derivedData/Build/Intermediates.noindex/AdaEngine.build/Debug-watchos/HarfBuzz.build/Objects-normal/arm64_32/harfbuzz.o /Users/admin/builder/spi-builder-workspace/Sources/harfbuzz/harfbuzz.cc normal arm64_32 c++ com.apple.compilers.llvm.clang.1_0.compiler (in target 'HarfBuzz' from project 'AdaEngine')
cd /Users/admin/builder/spi-builder-workspace/.swiftpm/xcode
Using response file: /Users/admin/builder/spi-builder-workspace/.derivedData/Build/Intermediates.noindex/AdaEngine.build/Debug-watchos/HarfBuzz.build/Objects-normal/arm64_32/82b82416624d2658e5098eb0a28c15c5-common-args.resp
/Applications/Xcode-26.5.0.app/Contents/Developer/Toolchains/XcodeDefault.xctoolchain/usr/bin/clang -x c++ -ivfsstatcache /Users/admin/builder/spi-builder-workspace/.derivedData/SDKStatCaches.noindex/watchos26.5-23T570-688ef53f1462e2c8f657fdc38a81448f7931b973dfc65d9472806dbbc3af9379.sdkstatcache -target arm64_32-apple-watchos11.0 -fmessage-length\=0 -fdiagnostics-show-note-include-stack -fmacro-backtrace-limit\=0 -fno-color-diagnostics -fmodules-prune-interval\=86400 -fmodules-prune-after\=345600 -fbuild-session-file\=/Users/admin/builder/spi-builder-workspace/.derivedData/ModuleCache.noindex/Session.modulevalidation -fmodules-validate-once-per-build-session -Wnon-modular-include-in-framework-module -Werror\=non-modular-include-in-framework-module -Wno-trigraphs -Wno-missing-field-initializers -Wno-missing-prototypes -Wno-return-type -Wno-non-virtual-dtor -Wno-overloaded-virtual -Wno-exit-time-destructors -Wno-missing-braces -Wparentheses -Wswitch -Wno-unused-function -Wno-unused-label -Wno-unused-parameter -Wno-unused-variable -Wunused-value -Wno-empty-body -Wno-uninitialized -Wno-unknown-pragmas -Wno-shadow -Wno-four-char-constants -Wno-conversion -Wno-constant-conversion -Wno-int-conversion -Wno-bool-conversion -Wno-enum-conversion -Wno-float-conversion -Wno-non-literal-null-conversion -Wno-objc-literal-conversion -Wno-shorten-64-to-32 -Wno-newline-eof -Wno-c++11-extensions -Wno-implicit-fallthrough -isysroot /Applications/Xcode-26.5.0.app/Contents/Developer/Platforms/WatchOS.platform/Developer/SDKs/WatchOS26.5.sdk -fstrict-aliasing -Wdeprecated-declarations -Winvalid-offsetof -Wno-sign-conversion -Wno-infinite-recursion -Wno-move -Wno-comma -Wno-block-capture-autoreleasing -Wno-strict-prototypes -Wno-range-loop-analysis -Wno-semicolon-before-method-body -index-store-path /Users/admin/builder/spi-builder-workspace/.derivedData/Index.noindex/DataStore -w @/Users/admin/builder/spi-builder-workspace/.derivedData/Build/Intermediates.noindex/AdaEngine.build/Debug-watchos/HarfBuzz.build/Objects-normal/arm64_32/82b82416624d2658e5098eb0a28c15c5-common-args.resp -MMD -MT dependencies -MF /Users/admin/builder/spi-builder-workspace/.derivedData/Build/Intermediates.noindex/AdaEngine.build/Debug-watchos/HarfBuzz.build/Objects-normal/arm64_32/harfbuzz.d --serialize-diagnostics /Users/admin/builder/spi-builder-workspace/.derivedData/Build/Intermediates.noindex/AdaEngine.build/Debug-watchos/HarfBuzz.build/Objects-normal/arm64_32/harfbuzz.dia -c /Users/admin/builder/spi-builder-workspace/Sources/harfbuzz/harfbuzz.cc -o /Users/admin/builder/spi-builder-workspace/.derivedData/Build/Intermediates.noindex/AdaEngine.build/Debug-watchos/HarfBuzz.build/Objects-normal/arm64_32/harfbuzz.o -index-unit-output-path /AdaEngine.build/Debug-watchos/HarfBuzz.build/Objects-normal/arm64_32/harfbuzz.o
CompileC /Users/admin/builder/spi-builder-workspace/.derivedData/Build/Intermediates.noindex/AdaEngine.build/Debug-watchos/HarfBuzz.build/Objects-normal/arm64/harfbuzz.o /Users/admin/builder/spi-builder-workspace/Sources/harfbuzz/harfbuzz.cc normal arm64 c++ com.apple.compilers.llvm.clang.1_0.compiler (in target 'HarfBuzz' from project 'AdaEngine')
cd /Users/admin/builder/spi-builder-workspace/.swiftpm/xcode
Using response file: /Users/admin/builder/spi-builder-workspace/.derivedData/Build/Intermediates.noindex/AdaEngine.build/Debug-watchos/HarfBuzz.build/Objects-normal/arm64/82b82416624d2658e5098eb0a28c15c5-common-args.resp
/Applications/Xcode-26.5.0.app/Contents/Developer/Toolchains/XcodeDefault.xctoolchain/usr/bin/clang -x c++ -ivfsstatcache /Users/admin/builder/spi-builder-workspace/.derivedData/SDKStatCaches.noindex/watchos26.5-23T570-688ef53f1462e2c8f657fdc38a81448f7931b973dfc65d9472806dbbc3af9379.sdkstatcache -target arm64-apple-watchos11.0 -fmessage-length\=0 -fdiagnostics-show-note-include-stack -fmacro-backtrace-limit\=0 -fno-color-diagnostics -fmodules-prune-interval\=86400 -fmodules-prune-after\=345600 -fbuild-session-file\=/Users/admin/builder/spi-builder-workspace/.derivedData/ModuleCache.noindex/Session.modulevalidation -fmodules-validate-once-per-build-session -Wnon-modular-include-in-framework-module -Werror\=non-modular-include-in-framework-module -Wno-trigraphs -Wno-missing-field-initializers -Wno-missing-prototypes -Wno-return-type -Wno-non-virtual-dtor -Wno-overloaded-virtual -Wno-exit-time-destructors -Wno-missing-braces -Wparentheses -Wswitch -Wno-unused-function -Wno-unused-label -Wno-unused-parameter -Wno-unused-variable -Wunused-value -Wno-empty-body -Wno-uninitialized -Wno-unknown-pragmas -Wno-shadow -Wno-four-char-constants -Wno-conversion -Wno-constant-conversion -Wno-int-conversion -Wno-bool-conversion -Wno-enum-conversion -Wno-float-conversion -Wno-non-literal-null-conversion -Wno-objc-literal-conversion -Wshorten-64-to-32 -Wno-newline-eof -Wno-c++11-extensions -Wno-implicit-fallthrough -isysroot /Applications/Xcode-26.5.0.app/Contents/Developer/Platforms/WatchOS.platform/Developer/SDKs/WatchOS26.5.sdk -fstrict-aliasing -Wdeprecated-declarations -Winvalid-offsetof -Wno-sign-conversion -Wno-infinite-recursion -Wno-move -Wno-comma -Wno-block-capture-autoreleasing -Wno-strict-prototypes -Wno-range-loop-analysis -Wno-semicolon-before-method-body -index-store-path /Users/admin/builder/spi-builder-workspace/.derivedData/Index.noindex/DataStore -w @/Users/admin/builder/spi-builder-workspace/.derivedData/Build/Intermediates.noindex/AdaEngine.build/Debug-watchos/HarfBuzz.build/Objects-normal/arm64/82b82416624d2658e5098eb0a28c15c5-common-args.resp -MMD -MT dependencies -MF /Users/admin/builder/spi-builder-workspace/.derivedData/Build/Intermediates.noindex/AdaEngine.build/Debug-watchos/HarfBuzz.build/Objects-normal/arm64/harfbuzz.d --serialize-diagnostics /Users/admin/builder/spi-builder-workspace/.derivedData/Build/Intermediates.noindex/AdaEngine.build/Debug-watchos/HarfBuzz.build/Objects-normal/arm64/harfbuzz.dia -c /Users/admin/builder/spi-builder-workspace/Sources/harfbuzz/harfbuzz.cc -o /Users/admin/builder/spi-builder-workspace/.derivedData/Build/Intermediates.noindex/AdaEngine.build/Debug-watchos/HarfBuzz.build/Objects-normal/arm64/harfbuzz.o -index-unit-output-path /AdaEngine.build/Debug-watchos/HarfBuzz.build/Objects-normal/arm64/harfbuzz.o
PrecompileModule /Users/admin/builder/spi-builder-workspace/.derivedData/Build/Intermediates.noindex/ExplicitPrecompiledModules/_Builtin_stddef-BOTIRB9HHZISPZZNG71SZA4TX.scan
cd /
builtin-precompileModule /Users/admin/builder/spi-builder-workspace/.derivedData/Build/Intermediates.noindex/ExplicitPrecompiledModules/_Builtin_stddef-BOTIRB9HHZISPZZNG71SZA4TX.scan
PrecompileModule /Users/admin/builder/spi-builder-workspace/.derivedData/Build/Intermediates.noindex/ExplicitPrecompiledModules/_Builtin_inttypes-B5TXN0N875Z36RUWRKOLDRKQT.scan
cd /
builtin-precompileModule /Users/admin/builder/spi-builder-workspace/.derivedData/Build/Intermediates.noindex/ExplicitPrecompiledModules/_Builtin_inttypes-B5TXN0N875Z36RUWRKOLDRKQT.scan
PrecompileModule /Users/admin/builder/spi-builder-workspace/.derivedData/Build/Intermediates.noindex/ExplicitPrecompiledModules/_AvailabilityInternal-9OT7U72QB7DF2YKUDPJC4OAGW.scan
cd /
builtin-precompileModule /Users/admin/builder/spi-builder-workspace/.derivedData/Build/Intermediates.noindex/ExplicitPrecompiledModules/_AvailabilityInternal-9OT7U72QB7DF2YKUDPJC4OAGW.scan
PrecompileModule /Users/admin/builder/spi-builder-workspace/.derivedData/Build/Intermediates.noindex/ExplicitPrecompiledModules/ptrcheck-AVGAANV8KOOTUYCDDXKEGAC16.scan
cd /
builtin-precompileModule /Users/admin/builder/spi-builder-workspace/.derivedData/Build/Intermediates.noindex/ExplicitPrecompiledModules/ptrcheck-AVGAANV8KOOTUYCDDXKEGAC16.scan
PrecompileModule /Users/admin/builder/spi-builder-workspace/.derivedData/Build/Intermediates.noindex/ExplicitPrecompiledModules/ptrcheck-1V9PX697OD8SZKE8FVK4JGW9N.scan
cd /
builtin-precompileModule /Users/admin/builder/spi-builder-workspace/.derivedData/Build/Intermediates.noindex/ExplicitPrecompiledModules/ptrcheck-1V9PX697OD8SZKE8FVK4JGW9N.scan
PrecompileModule /Users/admin/builder/spi-builder-workspace/.derivedData/Build/Intermediates.noindex/ExplicitPrecompiledModules/Darwin-79ZAI3JWESLKE9H7RJ4EMJS41.scan
cd /
builtin-precompileModule /Users/admin/builder/spi-builder-workspace/.derivedData/Build/Intermediates.noindex/ExplicitPrecompiledModules/Darwin-79ZAI3JWESLKE9H7RJ4EMJS41.scan
PrecompileModule /Users/admin/builder/spi-builder-workspace/.derivedData/Build/Intermediates.noindex/ExplicitPrecompiledModules/_Builtin_stdbool-BR7SA9JIZSF9JPFA8UA81RAFM.scan
cd /
builtin-precompileModule /Users/admin/builder/spi-builder-workspace/.derivedData/Build/Intermediates.noindex/ExplicitPrecompiledModules/_Builtin_stdbool-BR7SA9JIZSF9JPFA8UA81RAFM.scan
PrecompileModule /Users/admin/builder/spi-builder-workspace/.derivedData/Build/Intermediates.noindex/ExplicitPrecompiledModules/_AvailabilityInternal-B9B76VA5IQD43PY6TE1D57O1A.scan
cd /
builtin-precompileModule /Users/admin/builder/spi-builder-workspace/.derivedData/Build/Intermediates.noindex/ExplicitPrecompiledModules/_AvailabilityInternal-B9B76VA5IQD43PY6TE1D57O1A.scan
PrecompileModule /Users/admin/builder/spi-builder-workspace/.derivedData/Build/Intermediates.noindex/ExplicitPrecompiledModules/_Builtin_stdarg-2QVR2HRAGUQG1PAA7R0HIE42.scan
cd /
builtin-precompileModule /Users/admin/builder/spi-builder-workspace/.derivedData/Build/Intermediates.noindex/ExplicitPrecompiledModules/_Builtin_stdarg-2QVR2HRAGUQG1PAA7R0HIE42.scan
PrecompileModule /Users/admin/builder/spi-builder-workspace/.derivedData/Build/Intermediates.noindex/ExplicitPrecompiledModules/_DarwinFoundation1-DNXXHITX0XCHO4AMUNU8DRXQK.scan
cd /
builtin-precompileModule /Users/admin/builder/spi-builder-workspace/.derivedData/Build/Intermediates.noindex/ExplicitPrecompiledModules/_DarwinFoundation1-DNXXHITX0XCHO4AMUNU8DRXQK.scan
PrecompileModule /Users/admin/builder/spi-builder-workspace/.derivedData/Build/Intermediates.noindex/ExplicitPrecompiledModules/_Builtin_stdarg-BDUQ19QG78FZ3TJTMW8F6962F.scan
cd /
builtin-precompileModule /Users/admin/builder/spi-builder-workspace/.derivedData/Build/Intermediates.noindex/ExplicitPrecompiledModules/_Builtin_stdarg-BDUQ19QG78FZ3TJTMW8F6962F.scan
PrecompileModule /Users/admin/builder/spi-builder-workspace/.derivedData/Build/Intermediates.noindex/ExplicitPrecompiledModules/_Builtin_stddef-28O43QJGX8S9XGLGXNRGVUD3N.scan
cd /
builtin-precompileModule /Users/admin/builder/spi-builder-workspace/.derivedData/Build/Intermediates.noindex/ExplicitPrecompiledModules/_Builtin_stddef-28O43QJGX8S9XGLGXNRGVUD3N.scan
PrecompileModule /Users/admin/builder/spi-builder-workspace/.derivedData/Build/Intermediates.noindex/ExplicitPrecompiledModules/_DarwinFoundation1-ABS7NKCUZKVLZSQVVCIM90VLI.scan
cd /
builtin-precompileModule /Users/admin/builder/spi-builder-workspace/.derivedData/Build/Intermediates.noindex/ExplicitPrecompiledModules/_DarwinFoundation1-ABS7NKCUZKVLZSQVVCIM90VLI.scan
ScanDependencies /Users/admin/builder/spi-builder-workspace/.derivedData/Build/Intermediates.noindex/AdaEngine.build/Debug-watchos/miniaudioApple.build/Objects-normal/arm64_32/AppleImplementation.o /Users/admin/builder/spi-builder-workspace/Sources/miniaudioApple/AppleImplementation.m normal arm64_32 objective-c com.apple.compilers.llvm.clang.1_0.compiler (in target 'miniaudioApple' from project 'AdaEngine')
cd /Users/admin/builder/spi-builder-workspace/.swiftpm/xcode
Using response file: /Users/admin/builder/spi-builder-workspace/.derivedData/Build/Intermediates.noindex/AdaEngine.build/Debug-watchos/miniaudioApple.build/Objects-normal/arm64_32/e6072d4f65d7061329687fe24e3d63a7-common-args.resp
builtin-ScanDependencies -o /Users/admin/builder/spi-builder-workspace/.derivedData/Build/Intermediates.noindex/AdaEngine.build/Debug-watchos/miniaudioApple.build/Objects-normal/arm64_32/AppleImplementation.o.scan -- /Applications/Xcode-26.5.0.app/Contents/Developer/Toolchains/XcodeDefault.xctoolchain/usr/bin/clang -x objective-c -ivfsstatcache /Users/admin/builder/spi-builder-workspace/.derivedData/SDKStatCaches.noindex/watchos26.5-23T570-688ef53f1462e2c8f657fdc38a81448f7931b973dfc65d9472806dbbc3af9379.sdkstatcache -target arm64_32-apple-watchos11.0 -fmessage-length\=0 -fdiagnostics-show-note-include-stack -fmacro-backtrace-limit\=0 -fno-color-diagnostics -fmodules-prune-interval\=86400 -fmodules-prune-after\=345600 -fbuild-session-file\=/Users/admin/builder/spi-builder-workspace/.derivedData/ModuleCache.noindex/Session.modulevalidation -fmodules-validate-once-per-build-session -Wnon-modular-include-in-framework-module -Werror\=non-modular-include-in-framework-module -Wno-trigraphs -Wno-missing-field-initializers -Wno-missing-prototypes -Wno-return-type -Wno-implicit-atomic-properties -Wno-objc-interface-ivars -Wno-arc-repeated-use-of-weak -Wno-missing-braces -Wparentheses -Wswitch -Wno-unused-function -Wno-unused-label -Wno-unused-parameter -Wno-unused-variable -Wunused-value -Wno-empty-body -Wno-uninitialized -Wno-unknown-pragmas -Wno-shadow -Wno-four-char-constants -Wno-conversion -Wno-constant-conversion -Wno-int-conversion -Wno-bool-conversion -Wno-enum-conversion -Wno-float-conversion -Wno-non-literal-null-conversion -Wno-objc-literal-conversion -Wno-shorten-64-to-32 -Wpointer-sign -Wno-newline-eof -Wno-selector -Wno-strict-selector-match -Wno-undeclared-selector -Wno-deprecated-implementations -Wno-implicit-fallthrough -isysroot /Applications/Xcode-26.5.0.app/Contents/Developer/Platforms/WatchOS.platform/Developer/SDKs/WatchOS26.5.sdk -fstrict-aliasing -Wprotocol -Wdeprecated-declarations -Wno-sign-conversion -Wno-infinite-recursion -Wno-comma -Wno-block-capture-autoreleasing -Wno-strict-prototypes -Wno-semicolon-before-method-body -index-store-path /Users/admin/builder/spi-builder-workspace/.derivedData/Index.noindex/DataStore -w @/Users/admin/builder/spi-builder-workspace/.derivedData/Build/Intermediates.noindex/AdaEngine.build/Debug-watchos/miniaudioApple.build/Objects-normal/arm64_32/e6072d4f65d7061329687fe24e3d63a7-common-args.resp -MMD -MT dependencies -MF /Users/admin/builder/spi-builder-workspace/.derivedData/Build/Intermediates.noindex/AdaEngine.build/Debug-watchos/miniaudioApple.build/Objects-normal/arm64_32/AppleImplementation.d --serialize-diagnostics /Users/admin/builder/spi-builder-workspace/.derivedData/Build/Intermediates.noindex/AdaEngine.build/Debug-watchos/miniaudioApple.build/Objects-normal/arm64_32/AppleImplementation.dia -c /Users/admin/builder/spi-builder-workspace/Sources/miniaudioApple/AppleImplementation.m -o /Users/admin/builder/spi-builder-workspace/.derivedData/Build/Intermediates.noindex/AdaEngine.build/Debug-watchos/miniaudioApple.build/Objects-normal/arm64_32/AppleImplementation.o -index-unit-output-path /AdaEngine.build/Debug-watchos/miniaudioApple.build/Objects-normal/arm64_32/AppleImplementation.o
/Users/admin/builder/spi-builder-workspace/Sources/miniaudio/include/miniaudio.h:31812:10: error: 'AudioToolbox/AudioToolbox.h' file not found (in target 'miniaudioApple' from project 'AdaEngine')
/Users/admin/builder/spi-builder-workspace/Sources/miniaudioApple/AppleImplementation.m:3:10: note: in file included from /Users/admin/builder/spi-builder-workspace/Sources/miniaudioApple/AppleImplementation.m:3:
ScanDependencies /Users/admin/builder/spi-builder-workspace/.derivedData/Build/Intermediates.noindex/AdaEngine.build/Debug-watchos/miniaudioApple.build/Objects-normal/arm64/AppleImplementation.o /Users/admin/builder/spi-builder-workspace/Sources/miniaudioApple/AppleImplementation.m normal arm64 objective-c com.apple.compilers.llvm.clang.1_0.compiler (in target 'miniaudioApple' from project 'AdaEngine')
cd /Users/admin/builder/spi-builder-workspace/.swiftpm/xcode
Using response file: /Users/admin/builder/spi-builder-workspace/.derivedData/Build/Intermediates.noindex/AdaEngine.build/Debug-watchos/miniaudioApple.build/Objects-normal/arm64/e6072d4f65d7061329687fe24e3d63a7-common-args.resp
builtin-ScanDependencies -o /Users/admin/builder/spi-builder-workspace/.derivedData/Build/Intermediates.noindex/AdaEngine.build/Debug-watchos/miniaudioApple.build/Objects-normal/arm64/AppleImplementation.o.scan -- /Applications/Xcode-26.5.0.app/Contents/Developer/Toolchains/XcodeDefault.xctoolchain/usr/bin/clang -x objective-c -ivfsstatcache /Users/admin/builder/spi-builder-workspace/.derivedData/SDKStatCaches.noindex/watchos26.5-23T570-688ef53f1462e2c8f657fdc38a81448f7931b973dfc65d9472806dbbc3af9379.sdkstatcache -target arm64-apple-watchos11.0 -fmessage-length\=0 -fdiagnostics-show-note-include-stack -fmacro-backtrace-limit\=0 -fno-color-diagnostics -fmodules-prune-interval\=86400 -fmodules-prune-after\=345600 -fbuild-session-file\=/Users/admin/builder/spi-builder-workspace/.derivedData/ModuleCache.noindex/Session.modulevalidation -fmodules-validate-once-per-build-session -Wnon-modular-include-in-framework-module -Werror\=non-modular-include-in-framework-module -Wno-trigraphs -Wno-missing-field-initializers -Wno-missing-prototypes -Wno-return-type -Wno-implicit-atomic-properties -Wno-objc-interface-ivars -Wno-arc-repeated-use-of-weak -Wno-missing-braces -Wparentheses -Wswitch -Wno-unused-function -Wno-unused-label -Wno-unused-parameter -Wno-unused-variable -Wunused-value -Wno-empty-body -Wno-uninitialized -Wno-unknown-pragmas -Wno-shadow -Wno-four-char-constants -Wno-conversion -Wno-constant-conversion -Wno-int-conversion -Wno-bool-conversion -Wno-enum-conversion -Wno-float-conversion -Wno-non-literal-null-conversion -Wno-objc-literal-conversion -Wshorten-64-to-32 -Wpointer-sign -Wno-newline-eof -Wno-selector -Wno-strict-selector-match -Wno-undeclared-selector -Wno-deprecated-implementations -Wno-implicit-fallthrough -isysroot /Applications/Xcode-26.5.0.app/Contents/Developer/Platforms/WatchOS.platform/Developer/SDKs/WatchOS26.5.sdk -fstrict-aliasing -Wprotocol -Wdeprecated-declarations -Wno-sign-conversion -Wno-infinite-recursion -Wno-comma -Wno-block-capture-autoreleasing -Wno-strict-prototypes -Wno-semicolon-before-method-body -index-store-path /Users/admin/builder/spi-builder-workspace/.derivedData/Index.noindex/DataStore -w @/Users/admin/builder/spi-builder-workspace/.derivedData/Build/Intermediates.noindex/AdaEngine.build/Debug-watchos/miniaudioApple.build/Objects-normal/arm64/e6072d4f65d7061329687fe24e3d63a7-common-args.resp -MMD -MT dependencies -MF /Users/admin/builder/spi-builder-workspace/.derivedData/Build/Intermediates.noindex/AdaEngine.build/Debug-watchos/miniaudioApple.build/Objects-normal/arm64/AppleImplementation.d --serialize-diagnostics /Users/admin/builder/spi-builder-workspace/.derivedData/Build/Intermediates.noindex/AdaEngine.build/Debug-watchos/miniaudioApple.build/Objects-normal/arm64/AppleImplementation.dia -c /Users/admin/builder/spi-builder-workspace/Sources/miniaudioApple/AppleImplementation.m -o /Users/admin/builder/spi-builder-workspace/.derivedData/Build/Intermediates.noindex/AdaEngine.build/Debug-watchos/miniaudioApple.build/Objects-normal/arm64/AppleImplementation.o -index-unit-output-path /AdaEngine.build/Debug-watchos/miniaudioApple.build/Objects-normal/arm64/AppleImplementation.o
/Users/admin/builder/spi-builder-workspace/Sources/miniaudio/include/miniaudio.h:31812:10: error: 'AudioToolbox/AudioToolbox.h' file not found (in target 'miniaudioApple' from project 'AdaEngine')
/Users/admin/builder/spi-builder-workspace/Sources/miniaudioApple/AppleImplementation.m:3:10: note: in file included from /Users/admin/builder/spi-builder-workspace/Sources/miniaudioApple/AppleImplementation.m:3:
ScanDependencies /Users/admin/builder/spi-builder-workspace/.derivedData/Build/Intermediates.noindex/AdaEngine.build/Debug-watchos/freetype.build/Objects-normal/arm64/smooth.o /Users/admin/builder/spi-builder-workspace/Sources/msdf-atlas-gen/freetype/src/smooth/smooth.c normal arm64 c com.apple.compilers.llvm.clang.1_0.compiler (in target 'freetype' from project 'AdaEngine')
cd /Users/admin/builder/spi-builder-workspace/.swiftpm/xcode
Using response file: /Users/admin/builder/spi-builder-workspace/.derivedData/Build/Intermediates.noindex/AdaEngine.build/Debug-watchos/freetype.build/Objects-normal/arm64/7187679823f38a2a940e0043cdf9d637-common-args.resp
builtin-ScanDependencies -o /Users/admin/builder/spi-builder-workspace/.derivedData/Build/Intermediates.noindex/AdaEngine.build/Debug-watchos/freetype.build/Objects-normal/arm64/smooth.o.scan -- /Applications/Xcode-26.5.0.app/Contents/Developer/Toolchains/XcodeDefault.xctoolchain/usr/bin/clang -x c -ivfsstatcache /Users/admin/builder/spi-builder-workspace/.derivedData/SDKStatCaches.noindex/watchos26.5-23T570-688ef53f1462e2c8f657fdc38a81448f7931b973dfc65d9472806dbbc3af9379.sdkstatcache -target arm64-apple-watchos11.0 -fmessage-length\=0 -fdiagnostics-show-note-include-stack -fmacro-backtrace-limit\=0 -fno-color-diagnostics -fmodules-prune-interval\=86400 -fmodules-prune-after\=345600 -fbuild-session-file\=/Users/admin/builder/spi-builder-workspace/.derivedData/ModuleCache.noindex/Session.modulevalidation -fmodules-validate-once-per-build-session -Wnon-modular-include-in-framework-module -Werror\=non-modular-include-in-framework-module -Wno-trigraphs -Wno-missing-field-initializers -Wno-missing-prototypes -Wno-return-type -Wno-missing-braces -Wparentheses -Wswitch -Wno-unused-function -Wno-unused-label -Wno-unused-parameter -Wno-unused-variable -Wunused-value -Wno-empty-body -Wno-uninitialized -Wno-unknown-pragmas -Wno-shadow -Wno-four-char-constants -Wno-conversion -Wno-constant-conversion -Wno-int-conversion -Wno-bool-conversion -Wno-enum-conversion -Wno-float-conversion -Wno-non-literal-null-conversion -Wno-objc-literal-conversion -Wshorten-64-to-32 -Wpointer-sign -Wno-newline-eof -Wno-implicit-fallthrough -isysroot /Applications/Xcode-26.5.0.app/Contents/Developer/Platforms/WatchOS.platform/Developer/SDKs/WatchOS26.5.sdk -fstrict-aliasing -Wdeprecated-declarations -Wno-sign-conversion -Wno-infinite-recursion -Wno-comma -Wno-block-capture-autoreleasing -Wno-strict-prototypes -Wno-semicolon-before-method-body -index-store-path /Users/admin/builder/spi-builder-workspace/.derivedData/Index.noindex/DataStore -w @/Users/admin/builder/spi-builder-workspace/.derivedData/Build/Intermediates.noindex/AdaEngine.build/Debug-watchos/freetype.build/Objects-normal/arm64/7187679823f38a2a940e0043cdf9d637-common-args.resp -MMD -MT dependencies -MF /Users/admin/builder/spi-builder-workspace/.derivedData/Build/Intermediates.noindex/AdaEngine.build/Debug-watchos/freetype.build/Objects-normal/arm64/smooth.d --serialize-diagnostics /Users/admin/builder/spi-builder-workspace/.derivedData/Build/Intermediates.noindex/AdaEngine.build/Debug-watchos/freetype.build/Objects-normal/arm64/smooth.dia -c /Users/admin/builder/spi-builder-workspace/Sources/msdf-atlas-gen/freetype/src/smooth/smooth.c -o /Users/admin/builder/spi-builder-workspace/.derivedData/Build/Intermediates.noindex/AdaEngine.build/Debug-watchos/freetype.build/Objects-normal/arm64/smooth.o -index-unit-output-path /AdaEngine.build/Debug-watchos/freetype.build/Objects-normal/arm64/smooth.o
PrecompileModule /Users/admin/builder/spi-builder-workspace/.derivedData/Build/Intermediates.noindex/ExplicitPrecompiledModules/_DarwinFoundation2-4ACN8CU99Y1IGB0PPFCMS2D4Y.scan
cd /
builtin-precompileModule /Users/admin/builder/spi-builder-workspace/.derivedData/Build/Intermediates.noindex/ExplicitPrecompiledModules/_DarwinFoundation2-4ACN8CU99Y1IGB0PPFCMS2D4Y.scan
PrecompileModule /Users/admin/builder/spi-builder-workspace/.derivedData/Build/Intermediates.noindex/ExplicitPrecompiledModules/_Builtin_limits-1GOLPXTXUXVCVBZBPAIBZQ50F.scan
cd /
builtin-precompileModule /Users/admin/builder/spi-builder-workspace/.derivedData/Build/Intermediates.noindex/ExplicitPrecompiledModules/_Builtin_limits-1GOLPXTXUXVCVBZBPAIBZQ50F.scan
PrecompileModule /Users/admin/builder/spi-builder-workspace/.derivedData/Build/Intermediates.noindex/ExplicitPrecompiledModules/_DarwinFoundation2-E4DJJLRW2L3V39UUK0T1K4WHH.scan
cd /
builtin-precompileModule /Users/admin/builder/spi-builder-workspace/.derivedData/Build/Intermediates.noindex/ExplicitPrecompiledModules/_DarwinFoundation2-E4DJJLRW2L3V39UUK0T1K4WHH.scan
PrecompileModule /Users/admin/builder/spi-builder-workspace/.derivedData/Build/Intermediates.noindex/ExplicitPrecompiledModules/_Builtin_limits-9TGACZZ7SJ5DI5RA456RKL4KI.scan
cd /
builtin-precompileModule /Users/admin/builder/spi-builder-workspace/.derivedData/Build/Intermediates.noindex/ExplicitPrecompiledModules/_Builtin_limits-9TGACZZ7SJ5DI5RA456RKL4KI.scan
2026-10-25 10:28:38.129 xcodebuild[3466:16732] [MT] IDERunDestination: Supported platforms for the buildables in the current scheme is empty.
2026-10-25 10:28:42.323 xcodebuild[3466:17418] DVTAssertions: Warning in IDEFrameworks/IDEFoundation/Logging/ActivityLog/IDEActivityLogSectionRecorder.m:810
Details: log recorder for IDEActivityLogCommandInvocationSection “SwiftLint” was sent -addMessage: after it had already been asked to stop recording.
Object: <IDEActivityLogCommandInvocationSectionRecorder: 0x84cbad260>
Method: -addMessage:
Thread: <NSThread: 0x850017740>{number = 263, name = (null)}
Please file a bug at https://feedbackassistant.apple.com with this warning message and any useful information you can provide.
2026-10-25 10:28:42.323 xcodebuild[3466:17418] DVTAssertions: Warning in IDEFrameworks/IDEFoundation/Logging/ActivityLog/IDEActivityLogSectionRecorder.m:810
Details: log recorder for IDEActivityLogCommandInvocationSection “SwiftLint” was sent -addMessage: after it had already been asked to stop recording.
Object: <IDEActivityLogCommandInvocationSectionRecorder: 0x84cbad260>
Method: -addMessage:
Thread: <NSThread: 0x850017740>{number = 263, name = (null)}
Please file a bug at https://feedbackassistant.apple.com with this warning message and any useful information you can provide.
2026-10-25 10:28:42.323 xcodebuild[3466:17418] DVTAssertions: Warning in IDEFrameworks/IDEFoundation/Logging/ActivityLog/IDEActivityLogSectionRecorder.m:810
Details: log recorder for IDEActivityLogCommandInvocationSection “SwiftLint” was sent -addMessage: after it had already been asked to stop recording.
Object: <IDEActivityLogCommandInvocationSectionRecorder: 0x84cbad260>
Method: -addMessage:
Thread: <NSThread: 0x850017740>{number = 263, name = (null)}
Please file a bug at https://feedbackassistant.apple.com with this warning message and any useful information you can provide.
2026-10-25 10:28:42.323 xcodebuild[3466:17418] DVTAssertions: Warning in IDEFrameworks/IDEFoundation/Logging/ActivityLog/IDEActivityLogSectionRecorder.m:810
Details: log recorder for IDEActivityLogCommandInvocationSection “SwiftLint” was sent -addMessage: after it had already been asked to stop recording.
Object: <IDEActivityLogCommandInvocationSectionRecorder: 0x84cbad260>
Method: -addMessage:
Thread: <NSThread: 0x850017740>{number = 263, name = (null)}
Please file a bug at https://feedbackassistant.apple.com with this warning message and any useful information you can provide.
2026-10-25 10:28:42.323 xcodebuild[3466:17418] DVTAssertions: Warning in IDEFrameworks/IDEFoundation/Logging/ActivityLog/IDEActivityLogSectionRecorder.m:810
Details: log recorder for IDEActivityLogCommandInvocationSection “SwiftLint” was sent -addMessage: after it had already been asked to stop recording.
Object: <IDEActivityLogCommandInvocationSectionRecorder: 0x84cbad260>
Method: -addMessage:
Thread: <NSThread: 0x850017740>{number = 263, name = (null)}
Please file a bug at https://feedbackassistant.apple.com with this warning message and any useful information you can provide.
2026-10-25 10:28:42.323 xcodebuild[3466:17418] DVTAssertions: Warning in IDEFrameworks/IDEFoundation/Logging/ActivityLog/IDEActivityLogSectionRecorder.m:810
Details: log recorder for IDEActivityLogCommandInvocationSection “SwiftLint” was sent -addMessage: after it had already been asked to stop recording.
Object: <IDEActivityLogCommandInvocationSectionRecorder: 0x84cbad260>
Method: -addMessage:
Thread: <NSThread: 0x850017740>{number = 263, name = (null)}
Please file a bug at https://feedbackassistant.apple.com with this warning message and any useful information you can provide.
2026-10-25 10:28:42.323 xcodebuild[3466:17418] DVTAssertions: Warning in IDEFrameworks/IDEFoundation/Logging/ActivityLog/IDEActivityLogSectionRecorder.m:810
Details: log recorder for IDEActivityLogCommandInvocationSection “SwiftLint” was sent -addMessage: after it had already been asked to stop recording.
Object: <IDEActivityLogCommandInvocationSectionRecorder: 0x84cbad260>
Method: -addMessage:
Thread: <NSThread: 0x850017740>{number = 263, name = (null)}
Please file a bug at https://feedbackassistant.apple.com with this warning message and any useful information you can provide.
2026-10-25 10:28:42.323 xcodebuild[3466:17418] DVTAssertions: Warning in IDEFrameworks/IDEFoundation/Logging/ActivityLog/IDEActivityLogSectionRecorder.m:810
Details: log recorder for IDEActivityLogCommandInvocationSection “SwiftLint” was sent -addMessage: after it had already been asked to stop recording.
Object: <IDEActivityLogCommandInvocationSectionRecorder: 0x84cbad260>
Method: -addMessage:
Thread: <NSThread: 0x850017740>{number = 263, name = (null)}
Please file a bug at https://feedbackassistant.apple.com with this warning message and any useful information you can provide.
2026-10-25 10:28:42.323 xcodebuild[3466:17418] DVTAssertions: Warning in IDEFrameworks/IDEFoundation/Logging/ActivityLog/IDEActivityLogSectionRecorder.m:810
Details: log recorder for IDEActivityLogCommandInvocationSection “SwiftLint” was sent -addMessage: after it had already been asked to stop recording.
Object: <IDEActivityLogCommandInvocationSectionRecorder: 0x84cbad260>
Method: -addMessage:
Thread: <NSThread: 0x850017740>{number = 263, name = (null)}
Please file a bug at https://feedbackassistant.apple.com with this warning message and any useful information you can provide.
2026-10-25 10:28:42.323 xcodebuild[3466:17418] DVTAssertions: Warning in IDEFrameworks/IDEFoundation/Logging/ActivityLog/IDEActivityLogSectionRecorder.m:810
Details: log recorder for IDEActivityLogCommandInvocationSection “SwiftLint” was sent -addMessage: after it had already been asked to stop recording.
Object: <IDEActivityLogCommandInvocationSectionRecorder: 0x84cbad260>
Method: -addMessage:
Thread: <NSThread: 0x850017740>{number = 263, name = (null)}
Please file a bug at https://feedbackassistant.apple.com with this warning message and any useful information you can provide.
2026-10-25 10:28:42.323 xcodebuild[3466:17418] DVTAssertions: Warning in IDEFrameworks/IDEFoundation/Logging/ActivityLog/IDEActivityLogSectionRecorder.m:810
Details: log recorder for IDEActivityLogCommandInvocationSection “SwiftLint” was sent -addMessage: after it had already been asked to stop recording.
Object: <IDEActivityLogCommandInvocationSectionRecorder: 0x84cbad260>
Method: -addMessage:
Thread: <NSThread: 0x850017740>{number = 263, name = (null)}
Please file a bug at https://feedbackassistant.apple.com with this warning message and any useful information you can provide.
2026-10-25 10:28:42.323 xcodebuild[3466:17418] DVTAssertions: Warning in IDEFrameworks/IDEFoundation/Logging/ActivityLog/IDEActivityLogSectionRecorder.m:810
Details: log recorder for IDEActivityLogCommandInvocationSection “SwiftLint” was sent -addMessage: after it had already been asked to stop recording.
Object: <IDEActivityLogCommandInvocationSectionRecorder: 0x84cbad260>
Method: -addMessage:
Thread: <NSThread: 0x850017740>{number = 263, name = (null)}
Please file a bug at https://feedbackassistant.apple.com with this warning message and any useful information you can provide.
2026-10-25 10:28:42.323 xcodebuild[3466:17418] DVTAssertions: Warning in IDEFrameworks/IDEFoundation/Logging/ActivityLog/IDEActivityLogSectionRecorder.m:810
Details: log recorder for IDEActivityLogCommandInvocationSection “SwiftLint” was sent -addMessage: after it had already been asked to stop recording.
Object: <IDEActivityLogCommandInvocationSectionRecorder: 0x84cbad260>
Method: -addMessage:
Thread: <NSThread: 0x850017740>{number = 263, name = (null)}
Please file a bug at https://feedbackassistant.apple.com with this warning message and any useful information you can provide.
2026-10-25 10:28:42.324 xcodebuild[3466:17418] DVTAssertions: Warning in IDEFrameworks/IDEFoundation/Logging/ActivityLog/IDEActivityLogSectionRecorder.m:810
Details: log recorder for IDEActivityLogCommandInvocationSection “SwiftLint” was sent -addMessage: after it had already been asked to stop recording.
Object: <IDEActivityLogCommandInvocationSectionRecorder: 0x84cbad260>
Method: -addMessage:
Thread: <NSThread: 0x850017740>{number = 263, name = (null)}
Please file a bug at https://feedbackassistant.apple.com with this warning message and any useful information you can provide.
2026-10-25 10:28:42.324 xcodebuild[3466:17418] DVTAssertions: Warning in IDEFrameworks/IDEFoundation/Logging/ActivityLog/IDEActivityLogSectionRecorder.m:810
Details: log recorder for IDEActivityLogCommandInvocationSection “SwiftLint” was sent -addMessage: after it had already been asked to stop recording.
Object: <IDEActivityLogCommandInvocationSectionRecorder: 0x84cbad260>
Method: -addMessage:
Thread: <NSThread: 0x850017740>{number = 263, name = (null)}
Please file a bug at https://feedbackassistant.apple.com with this warning message and any useful information you can provide.
2026-10-25 10:28:42.324 xcodebuild[3466:17418] DVTAssertions: Warning in IDEFrameworks/IDEFoundation/Logging/ActivityLog/IDEActivityLogSectionRecorder.m:810
Details: log recorder for IDEActivityLogCommandInvocationSection “SwiftLint” was sent -addMessage: after it had already been asked to stop recording.
Object: <IDEActivityLogCommandInvocationSectionRecorder: 0x84cbad260>
Method: -addMessage:
Thread: <NSThread: 0x850017740>{number = 263, name = (null)}
Please file a bug at https://feedbackassistant.apple.com with this warning message and any useful information you can provide.
2026-10-25 10:28:42.324 xcodebuild[3466:17418] DVTAssertions: Warning in IDEFrameworks/IDEFoundation/Logging/ActivityLog/IDEActivityLogSectionRecorder.m:810
Details: log recorder for IDEActivityLogCommandInvocationSection “SwiftLint” was sent -addMessage: after it had already been asked to stop recording.
Object: <IDEActivityLogCommandInvocationSectionRecorder: 0x84cbad260>
Method: -addMessage:
Thread: <NSThread: 0x850017740>{number = 263, name = (null)}
Please file a bug at https://feedbackassistant.apple.com with this warning message and any useful information you can provide.
2026-10-25 10:28:42.324 xcodebuild[3466:17418] DVTAssertions: Warning in IDEFrameworks/IDEFoundation/Logging/ActivityLog/IDEActivityLogSectionRecorder.m:810
Details: log recorder for IDEActivityLogCommandInvocationSection “SwiftLint” was sent -addMessage: after it had already been asked to stop recording.
Object: <IDEActivityLogCommandInvocationSectionRecorder: 0x84cbad260>
Method: -addMessage:
Thread: <NSThread: 0x850017740>{number = 263, name = (null)}
Please file a bug at https://feedbackassistant.apple.com with this warning message and any useful information you can provide.
2026-10-25 10:28:42.324 xcodebuild[3466:17418] DVTAssertions: Warning in IDEFrameworks/IDEFoundation/Logging/ActivityLog/IDEActivityLogSectionRecorder.m:810
Details: log recorder for IDEActivityLogCommandInvocationSection “SwiftLint” was sent -addMessage: after it had already been asked to stop recording.
Object: <IDEActivityLogCommandInvocationSectionRecorder: 0x84cbad260>
Method: -addMessage:
Thread: <NSThread: 0x850017740>{number = 263, name = (null)}
Please file a bug at https://feedbackassistant.apple.com with this warning message and any useful information you can provide.
2026-10-25 10:28:42.324 xcodebuild[3466:17418] DVTAssertions: Warning in IDEFrameworks/IDEFoundation/Logging/ActivityLog/IDEActivityLogSectionRecorder.m:810
Details: log recorder for IDEActivityLogCommandInvocationSection “SwiftLint” was sent -addMessage: after it had already been asked to stop recording.
Object: <IDEActivityLogCommandInvocationSectionRecorder: 0x84cbad260>
Method: -addMessage:
Thread: <NSThread: 0x850017740>{number = 263, name = (null)}
Please file a bug at https://feedbackassistant.apple.com with this warning message and any useful information you can provide.
2026-10-25 10:28:42.324 xcodebuild[3466:17418] DVTAssertions: Warning in IDEFrameworks/IDEFoundation/Logging/ActivityLog/IDEActivityLogSectionRecorder.m:810
Details: log recorder for IDEActivityLogCommandInvocationSection “SwiftLint” was sent -addMessage: after it had already been asked to stop recording.
Object: <IDEActivityLogCommandInvocationSectionRecorder: 0x84cbad260>
Method: -addMessage:
Thread: <NSThread: 0x850017740>{number = 263, name = (null)}
Please file a bug at https://feedbackassistant.apple.com with this warning message and any useful information you can provide.
2026-10-25 10:28:42.324 xcodebuild[3466:17418] DVTAssertions: Warning in IDEFrameworks/IDEFoundation/Logging/ActivityLog/IDEActivityLogSectionRecorder.m:810
Details: log recorder for IDEActivityLogCommandInvocationSection “SwiftLint” was sent -addMessage: after it had already been asked to stop recording.
Object: <IDEActivityLogCommandInvocationSectionRecorder: 0x84cbad260>
Method: -addMessage:
Thread: <NSThread: 0x850017740>{number = 263, name = (null)}
Please file a bug at https://feedbackassistant.apple.com with this warning message and any useful information you can provide.
2026-10-25 10:28:42.324 xcodebuild[3466:17418] DVTAssertions: Warning in IDEFrameworks/IDEFoundation/Logging/ActivityLog/IDEActivityLogSectionRecorder.m:810
Details: log recorder for IDEActivityLogCommandInvocationSection “SwiftLint” was sent -addMessage: after it had already been asked to stop recording.
Object: <IDEActivityLogCommandInvocationSectionRecorder: 0x84cbad260>
Method: -addMessage:
Thread: <NSThread: 0x850017740>{number = 263, name = (null)}
Please file a bug at https://feedbackassistant.apple.com with this warning message and any useful information you can provide.
2026-10-25 10:28:42.324 xcodebuild[3466:17418] DVTAssertions: Warning in IDEFrameworks/IDEFoundation/Logging/ActivityLog/IDEActivityLogSectionRecorder.m:810
Details: log recorder for IDEActivityLogCommandInvocationSection “SwiftLint” was sent -addMessage: after it had already been asked to stop recording.
Object: <IDEActivityLogCommandInvocationSectionRecorder: 0x84cbad260>
Method: -addMessage:
Thread: <NSThread: 0x850017740>{number = 263, name = (null)}
Please file a bug at https://feedbackassistant.apple.com with this warning message and any useful information you can provide.
2026-10-25 10:28:42.324 xcodebuild[3466:17418] DVTAssertions: Warning in IDEFrameworks/IDEFoundation/Logging/ActivityLog/IDEActivityLogSectionRecorder.m:810
Details: log recorder for IDEActivityLogCommandInvocationSection “SwiftLint” was sent -addMessage: after it had already been asked to stop recording.
Object: <IDEActivityLogCommandInvocationSectionRecorder: 0x84cbad260>
Method: -addMessage:
Thread: <NSThread: 0x850017740>{number = 263, name = (null)}
Please file a bug at https://feedbackassistant.apple.com with this warning message and any useful information you can provide.
2026-10-25 10:28:42.324 xcodebuild[3466:17418] DVTAssertions: Warning in IDEFrameworks/IDEFoundation/Logging/ActivityLog/IDEActivityLogSectionRecorder.m:810
Details: log recorder for IDEActivityLogCommandInvocationSection “SwiftLint” was sent -addMessage: after it had already been asked to stop recording.
Object: <IDEActivityLogCommandInvocationSectionRecorder: 0x84cbad260>
Method: -addMessage:
Thread: <NSThread: 0x850017740>{number = 263, name = (null)}
Please file a bug at https://feedbackassistant.apple.com with this warning message and any useful information you can provide.
2026-10-25 10:28:42.324 xcodebuild[3466:17418] DVTAssertions: Warning in IDEFrameworks/IDEFoundation/Logging/ActivityLog/IDEActivityLogSectionRecorder.m:810
Details: log recorder for IDEActivityLogCommandInvocationSection “SwiftLint” was sent -addMessage: after it had already been asked to stop recording.
Object: <IDEActivityLogCommandInvocationSectionRecorder: 0x84cbad260>
Method: -addMessage:
Thread: <NSThread: 0x850017740>{number = 263, name = (null)}
Please file a bug at https://feedbackassistant.apple.com with this warning message and any useful information you can provide.
** BUILD FAILED **
The following build commands failed:
ScanDependencies /Users/admin/builder/spi-builder-workspace/.derivedData/Build/Intermediates.noindex/AdaEngine.build/Debug-watchos/miniaudioApple.build/Objects-normal/arm64_32/AppleImplementation.o /Users/admin/builder/spi-builder-workspace/Sources/miniaudioApple/AppleImplementation.m normal arm64_32 objective-c com.apple.compilers.llvm.clang.1_0.compiler (in target 'miniaudioApple' from project 'AdaEngine')
ScanDependencies /Users/admin/builder/spi-builder-workspace/.derivedData/Build/Intermediates.noindex/AdaEngine.build/Debug-watchos/miniaudioApple.build/Objects-normal/arm64/AppleImplementation.o /Users/admin/builder/spi-builder-workspace/Sources/miniaudioApple/AppleImplementation.m normal arm64 objective-c com.apple.compilers.llvm.clang.1_0.compiler (in target 'miniaudioApple' from project 'AdaEngine')
Building workspace spi-builder-workspace with scheme AdaEngine-Package
(3 failures)
BUILD FAILURE 6.3 watchOS