Build Information
Failed to build HeatmapKit, reference main (deedcb), with Swift 6.1 for tvOS using Xcode 16.3 on 28 Jun 2026 23:40:06 UTC.
Build Command
env DEVELOPER_DIR=/Applications/Xcode-16.3.0.app xcrun xcodebuild -IDEClonedSourcePackagesDirPathOverride=$PWD/.dependencies -skipMacroValidation -skipPackagePluginValidation -derivedDataPath $PWD/.derivedData build -scheme HeatmapKit -destination generic/platform=tvOSBuild Log
========================================
RunAll
========================================
Builder version: undefined version: run 'make version' to update
Interrupt handler set up.
========================================
Checkout
========================================
Clone URL: https://github.com/jacklv-coder/HeatmapKit.git
Reference: main
Initialized empty Git repository in /Users/admin/builder/spi-builder-workspace/.git/
From https://github.com/jacklv-coder/HeatmapKit
* branch main -> FETCH_HEAD
* [new branch] main -> origin/main
HEAD is now at deedcb0 fix(fitToWidth): exact adaptive height via PreferenceKey
Cloned https://github.com/jacklv-coder/HeatmapKit.git
Revision (git rev-parse @):
deedcb05f20beb7c9705d015dbfed9146186e748
SUCCESS checkout https://github.com/jacklv-coder/HeatmapKit.git at main
========================================
Build
========================================
Selected platform: tvOS
Swift version: 6.1
Building package at path: $PWD
https://github.com/jacklv-coder/HeatmapKit.git
https://github.com/jacklv-coder/HeatmapKit.git
{
"dependencies" : [
],
"manifest_display_name" : "HeatmapKit",
"name" : "HeatmapKit",
"path" : "/Users/admin/builder/spi-builder-workspace",
"platforms" : [
{
"name" : "ios",
"version" : "17.0"
},
{
"name" : "macos",
"version" : "14.0"
},
{
"name" : "watchos",
"version" : "10.0"
},
{
"name" : "tvos",
"version" : "17.0"
},
{
"name" : "visionos",
"version" : "1.0"
}
],
"products" : [
{
"name" : "HeatmapKit",
"targets" : [
"HeatmapKit"
],
"type" : {
"library" : [
"automatic"
]
}
}
],
"targets" : [
{
"c99name" : "HeatmapKitTests",
"module_type" : "SwiftTarget",
"name" : "HeatmapKitTests",
"path" : "Tests/HeatmapKitTests",
"sources" : [
"HeatmapKitTests.swift"
],
"target_dependencies" : [
"HeatmapKit"
],
"type" : "test"
},
{
"c99name" : "HeatmapKit",
"module_type" : "SwiftTarget",
"name" : "HeatmapKit",
"path" : "Sources/HeatmapKit",
"product_memberships" : [
"HeatmapKit"
],
"sources" : [
"Aggregation.swift",
"CalendarHeatmap+Init.swift",
"CalendarHeatmap+Modifiers.swift",
"CalendarHeatmap+Snapshot.swift",
"CalendarHeatmap.swift",
"ColorPalette.swift",
"Weekday.swift"
],
"type" : "library"
}
],
"tools_version" : "5.9"
}
Command line invocation:
/Applications/Xcode-16.3.0.app/Contents/Developer/usr/bin/xcodebuild -IDEClonedSourcePackagesDirPathOverride=/Users/admin/builder/spi-builder-workspace/.dependencies -resolvePackageDependencies
Resolve Package Graph
Resolve Package Graph
Resolved source packages:
HeatmapKit: /Users/admin/builder/spi-builder-workspace
resolved source packages: HeatmapKit
{
"dependencies" : [
],
"manifest_display_name" : "HeatmapKit",
"name" : "HeatmapKit",
"path" : "/Users/admin/builder/spi-builder-workspace",
"platforms" : [
{
"name" : "ios",
"version" : "17.0"
},
{
"name" : "macos",
"version" : "14.0"
},
{
"name" : "watchos",
"version" : "10.0"
},
{
"name" : "tvos",
"version" : "17.0"
},
{
"name" : "visionos",
"version" : "1.0"
}
],
"products" : [
{
"name" : "HeatmapKit",
"targets" : [
"HeatmapKit"
],
"type" : {
"library" : [
"automatic"
]
}
}
],
"targets" : [
{
"c99name" : "HeatmapKitTests",
"module_type" : "SwiftTarget",
"name" : "HeatmapKitTests",
"path" : "Tests/HeatmapKitTests",
"sources" : [
"HeatmapKitTests.swift"
],
"target_dependencies" : [
"HeatmapKit"
],
"type" : "test"
},
{
"c99name" : "HeatmapKit",
"module_type" : "SwiftTarget",
"name" : "HeatmapKit",
"path" : "Sources/HeatmapKit",
"product_memberships" : [
"HeatmapKit"
],
"sources" : [
"Aggregation.swift",
"CalendarHeatmap+Init.swift",
"CalendarHeatmap+Modifiers.swift",
"CalendarHeatmap+Snapshot.swift",
"CalendarHeatmap.swift",
"ColorPalette.swift",
"Weekday.swift"
],
"type" : "library"
}
],
"tools_version" : "5.9"
}
{
"workspace" : {
"name" : "spi-builder-workspace",
"schemes" : [
"HeatmapKit"
]
}
}
Running build ...
env DEVELOPER_DIR=/Applications/Xcode-16.3.0.app xcrun xcodebuild -IDEClonedSourcePackagesDirPathOverride=$PWD/.dependencies -skipMacroValidation -skipPackagePluginValidation -derivedDataPath $PWD/.derivedData build -scheme HeatmapKit -destination generic/platform=tvOS OTHER_SWIFT_FLAGS=-stats-output-dir .stats -strict-concurrency=complete -enable-upcoming-feature StrictConcurrency -enable-upcoming-feature DisableOutwardActorInference -enable-upcoming-feature GlobalActorIsolatedTypesUsability -enable-upcoming-feature InferSendableFromCaptures
Command line invocation:
/Applications/Xcode-16.3.0.app/Contents/Developer/usr/bin/xcodebuild -IDEClonedSourcePackagesDirPathOverride=/Users/admin/builder/spi-builder-workspace/.dependencies -skipMacroValidation -skipPackagePluginValidation -derivedDataPath /Users/admin/builder/spi-builder-workspace/.derivedData build -scheme HeatmapKit -destination generic/platform=tvOS "OTHER_SWIFT_FLAGS=-stats-output-dir .stats -strict-concurrency=complete -enable-upcoming-feature StrictConcurrency -enable-upcoming-feature DisableOutwardActorInference -enable-upcoming-feature GlobalActorIsolatedTypesUsability -enable-upcoming-feature InferSendableFromCaptures"
Build settings from command line:
OTHER_SWIFT_FLAGS = -stats-output-dir .stats -strict-concurrency=complete -enable-upcoming-feature StrictConcurrency -enable-upcoming-feature DisableOutwardActorInference -enable-upcoming-feature GlobalActorIsolatedTypesUsability -enable-upcoming-feature InferSendableFromCaptures
Resolve Package Graph
Resolved source packages:
HeatmapKit: /Users/admin/builder/spi-builder-workspace
ComputePackagePrebuildTargetDependencyGraph
Prepare packages
CreateBuildRequest
SendProjectDescription
CreateBuildOperation
ComputeTargetDependencyGraph
note: Building targets in dependency order
note: Target dependency graph (2 targets)
Target 'HeatmapKit' in project 'HeatmapKit'
➜ Explicit dependency on target 'HeatmapKit' in project 'HeatmapKit'
Target 'HeatmapKit' in project 'HeatmapKit' (no dependencies)
GatherProvisioningInputs
CreateBuildDescription
ExecuteExternalTool /Applications/Xcode-16.3.0.app/Contents/Developer/Toolchains/XcodeDefault.xctoolchain/usr/bin/clang -v -E -dM -isysroot /Applications/Xcode-16.3.0.app/Contents/Developer/Platforms/AppleTVOS.platform/Developer/SDKs/AppleTVOS18.4.sdk -x c -c /dev/null
ExecuteExternalTool /Applications/Xcode-16.3.0.app/Contents/Developer/Toolchains/XcodeDefault.xctoolchain/usr/bin/swiftc --version
ExecuteExternalTool /Applications/Xcode-16.3.0.app/Contents/Developer/Toolchains/XcodeDefault.xctoolchain/usr/bin/ld -version_details
Build description signature: 59dd86b697265f94be41cc930b370d69
Build description path: /Users/admin/builder/spi-builder-workspace/.derivedData/Build/Intermediates.noindex/XCBuildData/59dd86b697265f94be41cc930b370d69.xcbuilddata
ClangStatCache /Applications/Xcode-16.3.0.app/Contents/Developer/Toolchains/XcodeDefault.xctoolchain/usr/bin/clang-stat-cache /Applications/Xcode-16.3.0.app/Contents/Developer/Platforms/AppleTVOS.platform/Developer/SDKs/AppleTVOS18.4.sdk /Users/admin/builder/spi-builder-workspace/.derivedData/SDKStatCaches.noindex/appletvos18.4-22L251-271d326055c85f9856fa135c41255102.sdkstatcache
cd /Users/admin/builder/spi-builder-workspace/.swiftpm/xcode
/Applications/Xcode-16.3.0.app/Contents/Developer/Toolchains/XcodeDefault.xctoolchain/usr/bin/clang-stat-cache /Applications/Xcode-16.3.0.app/Contents/Developer/Platforms/AppleTVOS.platform/Developer/SDKs/AppleTVOS18.4.sdk -o /Users/admin/builder/spi-builder-workspace/.derivedData/SDKStatCaches.noindex/appletvos18.4-22L251-271d326055c85f9856fa135c41255102.sdkstatcache
CreateBuildDirectory /Users/admin/builder/spi-builder-workspace/.derivedData/Build/Products
cd /Users/admin/builder/spi-builder-workspace/.swiftpm/xcode
builtin-create-build-directory /Users/admin/builder/spi-builder-workspace/.derivedData/Build/Products
CreateBuildDirectory /Users/admin/builder/spi-builder-workspace/.derivedData/Build/Intermediates.noindex
cd /Users/admin/builder/spi-builder-workspace/.swiftpm/xcode
builtin-create-build-directory /Users/admin/builder/spi-builder-workspace/.derivedData/Build/Intermediates.noindex
CreateBuildDirectory /Users/admin/builder/spi-builder-workspace/.derivedData/Build/Products/Debug-appletvos
cd /Users/admin/builder/spi-builder-workspace/.swiftpm/xcode
builtin-create-build-directory /Users/admin/builder/spi-builder-workspace/.derivedData/Build/Products/Debug-appletvos
CreateBuildDirectory /Users/admin/builder/spi-builder-workspace/.derivedData/Build/Intermediates.noindex/EagerLinkingTBDs/Debug-appletvos
cd /Users/admin/builder/spi-builder-workspace/.swiftpm/xcode
builtin-create-build-directory /Users/admin/builder/spi-builder-workspace/.derivedData/Build/Intermediates.noindex/EagerLinkingTBDs/Debug-appletvos
CreateBuildDirectory /Users/admin/builder/spi-builder-workspace/.derivedData/Build/Products/Debug-appletvos/PackageFrameworks
cd /Users/admin/builder/spi-builder-workspace/.swiftpm/xcode
builtin-create-build-directory /Users/admin/builder/spi-builder-workspace/.derivedData/Build/Products/Debug-appletvos/PackageFrameworks
WriteAuxiliaryFile /Users/admin/builder/spi-builder-workspace/.derivedData/Build/Intermediates.noindex/HeatmapKit.build/Debug-appletvos/HeatmapKit.build/HeatmapKit.modulemap (in target 'HeatmapKit' from project 'HeatmapKit')
cd /Users/admin/builder/spi-builder-workspace
write-file /Users/admin/builder/spi-builder-workspace/.derivedData/Build/Intermediates.noindex/HeatmapKit.build/Debug-appletvos/HeatmapKit.build/HeatmapKit.modulemap
WriteAuxiliaryFile /Users/admin/builder/spi-builder-workspace/.derivedData/Build/Intermediates.noindex/HeatmapKit.build/Debug-appletvos/HeatmapKit.build/HeatmapKit.DependencyStaticMetadataFileList (in target 'HeatmapKit' from project 'HeatmapKit')
cd /Users/admin/builder/spi-builder-workspace
write-file /Users/admin/builder/spi-builder-workspace/.derivedData/Build/Intermediates.noindex/HeatmapKit.build/Debug-appletvos/HeatmapKit.build/HeatmapKit.DependencyStaticMetadataFileList
WriteAuxiliaryFile /Users/admin/builder/spi-builder-workspace/.derivedData/Build/Intermediates.noindex/HeatmapKit.build/Debug-appletvos/HeatmapKit.build/HeatmapKit.DependencyMetadataFileList (in target 'HeatmapKit' from project 'HeatmapKit')
cd /Users/admin/builder/spi-builder-workspace
write-file /Users/admin/builder/spi-builder-workspace/.derivedData/Build/Intermediates.noindex/HeatmapKit.build/Debug-appletvos/HeatmapKit.build/HeatmapKit.DependencyMetadataFileList
WriteAuxiliaryFile /Users/admin/builder/spi-builder-workspace/.derivedData/Build/Intermediates.noindex/HeatmapKit.build/Debug-appletvos/HeatmapKit.build/Objects-normal/arm64/HeatmapKit_const_extract_protocols.json (in target 'HeatmapKit' from project 'HeatmapKit')
cd /Users/admin/builder/spi-builder-workspace
write-file /Users/admin/builder/spi-builder-workspace/.derivedData/Build/Intermediates.noindex/HeatmapKit.build/Debug-appletvos/HeatmapKit.build/Objects-normal/arm64/HeatmapKit_const_extract_protocols.json
WriteAuxiliaryFile /Users/admin/builder/spi-builder-workspace/.derivedData/Build/Intermediates.noindex/HeatmapKit.build/Debug-appletvos/HeatmapKit.build/Objects-normal/arm64/HeatmapKit-OutputFileMap.json (in target 'HeatmapKit' from project 'HeatmapKit')
cd /Users/admin/builder/spi-builder-workspace
write-file /Users/admin/builder/spi-builder-workspace/.derivedData/Build/Intermediates.noindex/HeatmapKit.build/Debug-appletvos/HeatmapKit.build/Objects-normal/arm64/HeatmapKit-OutputFileMap.json
WriteAuxiliaryFile /Users/admin/builder/spi-builder-workspace/.derivedData/Build/Intermediates.noindex/HeatmapKit.build/Debug-appletvos/HeatmapKit.build/Objects-normal/arm64/HeatmapKit.LinkFileList (in target 'HeatmapKit' from project 'HeatmapKit')
cd /Users/admin/builder/spi-builder-workspace
write-file /Users/admin/builder/spi-builder-workspace/.derivedData/Build/Intermediates.noindex/HeatmapKit.build/Debug-appletvos/HeatmapKit.build/Objects-normal/arm64/HeatmapKit.LinkFileList
WriteAuxiliaryFile /Users/admin/builder/spi-builder-workspace/.derivedData/Build/Intermediates.noindex/HeatmapKit.build/Debug-appletvos/HeatmapKit.build/Objects-normal/arm64/HeatmapKit.SwiftConstValuesFileList (in target 'HeatmapKit' from project 'HeatmapKit')
cd /Users/admin/builder/spi-builder-workspace
write-file /Users/admin/builder/spi-builder-workspace/.derivedData/Build/Intermediates.noindex/HeatmapKit.build/Debug-appletvos/HeatmapKit.build/Objects-normal/arm64/HeatmapKit.SwiftConstValuesFileList
WriteAuxiliaryFile /Users/admin/builder/spi-builder-workspace/.derivedData/Build/Intermediates.noindex/HeatmapKit.build/Debug-appletvos/HeatmapKit.build/Objects-normal/arm64/HeatmapKit.SwiftFileList (in target 'HeatmapKit' from project 'HeatmapKit')
cd /Users/admin/builder/spi-builder-workspace
write-file /Users/admin/builder/spi-builder-workspace/.derivedData/Build/Intermediates.noindex/HeatmapKit.build/Debug-appletvos/HeatmapKit.build/Objects-normal/arm64/HeatmapKit.SwiftFileList
Copy /Users/admin/builder/spi-builder-workspace/.derivedData/Build/Intermediates.noindex/GeneratedModuleMaps-appletvos/HeatmapKit.modulemap /Users/admin/builder/spi-builder-workspace/.derivedData/Build/Intermediates.noindex/HeatmapKit.build/Debug-appletvos/HeatmapKit.build/HeatmapKit.modulemap (in target 'HeatmapKit' from project 'HeatmapKit')
cd /Users/admin/builder/spi-builder-workspace
builtin-copy -exclude .DS_Store -exclude CVS -exclude .svn -exclude .git -exclude .hg -resolve-src-symlinks /Users/admin/builder/spi-builder-workspace/.derivedData/Build/Intermediates.noindex/HeatmapKit.build/Debug-appletvos/HeatmapKit.build/HeatmapKit.modulemap /Users/admin/builder/spi-builder-workspace/.derivedData/Build/Intermediates.noindex/GeneratedModuleMaps-appletvos
SwiftDriver HeatmapKit normal arm64 com.apple.xcode.tools.swift.compiler (in target 'HeatmapKit' from project 'HeatmapKit')
cd /Users/admin/builder/spi-builder-workspace/.swiftpm/xcode
builtin-SwiftDriver -- /Applications/Xcode-16.3.0.app/Contents/Developer/Toolchains/XcodeDefault.xctoolchain/usr/bin/swiftc -module-name HeatmapKit -Onone -enforce-exclusivity\=checked @/Users/admin/builder/spi-builder-workspace/.derivedData/Build/Intermediates.noindex/HeatmapKit.build/Debug-appletvos/HeatmapKit.build/Objects-normal/arm64/HeatmapKit.SwiftFileList -DSWIFT_PACKAGE -DDEBUG -stats-output-dir .stats -strict-concurrency\=complete -enable-upcoming-feature StrictConcurrency -enable-upcoming-feature DisableOutwardActorInference -enable-upcoming-feature GlobalActorIsolatedTypesUsability -enable-upcoming-feature InferSendableFromCaptures -plugin-path /Applications/Xcode-16.3.0.app/Contents/Developer/Toolchains/XcodeDefault.xctoolchain/usr/lib/swift/host/plugins/testing -enable-experimental-feature DebugDescriptionMacro -sdk /Applications/Xcode-16.3.0.app/Contents/Developer/Platforms/AppleTVOS.platform/Developer/SDKs/AppleTVOS18.4.sdk -target arm64-apple-tvos17.0 -g -module-cache-path /Users/admin/builder/spi-builder-workspace/.derivedData/ModuleCache.noindex -Xfrontend -serialize-debugging-options -profile-coverage-mapping -profile-generate -enable-testing -index-store-path /Users/admin/builder/spi-builder-workspace/.derivedData/Index.noindex/DataStore -swift-version 5 -I /Users/admin/builder/spi-builder-workspace/.derivedData/Build/Products/Debug-appletvos -I /Applications/Xcode-16.3.0.app/Contents/Developer/Platforms/AppleTVOS.platform/Developer/usr/lib -F /Users/admin/builder/spi-builder-workspace/.derivedData/Build/Products/Debug-appletvos -F /Applications/Xcode-16.3.0.app/Contents/Developer/Platforms/AppleTVOS.platform/Developer/Library/Frameworks -F /Applications/Xcode-16.3.0.app/Contents/Developer/Platforms/AppleTVOS.platform/Developer/SDKs/AppleTVOS18.4.sdk/Developer/Library/Frameworks -c -j10 -enable-batch-mode -incremental -Xcc -ivfsstatcache -Xcc /Users/admin/builder/spi-builder-workspace/.derivedData/SDKStatCaches.noindex/appletvos18.4-22L251-271d326055c85f9856fa135c41255102.sdkstatcache -output-file-map /Users/admin/builder/spi-builder-workspace/.derivedData/Build/Intermediates.noindex/HeatmapKit.build/Debug-appletvos/HeatmapKit.build/Objects-normal/arm64/HeatmapKit-OutputFileMap.json -use-frontend-parseable-output -save-temps -no-color-diagnostics -serialize-diagnostics -emit-dependencies -emit-module -emit-module-path /Users/admin/builder/spi-builder-workspace/.derivedData/Build/Intermediates.noindex/HeatmapKit.build/Debug-appletvos/HeatmapKit.build/Objects-normal/arm64/HeatmapKit.swiftmodule -validate-clang-modules-once -clang-build-session-file /Users/admin/builder/spi-builder-workspace/.derivedData/ModuleCache.noindex/Session.modulevalidation -package-name spi_builder_workspace -Xcc -I/Users/admin/builder/spi-builder-workspace/.derivedData/Build/Intermediates.noindex/HeatmapKit.build/Debug-appletvos/HeatmapKit.build/swift-overrides.hmap -emit-const-values -Xfrontend -const-gather-protocols-file -Xfrontend /Users/admin/builder/spi-builder-workspace/.derivedData/Build/Intermediates.noindex/HeatmapKit.build/Debug-appletvos/HeatmapKit.build/Objects-normal/arm64/HeatmapKit_const_extract_protocols.json -Xcc -I/Users/admin/builder/spi-builder-workspace/.derivedData/Build/Products/Debug-appletvos/include -Xcc -I/Users/admin/builder/spi-builder-workspace/.derivedData/Build/Intermediates.noindex/HeatmapKit.build/Debug-appletvos/HeatmapKit.build/DerivedSources-normal/arm64 -Xcc -I/Users/admin/builder/spi-builder-workspace/.derivedData/Build/Intermediates.noindex/HeatmapKit.build/Debug-appletvos/HeatmapKit.build/DerivedSources/arm64 -Xcc -I/Users/admin/builder/spi-builder-workspace/.derivedData/Build/Intermediates.noindex/HeatmapKit.build/Debug-appletvos/HeatmapKit.build/DerivedSources -Xcc -DSWIFT_PACKAGE -Xcc -DDEBUG\=1 -emit-objc-header -emit-objc-header-path /Users/admin/builder/spi-builder-workspace/.derivedData/Build/Intermediates.noindex/HeatmapKit.build/Debug-appletvos/HeatmapKit.build/Objects-normal/arm64/HeatmapKit-Swift.h -working-directory /Users/admin/builder/spi-builder-workspace/.swiftpm/xcode -experimental-emit-module-separately -disable-cmo
SwiftCompile normal arm64 Compiling\ Aggregation.swift /Users/admin/builder/spi-builder-workspace/Sources/HeatmapKit/Aggregation.swift (in target 'HeatmapKit' from project 'HeatmapKit')
SwiftCompile normal arm64 /Users/admin/builder/spi-builder-workspace/Sources/HeatmapKit/Aggregation.swift (in target 'HeatmapKit' from project 'HeatmapKit')
cd /Users/admin/builder/spi-builder-workspace/.swiftpm/xcode
SwiftCompile normal arm64 Compiling\ CalendarHeatmap+Init.swift /Users/admin/builder/spi-builder-workspace/Sources/HeatmapKit/CalendarHeatmap+Init.swift (in target 'HeatmapKit' from project 'HeatmapKit')
SwiftCompile normal arm64 /Users/admin/builder/spi-builder-workspace/Sources/HeatmapKit/CalendarHeatmap+Init.swift (in target 'HeatmapKit' from project 'HeatmapKit')
cd /Users/admin/builder/spi-builder-workspace/.swiftpm/xcode
SwiftCompile normal arm64 Compiling\ CalendarHeatmap.swift /Users/admin/builder/spi-builder-workspace/Sources/HeatmapKit/CalendarHeatmap.swift (in target 'HeatmapKit' from project 'HeatmapKit')
SwiftCompile normal arm64 /Users/admin/builder/spi-builder-workspace/Sources/HeatmapKit/CalendarHeatmap.swift (in target 'HeatmapKit' from project 'HeatmapKit')
cd /Users/admin/builder/spi-builder-workspace/.swiftpm/xcode
/Users/admin/builder/spi-builder-workspace/Sources/HeatmapKit/CalendarHeatmap.swift:551:16: warning: static property 'defaultValue' is not concurrency-safe because it is nonisolated global shared mutable state; this is an error in the Swift 6 language mode
static var defaultValue: CGFloat = 0
^
/Users/admin/builder/spi-builder-workspace/Sources/HeatmapKit/CalendarHeatmap.swift:551:16: note: convert 'defaultValue' to a 'let' constant to make 'Sendable' shared state immutable
static var defaultValue: CGFloat = 0
~~~ ^
let
/Users/admin/builder/spi-builder-workspace/Sources/HeatmapKit/CalendarHeatmap.swift:551:16: note: add '@MainActor' to make static property 'defaultValue' part of global actor 'MainActor'
static var defaultValue: CGFloat = 0
^
@MainActor
/Users/admin/builder/spi-builder-workspace/Sources/HeatmapKit/CalendarHeatmap.swift:551:16: note: disable concurrency-safety checks if accesses are protected by an external synchronization mechanism
static var defaultValue: CGFloat = 0
^
nonisolated(unsafe)
/Users/admin/builder/spi-builder-workspace/Sources/HeatmapKit/CalendarHeatmap.swift:413:14: error: 'popover(isPresented:attachmentAnchor:arrowEdge:content:)' is unavailable in tvOS
.popover(
^~~~~~~
SwiftUI.View.popover:4:27: note: 'popover(isPresented:attachmentAnchor:arrowEdge:content:)' has been explicitly marked unavailable here
nonisolated public func popover<Content>(isPresented: Binding<Bool>, attachmentAnchor: PopoverAttachmentAnchor = .rect(.bounds), arrowEdge: Edge? = nil, @ViewBuilder content: @escaping () -> Content) -> some View where Content : View
^
Failed frontend command:
/Applications/Xcode-16.3.0.app/Contents/Developer/Toolchains/XcodeDefault.xctoolchain/usr/bin/swift-frontend -frontend -c /Users/admin/builder/spi-builder-workspace/Sources/HeatmapKit/Aggregation.swift /Users/admin/builder/spi-builder-workspace/Sources/HeatmapKit/CalendarHeatmap+Init.swift /Users/admin/builder/spi-builder-workspace/Sources/HeatmapKit/CalendarHeatmap+Modifiers.swift /Users/admin/builder/spi-builder-workspace/Sources/HeatmapKit/CalendarHeatmap+Snapshot.swift -primary-file /Users/admin/builder/spi-builder-workspace/Sources/HeatmapKit/CalendarHeatmap.swift /Users/admin/builder/spi-builder-workspace/Sources/HeatmapKit/ColorPalette.swift /Users/admin/builder/spi-builder-workspace/Sources/HeatmapKit/Weekday.swift -emit-dependencies-path /Users/admin/builder/spi-builder-workspace/.derivedData/Build/Intermediates.noindex/HeatmapKit.build/Debug-appletvos/HeatmapKit.build/Objects-normal/arm64/CalendarHeatmap.d -emit-const-values-path /Users/admin/builder/spi-builder-workspace/.derivedData/Build/Intermediates.noindex/HeatmapKit.build/Debug-appletvos/HeatmapKit.build/Objects-normal/arm64/CalendarHeatmap.swiftconstvalues -emit-reference-dependencies-path /Users/admin/builder/spi-builder-workspace/.derivedData/Build/Intermediates.noindex/HeatmapKit.build/Debug-appletvos/HeatmapKit.build/Objects-normal/arm64/CalendarHeatmap.swiftdeps -serialize-diagnostics-path /Users/admin/builder/spi-builder-workspace/.derivedData/Build/Intermediates.noindex/HeatmapKit.build/Debug-appletvos/HeatmapKit.build/Objects-normal/arm64/CalendarHeatmap.dia -target arm64-apple-tvos17.0 -Xllvm -aarch64-use-tbi -enable-objc-interop -stack-check -sdk /Applications/Xcode-16.3.0.app/Contents/Developer/Platforms/AppleTVOS.platform/Developer/SDKs/AppleTVOS18.4.sdk -I /Users/admin/builder/spi-builder-workspace/.derivedData/Build/Products/Debug-appletvos -I /Applications/Xcode-16.3.0.app/Contents/Developer/Platforms/AppleTVOS.platform/Developer/usr/lib -F /Users/admin/builder/spi-builder-workspace/.derivedData/Build/Products/Debug-appletvos -F /Applications/Xcode-16.3.0.app/Contents/Developer/Platforms/AppleTVOS.platform/Developer/Library/Frameworks -F /Applications/Xcode-16.3.0.app/Contents/Developer/Platforms/AppleTVOS.platform/Developer/SDKs/AppleTVOS18.4.sdk/Developer/Library/Frameworks -no-color-diagnostics -enable-testing -g -debug-info-format\=dwarf -dwarf-version\=4 -module-cache-path /Users/admin/builder/spi-builder-workspace/.derivedData/ModuleCache.noindex -profile-generate -profile-coverage-mapping -swift-version 5 -enforce-exclusivity\=checked -stats-output-dir /Users/admin/builder/spi-builder-workspace/.swiftpm/xcode/.stats -Onone -D SWIFT_PACKAGE -D DEBUG -serialize-debugging-options -const-gather-protocols-file /Users/admin/builder/spi-builder-workspace/.derivedData/Build/Intermediates.noindex/HeatmapKit.build/Debug-appletvos/HeatmapKit.build/Objects-normal/arm64/HeatmapKit_const_extract_protocols.json -enable-upcoming-feature StrictConcurrency -enable-upcoming-feature DisableOutwardActorInference -enable-upcoming-feature GlobalActorIsolatedTypesUsability -enable-upcoming-feature InferSendableFromCaptures -enable-experimental-feature DebugDescriptionMacro -strict-concurrency\=complete -empty-abi-descriptor -plugin-path /Applications/Xcode-16.3.0.app/Contents/Developer/Toolchains/XcodeDefault.xctoolchain/usr/lib/swift/host/plugins/testing -validate-clang-modules-once -clang-build-session-file /Users/admin/builder/spi-builder-workspace/.derivedData/ModuleCache.noindex/Session.modulevalidation -Xcc -working-directory -Xcc /Users/admin/builder/spi-builder-workspace/.swiftpm/xcode -resource-dir /Applications/Xcode-16.3.0.app/Contents/Developer/Toolchains/XcodeDefault.xctoolchain/usr/lib/swift -enable-anonymous-context-mangled-names -file-compilation-dir /Users/admin/builder/spi-builder-workspace/.swiftpm/xcode -Xcc -ivfsstatcache -Xcc /Users/admin/builder/spi-builder-workspace/.derivedData/SDKStatCaches.noindex/appletvos18.4-22L251-271d326055c85f9856fa135c41255102.sdkstatcache -Xcc -I/Users/admin/builder/spi-builder-workspace/.derivedData/Build/Intermediates.noindex/HeatmapKit.build/Debug-appletvos/HeatmapKit.build/swift-overrides.hmap -Xcc -I/Users/admin/builder/spi-builder-workspace/.derivedData/Build/Products/Debug-appletvos/include -Xcc -I/Users/admin/builder/spi-builder-workspace/.derivedData/Build/Intermediates.noindex/HeatmapKit.build/Debug-appletvos/HeatmapKit.build/DerivedSources-normal/arm64 -Xcc -I/Users/admin/builder/spi-builder-workspace/.derivedData/Build/Intermediates.noindex/HeatmapKit.build/Debug-appletvos/HeatmapKit.build/DerivedSources/arm64 -Xcc -I/Users/admin/builder/spi-builder-workspace/.derivedData/Build/Intermediates.noindex/HeatmapKit.build/Debug-appletvos/HeatmapKit.build/DerivedSources -Xcc -DSWIFT_PACKAGE -Xcc -DDEBUG\=1 -module-name HeatmapKit -package-name spi_builder_workspace -frontend-parseable-output -disable-clang-spi -target-sdk-version 18.4 -target-sdk-name appletvos18.4 -external-plugin-path /Applications/Xcode-16.3.0.app/Contents/Developer/Platforms/AppleTVOS.platform/Developer/usr/lib/swift/host/plugins\#/Applications/Xcode-16.3.0.app/Contents/Developer/Platforms/AppleTVOS.platform/Developer/usr/bin/swift-plugin-server -external-plugin-path /Applications/Xcode-16.3.0.app/Contents/Developer/Platforms/AppleTVOS.platform/Developer/usr/local/lib/swift/host/plugins\#/Applications/Xcode-16.3.0.app/Contents/Developer/Platforms/AppleTVOS.platform/Developer/usr/bin/swift-plugin-server -in-process-plugin-server-path /Applications/Xcode-16.3.0.app/Contents/Developer/Toolchains/XcodeDefault.xctoolchain/usr/lib/swift/host/libSwiftInProcPluginServer.dylib -plugin-path /Applications/Xcode-16.3.0.app/Contents/Developer/Toolchains/XcodeDefault.xctoolchain/usr/lib/swift/host/plugins -plugin-path /Applications/Xcode-16.3.0.app/Contents/Developer/Toolchains/XcodeDefault.xctoolchain/usr/local/lib/swift/host/plugins -o /Users/admin/builder/spi-builder-workspace/.derivedData/Build/Intermediates.noindex/HeatmapKit.build/Debug-appletvos/HeatmapKit.build/Objects-normal/arm64/CalendarHeatmap.o -index-unit-output-path /HeatmapKit.build/Debug-appletvos/HeatmapKit.build/Objects-normal/arm64/CalendarHeatmap.o -index-store-path /Users/admin/builder/spi-builder-workspace/.derivedData/Index.noindex/DataStore -index-system-modules
SwiftCompile normal arm64 Compiling\ ColorPalette.swift /Users/admin/builder/spi-builder-workspace/Sources/HeatmapKit/ColorPalette.swift (in target 'HeatmapKit' from project 'HeatmapKit')
SwiftCompile normal arm64 /Users/admin/builder/spi-builder-workspace/Sources/HeatmapKit/ColorPalette.swift (in target 'HeatmapKit' from project 'HeatmapKit')
cd /Users/admin/builder/spi-builder-workspace/.swiftpm/xcode
SwiftCompile normal arm64 Compiling\ CalendarHeatmap+Modifiers.swift /Users/admin/builder/spi-builder-workspace/Sources/HeatmapKit/CalendarHeatmap+Modifiers.swift (in target 'HeatmapKit' from project 'HeatmapKit')
SwiftCompile normal arm64 /Users/admin/builder/spi-builder-workspace/Sources/HeatmapKit/CalendarHeatmap+Modifiers.swift (in target 'HeatmapKit' from project 'HeatmapKit')
cd /Users/admin/builder/spi-builder-workspace/.swiftpm/xcode
SwiftCompile normal arm64 Compiling\ CalendarHeatmap+Snapshot.swift /Users/admin/builder/spi-builder-workspace/Sources/HeatmapKit/CalendarHeatmap+Snapshot.swift (in target 'HeatmapKit' from project 'HeatmapKit')
SwiftCompile normal arm64 /Users/admin/builder/spi-builder-workspace/Sources/HeatmapKit/CalendarHeatmap+Snapshot.swift (in target 'HeatmapKit' from project 'HeatmapKit')
cd /Users/admin/builder/spi-builder-workspace/.swiftpm/xcode
SwiftEmitModule normal arm64 Emitting\ module\ for\ HeatmapKit (in target 'HeatmapKit' from project 'HeatmapKit')
EmitSwiftModule normal arm64 (in target 'HeatmapKit' from project 'HeatmapKit')
cd /Users/admin/builder/spi-builder-workspace/.swiftpm/xcode
/Users/admin/builder/spi-builder-workspace/Sources/HeatmapKit/CalendarHeatmap.swift:551:16: warning: static property 'defaultValue' is not concurrency-safe because it is nonisolated global shared mutable state; this is an error in the Swift 6 language mode
static var defaultValue: CGFloat = 0
^
/Users/admin/builder/spi-builder-workspace/Sources/HeatmapKit/CalendarHeatmap.swift:551:16: note: convert 'defaultValue' to a 'let' constant to make 'Sendable' shared state immutable
static var defaultValue: CGFloat = 0
~~~ ^
let
/Users/admin/builder/spi-builder-workspace/Sources/HeatmapKit/CalendarHeatmap.swift:551:16: note: add '@MainActor' to make static property 'defaultValue' part of global actor 'MainActor'
static var defaultValue: CGFloat = 0
^
@MainActor
/Users/admin/builder/spi-builder-workspace/Sources/HeatmapKit/CalendarHeatmap.swift:551:16: note: disable concurrency-safety checks if accesses are protected by an external synchronization mechanism
static var defaultValue: CGFloat = 0
^
nonisolated(unsafe)
SwiftCompile normal arm64 Compiling\ Weekday.swift /Users/admin/builder/spi-builder-workspace/Sources/HeatmapKit/Weekday.swift (in target 'HeatmapKit' from project 'HeatmapKit')
SwiftCompile normal arm64 /Users/admin/builder/spi-builder-workspace/Sources/HeatmapKit/Weekday.swift (in target 'HeatmapKit' from project 'HeatmapKit')
cd /Users/admin/builder/spi-builder-workspace/.swiftpm/xcode
SwiftDriverJobDiscovery normal arm64 Emitting module for HeatmapKit (in target 'HeatmapKit' from project 'HeatmapKit')
SwiftDriver\ Compilation\ Requirements HeatmapKit normal arm64 com.apple.xcode.tools.swift.compiler (in target 'HeatmapKit' from project 'HeatmapKit')
cd /Users/admin/builder/spi-builder-workspace/.swiftpm/xcode
builtin-Swift-Compilation-Requirements -- /Applications/Xcode-16.3.0.app/Contents/Developer/Toolchains/XcodeDefault.xctoolchain/usr/bin/swiftc -module-name HeatmapKit -Onone -enforce-exclusivity\=checked @/Users/admin/builder/spi-builder-workspace/.derivedData/Build/Intermediates.noindex/HeatmapKit.build/Debug-appletvos/HeatmapKit.build/Objects-normal/arm64/HeatmapKit.SwiftFileList -DSWIFT_PACKAGE -DDEBUG -stats-output-dir .stats -strict-concurrency\=complete -enable-upcoming-feature StrictConcurrency -enable-upcoming-feature DisableOutwardActorInference -enable-upcoming-feature GlobalActorIsolatedTypesUsability -enable-upcoming-feature InferSendableFromCaptures -plugin-path /Applications/Xcode-16.3.0.app/Contents/Developer/Toolchains/XcodeDefault.xctoolchain/usr/lib/swift/host/plugins/testing -enable-experimental-feature DebugDescriptionMacro -sdk /Applications/Xcode-16.3.0.app/Contents/Developer/Platforms/AppleTVOS.platform/Developer/SDKs/AppleTVOS18.4.sdk -target arm64-apple-tvos17.0 -g -module-cache-path /Users/admin/builder/spi-builder-workspace/.derivedData/ModuleCache.noindex -Xfrontend -serialize-debugging-options -profile-coverage-mapping -profile-generate -enable-testing -index-store-path /Users/admin/builder/spi-builder-workspace/.derivedData/Index.noindex/DataStore -swift-version 5 -I /Users/admin/builder/spi-builder-workspace/.derivedData/Build/Products/Debug-appletvos -I /Applications/Xcode-16.3.0.app/Contents/Developer/Platforms/AppleTVOS.platform/Developer/usr/lib -F /Users/admin/builder/spi-builder-workspace/.derivedData/Build/Products/Debug-appletvos -F /Applications/Xcode-16.3.0.app/Contents/Developer/Platforms/AppleTVOS.platform/Developer/Library/Frameworks -F /Applications/Xcode-16.3.0.app/Contents/Developer/Platforms/AppleTVOS.platform/Developer/SDKs/AppleTVOS18.4.sdk/Developer/Library/Frameworks -c -j10 -enable-batch-mode -incremental -Xcc -ivfsstatcache -Xcc /Users/admin/builder/spi-builder-workspace/.derivedData/SDKStatCaches.noindex/appletvos18.4-22L251-271d326055c85f9856fa135c41255102.sdkstatcache -output-file-map /Users/admin/builder/spi-builder-workspace/.derivedData/Build/Intermediates.noindex/HeatmapKit.build/Debug-appletvos/HeatmapKit.build/Objects-normal/arm64/HeatmapKit-OutputFileMap.json -use-frontend-parseable-output -save-temps -no-color-diagnostics -serialize-diagnostics -emit-dependencies -emit-module -emit-module-path /Users/admin/builder/spi-builder-workspace/.derivedData/Build/Intermediates.noindex/HeatmapKit.build/Debug-appletvos/HeatmapKit.build/Objects-normal/arm64/HeatmapKit.swiftmodule -validate-clang-modules-once -clang-build-session-file /Users/admin/builder/spi-builder-workspace/.derivedData/ModuleCache.noindex/Session.modulevalidation -package-name spi_builder_workspace -Xcc -I/Users/admin/builder/spi-builder-workspace/.derivedData/Build/Intermediates.noindex/HeatmapKit.build/Debug-appletvos/HeatmapKit.build/swift-overrides.hmap -emit-const-values -Xfrontend -const-gather-protocols-file -Xfrontend /Users/admin/builder/spi-builder-workspace/.derivedData/Build/Intermediates.noindex/HeatmapKit.build/Debug-appletvos/HeatmapKit.build/Objects-normal/arm64/HeatmapKit_const_extract_protocols.json -Xcc -I/Users/admin/builder/spi-builder-workspace/.derivedData/Build/Products/Debug-appletvos/include -Xcc -I/Users/admin/builder/spi-builder-workspace/.derivedData/Build/Intermediates.noindex/HeatmapKit.build/Debug-appletvos/HeatmapKit.build/DerivedSources-normal/arm64 -Xcc -I/Users/admin/builder/spi-builder-workspace/.derivedData/Build/Intermediates.noindex/HeatmapKit.build/Debug-appletvos/HeatmapKit.build/DerivedSources/arm64 -Xcc -I/Users/admin/builder/spi-builder-workspace/.derivedData/Build/Intermediates.noindex/HeatmapKit.build/Debug-appletvos/HeatmapKit.build/DerivedSources -Xcc -DSWIFT_PACKAGE -Xcc -DDEBUG\=1 -emit-objc-header -emit-objc-header-path /Users/admin/builder/spi-builder-workspace/.derivedData/Build/Intermediates.noindex/HeatmapKit.build/Debug-appletvos/HeatmapKit.build/Objects-normal/arm64/HeatmapKit-Swift.h -working-directory /Users/admin/builder/spi-builder-workspace/.swiftpm/xcode -experimental-emit-module-separately -disable-cmo
SwiftMergeGeneratedHeaders /Users/admin/builder/spi-builder-workspace/.derivedData/Build/Intermediates.noindex/GeneratedModuleMaps-appletvos/HeatmapKit-Swift.h /Users/admin/builder/spi-builder-workspace/.derivedData/Build/Intermediates.noindex/HeatmapKit.build/Debug-appletvos/HeatmapKit.build/Objects-normal/arm64/HeatmapKit-Swift.h (in target 'HeatmapKit' from project 'HeatmapKit')
cd /Users/admin/builder/spi-builder-workspace
builtin-swiftHeaderTool -arch arm64 /Users/admin/builder/spi-builder-workspace/.derivedData/Build/Intermediates.noindex/HeatmapKit.build/Debug-appletvos/HeatmapKit.build/Objects-normal/arm64/HeatmapKit-Swift.h -o /Users/admin/builder/spi-builder-workspace/.derivedData/Build/Intermediates.noindex/GeneratedModuleMaps-appletvos/HeatmapKit-Swift.h
Copy /Users/admin/builder/spi-builder-workspace/.derivedData/Build/Products/Debug-appletvos/HeatmapKit.swiftmodule/arm64-apple-tvos.swiftdoc /Users/admin/builder/spi-builder-workspace/.derivedData/Build/Intermediates.noindex/HeatmapKit.build/Debug-appletvos/HeatmapKit.build/Objects-normal/arm64/HeatmapKit.swiftdoc (in target 'HeatmapKit' from project 'HeatmapKit')
cd /Users/admin/builder/spi-builder-workspace
builtin-copy -exclude .DS_Store -exclude CVS -exclude .svn -exclude .git -exclude .hg -resolve-src-symlinks -rename /Users/admin/builder/spi-builder-workspace/.derivedData/Build/Intermediates.noindex/HeatmapKit.build/Debug-appletvos/HeatmapKit.build/Objects-normal/arm64/HeatmapKit.swiftdoc /Users/admin/builder/spi-builder-workspace/.derivedData/Build/Products/Debug-appletvos/HeatmapKit.swiftmodule/arm64-apple-tvos.swiftdoc
Copy /Users/admin/builder/spi-builder-workspace/.derivedData/Build/Products/Debug-appletvos/HeatmapKit.swiftmodule/arm64-apple-tvos.swiftmodule /Users/admin/builder/spi-builder-workspace/.derivedData/Build/Intermediates.noindex/HeatmapKit.build/Debug-appletvos/HeatmapKit.build/Objects-normal/arm64/HeatmapKit.swiftmodule (in target 'HeatmapKit' from project 'HeatmapKit')
cd /Users/admin/builder/spi-builder-workspace
builtin-copy -exclude .DS_Store -exclude CVS -exclude .svn -exclude .git -exclude .hg -resolve-src-symlinks -rename /Users/admin/builder/spi-builder-workspace/.derivedData/Build/Intermediates.noindex/HeatmapKit.build/Debug-appletvos/HeatmapKit.build/Objects-normal/arm64/HeatmapKit.swiftmodule /Users/admin/builder/spi-builder-workspace/.derivedData/Build/Products/Debug-appletvos/HeatmapKit.swiftmodule/arm64-apple-tvos.swiftmodule
Copy /Users/admin/builder/spi-builder-workspace/.derivedData/Build/Products/Debug-appletvos/HeatmapKit.swiftmodule/arm64-apple-tvos.abi.json /Users/admin/builder/spi-builder-workspace/.derivedData/Build/Intermediates.noindex/HeatmapKit.build/Debug-appletvos/HeatmapKit.build/Objects-normal/arm64/HeatmapKit.abi.json (in target 'HeatmapKit' from project 'HeatmapKit')
cd /Users/admin/builder/spi-builder-workspace
builtin-copy -exclude .DS_Store -exclude CVS -exclude .svn -exclude .git -exclude .hg -resolve-src-symlinks -rename /Users/admin/builder/spi-builder-workspace/.derivedData/Build/Intermediates.noindex/HeatmapKit.build/Debug-appletvos/HeatmapKit.build/Objects-normal/arm64/HeatmapKit.abi.json /Users/admin/builder/spi-builder-workspace/.derivedData/Build/Products/Debug-appletvos/HeatmapKit.swiftmodule/arm64-apple-tvos.abi.json
Copy /Users/admin/builder/spi-builder-workspace/.derivedData/Build/Products/Debug-appletvos/HeatmapKit.swiftmodule/Project/arm64-apple-tvos.swiftsourceinfo /Users/admin/builder/spi-builder-workspace/.derivedData/Build/Intermediates.noindex/HeatmapKit.build/Debug-appletvos/HeatmapKit.build/Objects-normal/arm64/HeatmapKit.swiftsourceinfo (in target 'HeatmapKit' from project 'HeatmapKit')
cd /Users/admin/builder/spi-builder-workspace
builtin-copy -exclude .DS_Store -exclude CVS -exclude .svn -exclude .git -exclude .hg -resolve-src-symlinks -rename /Users/admin/builder/spi-builder-workspace/.derivedData/Build/Intermediates.noindex/HeatmapKit.build/Debug-appletvos/HeatmapKit.build/Objects-normal/arm64/HeatmapKit.swiftsourceinfo /Users/admin/builder/spi-builder-workspace/.derivedData/Build/Products/Debug-appletvos/HeatmapKit.swiftmodule/Project/arm64-apple-tvos.swiftsourceinfo
SwiftDriverJobDiscovery normal arm64 Compiling CalendarHeatmap+Init.swift (in target 'HeatmapKit' from project 'HeatmapKit')
SwiftDriverJobDiscovery normal arm64 Compiling Weekday.swift (in target 'HeatmapKit' from project 'HeatmapKit')
SwiftDriverJobDiscovery normal arm64 Compiling Aggregation.swift (in target 'HeatmapKit' from project 'HeatmapKit')
** BUILD FAILED **
The following build commands failed:
SwiftCompile normal arm64 /Users/admin/builder/spi-builder-workspace/Sources/HeatmapKit/CalendarHeatmap.swift (in target 'HeatmapKit' from project 'HeatmapKit')
SwiftCompile normal arm64 Compiling\ CalendarHeatmap.swift /Users/admin/builder/spi-builder-workspace/Sources/HeatmapKit/CalendarHeatmap.swift (in target 'HeatmapKit' from project 'HeatmapKit')
Building workspace spi-builder-workspace with scheme HeatmapKit
(3 failures)
Command line invocation:
/Applications/Xcode-16.3.0.app/Contents/Developer/usr/bin/xcodebuild -IDEClonedSourcePackagesDirPathOverride=/Users/admin/builder/spi-builder-workspace/.dependencies -resolvePackageDependencies
Resolve Package Graph
Resolved source packages:
HeatmapKit: /Users/admin/builder/spi-builder-workspace
resolved source packages: HeatmapKit
{
"dependencies" : [
],
"manifest_display_name" : "HeatmapKit",
"name" : "HeatmapKit",
"path" : "/Users/admin/builder/spi-builder-workspace",
"platforms" : [
{
"name" : "ios",
"version" : "17.0"
},
{
"name" : "macos",
"version" : "14.0"
},
{
"name" : "watchos",
"version" : "10.0"
},
{
"name" : "tvos",
"version" : "17.0"
},
{
"name" : "visionos",
"version" : "1.0"
}
],
"products" : [
{
"name" : "HeatmapKit",
"targets" : [
"HeatmapKit"
],
"type" : {
"library" : [
"automatic"
]
}
}
],
"targets" : [
{
"c99name" : "HeatmapKitTests",
"module_type" : "SwiftTarget",
"name" : "HeatmapKitTests",
"path" : "Tests/HeatmapKitTests",
"sources" : [
"HeatmapKitTests.swift"
],
"target_dependencies" : [
"HeatmapKit"
],
"type" : "test"
},
{
"c99name" : "HeatmapKit",
"module_type" : "SwiftTarget",
"name" : "HeatmapKit",
"path" : "Sources/HeatmapKit",
"product_memberships" : [
"HeatmapKit"
],
"sources" : [
"Aggregation.swift",
"CalendarHeatmap+Init.swift",
"CalendarHeatmap+Modifiers.swift",
"CalendarHeatmap+Snapshot.swift",
"CalendarHeatmap.swift",
"ColorPalette.swift",
"Weekday.swift"
],
"type" : "library"
}
],
"tools_version" : "5.9"
}
{
"workspace" : {
"name" : "spi-builder-workspace",
"schemes" : [
"HeatmapKit"
]
}
}
Running build ...
env DEVELOPER_DIR=/Applications/Xcode-16.3.0.app xcrun xcodebuild -IDEClonedSourcePackagesDirPathOverride=$PWD/.dependencies -skipMacroValidation -skipPackagePluginValidation -derivedDataPath $PWD/.derivedData build -scheme HeatmapKit -destination generic/platform=tvOS
Command line invocation:
/Applications/Xcode-16.3.0.app/Contents/Developer/usr/bin/xcodebuild -IDEClonedSourcePackagesDirPathOverride=/Users/admin/builder/spi-builder-workspace/.dependencies -skipMacroValidation -skipPackagePluginValidation -derivedDataPath /Users/admin/builder/spi-builder-workspace/.derivedData build -scheme HeatmapKit -destination generic/platform=tvOS
Resolve Package Graph
Resolved source packages:
HeatmapKit: /Users/admin/builder/spi-builder-workspace
ComputePackagePrebuildTargetDependencyGraph
Prepare packages
CreateBuildRequest
SendProjectDescription
CreateBuildOperation
ComputeTargetDependencyGraph
note: Building targets in dependency order
note: Target dependency graph (2 targets)
Target 'HeatmapKit' in project 'HeatmapKit'
➜ Explicit dependency on target 'HeatmapKit' in project 'HeatmapKit'
Target 'HeatmapKit' in project 'HeatmapKit' (no dependencies)
GatherProvisioningInputs
CreateBuildDescription
ExecuteExternalTool /Applications/Xcode-16.3.0.app/Contents/Developer/Toolchains/XcodeDefault.xctoolchain/usr/bin/clang -v -E -dM -isysroot /Applications/Xcode-16.3.0.app/Contents/Developer/Platforms/AppleTVOS.platform/Developer/SDKs/AppleTVOS18.4.sdk -x c -c /dev/null
ExecuteExternalTool /Applications/Xcode-16.3.0.app/Contents/Developer/Toolchains/XcodeDefault.xctoolchain/usr/bin/swiftc --version
ExecuteExternalTool /Applications/Xcode-16.3.0.app/Contents/Developer/Toolchains/XcodeDefault.xctoolchain/usr/bin/ld -version_details
Build description signature: 8b2b3a4fd29361bcbc8f9455b3e1eb3e
Build description path: /Users/admin/builder/spi-builder-workspace/.derivedData/Build/Intermediates.noindex/XCBuildData/8b2b3a4fd29361bcbc8f9455b3e1eb3e.xcbuilddata
ClangStatCache /Applications/Xcode-16.3.0.app/Contents/Developer/Toolchains/XcodeDefault.xctoolchain/usr/bin/clang-stat-cache /Applications/Xcode-16.3.0.app/Contents/Developer/Platforms/AppleTVOS.platform/Developer/SDKs/AppleTVOS18.4.sdk /Users/admin/builder/spi-builder-workspace/.derivedData/SDKStatCaches.noindex/appletvos18.4-22L251-271d326055c85f9856fa135c41255102.sdkstatcache
cd /Users/admin/builder/spi-builder-workspace/.swiftpm/xcode
/Applications/Xcode-16.3.0.app/Contents/Developer/Toolchains/XcodeDefault.xctoolchain/usr/bin/clang-stat-cache /Applications/Xcode-16.3.0.app/Contents/Developer/Platforms/AppleTVOS.platform/Developer/SDKs/AppleTVOS18.4.sdk -o /Users/admin/builder/spi-builder-workspace/.derivedData/SDKStatCaches.noindex/appletvos18.4-22L251-271d326055c85f9856fa135c41255102.sdkstatcache
SwiftDriver HeatmapKit normal arm64 com.apple.xcode.tools.swift.compiler (in target 'HeatmapKit' from project 'HeatmapKit')
cd /Users/admin/builder/spi-builder-workspace/.swiftpm/xcode
builtin-SwiftDriver -- /Applications/Xcode-16.3.0.app/Contents/Developer/Toolchains/XcodeDefault.xctoolchain/usr/bin/swiftc -module-name HeatmapKit -Onone -enforce-exclusivity\=checked @/Users/admin/builder/spi-builder-workspace/.derivedData/Build/Intermediates.noindex/HeatmapKit.build/Debug-appletvos/HeatmapKit.build/Objects-normal/arm64/HeatmapKit.SwiftFileList -DSWIFT_PACKAGE -DDEBUG -DXcode -plugin-path /Applications/Xcode-16.3.0.app/Contents/Developer/Toolchains/XcodeDefault.xctoolchain/usr/lib/swift/host/plugins/testing -enable-experimental-feature DebugDescriptionMacro -sdk /Applications/Xcode-16.3.0.app/Contents/Developer/Platforms/AppleTVOS.platform/Developer/SDKs/AppleTVOS18.4.sdk -target arm64-apple-tvos17.0 -g -module-cache-path /Users/admin/builder/spi-builder-workspace/.derivedData/ModuleCache.noindex -Xfrontend -serialize-debugging-options -profile-coverage-mapping -profile-generate -enable-testing -index-store-path /Users/admin/builder/spi-builder-workspace/.derivedData/Index.noindex/DataStore -swift-version 5 -I /Users/admin/builder/spi-builder-workspace/.derivedData/Build/Products/Debug-appletvos -I /Applications/Xcode-16.3.0.app/Contents/Developer/Platforms/AppleTVOS.platform/Developer/usr/lib -F /Users/admin/builder/spi-builder-workspace/.derivedData/Build/Products/Debug-appletvos -F /Applications/Xcode-16.3.0.app/Contents/Developer/Platforms/AppleTVOS.platform/Developer/Library/Frameworks -F /Applications/Xcode-16.3.0.app/Contents/Developer/Platforms/AppleTVOS.platform/Developer/SDKs/AppleTVOS18.4.sdk/Developer/Library/Frameworks -c -j10 -enable-batch-mode -incremental -Xcc -ivfsstatcache -Xcc /Users/admin/builder/spi-builder-workspace/.derivedData/SDKStatCaches.noindex/appletvos18.4-22L251-271d326055c85f9856fa135c41255102.sdkstatcache -output-file-map /Users/admin/builder/spi-builder-workspace/.derivedData/Build/Intermediates.noindex/HeatmapKit.build/Debug-appletvos/HeatmapKit.build/Objects-normal/arm64/HeatmapKit-OutputFileMap.json -use-frontend-parseable-output -save-temps -no-color-diagnostics -serialize-diagnostics -emit-dependencies -emit-module -emit-module-path /Users/admin/builder/spi-builder-workspace/.derivedData/Build/Intermediates.noindex/HeatmapKit.build/Debug-appletvos/HeatmapKit.build/Objects-normal/arm64/HeatmapKit.swiftmodule -validate-clang-modules-once -clang-build-session-file /Users/admin/builder/spi-builder-workspace/.derivedData/ModuleCache.noindex/Session.modulevalidation -package-name spi_builder_workspace -Xcc -I/Users/admin/builder/spi-builder-workspace/.derivedData/Build/Intermediates.noindex/HeatmapKit.build/Debug-appletvos/HeatmapKit.build/swift-overrides.hmap -emit-const-values -Xfrontend -const-gather-protocols-file -Xfrontend /Users/admin/builder/spi-builder-workspace/.derivedData/Build/Intermediates.noindex/HeatmapKit.build/Debug-appletvos/HeatmapKit.build/Objects-normal/arm64/HeatmapKit_const_extract_protocols.json -Xcc -I/Users/admin/builder/spi-builder-workspace/.derivedData/Build/Products/Debug-appletvos/include -Xcc -I/Users/admin/builder/spi-builder-workspace/.derivedData/Build/Intermediates.noindex/HeatmapKit.build/Debug-appletvos/HeatmapKit.build/DerivedSources-normal/arm64 -Xcc -I/Users/admin/builder/spi-builder-workspace/.derivedData/Build/Intermediates.noindex/HeatmapKit.build/Debug-appletvos/HeatmapKit.build/DerivedSources/arm64 -Xcc -I/Users/admin/builder/spi-builder-workspace/.derivedData/Build/Intermediates.noindex/HeatmapKit.build/Debug-appletvos/HeatmapKit.build/DerivedSources -Xcc -DSWIFT_PACKAGE -Xcc -DDEBUG\=1 -emit-objc-header -emit-objc-header-path /Users/admin/builder/spi-builder-workspace/.derivedData/Build/Intermediates.noindex/HeatmapKit.build/Debug-appletvos/HeatmapKit.build/Objects-normal/arm64/HeatmapKit-Swift.h -working-directory /Users/admin/builder/spi-builder-workspace/.swiftpm/xcode -experimental-emit-module-separately -disable-cmo
SwiftCompile normal arm64 Compiling\ CalendarHeatmap+Modifiers.swift /Users/admin/builder/spi-builder-workspace/Sources/HeatmapKit/CalendarHeatmap+Modifiers.swift (in target 'HeatmapKit' from project 'HeatmapKit')
SwiftCompile normal arm64 /Users/admin/builder/spi-builder-workspace/Sources/HeatmapKit/CalendarHeatmap+Modifiers.swift (in target 'HeatmapKit' from project 'HeatmapKit')
cd /Users/admin/builder/spi-builder-workspace/.swiftpm/xcode
SwiftCompile normal arm64 Compiling\ CalendarHeatmap+Snapshot.swift /Users/admin/builder/spi-builder-workspace/Sources/HeatmapKit/CalendarHeatmap+Snapshot.swift (in target 'HeatmapKit' from project 'HeatmapKit')
SwiftCompile normal arm64 /Users/admin/builder/spi-builder-workspace/Sources/HeatmapKit/CalendarHeatmap+Snapshot.swift (in target 'HeatmapKit' from project 'HeatmapKit')
cd /Users/admin/builder/spi-builder-workspace/.swiftpm/xcode
SwiftCompile normal arm64 Compiling\ Weekday.swift /Users/admin/builder/spi-builder-workspace/Sources/HeatmapKit/Weekday.swift (in target 'HeatmapKit' from project 'HeatmapKit')
SwiftCompile normal arm64 /Users/admin/builder/spi-builder-workspace/Sources/HeatmapKit/Weekday.swift (in target 'HeatmapKit' from project 'HeatmapKit')
cd /Users/admin/builder/spi-builder-workspace/.swiftpm/xcode
SwiftEmitModule normal arm64 Emitting\ module\ for\ HeatmapKit (in target 'HeatmapKit' from project 'HeatmapKit')
EmitSwiftModule normal arm64 (in target 'HeatmapKit' from project 'HeatmapKit')
cd /Users/admin/builder/spi-builder-workspace/.swiftpm/xcode
SwiftCompile normal arm64 Compiling\ ColorPalette.swift /Users/admin/builder/spi-builder-workspace/Sources/HeatmapKit/ColorPalette.swift (in target 'HeatmapKit' from project 'HeatmapKit')
SwiftCompile normal arm64 /Users/admin/builder/spi-builder-workspace/Sources/HeatmapKit/ColorPalette.swift (in target 'HeatmapKit' from project 'HeatmapKit')
cd /Users/admin/builder/spi-builder-workspace/.swiftpm/xcode
SwiftCompile normal arm64 Compiling\ CalendarHeatmap.swift /Users/admin/builder/spi-builder-workspace/Sources/HeatmapKit/CalendarHeatmap.swift (in target 'HeatmapKit' from project 'HeatmapKit')
SwiftCompile normal arm64 /Users/admin/builder/spi-builder-workspace/Sources/HeatmapKit/CalendarHeatmap.swift (in target 'HeatmapKit' from project 'HeatmapKit')
cd /Users/admin/builder/spi-builder-workspace/.swiftpm/xcode
/Users/admin/builder/spi-builder-workspace/Sources/HeatmapKit/CalendarHeatmap.swift:413:14: error: 'popover(isPresented:attachmentAnchor:arrowEdge:content:)' is unavailable in tvOS
.popover(
^~~~~~~
SwiftUI.View.popover:4:27: note: 'popover(isPresented:attachmentAnchor:arrowEdge:content:)' has been explicitly marked unavailable here
nonisolated public func popover<Content>(isPresented: Binding<Bool>, attachmentAnchor: PopoverAttachmentAnchor = .rect(.bounds), arrowEdge: Edge? = nil, @ViewBuilder content: @escaping () -> Content) -> some View where Content : View
^
Failed frontend command:
/Applications/Xcode-16.3.0.app/Contents/Developer/Toolchains/XcodeDefault.xctoolchain/usr/bin/swift-frontend -frontend -c /Users/admin/builder/spi-builder-workspace/Sources/HeatmapKit/Aggregation.swift /Users/admin/builder/spi-builder-workspace/Sources/HeatmapKit/CalendarHeatmap+Init.swift /Users/admin/builder/spi-builder-workspace/Sources/HeatmapKit/CalendarHeatmap+Modifiers.swift /Users/admin/builder/spi-builder-workspace/Sources/HeatmapKit/CalendarHeatmap+Snapshot.swift -primary-file /Users/admin/builder/spi-builder-workspace/Sources/HeatmapKit/CalendarHeatmap.swift /Users/admin/builder/spi-builder-workspace/Sources/HeatmapKit/ColorPalette.swift /Users/admin/builder/spi-builder-workspace/Sources/HeatmapKit/Weekday.swift -emit-dependencies-path /Users/admin/builder/spi-builder-workspace/.derivedData/Build/Intermediates.noindex/HeatmapKit.build/Debug-appletvos/HeatmapKit.build/Objects-normal/arm64/CalendarHeatmap.d -emit-const-values-path /Users/admin/builder/spi-builder-workspace/.derivedData/Build/Intermediates.noindex/HeatmapKit.build/Debug-appletvos/HeatmapKit.build/Objects-normal/arm64/CalendarHeatmap.swiftconstvalues -emit-reference-dependencies-path /Users/admin/builder/spi-builder-workspace/.derivedData/Build/Intermediates.noindex/HeatmapKit.build/Debug-appletvos/HeatmapKit.build/Objects-normal/arm64/CalendarHeatmap.swiftdeps -serialize-diagnostics-path /Users/admin/builder/spi-builder-workspace/.derivedData/Build/Intermediates.noindex/HeatmapKit.build/Debug-appletvos/HeatmapKit.build/Objects-normal/arm64/CalendarHeatmap.dia -target arm64-apple-tvos17.0 -Xllvm -aarch64-use-tbi -enable-objc-interop -stack-check -sdk /Applications/Xcode-16.3.0.app/Contents/Developer/Platforms/AppleTVOS.platform/Developer/SDKs/AppleTVOS18.4.sdk -I /Users/admin/builder/spi-builder-workspace/.derivedData/Build/Products/Debug-appletvos -I /Applications/Xcode-16.3.0.app/Contents/Developer/Platforms/AppleTVOS.platform/Developer/usr/lib -F /Users/admin/builder/spi-builder-workspace/.derivedData/Build/Products/Debug-appletvos -F /Applications/Xcode-16.3.0.app/Contents/Developer/Platforms/AppleTVOS.platform/Developer/Library/Frameworks -F /Applications/Xcode-16.3.0.app/Contents/Developer/Platforms/AppleTVOS.platform/Developer/SDKs/AppleTVOS18.4.sdk/Developer/Library/Frameworks -no-color-diagnostics -enable-testing -g -debug-info-format\=dwarf -dwarf-version\=4 -module-cache-path /Users/admin/builder/spi-builder-workspace/.derivedData/ModuleCache.noindex -profile-generate -profile-coverage-mapping -swift-version 5 -enforce-exclusivity\=checked -Onone -D SWIFT_PACKAGE -D DEBUG -D Xcode -serialize-debugging-options -const-gather-protocols-file /Users/admin/builder/spi-builder-workspace/.derivedData/Build/Intermediates.noindex/HeatmapKit.build/Debug-appletvos/HeatmapKit.build/Objects-normal/arm64/HeatmapKit_const_extract_protocols.json -enable-experimental-feature DebugDescriptionMacro -empty-abi-descriptor -plugin-path /Applications/Xcode-16.3.0.app/Contents/Developer/Toolchains/XcodeDefault.xctoolchain/usr/lib/swift/host/plugins/testing -validate-clang-modules-once -clang-build-session-file /Users/admin/builder/spi-builder-workspace/.derivedData/ModuleCache.noindex/Session.modulevalidation -Xcc -working-directory -Xcc /Users/admin/builder/spi-builder-workspace/.swiftpm/xcode -resource-dir /Applications/Xcode-16.3.0.app/Contents/Developer/Toolchains/XcodeDefault.xctoolchain/usr/lib/swift -enable-anonymous-context-mangled-names -file-compilation-dir /Users/admin/builder/spi-builder-workspace/.swiftpm/xcode -Xcc -ivfsstatcache -Xcc /Users/admin/builder/spi-builder-workspace/.derivedData/SDKStatCaches.noindex/appletvos18.4-22L251-271d326055c85f9856fa135c41255102.sdkstatcache -Xcc -I/Users/admin/builder/spi-builder-workspace/.derivedData/Build/Intermediates.noindex/HeatmapKit.build/Debug-appletvos/HeatmapKit.build/swift-overrides.hmap -Xcc -I/Users/admin/builder/spi-builder-workspace/.derivedData/Build/Products/Debug-appletvos/include -Xcc -I/Users/admin/builder/spi-builder-workspace/.derivedData/Build/Intermediates.noindex/HeatmapKit.build/Debug-appletvos/HeatmapKit.build/DerivedSources-normal/arm64 -Xcc -I/Users/admin/builder/spi-builder-workspace/.derivedData/Build/Intermediates.noindex/HeatmapKit.build/Debug-appletvos/HeatmapKit.build/DerivedSources/arm64 -Xcc -I/Users/admin/builder/spi-builder-workspace/.derivedData/Build/Intermediates.noindex/HeatmapKit.build/Debug-appletvos/HeatmapKit.build/DerivedSources -Xcc -DSWIFT_PACKAGE -Xcc -DDEBUG\=1 -module-name HeatmapKit -package-name spi_builder_workspace -frontend-parseable-output -disable-clang-spi -target-sdk-version 18.4 -target-sdk-name appletvos18.4 -external-plugin-path /Applications/Xcode-16.3.0.app/Contents/Developer/Platforms/AppleTVOS.platform/Developer/usr/lib/swift/host/plugins\#/Applications/Xcode-16.3.0.app/Contents/Developer/Platforms/AppleTVOS.platform/Developer/usr/bin/swift-plugin-server -external-plugin-path /Applications/Xcode-16.3.0.app/Contents/Developer/Platforms/AppleTVOS.platform/Developer/usr/local/lib/swift/host/plugins\#/Applications/Xcode-16.3.0.app/Contents/Developer/Platforms/AppleTVOS.platform/Developer/usr/bin/swift-plugin-server -in-process-plugin-server-path /Applications/Xcode-16.3.0.app/Contents/Developer/Toolchains/XcodeDefault.xctoolchain/usr/lib/swift/host/libSwiftInProcPluginServer.dylib -plugin-path /Applications/Xcode-16.3.0.app/Contents/Developer/Toolchains/XcodeDefault.xctoolchain/usr/lib/swift/host/plugins -plugin-path /Applications/Xcode-16.3.0.app/Contents/Developer/Toolchains/XcodeDefault.xctoolchain/usr/local/lib/swift/host/plugins -o /Users/admin/builder/spi-builder-workspace/.derivedData/Build/Intermediates.noindex/HeatmapKit.build/Debug-appletvos/HeatmapKit.build/Objects-normal/arm64/CalendarHeatmap.o -index-unit-output-path /HeatmapKit.build/Debug-appletvos/HeatmapKit.build/Objects-normal/arm64/CalendarHeatmap.o -index-store-path /Users/admin/builder/spi-builder-workspace/.derivedData/Index.noindex/DataStore -index-system-modules
SwiftCompile normal arm64 Compiling\ Aggregation.swift /Users/admin/builder/spi-builder-workspace/Sources/HeatmapKit/Aggregation.swift (in target 'HeatmapKit' from project 'HeatmapKit')
SwiftCompile normal arm64 /Users/admin/builder/spi-builder-workspace/Sources/HeatmapKit/Aggregation.swift (in target 'HeatmapKit' from project 'HeatmapKit')
cd /Users/admin/builder/spi-builder-workspace/.swiftpm/xcode
SwiftCompile normal arm64 Compiling\ CalendarHeatmap+Init.swift /Users/admin/builder/spi-builder-workspace/Sources/HeatmapKit/CalendarHeatmap+Init.swift (in target 'HeatmapKit' from project 'HeatmapKit')
SwiftCompile normal arm64 /Users/admin/builder/spi-builder-workspace/Sources/HeatmapKit/CalendarHeatmap+Init.swift (in target 'HeatmapKit' from project 'HeatmapKit')
cd /Users/admin/builder/spi-builder-workspace/.swiftpm/xcode
SwiftDriverJobDiscovery normal arm64 Compiling CalendarHeatmap+Snapshot.swift (in target 'HeatmapKit' from project 'HeatmapKit')
SwiftDriverJobDiscovery normal arm64 Compiling CalendarHeatmap+Modifiers.swift (in target 'HeatmapKit' from project 'HeatmapKit')
SwiftDriverJobDiscovery normal arm64 Compiling CalendarHeatmap+Init.swift (in target 'HeatmapKit' from project 'HeatmapKit')
SwiftDriverJobDiscovery normal arm64 Compiling Weekday.swift (in target 'HeatmapKit' from project 'HeatmapKit')
SwiftDriverJobDiscovery normal arm64 Compiling Aggregation.swift (in target 'HeatmapKit' from project 'HeatmapKit')
SwiftDriverJobDiscovery normal arm64 Compiling ColorPalette.swift (in target 'HeatmapKit' from project 'HeatmapKit')
SwiftDriverJobDiscovery normal arm64 Emitting module for HeatmapKit (in target 'HeatmapKit' from project 'HeatmapKit')
SwiftDriver\ Compilation\ Requirements HeatmapKit normal arm64 com.apple.xcode.tools.swift.compiler (in target 'HeatmapKit' from project 'HeatmapKit')
cd /Users/admin/builder/spi-builder-workspace/.swiftpm/xcode
builtin-Swift-Compilation-Requirements -- /Applications/Xcode-16.3.0.app/Contents/Developer/Toolchains/XcodeDefault.xctoolchain/usr/bin/swiftc -module-name HeatmapKit -Onone -enforce-exclusivity\=checked @/Users/admin/builder/spi-builder-workspace/.derivedData/Build/Intermediates.noindex/HeatmapKit.build/Debug-appletvos/HeatmapKit.build/Objects-normal/arm64/HeatmapKit.SwiftFileList -DSWIFT_PACKAGE -DDEBUG -DXcode -plugin-path /Applications/Xcode-16.3.0.app/Contents/Developer/Toolchains/XcodeDefault.xctoolchain/usr/lib/swift/host/plugins/testing -enable-experimental-feature DebugDescriptionMacro -sdk /Applications/Xcode-16.3.0.app/Contents/Developer/Platforms/AppleTVOS.platform/Developer/SDKs/AppleTVOS18.4.sdk -target arm64-apple-tvos17.0 -g -module-cache-path /Users/admin/builder/spi-builder-workspace/.derivedData/ModuleCache.noindex -Xfrontend -serialize-debugging-options -profile-coverage-mapping -profile-generate -enable-testing -index-store-path /Users/admin/builder/spi-builder-workspace/.derivedData/Index.noindex/DataStore -swift-version 5 -I /Users/admin/builder/spi-builder-workspace/.derivedData/Build/Products/Debug-appletvos -I /Applications/Xcode-16.3.0.app/Contents/Developer/Platforms/AppleTVOS.platform/Developer/usr/lib -F /Users/admin/builder/spi-builder-workspace/.derivedData/Build/Products/Debug-appletvos -F /Applications/Xcode-16.3.0.app/Contents/Developer/Platforms/AppleTVOS.platform/Developer/Library/Frameworks -F /Applications/Xcode-16.3.0.app/Contents/Developer/Platforms/AppleTVOS.platform/Developer/SDKs/AppleTVOS18.4.sdk/Developer/Library/Frameworks -c -j10 -enable-batch-mode -incremental -Xcc -ivfsstatcache -Xcc /Users/admin/builder/spi-builder-workspace/.derivedData/SDKStatCaches.noindex/appletvos18.4-22L251-271d326055c85f9856fa135c41255102.sdkstatcache -output-file-map /Users/admin/builder/spi-builder-workspace/.derivedData/Build/Intermediates.noindex/HeatmapKit.build/Debug-appletvos/HeatmapKit.build/Objects-normal/arm64/HeatmapKit-OutputFileMap.json -use-frontend-parseable-output -save-temps -no-color-diagnostics -serialize-diagnostics -emit-dependencies -emit-module -emit-module-path /Users/admin/builder/spi-builder-workspace/.derivedData/Build/Intermediates.noindex/HeatmapKit.build/Debug-appletvos/HeatmapKit.build/Objects-normal/arm64/HeatmapKit.swiftmodule -validate-clang-modules-once -clang-build-session-file /Users/admin/builder/spi-builder-workspace/.derivedData/ModuleCache.noindex/Session.modulevalidation -package-name spi_builder_workspace -Xcc -I/Users/admin/builder/spi-builder-workspace/.derivedData/Build/Intermediates.noindex/HeatmapKit.build/Debug-appletvos/HeatmapKit.build/swift-overrides.hmap -emit-const-values -Xfrontend -const-gather-protocols-file -Xfrontend /Users/admin/builder/spi-builder-workspace/.derivedData/Build/Intermediates.noindex/HeatmapKit.build/Debug-appletvos/HeatmapKit.build/Objects-normal/arm64/HeatmapKit_const_extract_protocols.json -Xcc -I/Users/admin/builder/spi-builder-workspace/.derivedData/Build/Products/Debug-appletvos/include -Xcc -I/Users/admin/builder/spi-builder-workspace/.derivedData/Build/Intermediates.noindex/HeatmapKit.build/Debug-appletvos/HeatmapKit.build/DerivedSources-normal/arm64 -Xcc -I/Users/admin/builder/spi-builder-workspace/.derivedData/Build/Intermediates.noindex/HeatmapKit.build/Debug-appletvos/HeatmapKit.build/DerivedSources/arm64 -Xcc -I/Users/admin/builder/spi-builder-workspace/.derivedData/Build/Intermediates.noindex/HeatmapKit.build/Debug-appletvos/HeatmapKit.build/DerivedSources -Xcc -DSWIFT_PACKAGE -Xcc -DDEBUG\=1 -emit-objc-header -emit-objc-header-path /Users/admin/builder/spi-builder-workspace/.derivedData/Build/Intermediates.noindex/HeatmapKit.build/Debug-appletvos/HeatmapKit.build/Objects-normal/arm64/HeatmapKit-Swift.h -working-directory /Users/admin/builder/spi-builder-workspace/.swiftpm/xcode -experimental-emit-module-separately -disable-cmo
Copy /Users/admin/builder/spi-builder-workspace/.derivedData/Build/Products/Debug-appletvos/HeatmapKit.swiftmodule/arm64-apple-tvos.abi.json /Users/admin/builder/spi-builder-workspace/.derivedData/Build/Intermediates.noindex/HeatmapKit.build/Debug-appletvos/HeatmapKit.build/Objects-normal/arm64/HeatmapKit.abi.json (in target 'HeatmapKit' from project 'HeatmapKit')
cd /Users/admin/builder/spi-builder-workspace
builtin-copy -exclude .DS_Store -exclude CVS -exclude .svn -exclude .git -exclude .hg -resolve-src-symlinks -rename /Users/admin/builder/spi-builder-workspace/.derivedData/Build/Intermediates.noindex/HeatmapKit.build/Debug-appletvos/HeatmapKit.build/Objects-normal/arm64/HeatmapKit.abi.json /Users/admin/builder/spi-builder-workspace/.derivedData/Build/Products/Debug-appletvos/HeatmapKit.swiftmodule/arm64-apple-tvos.abi.json
** BUILD FAILED **
The following build commands failed:
SwiftCompile normal arm64 /Users/admin/builder/spi-builder-workspace/Sources/HeatmapKit/CalendarHeatmap.swift (in target 'HeatmapKit' from project 'HeatmapKit')
SwiftCompile normal arm64 Compiling\ CalendarHeatmap.swift /Users/admin/builder/spi-builder-workspace/Sources/HeatmapKit/CalendarHeatmap.swift (in target 'HeatmapKit' from project 'HeatmapKit')
Building workspace spi-builder-workspace with scheme HeatmapKit
(3 failures)
BUILD FAILURE 6.1 tvOS