Build Information
Failed to build YPImagePicker, reference master (714899), with Swift 6.2 for macOS (SPM) on 28 Sep 2026 09:31:47 UTC.
Build Command
env DEVELOPER_DIR=/Applications/Xcode-26.3.0.app xcrun swift build --arch arm64Build Log
========================================
RunAll
========================================
Builder version: 5.1.0
Interrupt handler set up.
========================================
Checkout
========================================
Clone URL: https://github.com/Yummypets/YPImagePicker.git
Reference: master
Initialized empty Git repository in /Users/admin/builder/spi-builder-workspace/.git/
From https://github.com/Yummypets/YPImagePicker
* branch master -> FETCH_HEAD
* [new branch] master -> origin/master
HEAD is now at 7148991 Bump version to 5.4.0
Cloned https://github.com/Yummypets/YPImagePicker.git
Revision (git rev-parse @):
7148991d39861d22f9e409087ca98ec95789eae9
SUCCESS checkout https://github.com/Yummypets/YPImagePicker.git at master
========================================
Build
========================================
Selected platform: macosSpm
Swift version: 6.2
Building package at path: $PWD
https://github.com/Yummypets/YPImagePicker.git
Running build ...
env DEVELOPER_DIR=/Applications/Xcode-26.3.0.app xcrun swift build --arch arm64
Building for debugging...
[0/36] Write sources
[0/36] Copying YPImagePickerLocalizable.strings
[0/36] Write sources
[0/36] Copying PrivacyInfo.xcprivacy
[5/36] Copying YPImagePickerLocalizable.strings
[29/36] Copying Info.plist
[31/36] Copying PrivacyInfo.xcprivacy
[31/36] Copying YPImagePickerLocalizable.strings
[35/36] Write swift-version--3CB7CFEC50E0D141.txt
[37/64] Compiling Stevia Stevia+Size.swift
[38/64] Compiling Stevia Stevia+Stacks.swift
[39/66] Compiling Stevia Stevia+Percentage.swift
[40/66] Compiling Stevia Stevia+Position.swift
[41/66] Compiling Stevia Stevia+Notifications.swift
[42/66] Compiling Stevia Stevia+Operators.swift
[43/66] Compiling Stevia Stevia+FlexibleMargin.swift
[44/66] Compiling Stevia Stevia+GetConstraint.swift
[45/66] Compiling Stevia Stevia+Hierarchy.swift
[46/66] Compiling Stevia Stevia+LayoutAnchors.swift
[47/66] Compiling Stevia Stevia+Equation.swift
[48/66] Compiling Stevia Stevia+Fill.swift
[49/66] Compiling Stevia Stevia+Center.swift
[50/66] Compiling Stevia Stevia+Constraints.swift
[51/66] Compiling Stevia Stevia+Alignment.swift
[52/66] Compiling Stevia Stevia+Baselines.swift
[53/66] Emitting module Stevia
[54/66] Compiling Stevia Stevia+Content.swift
[55/66] Compiling Stevia Stevia+DoubleDash.swift
[56/66] Compiling Stevia Stevia+Style.swift
[57/66] Compiling Stevia resource_bundle_accessor.swift
[58/66] Compiling PryntTrimmerView HandlerView.swift
/Users/admin/builder/spi-builder-workspace/.build/checkouts/PryntTrimmerView/Sources/PryntTrimmerView/Cropper/CropMaskView.swift:9:8: error: no such module 'UIKit'
7 | //
8 |
9 | import UIKit
| `- error: no such module 'UIKit'
10 |
11 | class CropMaskView: UIView {
[59/66] Compiling PryntTrimmerView ThumbSelectorView.swift
/Users/admin/builder/spi-builder-workspace/.build/checkouts/PryntTrimmerView/Sources/PryntTrimmerView/Cropper/CropMaskView.swift:9:8: error: no such module 'UIKit'
7 | //
8 |
9 | import UIKit
| `- error: no such module 'UIKit'
10 |
11 | class CropMaskView: UIView {
[60/66] Compiling PryntTrimmerView PryntTrimmerView.swift
/Users/admin/builder/spi-builder-workspace/.build/checkouts/PryntTrimmerView/Sources/PryntTrimmerView/Cropper/CropMaskView.swift:9:8: error: no such module 'UIKit'
7 | //
8 |
9 | import UIKit
| `- error: no such module 'UIKit'
10 |
11 | class CropMaskView: UIView {
error: emit-module command failed with exit code 1 (use -v to see invocation)
[61/66] Emitting module PryntTrimmerView
/Users/admin/builder/spi-builder-workspace/.build/checkouts/PryntTrimmerView/Sources/PryntTrimmerView/Cropper/CropMaskView.swift:9:8: error: no such module 'UIKit'
7 | //
8 |
9 | import UIKit
| `- error: no such module 'UIKit'
10 |
11 | class CropMaskView: UIView {
[62/66] Compiling PryntTrimmerView AssetVideoScrollView.swift
/Users/admin/builder/spi-builder-workspace/.build/checkouts/PryntTrimmerView/Sources/PryntTrimmerView/Cropper/CropMaskView.swift:9:8: error: no such module 'UIKit'
7 | //
8 |
9 | import UIKit
| `- error: no such module 'UIKit'
10 |
11 | class CropMaskView: UIView {
[63/66] Compiling PryntTrimmerView VideoCropView.swift
/Users/admin/builder/spi-builder-workspace/.build/checkouts/PryntTrimmerView/Sources/PryntTrimmerView/Cropper/CropMaskView.swift:9:8: error: no such module 'UIKit'
7 | //
8 |
9 | import UIKit
| `- error: no such module 'UIKit'
10 |
11 | class CropMaskView: UIView {
[64/66] Compiling PryntTrimmerView CropMaskView.swift
/Users/admin/builder/spi-builder-workspace/.build/checkouts/PryntTrimmerView/Sources/PryntTrimmerView/Cropper/CropMaskView.swift:9:8: error: no such module 'UIKit'
7 | //
8 |
9 | import UIKit
| `- error: no such module 'UIKit'
10 |
11 | class CropMaskView: UIView {
[65/66] Compiling PryntTrimmerView AVAssetTimeSelector.swift
/Users/admin/builder/spi-builder-workspace/.build/checkouts/PryntTrimmerView/Sources/PryntTrimmerView/Cropper/CropMaskView.swift:9:8: error: no such module 'UIKit'
7 | //
8 |
9 | import UIKit
| `- error: no such module 'UIKit'
10 |
11 | class CropMaskView: UIView {
[66/66] Compiling PryntTrimmerView VideoScrollView.swift
/Users/admin/builder/spi-builder-workspace/.build/checkouts/PryntTrimmerView/Sources/PryntTrimmerView/Cropper/CropMaskView.swift:9:8: error: no such module 'UIKit'
7 | //
8 |
9 | import UIKit
| `- error: no such module 'UIKit'
10 |
11 | class CropMaskView: UIView {
Fetching https://github.com/HHK1/PryntTrimmerView
Fetching https://github.com/freshOS/Stevia
[1/4788] Fetching stevia
[385/5945] Fetching stevia, prynttrimmerview
Fetched https://github.com/freshOS/Stevia from cache (20.40s)
Fetched https://github.com/HHK1/PryntTrimmerView from cache (20.40s)
Computing version for https://github.com/HHK1/PryntTrimmerView
Computed https://github.com/HHK1/PryntTrimmerView at 4.0.2 (21.06s)
Computing version for https://github.com/freshOS/Stevia
Computed https://github.com/freshOS/Stevia at 6.2.2 (0.54s)
Creating working copy for https://github.com/freshOS/Stevia
Working copy of https://github.com/freshOS/Stevia resolved at 6.2.2
Creating working copy for https://github.com/HHK1/PryntTrimmerView
Working copy of https://github.com/HHK1/PryntTrimmerView resolved at 4.0.2
warning: 'spi-builder-workspace': found 2 file(s) which are unhandled; explicitly declare them as resources or exclude from the target
/Users/admin/builder/spi-builder-workspace/Source/Pages/Gallery/YPLibraryView.xib
/Users/admin/builder/spi-builder-workspace/Source/Resources/Assets.xcassets
BUILD FAILURE 6.2 macosSpm