Build Information
Failed to build Spinetail, reference 1.0.0-beta.1 (b59a4f), with Swift 6.3 for macOS (Xcode) using Xcode 26.4 on 3 Sep 2026 04:38:35 UTC.
Build Command
No build command. This typically means the build failed at an early stage where we determine the build command.Build Log
========================================
RunAll
========================================
Builder version: 5.0.2
Interrupt handler set up.
========================================
Checkout
========================================
Clone URL: https://github.com/brightdigit/Spinetail.git
Reference: 1.0.0-beta.1
Initialized empty Git repository in /Users/admin/builder/spi-builder-workspace/.git/
From https://github.com/brightdigit/Spinetail
* tag 1.0.0-beta.1 -> FETCH_HEAD
HEAD is now at b59a4f7 v1.0.0-beta.1
Cloned https://github.com/brightdigit/Spinetail.git
Revision (git rev-parse @):
b59a4f701d7ad5f23cdf555580c233223f1b11b7
SPI manifest file found: $PWD/.spi.yml
SUCCESS checkout https://github.com/brightdigit/Spinetail.git at 1.0.0-beta.1
========================================
Build
========================================
Selected platform: macosXcodebuild
Swift version: 6.3
Building package at path: $PWD
https://github.com/brightdigit/Spinetail.git
Command line invocation:
/Applications/Xcode-26.5.0.app/Contents/Developer/usr/bin/xcodebuild -IDEClonedSourcePackagesDirPathOverride=/Users/admin/builder/spi-builder-workspace/.dependencies -resolvePackageDependencies
Resolve Package Graph
package 'spi-builder-workspace' is using Swift tools version 6.4.0 but the installed version is 6.3.2
Resolved source packages:
spi-builder-workspace: (null)
2026-09-03 00:38:33.722 xcodebuild[535:3063] Writing error result bundle to /var/folders/xq/y_g06wb113726d38xsyx71_h0000gn/T/ResultBundle_2026-03-09_00-38-0033.xcresult
xcodebuild: error: Could not resolve package dependencies:
package 'spi-builder-workspace' is using Swift tools version 6.4.0 but the installed version is 6.3.2
Command line invocation:
/Applications/Xcode-26.5.0.app/Contents/Developer/usr/bin/xcodebuild -IDEClonedSourcePackagesDirPathOverride=/Users/admin/builder/spi-builder-workspace/.dependencies -resolvePackageDependencies
Resolve Package Graph
package 'spi-builder-workspace' is using Swift tools version 6.4.0 but the installed version is 6.3.2
Resolved source packages:
spi-builder-workspace: (null)
2026-09-03 00:38:35.288 xcodebuild[605:3576] Writing error result bundle to /var/folders/xq/y_g06wb113726d38xsyx71_h0000gn/T/ResultBundle_2026-03-09_00-38-0035.xcresult
xcodebuild: error: Could not resolve package dependencies:
package 'spi-builder-workspace' is using Swift tools version 6.4.0 but the installed version is 6.3.2
BUILD FAILURE 6.3 macosXcodebuild