The Swift Package Index logo.Swift Package Index

Build Information

Failed to build Y_SwiftUIToast, reference master (5469a1), with Swift 6.4 for tvOS using Xcode 27.0 on 23 Sep 2026 23:34:37 UTC.

Build Command

env DEVELOPER_DIR=/Applications/Xcode-27.0.0-Release.Candidate.app xcrun xcodebuild -IDEClonedSourcePackagesDirPathOverride=$PWD/.dependencies -skipMacroValidation -skipPackagePluginValidation -derivedDataPath $PWD/.derivedData build -scheme Y_SwiftUIToast -destination generic/platform=tvOS

Build Log

========================================
RunAll
========================================
Builder version: 5.1.0
Interrupt handler set up.
========================================
Checkout
========================================
Clone URL: https://github.com/1ilI/Y_SwiftUIToast.git
Reference: master
Initialized empty Git repository in /Users/admin/builder/spi-builder-workspace/.git/
From https://github.com/1ilI/Y_SwiftUIToast
 * branch            master     -> FETCH_HEAD
 * [new branch]      master     -> origin/master
HEAD is now at 5469a16 支持 onWindow 参数展示到当前的 keyWindow 上
Cloned https://github.com/1ilI/Y_SwiftUIToast.git
Revision (git rev-parse @):
5469a1646ab7e66c7c55289a9a65ce78d54c38fd
SUCCESS checkout https://github.com/1ilI/Y_SwiftUIToast.git at master
========================================
Build
========================================
Selected platform:         tvOS
Swift version:             6.4
Building package at path:  $PWD
https://github.com/1ilI/Y_SwiftUIToast.git
Command line invocation:
    /Applications/Xcode-27.0.0-Release.Candidate.app/Contents/Developer/usr/bin/xcodebuild -IDEClonedSourcePackagesDirPathOverride=/Users/admin/builder/spi-builder-workspace/.dependencies -resolvePackageDependencies
Resolve Package Graph
Resolve Package Graph
Resolved source packages:
  Y_SwiftUIToast: /Users/admin/builder/spi-builder-workspace
resolved source packages: Y_SwiftUIToast
2026-09-23 19:33:51.181 xcodebuild[529:3017] [MT] IDERunDestination: Supported platforms for the buildables in the current scheme is empty.
{
  "dependencies" : [
  ],
  "manifest_display_name" : "Y_SwiftUIToast",
  "name" : "Y_SwiftUIToast",
  "path" : "/Users/admin/builder/spi-builder-workspace",
  "platforms" : [
    {
      "name" : "ios",
      "version" : "14.0"
    },
    {
      "name" : "macos",
      "version" : "12.0"
    }
  ],
  "products" : [
    {
      "name" : "Y_SwiftUIToast",
      "targets" : [
        "Y_SwiftUIToast"
      ],
      "type" : {
        "library" : [
          "automatic"
        ]
      }
    }
  ],
  "targets" : [
    {
      "c99name" : "Y_SwiftUIToastTests",
      "module_type" : "SwiftTarget",
      "name" : "Y_SwiftUIToastTests",
      "path" : "Tests/Y_SwiftUIToastTests",
      "sources" : [
        "Y_SwiftUIToastTests.swift"
      ],
      "target_dependencies" : [
        "Y_SwiftUIToast"
      ],
      "type" : "test"
    },
    {
      "c99name" : "Y_SwiftUIToast",
      "module_type" : "SwiftTarget",
      "name" : "Y_SwiftUIToast",
      "path" : "Sources/Y_SwiftUIToast",
      "product_memberships" : [
        "Y_SwiftUIToast"
      ],
      "sources" : [
        "Y_Toast.swift",
        "Y_ToastConfig.swift",
        "Y_ToastManager.swift",
        "Y_ToastModifier.swift",
        "Y_ToastView.swift"
      ],
      "type" : "library"
    }
  ],
  "tools_version" : "6.1"
}
{
  "workspace" : {
    "name" : "Y_SwiftUIToast",
    "schemes" : [
      "Y_SwiftUIToast"
    ]
  }
}
2026-09-23 19:34:23.262 xcodebuild[626:3832] [MT] IDERunDestination: Supported platforms for the buildables in the current scheme is empty.
Running build ...
env DEVELOPER_DIR=/Applications/Xcode-27.0.0-Release.Candidate.app xcrun xcodebuild -IDEClonedSourcePackagesDirPathOverride=$PWD/.dependencies -skipMacroValidation -skipPackagePluginValidation -derivedDataPath $PWD/.derivedData build -scheme Y_SwiftUIToast -destination generic/platform=tvOS
Command line invocation:
    /Applications/Xcode-27.0.0-Release.Candidate.app/Contents/Developer/usr/bin/xcodebuild -IDEClonedSourcePackagesDirPathOverride=/Users/admin/builder/spi-builder-workspace/.dependencies -skipMacroValidation -skipPackagePluginValidation -derivedDataPath /Users/admin/builder/spi-builder-workspace/.derivedData build -scheme Y_SwiftUIToast -destination generic/platform=tvOS
Resolve Package Graph
Resolved source packages:
  Y_SwiftUIToast: /Users/admin/builder/spi-builder-workspace
ComputePackagePrebuildTargetDependencyGraph
Prepare packages
CreateBuildRequest
SendProjectDescription
CreateBuildOperation
ComputeTargetDependencyGraph
note: Building targets in dependency order
note: Target dependency graph (2 targets)
    Target 'Y_SwiftUIToast-product' in project 'Y_SwiftUIToast'
        ➜ Explicit dependency on target 'Y_SwiftUIToast' in project 'Y_SwiftUIToast'
    Target 'Y_SwiftUIToast' in project 'Y_SwiftUIToast' (no dependencies)
GatherProvisioningInputs
CreateBuildDescription
ExecuteExternalTool /Applications/Xcode-27.0.0-Release.Candidate.app/Contents/Developer/Toolchains/XcodeDefault.xctoolchain/usr/bin/clang -v -E -dM -isysroot /Applications/Xcode-27.0.0-Release.Candidate.app/Contents/Developer/Platforms/AppleTVOS.platform/Developer/SDKs/AppleTVOS27.0.sdk -x c -c /dev/null
ExecuteExternalTool /Applications/Xcode-27.0.0-Release.Candidate.app/Contents/Developer/Toolchains/XcodeDefault.xctoolchain/usr/bin/swiftc --version
ExecuteExternalTool /Applications/Xcode-27.0.0-Release.Candidate.app/Contents/Developer/Toolchains/XcodeDefault.xctoolchain/usr/bin/ld -version_details
Build description signature: 1fbc1a61418ae51e52ed0c3aac898e60
Build description path: /Users/admin/builder/spi-builder-workspace/.derivedData/Build/Intermediates.noindex/XCBuildData/1fbc1a61418ae51e52ed0c3aac898e60.xcbuilddata
CreateBuildDirectory /Users/admin/builder/spi-builder-workspace/.derivedData/ModuleCache.noindex
    cd /Users/admin/builder/spi-builder-workspace/.swiftpm/xcode
    builtin-create-build-directory /Users/admin/builder/spi-builder-workspace/.derivedData/ModuleCache.noindex
CreateBuildDirectory /Users/admin/builder/spi-builder-workspace/.derivedData/SDKExplicitPrecompiledModules
    cd /Users/admin/builder/spi-builder-workspace/.swiftpm/xcode
    builtin-create-build-directory /Users/admin/builder/spi-builder-workspace/.derivedData/SDKExplicitPrecompiledModules
CreateBuildDirectory /Users/admin/builder/spi-builder-workspace/.derivedData/CompilationCache.noindex
    cd /Users/admin/builder/spi-builder-workspace/.swiftpm/xcode
    builtin-create-build-directory /Users/admin/builder/spi-builder-workspace/.derivedData/CompilationCache.noindex
CreateBuildDirectory /Users/admin/builder/spi-builder-workspace/.derivedData/Build/Products
    cd /Users/admin/builder/spi-builder-workspace/.swiftpm/xcode
    builtin-create-build-directory /Users/admin/builder/spi-builder-workspace/.derivedData/Build/Products
CreateBuildDirectory /Users/admin/builder/spi-builder-workspace/.derivedData/Build/Intermediates.noindex
    cd /Users/admin/builder/spi-builder-workspace/.swiftpm/xcode
    builtin-create-build-directory /Users/admin/builder/spi-builder-workspace/.derivedData/Build/Intermediates.noindex
ClangStatCache /Applications/Xcode-27.0.0-Release.Candidate.app/Contents/Developer/Toolchains/XcodeDefault.xctoolchain/usr/bin/clang-stat-cache /Applications/Xcode-27.0.0-Release.Candidate.app/Contents/Developer/Platforms/AppleTVOS.platform/Developer/SDKs/AppleTVOS27.0.sdk /Users/admin/builder/spi-builder-workspace/.derivedData/SDKStatCaches.noindex/appletvos27.0-24J360-e829b21a6f8c9b70876ba0858053c044b32bfd8d43560033f8d89884cdb90028.sdkstatcache
    cd /Users/admin/builder/spi-builder-workspace/.swiftpm/xcode
    /Applications/Xcode-27.0.0-Release.Candidate.app/Contents/Developer/Toolchains/XcodeDefault.xctoolchain/usr/bin/clang-stat-cache /Applications/Xcode-27.0.0-Release.Candidate.app/Contents/Developer/Platforms/AppleTVOS.platform/Developer/SDKs/AppleTVOS27.0.sdk -o /Users/admin/builder/spi-builder-workspace/.derivedData/SDKStatCaches.noindex/appletvos27.0-24J360-e829b21a6f8c9b70876ba0858053c044b32bfd8d43560033f8d89884cdb90028.sdkstatcache
CreateBuildDirectory /Users/admin/builder/spi-builder-workspace/.derivedData/Build/Intermediates.noindex/PrecompiledHeaders
    cd /Users/admin/builder/spi-builder-workspace/.swiftpm/xcode
    builtin-create-build-directory /Users/admin/builder/spi-builder-workspace/.derivedData/Build/Intermediates.noindex/PrecompiledHeaders
CreateBuildDirectory /Users/admin/builder/spi-builder-workspace/.derivedData/Build/Intermediates.noindex/SwiftExplicitPrecompiledModules
    cd /Users/admin/builder/spi-builder-workspace/.swiftpm/xcode
    builtin-create-build-directory /Users/admin/builder/spi-builder-workspace/.derivedData/Build/Intermediates.noindex/SwiftExplicitPrecompiledModules
CreateBuildDirectory /Users/admin/builder/spi-builder-workspace/.derivedData/Build/Products/Debug-appletvos
    cd /Users/admin/builder/spi-builder-workspace/.swiftpm/xcode
    builtin-create-build-directory /Users/admin/builder/spi-builder-workspace/.derivedData/Build/Products/Debug-appletvos
CreateBuildDirectory /Users/admin/builder/spi-builder-workspace/.derivedData/Build/Intermediates.noindex/ExplicitPrecompiledModules
    cd /Users/admin/builder/spi-builder-workspace/.swiftpm/xcode
    builtin-create-build-directory /Users/admin/builder/spi-builder-workspace/.derivedData/Build/Intermediates.noindex/ExplicitPrecompiledModules
CreateBuildDirectory /Users/admin/builder/spi-builder-workspace/.derivedData/Build/Intermediates.noindex/EagerLinkingTBDs/Debug-appletvos
    cd /Users/admin/builder/spi-builder-workspace/.swiftpm/xcode
    builtin-create-build-directory /Users/admin/builder/spi-builder-workspace/.derivedData/Build/Intermediates.noindex/EagerLinkingTBDs/Debug-appletvos
CreateBuildDirectory /Users/admin/builder/spi-builder-workspace/.derivedData/Build/Products/Debug-appletvos/PackageFrameworks
    cd /Users/admin/builder/spi-builder-workspace/.swiftpm/xcode
    builtin-create-build-directory /Users/admin/builder/spi-builder-workspace/.derivedData/Build/Products/Debug-appletvos/PackageFrameworks
WriteAuxiliaryFile /Users/admin/builder/spi-builder-workspace/.derivedData/Build/Intermediates.noindex/Y_SwiftUIToast.build/Debug-appletvos/Y_SwiftUIToast-t.build/Y_SwiftUIToast.DependencyMetadataFileList (in target 'Y_SwiftUIToast' from project 'Y_SwiftUIToast')
    cd /Users/admin/builder/spi-builder-workspace
    write-file /Users/admin/builder/spi-builder-workspace/.derivedData/Build/Intermediates.noindex/Y_SwiftUIToast.build/Debug-appletvos/Y_SwiftUIToast-t.build/Y_SwiftUIToast.DependencyMetadataFileList
WriteAuxiliaryFile /Users/admin/builder/spi-builder-workspace/.derivedData/Build/Intermediates.noindex/Y_SwiftUIToast.build/Debug-appletvos/Y_SwiftUIToast-t.build/Y_SwiftUIToast.DependencyStaticMetadataFileList (in target 'Y_SwiftUIToast' from project 'Y_SwiftUIToast')
    cd /Users/admin/builder/spi-builder-workspace
    write-file /Users/admin/builder/spi-builder-workspace/.derivedData/Build/Intermediates.noindex/Y_SwiftUIToast.build/Debug-appletvos/Y_SwiftUIToast-t.build/Y_SwiftUIToast.DependencyStaticMetadataFileList
WriteAuxiliaryFile /Users/admin/builder/spi-builder-workspace/.derivedData/Build/Intermediates.noindex/Y_SwiftUIToast.build/Debug-appletvos/Y_SwiftUIToast-t.build/Y_SwiftUIToast.modulemap (in target 'Y_SwiftUIToast' from project 'Y_SwiftUIToast')
    cd /Users/admin/builder/spi-builder-workspace
    write-file /Users/admin/builder/spi-builder-workspace/.derivedData/Build/Intermediates.noindex/Y_SwiftUIToast.build/Debug-appletvos/Y_SwiftUIToast-t.build/Y_SwiftUIToast.modulemap
WriteAuxiliaryFile /Users/admin/builder/spi-builder-workspace/.derivedData/Build/Intermediates.noindex/Y_SwiftUIToast.build/Debug-appletvos/Y_SwiftUIToast-t.build/Objects-normal/arm64/Y_SwiftUIToast-OutputFileMap.json (in target 'Y_SwiftUIToast' from project 'Y_SwiftUIToast')
    cd /Users/admin/builder/spi-builder-workspace
    write-file /Users/admin/builder/spi-builder-workspace/.derivedData/Build/Intermediates.noindex/Y_SwiftUIToast.build/Debug-appletvos/Y_SwiftUIToast-t.build/Objects-normal/arm64/Y_SwiftUIToast-OutputFileMap.json
WriteAuxiliaryFile /Users/admin/builder/spi-builder-workspace/.derivedData/Build/Intermediates.noindex/Y_SwiftUIToast.build/Debug-appletvos/Y_SwiftUIToast-t.build/Objects-normal/arm64/Y_SwiftUIToast.SwiftConstValuesFileList (in target 'Y_SwiftUIToast' from project 'Y_SwiftUIToast')
    cd /Users/admin/builder/spi-builder-workspace
    write-file /Users/admin/builder/spi-builder-workspace/.derivedData/Build/Intermediates.noindex/Y_SwiftUIToast.build/Debug-appletvos/Y_SwiftUIToast-t.build/Objects-normal/arm64/Y_SwiftUIToast.SwiftConstValuesFileList
WriteAuxiliaryFile /Users/admin/builder/spi-builder-workspace/.derivedData/Build/Intermediates.noindex/Y_SwiftUIToast.build/Debug-appletvos/Y_SwiftUIToast-t.build/Objects-normal/arm64/Y_SwiftUIToast.SwiftFileList (in target 'Y_SwiftUIToast' from project 'Y_SwiftUIToast')
    cd /Users/admin/builder/spi-builder-workspace
    write-file /Users/admin/builder/spi-builder-workspace/.derivedData/Build/Intermediates.noindex/Y_SwiftUIToast.build/Debug-appletvos/Y_SwiftUIToast-t.build/Objects-normal/arm64/Y_SwiftUIToast.SwiftFileList
WriteAuxiliaryFile /Users/admin/builder/spi-builder-workspace/.derivedData/Build/Intermediates.noindex/Y_SwiftUIToast.build/Debug-appletvos/Y_SwiftUIToast-t.build/Objects-normal/arm64/Y_SwiftUIToast_const_extract_protocols.json (in target 'Y_SwiftUIToast' from project 'Y_SwiftUIToast')
    cd /Users/admin/builder/spi-builder-workspace
    write-file /Users/admin/builder/spi-builder-workspace/.derivedData/Build/Intermediates.noindex/Y_SwiftUIToast.build/Debug-appletvos/Y_SwiftUIToast-t.build/Objects-normal/arm64/Y_SwiftUIToast_const_extract_protocols.json
WriteAuxiliaryFile /Users/admin/builder/spi-builder-workspace/.derivedData/Build/Intermediates.noindex/Y_SwiftUIToast.build/Debug-appletvos/Y_SwiftUIToast-t.build/Objects-normal/arm64/Y_SwiftUIToast.LinkFileList (in target 'Y_SwiftUIToast' from project 'Y_SwiftUIToast')
    cd /Users/admin/builder/spi-builder-workspace
    write-file /Users/admin/builder/spi-builder-workspace/.derivedData/Build/Intermediates.noindex/Y_SwiftUIToast.build/Debug-appletvos/Y_SwiftUIToast-t.build/Objects-normal/arm64/Y_SwiftUIToast.LinkFileList
Copy /Users/admin/builder/spi-builder-workspace/.derivedData/Build/Intermediates.noindex/GeneratedModuleMaps-appletvos/Y_SwiftUIToast.modulemap /Users/admin/builder/spi-builder-workspace/.derivedData/Build/Intermediates.noindex/Y_SwiftUIToast.build/Debug-appletvos/Y_SwiftUIToast-t.build/Y_SwiftUIToast.modulemap (in target 'Y_SwiftUIToast' from project 'Y_SwiftUIToast')
    cd /Users/admin/builder/spi-builder-workspace
    builtin-copy -exclude .DS_Store -exclude CVS -exclude .svn -exclude .git -exclude .hg -resolve-src-symlinks /Users/admin/builder/spi-builder-workspace/.derivedData/Build/Intermediates.noindex/Y_SwiftUIToast.build/Debug-appletvos/Y_SwiftUIToast-t.build/Y_SwiftUIToast.modulemap /Users/admin/builder/spi-builder-workspace/.derivedData/Build/Intermediates.noindex/GeneratedModuleMaps-appletvos
SwiftDriver Y_SwiftUIToast normal arm64 com.apple.xcode.tools.swift.compiler (in target 'Y_SwiftUIToast' from project 'Y_SwiftUIToast')
    cd /Users/admin/builder/spi-builder-workspace/.swiftpm/xcode
    builtin-SwiftDriver -- /Applications/Xcode-27.0.0-Release.Candidate.app/Contents/Developer/Toolchains/XcodeDefault.xctoolchain/usr/bin/swiftc -parse-as-library -module-name Y_SwiftUIToast -Onone @/Users/admin/builder/spi-builder-workspace/.derivedData/Build/Intermediates.noindex/Y_SwiftUIToast.build/Debug-appletvos/Y_SwiftUIToast-t.build/Objects-normal/arm64/Y_SwiftUIToast.SwiftFileList -DSWIFT_PACKAGE -DDEBUG -DSWIFT_MODULE_RESOURCE_BUNDLE_UNAVAILABLE -DXcode -plugin-path /Applications/Xcode-27.0.0-Release.Candidate.app/Contents/Developer/Toolchains/XcodeDefault.xctoolchain/usr/lib/swift/host/plugins/testing -enable-experimental-feature DebugDescriptionMacro -sdk /Applications/Xcode-27.0.0-Release.Candidate.app/Contents/Developer/Platforms/AppleTVOS.platform/Developer/SDKs/AppleTVOS27.0.sdk -target arm64-apple-tvos15.0 -g -module-cache-path /Users/admin/builder/spi-builder-workspace/.derivedData/ModuleCache.noindex -Xfrontend -serialize-debugging-options -profile-coverage-mapping -profile-generate -enable-testing -index-store-path /Users/admin/builder/spi-builder-workspace/.derivedData/Index.noindex/DataStore -Xcc -D_LIBCPP_HARDENING_MODE\=_LIBCPP_HARDENING_MODE_DEBUG -swift-version 6 -I /Users/admin/builder/spi-builder-workspace/.derivedData/Build/Products/Debug-appletvos -Isystem /Applications/Xcode-27.0.0-Release.Candidate.app/Contents/Developer/Platforms/AppleTVOS.platform/Developer/usr/lib -F /Users/admin/builder/spi-builder-workspace/.derivedData/Build/Products/Debug-appletvos -F /Applications/Xcode-27.0.0-Release.Candidate.app/Contents/Developer/Platforms/AppleTVOS.platform/Developer/Library/Frameworks -F /Applications/Xcode-27.0.0-Release.Candidate.app/Contents/Developer/Platforms/AppleTVOS.platform/Developer/SDKs/AppleTVOS27.0.sdk/Developer/Library/Frameworks -c -j10 -enable-batch-mode -incremental -Xcc -ivfsstatcache -Xcc /Users/admin/builder/spi-builder-workspace/.derivedData/SDKStatCaches.noindex/appletvos27.0-24J360-e829b21a6f8c9b70876ba0858053c044b32bfd8d43560033f8d89884cdb90028.sdkstatcache -output-file-map /Users/admin/builder/spi-builder-workspace/.derivedData/Build/Intermediates.noindex/Y_SwiftUIToast.build/Debug-appletvos/Y_SwiftUIToast-t.build/Objects-normal/arm64/Y_SwiftUIToast-OutputFileMap.json -save-temps -no-color-diagnostics -explicit-module-build -module-cache-path /Users/admin/builder/spi-builder-workspace/.derivedData/Build/Intermediates.noindex/SwiftExplicitPrecompiledModules -clang-scanner-module-cache-path /Users/admin/builder/spi-builder-workspace/.derivedData/ModuleCache.noindex -sdk-module-cache-path /Users/admin/builder/spi-builder-workspace/.derivedData/SDKExplicitPrecompiledModules -emit-dependencies -emit-module -emit-module-path /Users/admin/builder/spi-builder-workspace/.derivedData/Build/Intermediates.noindex/Y_SwiftUIToast.build/Debug-appletvos/Y_SwiftUIToast-t.build/Objects-normal/arm64/Y_SwiftUIToast.swiftmodule -serialize-diagnostics -dependency-scan-serialize-diagnostics-path /Users/admin/builder/spi-builder-workspace/.derivedData/Build/Intermediates.noindex/Y_SwiftUIToast.build/Debug-appletvos/Y_SwiftUIToast-t.build/Objects-normal/arm64/Y_SwiftUIToast-dependency-scan.dia -validate-clang-modules-once -clang-build-session-file /Users/admin/builder/spi-builder-workspace/.derivedData/ModuleCache.noindex/Session.modulevalidation -Xcc -fmodules-prune-interval\=86400 -Xcc -fmodules-prune-after\=345600 -package-name spi_builder_workspace -emit-const-values -const-gather-protocols-list /Users/admin/builder/spi-builder-workspace/.derivedData/Build/Intermediates.noindex/Y_SwiftUIToast.build/Debug-appletvos/Y_SwiftUIToast-t.build/Objects-normal/arm64/Y_SwiftUIToast_const_extract_protocols.json -Xcc -I/Users/admin/builder/spi-builder-workspace/.derivedData/Build/Products/Debug-appletvos/include -Xcc -I/Users/admin/builder/spi-builder-workspace/.derivedData/Build/Intermediates.noindex/Y_SwiftUIToast.build/Debug-appletvos/Y_SwiftUIToast-t.build/DerivedSources-normal/arm64 -Xcc -I/Users/admin/builder/spi-builder-workspace/.derivedData/Build/Intermediates.noindex/Y_SwiftUIToast.build/Debug-appletvos/Y_SwiftUIToast-t.build/DerivedSources/arm64 -Xcc -I/Users/admin/builder/spi-builder-workspace/.derivedData/Build/Intermediates.noindex/Y_SwiftUIToast.build/Debug-appletvos/Y_SwiftUIToast-t.build/DerivedSources -Xcc -DSWIFT_PACKAGE -Xcc -DDEBUG\=1 -emit-objc-header -emit-objc-header-path /Users/admin/builder/spi-builder-workspace/.derivedData/Build/Intermediates.noindex/Y_SwiftUIToast.build/Debug-appletvos/Y_SwiftUIToast-t.build/Objects-normal/arm64/Y_SwiftUIToast-Swift.h -working-directory /Users/admin/builder/spi-builder-workspace/.swiftpm/xcode -experimental-emit-module-separately -disable-cmo
SwiftExplicitDependencyGeneratePcm arm64 /Users/admin/builder/spi-builder-workspace/.derivedData/SDKExplicitPrecompiledModules/_SwiftConcurrencyShims-3HZGHPZQL3GY71QUHDRB0P39S.pcm
SwiftExplicitDependencyGeneratePcm arm64 /Users/admin/builder/spi-builder-workspace/.derivedData/SDKExplicitPrecompiledModules/ptrauth-EMKXYE8GN9BK4M3ODSTVDUJU2.pcm
SwiftExplicitDependencyGeneratePcm arm64 /Users/admin/builder/spi-builder-workspace/.derivedData/SDKExplicitPrecompiledModules/_Builtin_stdarg-719DH4G2R3NRP3HRX5HE8WX08.pcm
SwiftExplicitDependencyGeneratePcm arm64 /Users/admin/builder/spi-builder-workspace/.derivedData/SDKExplicitPrecompiledModules/_Builtin_stddef-1MAO6P3OSQFGZFQEPM31XXNSS.pcm
SwiftExplicitDependencyGeneratePcm arm64 /Users/admin/builder/spi-builder-workspace/.derivedData/SDKExplicitPrecompiledModules/DeveloperToolsSupport-CJV8SY9BXJUTONPFWMLQEGTXA.pcm
SwiftExplicitDependencyGeneratePcm arm64 /Users/admin/builder/spi-builder-workspace/.derivedData/SDKExplicitPrecompiledModules/_AvailabilityInternal-99L1JVU5TYE8S0FGGB7E09QQS.pcm
SwiftExplicitDependencyGeneratePcm arm64 /Users/admin/builder/spi-builder-workspace/.derivedData/SDKExplicitPrecompiledModules/ptrcheck-BA65H1NXYZJ0BLLWO9HZOAZ6Y.pcm
SwiftExplicitDependencyGeneratePcm arm64 /Users/admin/builder/spi-builder-workspace/.derivedData/SDKExplicitPrecompiledModules/_Builtin_stdbool-4UUPXTY52W6RPSB0N2WGGLTJT.pcm
SwiftExplicitDependencyGeneratePcm arm64 /Users/admin/builder/spi-builder-workspace/.derivedData/SDKExplicitPrecompiledModules/SwiftShims-73G9EXEO9PVWB6PL1BR4TAJ0B.pcm
SwiftExplicitDependencyGeneratePcm arm64 /Users/admin/builder/spi-builder-workspace/.derivedData/SDKExplicitPrecompiledModules/_Builtin_float-3RF4B70MBHPP952AX3GNZ8W3H.pcm
SwiftExplicitDependencyGeneratePcm arm64 /Users/admin/builder/spi-builder-workspace/.derivedData/SDKExplicitPrecompiledModules/_DarwinFoundation1-90NUFDXQ765U5FR62173FT21A.pcm
SwiftExplicitDependencyGeneratePcm arm64 /Users/admin/builder/spi-builder-workspace/.derivedData/SDKExplicitPrecompiledModules/_DarwinFoundation2-EPKSYG5WMVE7WSPFQB4C0UC59.pcm
SwiftExplicitDependencyGeneratePcm arm64 /Users/admin/builder/spi-builder-workspace/.derivedData/SDKExplicitPrecompiledModules/_Builtin_limits-3JICJWOCEYXXXNXAMEJBF6UQN.pcm
SwiftExplicitDependencyGeneratePcm arm64 /Users/admin/builder/spi-builder-workspace/.derivedData/SDKExplicitPrecompiledModules/string_h-B6D36UOVIZC2Y0YE3KEZLZAP6.pcm
SwiftExplicitDependencyGeneratePcm arm64 /Users/admin/builder/spi-builder-workspace/.derivedData/SDKExplicitPrecompiledModules/_Builtin_tgmath-320K271Z6IM134IWIB7S3LTD.pcm
SwiftExplicitDependencyGeneratePcm arm64 /Users/admin/builder/spi-builder-workspace/.derivedData/SDKExplicitPrecompiledModules/sys_types-CATSGLJDZ8UZUMKHO6M4I4PJT.pcm
SwiftExplicitDependencyGeneratePcm arm64 /Users/admin/builder/spi-builder-workspace/.derivedData/SDKExplicitPrecompiledModules/_Builtin_stdint-A8OKY0NXO26BZ4GWYKP79TKL9.pcm
SwiftExplicitDependencyGeneratePcm arm64 /Users/admin/builder/spi-builder-workspace/.derivedData/SDKExplicitPrecompiledModules/_Builtin_stdatomic-71DQV8BR56LNANL900GGEC9KO.pcm
SwiftExplicitDependencyGeneratePcm arm64 /Users/admin/builder/spi-builder-workspace/.derivedData/SDKExplicitPrecompiledModules/_Builtin_intrinsics-AQDFY8KQQX9Z38C6EI15S53EQ.pcm
SwiftExplicitDependencyGeneratePcm arm64 /Users/admin/builder/spi-builder-workspace/.derivedData/SDKExplicitPrecompiledModules/_DarwinFoundation3-63L5I5VCGX6CLI6HI7OWUXJN6.pcm
SwiftExplicitDependencyGeneratePcm arm64 /Users/admin/builder/spi-builder-workspace/.derivedData/SDKExplicitPrecompiledModules/_Builtin_inttypes-80RS02PM2X81SP8N0Q7X05540.pcm
SwiftExplicitDependencyGeneratePcm arm64 /Users/admin/builder/spi-builder-workspace/.derivedData/SDKExplicitPrecompiledModules/Darwin-1VTILT8KA42CNDAUB0H1FM7MC.pcm
SwiftExplicitDependencyGeneratePcm arm64 /Users/admin/builder/spi-builder-workspace/.derivedData/SDKExplicitPrecompiledModules/simd-D50CDGAQRFNF5E2BA2UWCCHLJ.pcm
SwiftExplicitDependencyGeneratePcm arm64 /Users/admin/builder/spi-builder-workspace/.derivedData/SDKExplicitPrecompiledModules/ObjectiveC-CC0BYHG21IQMMT48PGDNSK7G6.pcm
SwiftExplicitDependencyGeneratePcm arm64 /Users/admin/builder/spi-builder-workspace/.derivedData/SDKExplicitPrecompiledModules/MachO-A5KLTMTLJD1DPHEYPZHUSRJ4O.pcm
SwiftExplicitDependencyGeneratePcm arm64 /Users/admin/builder/spi-builder-workspace/.derivedData/SDKExplicitPrecompiledModules/os_object-1TJLDNS7X3UT7Y5TM4QQ2RN6G.pcm
SwiftExplicitDependencyGeneratePcm arm64 /Users/admin/builder/spi-builder-workspace/.derivedData/SDKExplicitPrecompiledModules/os_workgroup-E61GF9E8FAHZGKXVOV9QHUD27.pcm
SwiftExplicitDependencyGeneratePcm arm64 /Users/admin/builder/spi-builder-workspace/.derivedData/SDKExplicitPrecompiledModules/Spatial-2KZFBWN278VTZL619Y96SAJC9.pcm
SwiftExplicitDependencyGeneratePcm arm64 /Users/admin/builder/spi-builder-workspace/.derivedData/SDKExplicitPrecompiledModules/Dispatch-F564M6B2H1RRD83XZ8EBWFSHE.pcm
SwiftExplicitDependencyGeneratePcm arm64 /Users/admin/builder/spi-builder-workspace/.derivedData/SDKExplicitPrecompiledModules/CoreFoundation-A4LOYEEJIFQKOPZRDOG9M3N2K.pcm
SwiftExplicitDependencyGeneratePcm arm64 /Users/admin/builder/spi-builder-workspace/.derivedData/SDKExplicitPrecompiledModules/XPC-2WVXL0UION0MYZOZAJZC6DUXD.pcm
SwiftExplicitDependencyGeneratePcm arm64 /Users/admin/builder/spi-builder-workspace/.derivedData/SDKExplicitPrecompiledModules/os-4NLIUP5HHN7FW5ML70YLEU8QE.pcm
SwiftExplicitDependencyGeneratePcm arm64 /Users/admin/builder/spi-builder-workspace/.derivedData/SDKExplicitPrecompiledModules/CoreAudioTypes-3D575H9KXE9GWSK6ZWEWBV9TM.pcm
SwiftExplicitDependencyGeneratePcm arm64 /Users/admin/builder/spi-builder-workspace/.derivedData/SDKExplicitPrecompiledModules/CoreGraphics-D8Y0X4J52BHG7HHUQLTX6SXE1.pcm
SwiftExplicitDependencyGeneratePcm arm64 /Users/admin/builder/spi-builder-workspace/.derivedData/SDKExplicitPrecompiledModules/CFNetwork-8S7XZ5SI3TWM2JOZPDZPRY8W9.pcm
SwiftExplicitDependencyGeneratePcm arm64 /Users/admin/builder/spi-builder-workspace/.derivedData/SDKExplicitPrecompiledModules/Security-6KU6X9W8QDIJW83JUF0DRES83.pcm
SwiftExplicitDependencyGeneratePcm arm64 /Users/admin/builder/spi-builder-workspace/.derivedData/SDKExplicitPrecompiledModules/CoreAudio-46JNU59TK6U76A9ILN06CT9NS.pcm
SwiftExplicitDependencyGeneratePcm arm64 /Users/admin/builder/spi-builder-workspace/.derivedData/SDKExplicitPrecompiledModules/Foundation-1AS5K10MY6XENLLR2NDUCKYTM.pcm
SwiftExplicitDependencyGeneratePcm arm64 /Users/admin/builder/spi-builder-workspace/.derivedData/SDKExplicitPrecompiledModules/CoreText-E0GG8D3D527TJX7D2QEHFQLM2.pcm
SwiftExplicitDependencyGeneratePcm arm64 /Users/admin/builder/spi-builder-workspace/.derivedData/SDKExplicitPrecompiledModules/ImageIO-48DA7ET77Q34HPZP9CPHI9VS4.pcm
SwiftExplicitDependencyGeneratePcm arm64 /Users/admin/builder/spi-builder-workspace/.derivedData/SDKExplicitPrecompiledModules/Symbols-9TNA7JIKOEYVTYC7A16HCS4Z8.pcm
SwiftExplicitDependencyGeneratePcm arm64 /Users/admin/builder/spi-builder-workspace/.derivedData/SDKExplicitPrecompiledModules/CoreData-3R0N6HKKQMVS32U7KOKR14383.pcm
SwiftExplicitDependencyGeneratePcm arm64 /Users/admin/builder/spi-builder-workspace/.derivedData/SDKExplicitPrecompiledModules/OSLog-1UX1YGRJSIOEO9YC3MNFFD818.pcm
SwiftExplicitDependencyGeneratePcm arm64 /Users/admin/builder/spi-builder-workspace/.derivedData/SDKExplicitPrecompiledModules/DataDetection-9IX0C1MAX33MS6TCZDSNKXEO8.pcm
SwiftExplicitDependencyGeneratePcm arm64 /Users/admin/builder/spi-builder-workspace/.derivedData/SDKExplicitPrecompiledModules/UIUtilities-9NQVCWATNLLVY125LB74695HY.pcm
SwiftExplicitDependencyGeneratePcm arm64 /Users/admin/builder/spi-builder-workspace/.derivedData/SDKExplicitPrecompiledModules/CoreTransferable-84B3V3M9DHRIQERK179SSQO5U.pcm
SwiftExplicitDependencyGeneratePcm arm64 /Users/admin/builder/spi-builder-workspace/.derivedData/SDKExplicitPrecompiledModules/IOSurface-DEQULTJ8SC21O986FDCNTM8FX.pcm
SwiftExplicitDependencyGeneratePcm arm64 /Users/admin/builder/spi-builder-workspace/.derivedData/SDKExplicitPrecompiledModules/UniformTypeIdentifiers-DQ77M7R0D7VCBK0YUO3VHCRB1.pcm
SwiftExplicitDependencyGeneratePcm arm64 /Users/admin/builder/spi-builder-workspace/.derivedData/SDKExplicitPrecompiledModules/Accessibility-EAPB6A95K5V0S27QNKR6ATG7F.pcm
SwiftExplicitDependencyGeneratePcm arm64 /Users/admin/builder/spi-builder-workspace/.derivedData/SDKExplicitPrecompiledModules/_LocationEssentials-2OY9351FRBO717MIULOKMYA9E.pcm
SwiftExplicitDependencyGeneratePcm arm64 /Users/admin/builder/spi-builder-workspace/.derivedData/SDKExplicitPrecompiledModules/UserNotifications-AKH3GC0FQWUK55FNTW4WEMFQE.pcm
SwiftExplicitDependencyGeneratePcm arm64 /Users/admin/builder/spi-builder-workspace/.derivedData/SDKExplicitPrecompiledModules/CoreLocation-6939X9DMB2SA43P0TYB7Z14Z5.pcm
SwiftExplicitDependencyGeneratePcm arm64 /Users/admin/builder/spi-builder-workspace/.derivedData/SDKExplicitPrecompiledModules/OpenGLES-6Y33D4DDPO1R82EJXT1SIGNPS.pcm
SwiftExplicitDependencyGeneratePcm arm64 /Users/admin/builder/spi-builder-workspace/.derivedData/SDKExplicitPrecompiledModules/Metal-52GB3RCZ6A2WEZ7RWCXV2WL0N.pcm
SwiftExplicitDependencyGeneratePcm arm64 /Users/admin/builder/spi-builder-workspace/.derivedData/SDKExplicitPrecompiledModules/CoreVideo-5G4VAY32QMJB00PUALI6188LK.pcm
SwiftExplicitDependencyGeneratePcm arm64 /Users/admin/builder/spi-builder-workspace/.derivedData/SDKExplicitPrecompiledModules/QuartzCore-DSNZZA81DYNK4OK1ANRR6HM7G.pcm
SwiftExplicitDependencyGeneratePcm arm64 /Users/admin/builder/spi-builder-workspace/.derivedData/SDKExplicitPrecompiledModules/CoreMedia-43BPYBY7ZACBDCUTAJXJFLTBP.pcm
SwiftExplicitDependencyGeneratePcm arm64 /Users/admin/builder/spi-builder-workspace/.derivedData/SDKExplicitPrecompiledModules/CoreImage-ATUQ374FIDJPA1DF5BLR644CG.pcm
SwiftExplicitDependencyGeneratePcm arm64 /Users/admin/builder/spi-builder-workspace/.derivedData/SDKExplicitPrecompiledModules/SwiftUICore-7SJQ9GB90ACGZV5NB09LFJIRX.pcm
SwiftExplicitDependencyGeneratePcm arm64 /Users/admin/builder/spi-builder-workspace/.derivedData/SDKExplicitPrecompiledModules/UIKit-42T2ZGON9LDZUXRIAUKELQ554.pcm
SwiftExplicitDependencyGeneratePcm arm64 /Users/admin/builder/spi-builder-workspace/.derivedData/SDKExplicitPrecompiledModules/SwiftUI-B634212FU5XQXG1OEBY2WYYH3.pcm
SwiftEmitModule normal arm64 Emitting\ module\ for\ Y_SwiftUIToast (in target 'Y_SwiftUIToast' from project 'Y_SwiftUIToast')
SwiftCompile normal arm64 (in target 'Y_SwiftUIToast' from project 'Y_SwiftUIToast')
    cd /Users/admin/builder/spi-builder-workspace/.swiftpm/xcode

SwiftCompile normal arm64 Compiling\ Y_ToastView.swift /Users/admin/builder/spi-builder-workspace/Sources/Y_SwiftUIToast/Y_ToastView.swift (in target 'Y_SwiftUIToast' from project 'Y_SwiftUIToast')
SwiftCompile normal arm64 /Users/admin/builder/spi-builder-workspace/Sources/Y_SwiftUIToast/Y_ToastView.swift (in target 'Y_SwiftUIToast' from project 'Y_SwiftUIToast')
    cd /Users/admin/builder/spi-builder-workspace/.swiftpm/xcode
    builtin-SwiftPerFileCompile Y_ToastView.swift
/Users/admin/builder/spi-builder-workspace/Sources/Y_SwiftUIToast/Y_ToastView.swift:112:22: error: 'onTapGesture(count:perform:)' is only available in tvOS 16.0 or newer
 95 |
 96 | // MARK: - Toast覆盖层视图
 97 | public struct Y_ToastOverlayView: View {
    |               `- note: add '@available' attribute to enclosing struct
 98 |     @StateObject private var manager = Y_ToastManager.shared
 99 |
100 |     public init() {}
101 |
102 |     public var body: some View {
    |                `- note: add '@available' attribute to enclosing property
103 |         ZStack {
104 |             // 全屏透明遮盖层(仅在isFullScreen=true时显示)
    :
110 |                     .ignoresSafeArea(.all)
111 |                     .contentShape(Rectangle())  // 明确定义可点击区域
112 |                     .onTapGesture {
    |                      |- error: 'onTapGesture(count:perform:)' is only available in tvOS 16.0 or newer
    |                      `- note: add 'if #available' version check
113 |                         manager.handleTap()
114 |                     }
/Users/admin/builder/spi-builder-workspace/Sources/Y_SwiftUIToast/Y_ToastView.swift:122:22: error: 'onTapGesture(count:perform:)' is only available in tvOS 16.0 or newer
 95 |
 96 | // MARK: - Toast覆盖层视图
 97 | public struct Y_ToastOverlayView: View {
    |               `- note: add '@available' attribute to enclosing struct
 98 |     @StateObject private var manager = Y_ToastManager.shared
 99 |
100 |     public init() {}
101 |
102 |     public var body: some View {
    |                `- note: add '@available' attribute to enclosing property
103 |         ZStack {
104 |             // 全屏透明遮盖层(仅在isFullScreen=true时显示)
    :
120 |                 Y_ToastView(config: config)
121 |                     .disableTransition(config.disableTransition)
122 |                     .onTapGesture {
    |                      |- error: 'onTapGesture(count:perform:)' is only available in tvOS 16.0 or newer
    |                      `- note: add 'if #available' version check
123 |                         manager.handleTap()
124 |                     }
Failed frontend command:
/Applications/Xcode-27.0.0-Release.Candidate.app/Contents/Developer/Toolchains/XcodeDefault.xctoolchain/usr/bin/swift-frontend -frontend -c /Users/admin/builder/spi-builder-workspace/Sources/Y_SwiftUIToast/Y_Toast.swift /Users/admin/builder/spi-builder-workspace/Sources/Y_SwiftUIToast/Y_ToastConfig.swift /Users/admin/builder/spi-builder-workspace/Sources/Y_SwiftUIToast/Y_ToastManager.swift /Users/admin/builder/spi-builder-workspace/Sources/Y_SwiftUIToast/Y_ToastModifier.swift -primary-file /Users/admin/builder/spi-builder-workspace/Sources/Y_SwiftUIToast/Y_ToastView.swift -emit-dependencies-path /Users/admin/builder/spi-builder-workspace/.derivedData/Build/Intermediates.noindex/Y_SwiftUIToast.build/Debug-appletvos/Y_SwiftUIToast-t.build/Objects-normal/arm64/Y_ToastView.d -emit-const-values-path /Users/admin/builder/spi-builder-workspace/.derivedData/Build/Intermediates.noindex/Y_SwiftUIToast.build/Debug-appletvos/Y_SwiftUIToast-t.build/Objects-normal/arm64/Y_ToastView.swiftconstvalues -emit-reference-dependencies-path /Users/admin/builder/spi-builder-workspace/.derivedData/Build/Intermediates.noindex/Y_SwiftUIToast.build/Debug-appletvos/Y_SwiftUIToast-t.build/Objects-normal/arm64/Y_ToastView.swiftdeps -serialize-diagnostics-path /Users/admin/builder/spi-builder-workspace/.derivedData/Build/Intermediates.noindex/Y_SwiftUIToast.build/Debug-appletvos/Y_SwiftUIToast-t.build/Objects-normal/arm64/Y_ToastView.dia -target arm64-apple-tvos15.0 -module-can-import-version UIKit 9127.0.84.1 9127.0.84 -disable-cross-import-overlay-search -load-resolved-plugin /Applications/Xcode-27.0.0-Release.Candidate.app/Contents/Developer/Platforms/AppleTVOS.platform/Developer/usr/lib/swift/host/plugins/libFoundationMacros.dylib\#/Applications/Xcode-27.0.0-Release.Candidate.app/Contents/Developer/Platforms/AppleTVOS.platform/Developer/usr/bin/swift-plugin-server\#FoundationMacros -load-resolved-plugin /Applications/Xcode-27.0.0-Release.Candidate.app/Contents/Developer/Platforms/AppleTVOS.platform/Developer/usr/lib/swift/host/plugins/libObservationMacros.dylib\#/Applications/Xcode-27.0.0-Release.Candidate.app/Contents/Developer/Platforms/AppleTVOS.platform/Developer/usr/bin/swift-plugin-server\#ObservationMacros -load-resolved-plugin /Applications/Xcode-27.0.0-Release.Candidate.app/Contents/Developer/Platforms/AppleTVOS.platform/Developer/usr/lib/swift/host/plugins/libPreviewsMacros.dylib\#/Applications/Xcode-27.0.0-Release.Candidate.app/Contents/Developer/Platforms/AppleTVOS.platform/Developer/usr/bin/swift-plugin-server\#PreviewsMacros -load-resolved-plugin /Applications/Xcode-27.0.0-Release.Candidate.app/Contents/Developer/Platforms/AppleTVOS.platform/Developer/usr/lib/swift/host/plugins/libSwiftMacros.dylib\#/Applications/Xcode-27.0.0-Release.Candidate.app/Contents/Developer/Platforms/AppleTVOS.platform/Developer/usr/bin/swift-plugin-server\#SwiftMacros -load-resolved-plugin /Applications/Xcode-27.0.0-Release.Candidate.app/Contents/Developer/Platforms/AppleTVOS.platform/Developer/usr/lib/swift/host/plugins/libSwiftUIMacros.dylib\#/Applications/Xcode-27.0.0-Release.Candidate.app/Contents/Developer/Platforms/AppleTVOS.platform/Developer/usr/bin/swift-plugin-server\#SwiftUIMacros -disable-implicit-swift-modules -Xcc -fno-implicit-modules -Xcc -fno-implicit-module-maps -explicit-swift-module-map-file /Users/admin/builder/spi-builder-workspace/.derivedData/Build/Intermediates.noindex/Y_SwiftUIToast.build/Debug-appletvos/Y_SwiftUIToast-t.build/Objects-normal/arm64/Y_SwiftUIToast-dependencies-1.json -Xllvm -aarch64-use-tbi -enable-objc-interop -stack-check -sdk /Applications/Xcode-27.0.0-Release.Candidate.app/Contents/Developer/Platforms/AppleTVOS.platform/Developer/SDKs/AppleTVOS27.0.sdk -I /Users/admin/builder/spi-builder-workspace/.derivedData/Build/Products/Debug-appletvos -Isystem /Applications/Xcode-27.0.0-Release.Candidate.app/Contents/Developer/Platforms/AppleTVOS.platform/Developer/usr/lib -F /Users/admin/builder/spi-builder-workspace/.derivedData/Build/Products/Debug-appletvos -F /Applications/Xcode-27.0.0-Release.Candidate.app/Contents/Developer/Platforms/AppleTVOS.platform/Developer/Library/Frameworks -F /Applications/Xcode-27.0.0-Release.Candidate.app/Contents/Developer/Platforms/AppleTVOS.platform/Developer/SDKs/AppleTVOS27.0.sdk/Developer/Library/Frameworks -module-cache-path /Users/admin/builder/spi-builder-workspace/.derivedData/Build/Intermediates.noindex/SwiftExplicitPrecompiledModules -no-color-diagnostics -Xcc -fno-color-diagnostics -enable-testing -g -debug-info-format\=dwarf -dwarf-version\=4 -profile-generate -profile-coverage-mapping -swift-version 6 -Onone -D SWIFT_PACKAGE -D DEBUG -D SWIFT_MODULE_RESOURCE_BUNDLE_UNAVAILABLE -D Xcode -serialize-debugging-options -enable-experimental-feature DebugDescriptionMacro -empty-abi-descriptor -validate-clang-modules-once -clang-build-session-file /Users/admin/builder/spi-builder-workspace/.derivedData/ModuleCache.noindex/Session.modulevalidation -Xcc -working-directory -Xcc /Users/admin/builder/spi-builder-workspace/.swiftpm/xcode -enable-anonymous-context-mangled-names -file-compilation-dir /Users/admin/builder/spi-builder-workspace/.swiftpm/xcode -Xcc -D_LIBCPP_HARDENING_MODE\=_LIBCPP_HARDENING_MODE_DEBUG -Xcc -ivfsstatcache -Xcc /Users/admin/builder/spi-builder-workspace/.derivedData/SDKStatCaches.noindex/appletvos27.0-24J360-e829b21a6f8c9b70876ba0858053c044b32bfd8d43560033f8d89884cdb90028.sdkstatcache -Xcc -fmodules-prune-interval\=86400 -Xcc -fmodules-prune-after\=345600 -Xcc -I/Users/admin/builder/spi-builder-workspace/.derivedData/Build/Products/Debug-appletvos/include -Xcc -I/Users/admin/builder/spi-builder-workspace/.derivedData/Build/Intermediates.noindex/Y_SwiftUIToast.build/Debug-appletvos/Y_SwiftUIToast-t.build/DerivedSources-normal/arm64 -Xcc -I/Users/admin/builder/spi-builder-workspace/.derivedData/Build/Intermediates.noindex/Y_SwiftUIToast.build/Debug-appletvos/Y_SwiftUIToast-t.build/DerivedSources/arm64 -Xcc -I/Users/admin/builder/spi-builder-workspace/.derivedData/Build/Intermediates.noindex/Y_SwiftUIToast.build/Debug-appletvos/Y_SwiftUIToast-t.build/DerivedSources -Xcc -DSWIFT_PACKAGE -Xcc -DDEBUG\=1 -no-auto-bridging-header-chaining -module-name Y_SwiftUIToast -package-name spi_builder_workspace -const-gather-protocols-file /Users/admin/builder/spi-builder-workspace/.derivedData/Build/Intermediates.noindex/Y_SwiftUIToast.build/Debug-appletvos/Y_SwiftUIToast-t.build/Objects-normal/arm64/Y_SwiftUIToast_const_extract_protocols.json -disable-clang-spi -clang-target arm64-apple-tvos27.0 -target-sdk-version 27.0 -target-sdk-name appletvos27.0 -in-process-plugin-server-path /Applications/Xcode-27.0.0-Release.Candidate.app/Contents/Developer/Toolchains/XcodeDefault.xctoolchain/usr/lib/swift/host/libSwiftInProcPluginServer.dylib -parse-as-library -o /Users/admin/builder/spi-builder-workspace/.derivedData/Build/Intermediates.noindex/Y_SwiftUIToast.build/Debug-appletvos/Y_SwiftUIToast-t.build/Objects-normal/arm64/Y_ToastView.o -debug-module-path /Users/admin/builder/spi-builder-workspace/.derivedData/Build/Intermediates.noindex/Y_SwiftUIToast.build/Debug-appletvos/Y_SwiftUIToast-t.build/Objects-normal/arm64/Y_SwiftUIToast.swiftmodule -index-unit-output-path /Y_SwiftUIToast.build/Debug-appletvos/Y_SwiftUIToast-t.build/Objects-normal/arm64/Y_ToastView.o -index-store-path /Users/admin/builder/spi-builder-workspace/.derivedData/Index.noindex/DataStore -index-system-modules
SwiftCompile normal arm64 Compiling\ Y_ToastManager.swift /Users/admin/builder/spi-builder-workspace/Sources/Y_SwiftUIToast/Y_ToastManager.swift (in target 'Y_SwiftUIToast' from project 'Y_SwiftUIToast')
SwiftCompile normal arm64 /Users/admin/builder/spi-builder-workspace/Sources/Y_SwiftUIToast/Y_ToastManager.swift (in target 'Y_SwiftUIToast' from project 'Y_SwiftUIToast')
    cd /Users/admin/builder/spi-builder-workspace/.swiftpm/xcode
    builtin-SwiftPerFileCompile Y_ToastManager.swift
SwiftCompile normal arm64 Compiling\ Y_ToastModifier.swift /Users/admin/builder/spi-builder-workspace/Sources/Y_SwiftUIToast/Y_ToastModifier.swift (in target 'Y_SwiftUIToast' from project 'Y_SwiftUIToast')
SwiftCompile normal arm64 /Users/admin/builder/spi-builder-workspace/Sources/Y_SwiftUIToast/Y_ToastModifier.swift (in target 'Y_SwiftUIToast' from project 'Y_SwiftUIToast')
    cd /Users/admin/builder/spi-builder-workspace/.swiftpm/xcode
    builtin-SwiftPerFileCompile Y_ToastModifier.swift
SwiftCompile normal arm64 Compiling\ Y_Toast.swift /Users/admin/builder/spi-builder-workspace/Sources/Y_SwiftUIToast/Y_Toast.swift (in target 'Y_SwiftUIToast' from project 'Y_SwiftUIToast')
SwiftCompile normal arm64 /Users/admin/builder/spi-builder-workspace/Sources/Y_SwiftUIToast/Y_Toast.swift (in target 'Y_SwiftUIToast' from project 'Y_SwiftUIToast')
    cd /Users/admin/builder/spi-builder-workspace/.swiftpm/xcode
    builtin-SwiftPerFileCompile Y_Toast.swift
SwiftCompile normal arm64 Compiling\ Y_ToastConfig.swift /Users/admin/builder/spi-builder-workspace/Sources/Y_SwiftUIToast/Y_ToastConfig.swift (in target 'Y_SwiftUIToast' from project 'Y_SwiftUIToast')
SwiftCompile normal arm64 /Users/admin/builder/spi-builder-workspace/Sources/Y_SwiftUIToast/Y_ToastConfig.swift (in target 'Y_SwiftUIToast' from project 'Y_SwiftUIToast')
    cd /Users/admin/builder/spi-builder-workspace/.swiftpm/xcode
    builtin-SwiftPerFileCompile Y_ToastConfig.swift
SwiftDriverJobDiscovery normal arm64 Emitting module for Y_SwiftUIToast (in target 'Y_SwiftUIToast' from project 'Y_SwiftUIToast')
SwiftDriver\ Compilation\ Requirements Y_SwiftUIToast normal arm64 com.apple.xcode.tools.swift.compiler (in target 'Y_SwiftUIToast' from project 'Y_SwiftUIToast')
    cd /Users/admin/builder/spi-builder-workspace/.swiftpm/xcode
    builtin-Swift-Compilation-Requirements -- /Applications/Xcode-27.0.0-Release.Candidate.app/Contents/Developer/Toolchains/XcodeDefault.xctoolchain/usr/bin/swiftc -parse-as-library -module-name Y_SwiftUIToast -Onone @/Users/admin/builder/spi-builder-workspace/.derivedData/Build/Intermediates.noindex/Y_SwiftUIToast.build/Debug-appletvos/Y_SwiftUIToast-t.build/Objects-normal/arm64/Y_SwiftUIToast.SwiftFileList -DSWIFT_PACKAGE -DDEBUG -DSWIFT_MODULE_RESOURCE_BUNDLE_UNAVAILABLE -DXcode -plugin-path /Applications/Xcode-27.0.0-Release.Candidate.app/Contents/Developer/Toolchains/XcodeDefault.xctoolchain/usr/lib/swift/host/plugins/testing -enable-experimental-feature DebugDescriptionMacro -sdk /Applications/Xcode-27.0.0-Release.Candidate.app/Contents/Developer/Platforms/AppleTVOS.platform/Developer/SDKs/AppleTVOS27.0.sdk -target arm64-apple-tvos15.0 -g -module-cache-path /Users/admin/builder/spi-builder-workspace/.derivedData/ModuleCache.noindex -Xfrontend -serialize-debugging-options -profile-coverage-mapping -profile-generate -enable-testing -index-store-path /Users/admin/builder/spi-builder-workspace/.derivedData/Index.noindex/DataStore -Xcc -D_LIBCPP_HARDENING_MODE\=_LIBCPP_HARDENING_MODE_DEBUG -swift-version 6 -I /Users/admin/builder/spi-builder-workspace/.derivedData/Build/Products/Debug-appletvos -Isystem /Applications/Xcode-27.0.0-Release.Candidate.app/Contents/Developer/Platforms/AppleTVOS.platform/Developer/usr/lib -F /Users/admin/builder/spi-builder-workspace/.derivedData/Build/Products/Debug-appletvos -F /Applications/Xcode-27.0.0-Release.Candidate.app/Contents/Developer/Platforms/AppleTVOS.platform/Developer/Library/Frameworks -F /Applications/Xcode-27.0.0-Release.Candidate.app/Contents/Developer/Platforms/AppleTVOS.platform/Developer/SDKs/AppleTVOS27.0.sdk/Developer/Library/Frameworks -c -j10 -enable-batch-mode -incremental -Xcc -ivfsstatcache -Xcc /Users/admin/builder/spi-builder-workspace/.derivedData/SDKStatCaches.noindex/appletvos27.0-24J360-e829b21a6f8c9b70876ba0858053c044b32bfd8d43560033f8d89884cdb90028.sdkstatcache -output-file-map /Users/admin/builder/spi-builder-workspace/.derivedData/Build/Intermediates.noindex/Y_SwiftUIToast.build/Debug-appletvos/Y_SwiftUIToast-t.build/Objects-normal/arm64/Y_SwiftUIToast-OutputFileMap.json -save-temps -no-color-diagnostics -explicit-module-build -module-cache-path /Users/admin/builder/spi-builder-workspace/.derivedData/Build/Intermediates.noindex/SwiftExplicitPrecompiledModules -clang-scanner-module-cache-path /Users/admin/builder/spi-builder-workspace/.derivedData/ModuleCache.noindex -sdk-module-cache-path /Users/admin/builder/spi-builder-workspace/.derivedData/SDKExplicitPrecompiledModules -emit-dependencies -emit-module -emit-module-path /Users/admin/builder/spi-builder-workspace/.derivedData/Build/Intermediates.noindex/Y_SwiftUIToast.build/Debug-appletvos/Y_SwiftUIToast-t.build/Objects-normal/arm64/Y_SwiftUIToast.swiftmodule -serialize-diagnostics -dependency-scan-serialize-diagnostics-path /Users/admin/builder/spi-builder-workspace/.derivedData/Build/Intermediates.noindex/Y_SwiftUIToast.build/Debug-appletvos/Y_SwiftUIToast-t.build/Objects-normal/arm64/Y_SwiftUIToast-dependency-scan.dia -validate-clang-modules-once -clang-build-session-file /Users/admin/builder/spi-builder-workspace/.derivedData/ModuleCache.noindex/Session.modulevalidation -Xcc -fmodules-prune-interval\=86400 -Xcc -fmodules-prune-after\=345600 -package-name spi_builder_workspace -emit-const-values -const-gather-protocols-list /Users/admin/builder/spi-builder-workspace/.derivedData/Build/Intermediates.noindex/Y_SwiftUIToast.build/Debug-appletvos/Y_SwiftUIToast-t.build/Objects-normal/arm64/Y_SwiftUIToast_const_extract_protocols.json -Xcc -I/Users/admin/builder/spi-builder-workspace/.derivedData/Build/Products/Debug-appletvos/include -Xcc -I/Users/admin/builder/spi-builder-workspace/.derivedData/Build/Intermediates.noindex/Y_SwiftUIToast.build/Debug-appletvos/Y_SwiftUIToast-t.build/DerivedSources-normal/arm64 -Xcc -I/Users/admin/builder/spi-builder-workspace/.derivedData/Build/Intermediates.noindex/Y_SwiftUIToast.build/Debug-appletvos/Y_SwiftUIToast-t.build/DerivedSources/arm64 -Xcc -I/Users/admin/builder/spi-builder-workspace/.derivedData/Build/Intermediates.noindex/Y_SwiftUIToast.build/Debug-appletvos/Y_SwiftUIToast-t.build/DerivedSources -Xcc -DSWIFT_PACKAGE -Xcc -DDEBUG\=1 -emit-objc-header -emit-objc-header-path /Users/admin/builder/spi-builder-workspace/.derivedData/Build/Intermediates.noindex/Y_SwiftUIToast.build/Debug-appletvos/Y_SwiftUIToast-t.build/Objects-normal/arm64/Y_SwiftUIToast-Swift.h -working-directory /Users/admin/builder/spi-builder-workspace/.swiftpm/xcode -experimental-emit-module-separately -disable-cmo
SwiftMergeGeneratedHeaders /Users/admin/builder/spi-builder-workspace/.derivedData/Build/Intermediates.noindex/GeneratedModuleMaps-appletvos/Y_SwiftUIToast-Swift.h /Users/admin/builder/spi-builder-workspace/.derivedData/Build/Intermediates.noindex/Y_SwiftUIToast.build/Debug-appletvos/Y_SwiftUIToast-t.build/Objects-normal/arm64/Y_SwiftUIToast-Swift.h (in target 'Y_SwiftUIToast' from project 'Y_SwiftUIToast')
    cd /Users/admin/builder/spi-builder-workspace
    builtin-swiftHeaderTool -arch arm64 /Users/admin/builder/spi-builder-workspace/.derivedData/Build/Intermediates.noindex/Y_SwiftUIToast.build/Debug-appletvos/Y_SwiftUIToast-t.build/Objects-normal/arm64/Y_SwiftUIToast-Swift.h -o /Users/admin/builder/spi-builder-workspace/.derivedData/Build/Intermediates.noindex/GeneratedModuleMaps-appletvos/Y_SwiftUIToast-Swift.h
Copy /Users/admin/builder/spi-builder-workspace/.derivedData/Build/Products/Debug-appletvos/Y_SwiftUIToast.swiftmodule/arm64-apple-tvos.abi.json /Users/admin/builder/spi-builder-workspace/.derivedData/Build/Intermediates.noindex/Y_SwiftUIToast.build/Debug-appletvos/Y_SwiftUIToast-t.build/Objects-normal/arm64/Y_SwiftUIToast.abi.json (in target 'Y_SwiftUIToast' from project 'Y_SwiftUIToast')
    cd /Users/admin/builder/spi-builder-workspace
    builtin-copy -exclude .DS_Store -exclude CVS -exclude .svn -exclude .git -exclude .hg -resolve-src-symlinks -rename /Users/admin/builder/spi-builder-workspace/.derivedData/Build/Intermediates.noindex/Y_SwiftUIToast.build/Debug-appletvos/Y_SwiftUIToast-t.build/Objects-normal/arm64/Y_SwiftUIToast.abi.json /Users/admin/builder/spi-builder-workspace/.derivedData/Build/Products/Debug-appletvos/Y_SwiftUIToast.swiftmodule/arm64-apple-tvos.abi.json
Copy /Users/admin/builder/spi-builder-workspace/.derivedData/Build/Products/Debug-appletvos/Y_SwiftUIToast.swiftmodule/arm64-apple-tvos.swiftdoc /Users/admin/builder/spi-builder-workspace/.derivedData/Build/Intermediates.noindex/Y_SwiftUIToast.build/Debug-appletvos/Y_SwiftUIToast-t.build/Objects-normal/arm64/Y_SwiftUIToast.swiftdoc (in target 'Y_SwiftUIToast' from project 'Y_SwiftUIToast')
    cd /Users/admin/builder/spi-builder-workspace
    builtin-copy -exclude .DS_Store -exclude CVS -exclude .svn -exclude .git -exclude .hg -resolve-src-symlinks -rename /Users/admin/builder/spi-builder-workspace/.derivedData/Build/Intermediates.noindex/Y_SwiftUIToast.build/Debug-appletvos/Y_SwiftUIToast-t.build/Objects-normal/arm64/Y_SwiftUIToast.swiftdoc /Users/admin/builder/spi-builder-workspace/.derivedData/Build/Products/Debug-appletvos/Y_SwiftUIToast.swiftmodule/arm64-apple-tvos.swiftdoc
Copy /Users/admin/builder/spi-builder-workspace/.derivedData/Build/Products/Debug-appletvos/Y_SwiftUIToast.swiftmodule/arm64-apple-tvos.swiftmodule /Users/admin/builder/spi-builder-workspace/.derivedData/Build/Intermediates.noindex/Y_SwiftUIToast.build/Debug-appletvos/Y_SwiftUIToast-t.build/Objects-normal/arm64/Y_SwiftUIToast.swiftmodule (in target 'Y_SwiftUIToast' from project 'Y_SwiftUIToast')
    cd /Users/admin/builder/spi-builder-workspace
    builtin-copy -exclude .DS_Store -exclude CVS -exclude .svn -exclude .git -exclude .hg -resolve-src-symlinks -rename /Users/admin/builder/spi-builder-workspace/.derivedData/Build/Intermediates.noindex/Y_SwiftUIToast.build/Debug-appletvos/Y_SwiftUIToast-t.build/Objects-normal/arm64/Y_SwiftUIToast.swiftmodule /Users/admin/builder/spi-builder-workspace/.derivedData/Build/Products/Debug-appletvos/Y_SwiftUIToast.swiftmodule/arm64-apple-tvos.swiftmodule
Copy /Users/admin/builder/spi-builder-workspace/.derivedData/Build/Products/Debug-appletvos/Y_SwiftUIToast.swiftmodule/Project/arm64-apple-tvos.swiftsourceinfo /Users/admin/builder/spi-builder-workspace/.derivedData/Build/Intermediates.noindex/Y_SwiftUIToast.build/Debug-appletvos/Y_SwiftUIToast-t.build/Objects-normal/arm64/Y_SwiftUIToast.swiftsourceinfo (in target 'Y_SwiftUIToast' from project 'Y_SwiftUIToast')
    cd /Users/admin/builder/spi-builder-workspace
    builtin-copy -exclude .DS_Store -exclude CVS -exclude .svn -exclude .git -exclude .hg -resolve-src-symlinks -rename /Users/admin/builder/spi-builder-workspace/.derivedData/Build/Intermediates.noindex/Y_SwiftUIToast.build/Debug-appletvos/Y_SwiftUIToast-t.build/Objects-normal/arm64/Y_SwiftUIToast.swiftsourceinfo /Users/admin/builder/spi-builder-workspace/.derivedData/Build/Products/Debug-appletvos/Y_SwiftUIToast.swiftmodule/Project/arm64-apple-tvos.swiftsourceinfo
PruneExplicitPrecompiledModules /Users/admin/builder/spi-builder-workspace/.derivedData/SDKExplicitPrecompiledModules
PruneExplicitPrecompiledModules /Users/admin/builder/spi-builder-workspace/.derivedData/Build/Intermediates.noindex/SwiftExplicitPrecompiledModules
PruneExplicitPrecompiledModules /Users/admin/builder/spi-builder-workspace/.derivedData/Build/Intermediates.noindex/ExplicitPrecompiledModules
2026-09-23 19:34:24.793 xcodebuild[627:3878] [MT] IDERunDestination: Supported platforms for the buildables in the current scheme is empty.
** BUILD FAILED **
The following build commands failed:
	SwiftCompile normal arm64 /Users/admin/builder/spi-builder-workspace/Sources/Y_SwiftUIToast/Y_ToastView.swift (in target 'Y_SwiftUIToast' from project 'Y_SwiftUIToast')
	SwiftCompile normal arm64 Compiling\ Y_ToastView.swift /Users/admin/builder/spi-builder-workspace/Sources/Y_SwiftUIToast/Y_ToastView.swift (in target 'Y_SwiftUIToast' from project 'Y_SwiftUIToast')
	Building workspace Y_SwiftUIToast with scheme Y_SwiftUIToast
(3 failures)
Command line invocation:
    /Applications/Xcode-27.0.0-Release.Candidate.app/Contents/Developer/usr/bin/xcodebuild -IDEClonedSourcePackagesDirPathOverride=/Users/admin/builder/spi-builder-workspace/.dependencies -resolvePackageDependencies
Resolve Package Graph
Resolved source packages:
  Y_SwiftUIToast: /Users/admin/builder/spi-builder-workspace
resolved source packages: Y_SwiftUIToast
2026-09-23 19:34:34.164 xcodebuild[735:4444] [MT] IDERunDestination: Supported platforms for the buildables in the current scheme is empty.
{
  "dependencies" : [
  ],
  "manifest_display_name" : "Y_SwiftUIToast",
  "name" : "Y_SwiftUIToast",
  "path" : "/Users/admin/builder/spi-builder-workspace",
  "platforms" : [
    {
      "name" : "ios",
      "version" : "14.0"
    },
    {
      "name" : "macos",
      "version" : "12.0"
    }
  ],
  "products" : [
    {
      "name" : "Y_SwiftUIToast",
      "targets" : [
        "Y_SwiftUIToast"
      ],
      "type" : {
        "library" : [
          "automatic"
        ]
      }
    }
  ],
  "targets" : [
    {
      "c99name" : "Y_SwiftUIToastTests",
      "module_type" : "SwiftTarget",
      "name" : "Y_SwiftUIToastTests",
      "path" : "Tests/Y_SwiftUIToastTests",
      "sources" : [
        "Y_SwiftUIToastTests.swift"
      ],
      "target_dependencies" : [
        "Y_SwiftUIToast"
      ],
      "type" : "test"
    },
    {
      "c99name" : "Y_SwiftUIToast",
      "module_type" : "SwiftTarget",
      "name" : "Y_SwiftUIToast",
      "path" : "Sources/Y_SwiftUIToast",
      "product_memberships" : [
        "Y_SwiftUIToast"
      ],
      "sources" : [
        "Y_Toast.swift",
        "Y_ToastConfig.swift",
        "Y_ToastManager.swift",
        "Y_ToastModifier.swift",
        "Y_ToastView.swift"
      ],
      "type" : "library"
    }
  ],
  "tools_version" : "6.1"
}
{
  "workspace" : {
    "name" : "Y_SwiftUIToast",
    "schemes" : [
      "Y_SwiftUIToast"
    ]
  }
}
2026-09-23 19:34:35.391 xcodebuild[743:4506] [MT] IDERunDestination: Supported platforms for the buildables in the current scheme is empty.
Running build ...
env DEVELOPER_DIR=/Applications/Xcode-27.0.0-Release.Candidate.app xcrun xcodebuild -IDEClonedSourcePackagesDirPathOverride=$PWD/.dependencies -skipMacroValidation -skipPackagePluginValidation -derivedDataPath $PWD/.derivedData build -scheme Y_SwiftUIToast -destination generic/platform=tvOS
Command line invocation:
    /Applications/Xcode-27.0.0-Release.Candidate.app/Contents/Developer/usr/bin/xcodebuild -IDEClonedSourcePackagesDirPathOverride=/Users/admin/builder/spi-builder-workspace/.dependencies -skipMacroValidation -skipPackagePluginValidation -derivedDataPath /Users/admin/builder/spi-builder-workspace/.derivedData build -scheme Y_SwiftUIToast -destination generic/platform=tvOS
Resolve Package Graph
Resolved source packages:
  Y_SwiftUIToast: /Users/admin/builder/spi-builder-workspace
ComputePackagePrebuildTargetDependencyGraph
Prepare packages
CreateBuildRequest
SendProjectDescription
CreateBuildOperation
ComputeTargetDependencyGraph
note: Building targets in dependency order
note: Target dependency graph (2 targets)
    Target 'Y_SwiftUIToast-product' in project 'Y_SwiftUIToast'
        ➜ Explicit dependency on target 'Y_SwiftUIToast' in project 'Y_SwiftUIToast'
    Target 'Y_SwiftUIToast' in project 'Y_SwiftUIToast' (no dependencies)
GatherProvisioningInputs
CreateBuildDescription
ClangStatCache /Applications/Xcode-27.0.0-Release.Candidate.app/Contents/Developer/Toolchains/XcodeDefault.xctoolchain/usr/bin/clang-stat-cache /Applications/Xcode-27.0.0-Release.Candidate.app/Contents/Developer/Platforms/AppleTVOS.platform/Developer/SDKs/AppleTVOS27.0.sdk /Users/admin/builder/spi-builder-workspace/.derivedData/SDKStatCaches.noindex/appletvos27.0-24J360-e829b21a6f8c9b70876ba0858053c044b32bfd8d43560033f8d89884cdb90028.sdkstatcache
    cd /Users/admin/builder/spi-builder-workspace/.swiftpm/xcode
    /Applications/Xcode-27.0.0-Release.Candidate.app/Contents/Developer/Toolchains/XcodeDefault.xctoolchain/usr/bin/clang-stat-cache /Applications/Xcode-27.0.0-Release.Candidate.app/Contents/Developer/Platforms/AppleTVOS.platform/Developer/SDKs/AppleTVOS27.0.sdk -o /Users/admin/builder/spi-builder-workspace/.derivedData/SDKStatCaches.noindex/appletvos27.0-24J360-e829b21a6f8c9b70876ba0858053c044b32bfd8d43560033f8d89884cdb90028.sdkstatcache
SwiftDriver Y_SwiftUIToast normal arm64 com.apple.xcode.tools.swift.compiler (in target 'Y_SwiftUIToast' from project 'Y_SwiftUIToast')
    cd /Users/admin/builder/spi-builder-workspace/.swiftpm/xcode
    builtin-SwiftDriver -- /Applications/Xcode-27.0.0-Release.Candidate.app/Contents/Developer/Toolchains/XcodeDefault.xctoolchain/usr/bin/swiftc -parse-as-library -module-name Y_SwiftUIToast -Onone @/Users/admin/builder/spi-builder-workspace/.derivedData/Build/Intermediates.noindex/Y_SwiftUIToast.build/Debug-appletvos/Y_SwiftUIToast-t.build/Objects-normal/arm64/Y_SwiftUIToast.SwiftFileList -DSWIFT_PACKAGE -DDEBUG -DSWIFT_MODULE_RESOURCE_BUNDLE_UNAVAILABLE -DXcode -plugin-path /Applications/Xcode-27.0.0-Release.Candidate.app/Contents/Developer/Toolchains/XcodeDefault.xctoolchain/usr/lib/swift/host/plugins/testing -enable-experimental-feature DebugDescriptionMacro -sdk /Applications/Xcode-27.0.0-Release.Candidate.app/Contents/Developer/Platforms/AppleTVOS.platform/Developer/SDKs/AppleTVOS27.0.sdk -target arm64-apple-tvos15.0 -g -module-cache-path /Users/admin/builder/spi-builder-workspace/.derivedData/ModuleCache.noindex -Xfrontend -serialize-debugging-options -profile-coverage-mapping -profile-generate -enable-testing -index-store-path /Users/admin/builder/spi-builder-workspace/.derivedData/Index.noindex/DataStore -Xcc -D_LIBCPP_HARDENING_MODE\=_LIBCPP_HARDENING_MODE_DEBUG -swift-version 6 -I /Users/admin/builder/spi-builder-workspace/.derivedData/Build/Products/Debug-appletvos -Isystem /Applications/Xcode-27.0.0-Release.Candidate.app/Contents/Developer/Platforms/AppleTVOS.platform/Developer/usr/lib -F /Users/admin/builder/spi-builder-workspace/.derivedData/Build/Products/Debug-appletvos -F /Applications/Xcode-27.0.0-Release.Candidate.app/Contents/Developer/Platforms/AppleTVOS.platform/Developer/Library/Frameworks -F /Applications/Xcode-27.0.0-Release.Candidate.app/Contents/Developer/Platforms/AppleTVOS.platform/Developer/SDKs/AppleTVOS27.0.sdk/Developer/Library/Frameworks -c -j10 -enable-batch-mode -incremental -Xcc -ivfsstatcache -Xcc /Users/admin/builder/spi-builder-workspace/.derivedData/SDKStatCaches.noindex/appletvos27.0-24J360-e829b21a6f8c9b70876ba0858053c044b32bfd8d43560033f8d89884cdb90028.sdkstatcache -output-file-map /Users/admin/builder/spi-builder-workspace/.derivedData/Build/Intermediates.noindex/Y_SwiftUIToast.build/Debug-appletvos/Y_SwiftUIToast-t.build/Objects-normal/arm64/Y_SwiftUIToast-OutputFileMap.json -save-temps -no-color-diagnostics -explicit-module-build -module-cache-path /Users/admin/builder/spi-builder-workspace/.derivedData/Build/Intermediates.noindex/SwiftExplicitPrecompiledModules -clang-scanner-module-cache-path /Users/admin/builder/spi-builder-workspace/.derivedData/ModuleCache.noindex -sdk-module-cache-path /Users/admin/builder/spi-builder-workspace/.derivedData/SDKExplicitPrecompiledModules -emit-dependencies -emit-module -emit-module-path /Users/admin/builder/spi-builder-workspace/.derivedData/Build/Intermediates.noindex/Y_SwiftUIToast.build/Debug-appletvos/Y_SwiftUIToast-t.build/Objects-normal/arm64/Y_SwiftUIToast.swiftmodule -serialize-diagnostics -dependency-scan-serialize-diagnostics-path /Users/admin/builder/spi-builder-workspace/.derivedData/Build/Intermediates.noindex/Y_SwiftUIToast.build/Debug-appletvos/Y_SwiftUIToast-t.build/Objects-normal/arm64/Y_SwiftUIToast-dependency-scan.dia -validate-clang-modules-once -clang-build-session-file /Users/admin/builder/spi-builder-workspace/.derivedData/ModuleCache.noindex/Session.modulevalidation -Xcc -fmodules-prune-interval\=86400 -Xcc -fmodules-prune-after\=345600 -package-name spi_builder_workspace -emit-const-values -const-gather-protocols-list /Users/admin/builder/spi-builder-workspace/.derivedData/Build/Intermediates.noindex/Y_SwiftUIToast.build/Debug-appletvos/Y_SwiftUIToast-t.build/Objects-normal/arm64/Y_SwiftUIToast_const_extract_protocols.json -Xcc -I/Users/admin/builder/spi-builder-workspace/.derivedData/Build/Products/Debug-appletvos/include -Xcc -I/Users/admin/builder/spi-builder-workspace/.derivedData/Build/Intermediates.noindex/Y_SwiftUIToast.build/Debug-appletvos/Y_SwiftUIToast-t.build/DerivedSources-normal/arm64 -Xcc -I/Users/admin/builder/spi-builder-workspace/.derivedData/Build/Intermediates.noindex/Y_SwiftUIToast.build/Debug-appletvos/Y_SwiftUIToast-t.build/DerivedSources/arm64 -Xcc -I/Users/admin/builder/spi-builder-workspace/.derivedData/Build/Intermediates.noindex/Y_SwiftUIToast.build/Debug-appletvos/Y_SwiftUIToast-t.build/DerivedSources -Xcc -DSWIFT_PACKAGE -Xcc -DDEBUG\=1 -emit-objc-header -emit-objc-header-path /Users/admin/builder/spi-builder-workspace/.derivedData/Build/Intermediates.noindex/Y_SwiftUIToast.build/Debug-appletvos/Y_SwiftUIToast-t.build/Objects-normal/arm64/Y_SwiftUIToast-Swift.h -working-directory /Users/admin/builder/spi-builder-workspace/.swiftpm/xcode -experimental-emit-module-separately -disable-cmo
SwiftCompile normal arm64 Compiling\ Y_ToastConfig.swift /Users/admin/builder/spi-builder-workspace/Sources/Y_SwiftUIToast/Y_ToastConfig.swift (in target 'Y_SwiftUIToast' from project 'Y_SwiftUIToast')
SwiftCompile normal arm64 /Users/admin/builder/spi-builder-workspace/Sources/Y_SwiftUIToast/Y_ToastConfig.swift (in target 'Y_SwiftUIToast' from project 'Y_SwiftUIToast')
    cd /Users/admin/builder/spi-builder-workspace/.swiftpm/xcode
    builtin-SwiftPerFileCompile Y_ToastConfig.swift
SwiftCompile normal arm64 Compiling\ Y_Toast.swift /Users/admin/builder/spi-builder-workspace/Sources/Y_SwiftUIToast/Y_Toast.swift (in target 'Y_SwiftUIToast' from project 'Y_SwiftUIToast')
SwiftCompile normal arm64 /Users/admin/builder/spi-builder-workspace/Sources/Y_SwiftUIToast/Y_Toast.swift (in target 'Y_SwiftUIToast' from project 'Y_SwiftUIToast')
    cd /Users/admin/builder/spi-builder-workspace/.swiftpm/xcode
    builtin-SwiftPerFileCompile Y_Toast.swift
SwiftCompile normal arm64 Compiling\ Y_ToastView.swift /Users/admin/builder/spi-builder-workspace/Sources/Y_SwiftUIToast/Y_ToastView.swift (in target 'Y_SwiftUIToast' from project 'Y_SwiftUIToast')
/Users/admin/builder/spi-builder-workspace/Sources/Y_SwiftUIToast/Y_ToastView.swift:112:22: error: 'onTapGesture(count:perform:)' is only available in tvOS 16.0 or newer
 95 |
 96 | // MARK: - Toast覆盖层视图
 97 | public struct Y_ToastOverlayView: View {
    |               `- note: add '@available' attribute to enclosing struct
 98 |     @StateObject private var manager = Y_ToastManager.shared
 99 |
100 |     public init() {}
101 |
102 |     public var body: some View {
    |                `- note: add '@available' attribute to enclosing property
103 |         ZStack {
104 |             // 全屏透明遮盖层(仅在isFullScreen=true时显示)
    :
110 |                     .ignoresSafeArea(.all)
111 |                     .contentShape(Rectangle())  // 明确定义可点击区域
112 |                     .onTapGesture {
    |                      |- error: 'onTapGesture(count:perform:)' is only available in tvOS 16.0 or newer
    |                      `- note: add 'if #available' version check
113 |                         manager.handleTap()
114 |                     }
/Users/admin/builder/spi-builder-workspace/Sources/Y_SwiftUIToast/Y_ToastView.swift:122:22: error: 'onTapGesture(count:perform:)' is only available in tvOS 16.0 or newer
 95 |
 96 | // MARK: - Toast覆盖层视图
 97 | public struct Y_ToastOverlayView: View {
    |               `- note: add '@available' attribute to enclosing struct
 98 |     @StateObject private var manager = Y_ToastManager.shared
 99 |
100 |     public init() {}
101 |
102 |     public var body: some View {
    |                `- note: add '@available' attribute to enclosing property
103 |         ZStack {
104 |             // 全屏透明遮盖层(仅在isFullScreen=true时显示)
    :
120 |                 Y_ToastView(config: config)
121 |                     .disableTransition(config.disableTransition)
122 |                     .onTapGesture {
    |                      |- error: 'onTapGesture(count:perform:)' is only available in tvOS 16.0 or newer
    |                      `- note: add 'if #available' version check
123 |                         manager.handleTap()
124 |                     }
Failed frontend command:
/Applications/Xcode-27.0.0-Release.Candidate.app/Contents/Developer/Toolchains/XcodeDefault.xctoolchain/usr/bin/swift-frontend -frontend -c /Users/admin/builder/spi-builder-workspace/Sources/Y_SwiftUIToast/Y_Toast.swift /Users/admin/builder/spi-builder-workspace/Sources/Y_SwiftUIToast/Y_ToastConfig.swift /Users/admin/builder/spi-builder-workspace/Sources/Y_SwiftUIToast/Y_ToastManager.swift /Users/admin/builder/spi-builder-workspace/Sources/Y_SwiftUIToast/Y_ToastModifier.swift -primary-file /Users/admin/builder/spi-builder-workspace/Sources/Y_SwiftUIToast/Y_ToastView.swift -emit-dependencies-path /Users/admin/builder/spi-builder-workspace/.derivedData/Build/Intermediates.noindex/Y_SwiftUIToast.build/Debug-appletvos/Y_SwiftUIToast-t.build/Objects-normal/arm64/Y_ToastView.d -emit-const-values-path /Users/admin/builder/spi-builder-workspace/.derivedData/Build/Intermediates.noindex/Y_SwiftUIToast.build/Debug-appletvos/Y_SwiftUIToast-t.build/Objects-normal/arm64/Y_ToastView.swiftconstvalues -emit-reference-dependencies-path /Users/admin/builder/spi-builder-workspace/.derivedData/Build/Intermediates.noindex/Y_SwiftUIToast.build/Debug-appletvos/Y_SwiftUIToast-t.build/Objects-normal/arm64/Y_ToastView.swiftdeps -serialize-diagnostics-path /Users/admin/builder/spi-builder-workspace/.derivedData/Build/Intermediates.noindex/Y_SwiftUIToast.build/Debug-appletvos/Y_SwiftUIToast-t.build/Objects-normal/arm64/Y_ToastView.dia -target arm64-apple-tvos15.0 -module-can-import-version UIKit 9127.0.84.1 9127.0.84 -disable-cross-import-overlay-search -load-resolved-plugin /Applications/Xcode-27.0.0-Release.Candidate.app/Contents/Developer/Platforms/AppleTVOS.platform/Developer/usr/lib/swift/host/plugins/libFoundationMacros.dylib\#/Applications/Xcode-27.0.0-Release.Candidate.app/Contents/Developer/Platforms/AppleTVOS.platform/Developer/usr/bin/swift-plugin-server\#FoundationMacros -load-resolved-plugin /Applications/Xcode-27.0.0-Release.Candidate.app/Contents/Developer/Platforms/AppleTVOS.platform/Developer/usr/lib/swift/host/plugins/libObservationMacros.dylib\#/Applications/Xcode-27.0.0-Release.Candidate.app/Contents/Developer/Platforms/AppleTVOS.platform/Developer/usr/bin/swift-plugin-server\#ObservationMacros -load-resolved-plugin /Applications/Xcode-27.0.0-Release.Candidate.app/Contents/Developer/Platforms/AppleTVOS.platform/Developer/usr/lib/swift/host/plugins/libPreviewsMacros.dylib\#/Applications/Xcode-27.0.0-Release.Candidate.app/Contents/Developer/Platforms/AppleTVOS.platform/Developer/usr/bin/swift-plugin-server\#PreviewsMacros -load-resolved-plugin /Applications/Xcode-27.0.0-Release.Candidate.app/Contents/Developer/Platforms/AppleTVOS.platform/Developer/usr/lib/swift/host/plugins/libSwiftMacros.dylib\#/Applications/Xcode-27.0.0-Release.Candidate.app/Contents/Developer/Platforms/AppleTVOS.platform/Developer/usr/bin/swift-plugin-server\#SwiftMacros -load-resolved-plugin /Applications/Xcode-27.0.0-Release.Candidate.app/Contents/Developer/Platforms/AppleTVOS.platform/Developer/usr/lib/swift/host/plugins/libSwiftUIMacros.dylib\#/Applications/Xcode-27.0.0-Release.Candidate.app/Contents/Developer/Platforms/AppleTVOS.platform/Developer/usr/bin/swift-plugin-server\#SwiftUIMacros -disable-implicit-swift-modules -Xcc -fno-implicit-modules -Xcc -fno-implicit-module-maps -explicit-swift-module-map-file /Users/admin/builder/spi-builder-workspace/.derivedData/Build/Intermediates.noindex/Y_SwiftUIToast.build/Debug-appletvos/Y_SwiftUIToast-t.build/Objects-normal/arm64/Y_SwiftUIToast-dependencies-1.json -Xllvm -aarch64-use-tbi -enable-objc-interop -stack-check -sdk /Applications/Xcode-27.0.0-Release.Candidate.app/Contents/Developer/Platforms/AppleTVOS.platform/Developer/SDKs/AppleTVOS27.0.sdk -I /Users/admin/builder/spi-builder-workspace/.derivedData/Build/Products/Debug-appletvos -Isystem /Applications/Xcode-27.0.0-Release.Candidate.app/Contents/Developer/Platforms/AppleTVOS.platform/Developer/usr/lib -F /Users/admin/builder/spi-builder-workspace/.derivedData/Build/Products/Debug-appletvos -F /Applications/Xcode-27.0.0-Release.Candidate.app/Contents/Developer/Platforms/AppleTVOS.platform/Developer/Library/Frameworks -F /Applications/Xcode-27.0.0-Release.Candidate.app/Contents/Developer/Platforms/AppleTVOS.platform/Developer/SDKs/AppleTVOS27.0.sdk/Developer/Library/Frameworks -module-cache-path /Users/admin/builder/spi-builder-workspace/.derivedData/Build/Intermediates.noindex/SwiftExplicitPrecompiledModules -no-color-diagnostics -Xcc -fno-color-diagnostics -enable-testing -g -debug-info-format\=dwarf -dwarf-version\=4 -profile-generate -profile-coverage-mapping -swift-version 6 -Onone -D SWIFT_PACKAGE -D DEBUG -D SWIFT_MODULE_RESOURCE_BUNDLE_UNAVAILABLE -D Xcode -serialize-debugging-options -enable-experimental-feature DebugDescriptionMacro -empty-abi-descriptor -validate-clang-modules-once -clang-build-session-file /Users/admin/builder/spi-builder-workspace/.derivedData/ModuleCache.noindex/Session.modulevalidation -Xcc -working-directory -Xcc /Users/admin/builder/spi-builder-workspace/.swiftpm/xcode -enable-anonymous-context-mangled-names -file-compilation-dir /Users/admin/builder/spi-builder-workspace/.swiftpm/xcode -Xcc -D_LIBCPP_HARDENING_MODE\=_LIBCPP_HARDENING_MODE_DEBUG -Xcc -ivfsstatcache -Xcc /Users/admin/builder/spi-builder-workspace/.derivedData/SDKStatCaches.noindex/appletvos27.0-24J360-e829b21a6f8c9b70876ba0858053c044b32bfd8d43560033f8d89884cdb90028.sdkstatcache -Xcc -fmodules-prune-interval\=86400 -Xcc -fmodules-prune-after\=345600 -Xcc -I/Users/admin/builder/spi-builder-workspace/.derivedData/Build/Products/Debug-appletvos/include -Xcc -I/Users/admin/builder/spi-builder-workspace/.derivedData/Build/Intermediates.noindex/Y_SwiftUIToast.build/Debug-appletvos/Y_SwiftUIToast-t.build/DerivedSources-normal/arm64 -Xcc -I/Users/admin/builder/spi-builder-workspace/.derivedData/Build/Intermediates.noindex/Y_SwiftUIToast.build/Debug-appletvos/Y_SwiftUIToast-t.build/DerivedSources/arm64 -Xcc -I/Users/admin/builder/spi-builder-workspace/.derivedData/Build/Intermediates.noindex/Y_SwiftUIToast.build/Debug-appletvos/Y_SwiftUIToast-t.build/DerivedSources -Xcc -DSWIFT_PACKAGE -Xcc -DDEBUG\=1 -no-auto-bridging-header-chaining -module-name Y_SwiftUIToast -package-name spi_builder_workspace -const-gather-protocols-file /Users/admin/builder/spi-builder-workspace/.derivedData/Build/Intermediates.noindex/Y_SwiftUIToast.build/Debug-appletvos/Y_SwiftUIToast-t.build/Objects-normal/arm64/Y_SwiftUIToast_const_extract_protocols.json -disable-clang-spi -clang-target arm64-apple-tvos27.0 -target-sdk-version 27.0 -target-sdk-name appletvos27.0 -in-process-plugin-server-path /Applications/Xcode-27.0.0-Release.Candidate.app/Contents/Developer/Toolchains/XcodeDefault.xctoolchain/usr/lib/swift/host/libSwiftInProcPluginServer.dylib -parse-as-library -o /Users/admin/builder/spi-builder-workspace/.derivedData/Build/Intermediates.noindex/Y_SwiftUIToast.build/Debug-appletvos/Y_SwiftUIToast-t.build/Objects-normal/arm64/Y_ToastView.o -debug-module-path /Users/admin/builder/spi-builder-workspace/.derivedData/Build/Intermediates.noindex/Y_SwiftUIToast.build/Debug-appletvos/Y_SwiftUIToast-t.build/Objects-normal/arm64/Y_SwiftUIToast.swiftmodule -index-unit-output-path /Y_SwiftUIToast.build/Debug-appletvos/Y_SwiftUIToast-t.build/Objects-normal/arm64/Y_ToastView.o -index-store-path /Users/admin/builder/spi-builder-workspace/.derivedData/Index.noindex/DataStore -index-system-modules
SwiftCompile normal arm64 /Users/admin/builder/spi-builder-workspace/Sources/Y_SwiftUIToast/Y_ToastView.swift (in target 'Y_SwiftUIToast' from project 'Y_SwiftUIToast')
    cd /Users/admin/builder/spi-builder-workspace/.swiftpm/xcode
    builtin-SwiftPerFileCompile Y_ToastView.swift
SwiftEmitModule normal arm64 Emitting\ module\ for\ Y_SwiftUIToast (in target 'Y_SwiftUIToast' from project 'Y_SwiftUIToast')
SwiftCompile normal arm64 (in target 'Y_SwiftUIToast' from project 'Y_SwiftUIToast')
    cd /Users/admin/builder/spi-builder-workspace/.swiftpm/xcode

SwiftCompile normal arm64 Compiling\ Y_ToastManager.swift /Users/admin/builder/spi-builder-workspace/Sources/Y_SwiftUIToast/Y_ToastManager.swift (in target 'Y_SwiftUIToast' from project 'Y_SwiftUIToast')
SwiftCompile normal arm64 /Users/admin/builder/spi-builder-workspace/Sources/Y_SwiftUIToast/Y_ToastManager.swift (in target 'Y_SwiftUIToast' from project 'Y_SwiftUIToast')
    cd /Users/admin/builder/spi-builder-workspace/.swiftpm/xcode
    builtin-SwiftPerFileCompile Y_ToastManager.swift
SwiftCompile normal arm64 Compiling\ Y_ToastModifier.swift /Users/admin/builder/spi-builder-workspace/Sources/Y_SwiftUIToast/Y_ToastModifier.swift (in target 'Y_SwiftUIToast' from project 'Y_SwiftUIToast')
SwiftCompile normal arm64 /Users/admin/builder/spi-builder-workspace/Sources/Y_SwiftUIToast/Y_ToastModifier.swift (in target 'Y_SwiftUIToast' from project 'Y_SwiftUIToast')
    cd /Users/admin/builder/spi-builder-workspace/.swiftpm/xcode
    builtin-SwiftPerFileCompile Y_ToastModifier.swift
SwiftDriverJobDiscovery normal arm64 Compiling Y_ToastModifier.swift (in target 'Y_SwiftUIToast' from project 'Y_SwiftUIToast')
SwiftDriverJobDiscovery normal arm64 Compiling Y_Toast.swift (in target 'Y_SwiftUIToast' from project 'Y_SwiftUIToast')
PruneExplicitPrecompiledModules /Users/admin/builder/spi-builder-workspace/.derivedData/SDKExplicitPrecompiledModules
PruneExplicitPrecompiledModules /Users/admin/builder/spi-builder-workspace/.derivedData/Build/Intermediates.noindex/ExplicitPrecompiledModules
PruneExplicitPrecompiledModules /Users/admin/builder/spi-builder-workspace/.derivedData/Build/Intermediates.noindex/SwiftExplicitPrecompiledModules
2026-09-23 19:34:36.345 xcodebuild[744:4536] [MT] IDERunDestination: Supported platforms for the buildables in the current scheme is empty.
** BUILD FAILED **
The following build commands failed:
	SwiftCompile normal arm64 Compiling\ Y_ToastView.swift /Users/admin/builder/spi-builder-workspace/Sources/Y_SwiftUIToast/Y_ToastView.swift (in target 'Y_SwiftUIToast' from project 'Y_SwiftUIToast')
	SwiftCompile normal arm64 /Users/admin/builder/spi-builder-workspace/Sources/Y_SwiftUIToast/Y_ToastView.swift (in target 'Y_SwiftUIToast' from project 'Y_SwiftUIToast')
	Building workspace Y_SwiftUIToast with scheme Y_SwiftUIToast
(3 failures)
BUILD FAILURE 6.4 tvOS