The Swift Package Index logo.Swift Package Index

Build Information

Failed to build Swiftish, reference 4.2.0 (d8680c), with Swift 6.4 for visionOS using Xcode 27.0 on 16 Sep 2026 15:16:52 UTC.

Build Command

env DEVELOPER_DIR=/Applications/Xcode-27.0.0-Release.Candidate.app xcrun xcodebuild -IDEClonedSourcePackagesDirPathOverride=$PWD/.dependencies -skipMacroValidation -skipPackagePluginValidation -derivedDataPath $PWD/.derivedData build -scheme Swiftish -destination generic/platform=xrOS

Build Log

========================================
RunAll
========================================
Builder version: 5.1.0
Interrupt handler set up.
========================================
Checkout
========================================
Clone URL: https://github.com/jkolb/swiftish.git
Reference: 4.2.0
Initialized empty Git repository in /Users/admin/builder/spi-builder-workspace/.git/
From https://github.com/jkolb/swiftish
 * tag               4.2.0      -> FETCH_HEAD
HEAD is now at d8680cb Conversion between different types of IntVectors. Common aliases for x, y, z, w. Default conformance to Hashable.
Cloned https://github.com/jkolb/swiftish.git
Revision (git rev-parse @):
d8680cba1e30bbfd212844cae3a2081cc00e16a7
SUCCESS checkout https://github.com/jkolb/swiftish.git at 4.2.0
========================================
Build
========================================
Selected platform:         visionOS
Swift version:             6.4
Building package at path:  $PWD
https://github.com/jkolb/swiftish.git
Command line invocation:
    /Applications/Xcode-27.0.0-Release.Candidate.app/Contents/Developer/usr/bin/xcodebuild -IDEClonedSourcePackagesDirPathOverride=/Users/admin/builder/spi-builder-workspace/.dependencies -resolvePackageDependencies
Resolve Package Graph
Resolve Package Graph
Resolved source packages:
  Swiftish: /Users/admin/builder/spi-builder-workspace
resolved source packages: Swiftish
2026-09-16 11:16:03.582 xcodebuild[563:3047] [MT] IDERunDestination: Supported platforms for the buildables in the current scheme is empty.
{
  "dependencies" : [
  ],
  "manifest_display_name" : "Swiftish",
  "name" : "Swiftish",
  "path" : "/Users/admin/builder/spi-builder-workspace",
  "platforms" : [
  ],
  "products" : [
    {
      "name" : "Swiftish",
      "targets" : [
        "Swiftish"
      ],
      "type" : {
        "library" : [
          "automatic"
        ]
      }
    }
  ],
  "targets" : [
    {
      "c99name" : "SwiftishTests",
      "module_type" : "SwiftTarget",
      "name" : "SwiftishTests",
      "path" : "Tests/SwiftishTests",
      "sources" : [
        "Matrix2Tests.swift",
        "Matrix3Tests.swift",
        "Matrix4Tests.swift",
        "Vector2Tests.swift",
        "Vector3Tests.swift",
        "Vector4Tests.swift"
      ],
      "target_dependencies" : [
        "Swiftish"
      ],
      "type" : "test"
    },
    {
      "c99name" : "Swiftish",
      "module_type" : "SwiftTarget",
      "name" : "Swiftish",
      "path" : "Sources/Swiftish",
      "product_memberships" : [
        "Swiftish"
      ],
      "sources" : [
        "Bounds2.swift",
        "Bounds3.swift",
        "Circle.swift",
        "Frustum.swift",
        "IntVector2.swift",
        "IntVector3.swift",
        "IntVector4.swift",
        "Matrix2x2.swift",
        "Matrix3x3.swift",
        "Matrix4x4.swift",
        "PerspectiveProjection.swift",
        "Plane.swift",
        "Quaternion.swift",
        "Ray3.swift",
        "Sphere.swift",
        "Transform3.swift",
        "Triangle2.swift",
        "Triangle3.swift",
        "Trigonometry.swift",
        "Vector2.swift",
        "Vector3.swift",
        "Vector4.swift",
        "Vectorable.swift"
      ],
      "type" : "library"
    }
  ],
  "tools_version" : "4.0"
}
{
  "workspace" : {
    "name" : "Swiftish",
    "schemes" : [
      "Swiftish"
    ]
  }
}
2026-09-16 11:16:44.637 xcodebuild[681:4174] [MT] IDERunDestination: Supported platforms for the buildables in the current scheme is empty.
Running build ...
env DEVELOPER_DIR=/Applications/Xcode-27.0.0-Release.Candidate.app xcrun xcodebuild -IDEClonedSourcePackagesDirPathOverride=$PWD/.dependencies -skipMacroValidation -skipPackagePluginValidation -derivedDataPath $PWD/.derivedData build -scheme Swiftish -destination generic/platform=xrOS
Command line invocation:
    /Applications/Xcode-27.0.0-Release.Candidate.app/Contents/Developer/usr/bin/xcodebuild -IDEClonedSourcePackagesDirPathOverride=/Users/admin/builder/spi-builder-workspace/.dependencies -skipMacroValidation -skipPackagePluginValidation -derivedDataPath /Users/admin/builder/spi-builder-workspace/.derivedData build -scheme Swiftish -destination generic/platform=xrOS
Resolve Package Graph
Resolved source packages:
  Swiftish: /Users/admin/builder/spi-builder-workspace
ComputePackagePrebuildTargetDependencyGraph
Prepare packages
CreateBuildRequest
SendProjectDescription
CreateBuildOperation
ComputeTargetDependencyGraph
note: Building targets in dependency order
note: Target dependency graph (2 targets)
    Target 'Swiftish-product' in project 'Swiftish'
        ➜ Explicit dependency on target 'Swiftish' in project 'Swiftish'
    Target 'Swiftish' in project 'Swiftish' (no dependencies)
GatherProvisioningInputs
CreateBuildDescription
ExecuteExternalTool /Applications/Xcode-27.0.0-Release.Candidate.app/Contents/Developer/Toolchains/XcodeDefault.xctoolchain/usr/bin/clang -v -E -dM -isysroot /Applications/Xcode-27.0.0-Release.Candidate.app/Contents/Developer/Platforms/XROS.platform/Developer/SDKs/XROS27.0.sdk -x c -c /dev/null
ExecuteExternalTool /Applications/Xcode-27.0.0-Release.Candidate.app/Contents/Developer/Toolchains/XcodeDefault.xctoolchain/usr/bin/swiftc --version
ExecuteExternalTool /Applications/Xcode-27.0.0-Release.Candidate.app/Contents/Developer/Toolchains/XcodeDefault.xctoolchain/usr/bin/ld -version_details
Build description signature: 2652f9a459141a3233189176b478b203
Build description path: /Users/admin/builder/spi-builder-workspace/.derivedData/Build/Intermediates.noindex/XCBuildData/2652f9a459141a3233189176b478b203.xcbuilddata
CreateBuildDirectory /Users/admin/builder/spi-builder-workspace/.derivedData/SDKExplicitPrecompiledModules
    cd /Users/admin/builder/spi-builder-workspace/.swiftpm/xcode
    builtin-create-build-directory /Users/admin/builder/spi-builder-workspace/.derivedData/SDKExplicitPrecompiledModules
CreateBuildDirectory /Users/admin/builder/spi-builder-workspace/.derivedData/ModuleCache.noindex
    cd /Users/admin/builder/spi-builder-workspace/.swiftpm/xcode
    builtin-create-build-directory /Users/admin/builder/spi-builder-workspace/.derivedData/ModuleCache.noindex
CreateBuildDirectory /Users/admin/builder/spi-builder-workspace/.derivedData/CompilationCache.noindex
    cd /Users/admin/builder/spi-builder-workspace/.swiftpm/xcode
    builtin-create-build-directory /Users/admin/builder/spi-builder-workspace/.derivedData/CompilationCache.noindex
CreateBuildDirectory /Users/admin/builder/spi-builder-workspace/.derivedData/Build/Products
    cd /Users/admin/builder/spi-builder-workspace/.swiftpm/xcode
    builtin-create-build-directory /Users/admin/builder/spi-builder-workspace/.derivedData/Build/Products
CreateBuildDirectory /Users/admin/builder/spi-builder-workspace/.derivedData/Build/Intermediates.noindex
    cd /Users/admin/builder/spi-builder-workspace/.swiftpm/xcode
    builtin-create-build-directory /Users/admin/builder/spi-builder-workspace/.derivedData/Build/Intermediates.noindex
ClangStatCache /Applications/Xcode-27.0.0-Release.Candidate.app/Contents/Developer/Toolchains/XcodeDefault.xctoolchain/usr/bin/clang-stat-cache /Applications/Xcode-27.0.0-Release.Candidate.app/Contents/Developer/Platforms/XROS.platform/Developer/SDKs/XROS27.0.sdk /Users/admin/builder/spi-builder-workspace/.derivedData/SDKStatCaches.noindex/xros27.0-24M361-e829b21a6f8c9b70876ba0858053c044735bd543db762f57723cac368afd1ce4.sdkstatcache
    cd /Users/admin/builder/spi-builder-workspace/.swiftpm/xcode
    /Applications/Xcode-27.0.0-Release.Candidate.app/Contents/Developer/Toolchains/XcodeDefault.xctoolchain/usr/bin/clang-stat-cache /Applications/Xcode-27.0.0-Release.Candidate.app/Contents/Developer/Platforms/XROS.platform/Developer/SDKs/XROS27.0.sdk -o /Users/admin/builder/spi-builder-workspace/.derivedData/SDKStatCaches.noindex/xros27.0-24M361-e829b21a6f8c9b70876ba0858053c044735bd543db762f57723cac368afd1ce4.sdkstatcache
CreateBuildDirectory /Users/admin/builder/spi-builder-workspace/.derivedData/Build/Intermediates.noindex/SwiftExplicitPrecompiledModules
    cd /Users/admin/builder/spi-builder-workspace/.swiftpm/xcode
    builtin-create-build-directory /Users/admin/builder/spi-builder-workspace/.derivedData/Build/Intermediates.noindex/SwiftExplicitPrecompiledModules
CreateBuildDirectory /Users/admin/builder/spi-builder-workspace/.derivedData/Build/Intermediates.noindex/PrecompiledHeaders
    cd /Users/admin/builder/spi-builder-workspace/.swiftpm/xcode
    builtin-create-build-directory /Users/admin/builder/spi-builder-workspace/.derivedData/Build/Intermediates.noindex/PrecompiledHeaders
CreateBuildDirectory /Users/admin/builder/spi-builder-workspace/.derivedData/Build/Intermediates.noindex/ExplicitPrecompiledModules
    cd /Users/admin/builder/spi-builder-workspace/.swiftpm/xcode
    builtin-create-build-directory /Users/admin/builder/spi-builder-workspace/.derivedData/Build/Intermediates.noindex/ExplicitPrecompiledModules
CreateBuildDirectory /Users/admin/builder/spi-builder-workspace/.derivedData/Build/Intermediates.noindex/EagerLinkingTBDs/Debug-xros
    cd /Users/admin/builder/spi-builder-workspace/.swiftpm/xcode
    builtin-create-build-directory /Users/admin/builder/spi-builder-workspace/.derivedData/Build/Intermediates.noindex/EagerLinkingTBDs/Debug-xros
CreateBuildDirectory /Users/admin/builder/spi-builder-workspace/.derivedData/Build/Products/Debug-xros
    cd /Users/admin/builder/spi-builder-workspace/.swiftpm/xcode
    builtin-create-build-directory /Users/admin/builder/spi-builder-workspace/.derivedData/Build/Products/Debug-xros
CreateBuildDirectory /Users/admin/builder/spi-builder-workspace/.derivedData/Build/Products/Debug-xros/PackageFrameworks
    cd /Users/admin/builder/spi-builder-workspace/.swiftpm/xcode
    builtin-create-build-directory /Users/admin/builder/spi-builder-workspace/.derivedData/Build/Products/Debug-xros/PackageFrameworks
WriteAuxiliaryFile /Users/admin/builder/spi-builder-workspace/.derivedData/Build/Intermediates.noindex/Swiftish.build/Debug-xros/Swiftish-t.build/Swiftish.modulemap (in target 'Swiftish' from project 'Swiftish')
    cd /Users/admin/builder/spi-builder-workspace
    write-file /Users/admin/builder/spi-builder-workspace/.derivedData/Build/Intermediates.noindex/Swiftish.build/Debug-xros/Swiftish-t.build/Swiftish.modulemap
WriteAuxiliaryFile /Users/admin/builder/spi-builder-workspace/.derivedData/Build/Intermediates.noindex/Swiftish.build/Debug-xros/Swiftish-t.build/Swiftish.DependencyMetadataFileList (in target 'Swiftish' from project 'Swiftish')
    cd /Users/admin/builder/spi-builder-workspace
    write-file /Users/admin/builder/spi-builder-workspace/.derivedData/Build/Intermediates.noindex/Swiftish.build/Debug-xros/Swiftish-t.build/Swiftish.DependencyMetadataFileList
WriteAuxiliaryFile /Users/admin/builder/spi-builder-workspace/.derivedData/Build/Intermediates.noindex/Swiftish.build/Debug-xros/Swiftish-t.build/Swiftish.DependencyStaticMetadataFileList (in target 'Swiftish' from project 'Swiftish')
    cd /Users/admin/builder/spi-builder-workspace
    write-file /Users/admin/builder/spi-builder-workspace/.derivedData/Build/Intermediates.noindex/Swiftish.build/Debug-xros/Swiftish-t.build/Swiftish.DependencyStaticMetadataFileList
WriteAuxiliaryFile /Users/admin/builder/spi-builder-workspace/.derivedData/Build/Intermediates.noindex/Swiftish.build/Debug-xros/Swiftish-t.build/Objects-normal/arm64/Swiftish.SwiftConstValuesFileList (in target 'Swiftish' from project 'Swiftish')
    cd /Users/admin/builder/spi-builder-workspace
    write-file /Users/admin/builder/spi-builder-workspace/.derivedData/Build/Intermediates.noindex/Swiftish.build/Debug-xros/Swiftish-t.build/Objects-normal/arm64/Swiftish.SwiftConstValuesFileList
WriteAuxiliaryFile /Users/admin/builder/spi-builder-workspace/.derivedData/Build/Intermediates.noindex/Swiftish.build/Debug-xros/Swiftish-t.build/Objects-normal/arm64/Swiftish-OutputFileMap.json (in target 'Swiftish' from project 'Swiftish')
    cd /Users/admin/builder/spi-builder-workspace
    write-file /Users/admin/builder/spi-builder-workspace/.derivedData/Build/Intermediates.noindex/Swiftish.build/Debug-xros/Swiftish-t.build/Objects-normal/arm64/Swiftish-OutputFileMap.json
WriteAuxiliaryFile /Users/admin/builder/spi-builder-workspace/.derivedData/Build/Intermediates.noindex/Swiftish.build/Debug-xros/Swiftish-t.build/Objects-normal/arm64/Swiftish_const_extract_protocols.json (in target 'Swiftish' from project 'Swiftish')
    cd /Users/admin/builder/spi-builder-workspace
    write-file /Users/admin/builder/spi-builder-workspace/.derivedData/Build/Intermediates.noindex/Swiftish.build/Debug-xros/Swiftish-t.build/Objects-normal/arm64/Swiftish_const_extract_protocols.json
WriteAuxiliaryFile /Users/admin/builder/spi-builder-workspace/.derivedData/Build/Intermediates.noindex/Swiftish.build/Debug-xros/Swiftish-t.build/Objects-normal/arm64/Swiftish.LinkFileList (in target 'Swiftish' from project 'Swiftish')
    cd /Users/admin/builder/spi-builder-workspace
    write-file /Users/admin/builder/spi-builder-workspace/.derivedData/Build/Intermediates.noindex/Swiftish.build/Debug-xros/Swiftish-t.build/Objects-normal/arm64/Swiftish.LinkFileList
WriteAuxiliaryFile /Users/admin/builder/spi-builder-workspace/.derivedData/Build/Intermediates.noindex/Swiftish.build/Debug-xros/Swiftish-t.build/Objects-normal/arm64/Swiftish.SwiftFileList (in target 'Swiftish' from project 'Swiftish')
    cd /Users/admin/builder/spi-builder-workspace
    write-file /Users/admin/builder/spi-builder-workspace/.derivedData/Build/Intermediates.noindex/Swiftish.build/Debug-xros/Swiftish-t.build/Objects-normal/arm64/Swiftish.SwiftFileList
Copy /Users/admin/builder/spi-builder-workspace/.derivedData/Build/Intermediates.noindex/GeneratedModuleMaps-xros/Swiftish.modulemap /Users/admin/builder/spi-builder-workspace/.derivedData/Build/Intermediates.noindex/Swiftish.build/Debug-xros/Swiftish-t.build/Swiftish.modulemap (in target 'Swiftish' from project 'Swiftish')
    cd /Users/admin/builder/spi-builder-workspace
    builtin-copy -exclude .DS_Store -exclude CVS -exclude .svn -exclude .git -exclude .hg -resolve-src-symlinks /Users/admin/builder/spi-builder-workspace/.derivedData/Build/Intermediates.noindex/Swiftish.build/Debug-xros/Swiftish-t.build/Swiftish.modulemap /Users/admin/builder/spi-builder-workspace/.derivedData/Build/Intermediates.noindex/GeneratedModuleMaps-xros
SwiftDriver Swiftish normal arm64 com.apple.xcode.tools.swift.compiler (in target 'Swiftish' from project 'Swiftish')
    cd /Users/admin/builder/spi-builder-workspace/.swiftpm/xcode
    builtin-SwiftDriver -- /Applications/Xcode-27.0.0-Release.Candidate.app/Contents/Developer/Toolchains/XcodeDefault.xctoolchain/usr/bin/swiftc -parse-as-library -module-name Swiftish -Onone @/Users/admin/builder/spi-builder-workspace/.derivedData/Build/Intermediates.noindex/Swiftish.build/Debug-xros/Swiftish-t.build/Objects-normal/arm64/Swiftish.SwiftFileList -DSWIFT_PACKAGE -DDEBUG -DSWIFT_MODULE_RESOURCE_BUNDLE_UNAVAILABLE -DXcode -plugin-path /Applications/Xcode-27.0.0-Release.Candidate.app/Contents/Developer/Toolchains/XcodeDefault.xctoolchain/usr/lib/swift/host/plugins/testing -enable-experimental-feature DebugDescriptionMacro -sdk /Applications/Xcode-27.0.0-Release.Candidate.app/Contents/Developer/Platforms/XROS.platform/Developer/SDKs/XROS27.0.sdk -target arm64-apple-xros1.0 -g -module-cache-path /Users/admin/builder/spi-builder-workspace/.derivedData/ModuleCache.noindex -Xfrontend -serialize-debugging-options -profile-coverage-mapping -profile-generate -enable-testing -index-store-path /Users/admin/builder/spi-builder-workspace/.derivedData/Index.noindex/DataStore -Xcc -D_LIBCPP_HARDENING_MODE\=_LIBCPP_HARDENING_MODE_DEBUG -swift-version 4 -I /Users/admin/builder/spi-builder-workspace/.derivedData/Build/Products/Debug-xros -Isystem /Applications/Xcode-27.0.0-Release.Candidate.app/Contents/Developer/Platforms/XROS.platform/Developer/usr/lib -F /Users/admin/builder/spi-builder-workspace/.derivedData/Build/Products/Debug-xros -F /Applications/Xcode-27.0.0-Release.Candidate.app/Contents/Developer/Platforms/XROS.platform/Developer/Library/Frameworks -F /Applications/Xcode-27.0.0-Release.Candidate.app/Contents/Developer/Platforms/XROS.platform/Developer/SDKs/XROS27.0.sdk/Developer/Library/Frameworks -c -j10 -enable-batch-mode -incremental -Xcc -ivfsstatcache -Xcc /Users/admin/builder/spi-builder-workspace/.derivedData/SDKStatCaches.noindex/xros27.0-24M361-e829b21a6f8c9b70876ba0858053c044735bd543db762f57723cac368afd1ce4.sdkstatcache -output-file-map /Users/admin/builder/spi-builder-workspace/.derivedData/Build/Intermediates.noindex/Swiftish.build/Debug-xros/Swiftish-t.build/Objects-normal/arm64/Swiftish-OutputFileMap.json -save-temps -no-color-diagnostics -emit-dependencies -emit-module -emit-module-path /Users/admin/builder/spi-builder-workspace/.derivedData/Build/Intermediates.noindex/Swiftish.build/Debug-xros/Swiftish-t.build/Objects-normal/arm64/Swiftish.swiftmodule -serialize-diagnostics -validate-clang-modules-once -clang-build-session-file /Users/admin/builder/spi-builder-workspace/.derivedData/ModuleCache.noindex/Session.modulevalidation -Xcc -fmodules-prune-interval\=86400 -Xcc -fmodules-prune-after\=345600 -emit-const-values -const-gather-protocols-list /Users/admin/builder/spi-builder-workspace/.derivedData/Build/Intermediates.noindex/Swiftish.build/Debug-xros/Swiftish-t.build/Objects-normal/arm64/Swiftish_const_extract_protocols.json -Xcc -I/Users/admin/builder/spi-builder-workspace/.derivedData/Build/Products/Debug-xros/include -Xcc -I/Users/admin/builder/spi-builder-workspace/.derivedData/Build/Intermediates.noindex/Swiftish.build/Debug-xros/Swiftish-t.build/DerivedSources-normal/arm64 -Xcc -I/Users/admin/builder/spi-builder-workspace/.derivedData/Build/Intermediates.noindex/Swiftish.build/Debug-xros/Swiftish-t.build/DerivedSources/arm64 -Xcc -I/Users/admin/builder/spi-builder-workspace/.derivedData/Build/Intermediates.noindex/Swiftish.build/Debug-xros/Swiftish-t.build/DerivedSources -Xcc -DSWIFT_PACKAGE -Xcc -DDEBUG\=1 -emit-objc-header -emit-objc-header-path /Users/admin/builder/spi-builder-workspace/.derivedData/Build/Intermediates.noindex/Swiftish.build/Debug-xros/Swiftish-t.build/Objects-normal/arm64/Swiftish-Swift.h -working-directory /Users/admin/builder/spi-builder-workspace/.swiftpm/xcode -experimental-emit-module-separately -disable-cmo
SwiftCompile normal arm64 Compiling\ Ray3.swift,\ Sphere.swift /Users/admin/builder/spi-builder-workspace/Sources/Swiftish/Ray3.swift /Users/admin/builder/spi-builder-workspace/Sources/Swiftish/Sphere.swift (in target 'Swiftish' from project 'Swiftish')
SwiftCompile normal arm64 /Users/admin/builder/spi-builder-workspace/Sources/Swiftish/Ray3.swift (in target 'Swiftish' from project 'Swiftish')
    cd /Users/admin/builder/spi-builder-workspace/.swiftpm/xcode
    builtin-SwiftPerFileCompile Ray3.swift
SwiftCompile normal arm64 /Users/admin/builder/spi-builder-workspace/Sources/Swiftish/Sphere.swift (in target 'Swiftish' from project 'Swiftish')
    cd /Users/admin/builder/spi-builder-workspace/.swiftpm/xcode
    builtin-SwiftPerFileCompile Sphere.swift
/Users/admin/builder/spi-builder-workspace/Sources/Swiftish/Ray3.swift:38:33: warning: generic parameter 'T' shadows generic parameter from outer scope with the same name; this is an error in the Swift 6 language mode
 23 |  */
 24 |
 25 | public struct Ray3<T: Vectorable> : Hashable, CustomStringConvertible {
    |                    `- note: 'T' previously declared here
 26 |     public var origin: Vector3<T>
 27 |     public var direction: Vector3<T>
    :
 36 |     }
 37 |
 38 |     public static func distance<T>(_ r: Ray3<T>, _ t: Triangle3<T>) -> T {
    |                                 `- warning: generic parameter 'T' shadows generic parameter from outer scope with the same name; this is an error in the Swift 6 language mode
 39 |         let n = t.normal
 40 |         let qp = -r.direction
SwiftCompile normal arm64 Compiling\ IntVector4.swift,\ Matrix2x2.swift,\ Matrix3x3.swift /Users/admin/builder/spi-builder-workspace/Sources/Swiftish/IntVector4.swift /Users/admin/builder/spi-builder-workspace/Sources/Swiftish/Matrix2x2.swift /Users/admin/builder/spi-builder-workspace/Sources/Swiftish/Matrix3x3.swift (in target 'Swiftish' from project 'Swiftish')
SwiftCompile normal arm64 /Users/admin/builder/spi-builder-workspace/Sources/Swiftish/IntVector4.swift (in target 'Swiftish' from project 'Swiftish')
    cd /Users/admin/builder/spi-builder-workspace/.swiftpm/xcode
    builtin-SwiftPerFileCompile IntVector4.swift
SwiftCompile normal arm64 /Users/admin/builder/spi-builder-workspace/Sources/Swiftish/Matrix2x2.swift (in target 'Swiftish' from project 'Swiftish')
    cd /Users/admin/builder/spi-builder-workspace/.swiftpm/xcode
    builtin-SwiftPerFileCompile Matrix2x2.swift
SwiftCompile normal arm64 /Users/admin/builder/spi-builder-workspace/Sources/Swiftish/Matrix3x3.swift (in target 'Swiftish' from project 'Swiftish')
    cd /Users/admin/builder/spi-builder-workspace/.swiftpm/xcode
    builtin-SwiftPerFileCompile Matrix3x3.swift
SwiftCompile normal arm64 Compiling\ Matrix4x4.swift,\ PerspectiveProjection.swift /Users/admin/builder/spi-builder-workspace/Sources/Swiftish/Matrix4x4.swift /Users/admin/builder/spi-builder-workspace/Sources/Swiftish/PerspectiveProjection.swift (in target 'Swiftish' from project 'Swiftish')
SwiftCompile normal arm64 /Users/admin/builder/spi-builder-workspace/Sources/Swiftish/Matrix4x4.swift (in target 'Swiftish' from project 'Swiftish')
    cd /Users/admin/builder/spi-builder-workspace/.swiftpm/xcode
    builtin-SwiftPerFileCompile Matrix4x4.swift
SwiftCompile normal arm64 /Users/admin/builder/spi-builder-workspace/Sources/Swiftish/PerspectiveProjection.swift (in target 'Swiftish' from project 'Swiftish')
    cd /Users/admin/builder/spi-builder-workspace/.swiftpm/xcode
    builtin-SwiftPerFileCompile PerspectiveProjection.swift
SwiftCompile normal arm64 Compiling\ Bounds2.swift,\ Bounds3.swift,\ Circle.swift /Users/admin/builder/spi-builder-workspace/Sources/Swiftish/Bounds2.swift /Users/admin/builder/spi-builder-workspace/Sources/Swiftish/Bounds3.swift /Users/admin/builder/spi-builder-workspace/Sources/Swiftish/Circle.swift (in target 'Swiftish' from project 'Swiftish')
SwiftCompile normal arm64 /Users/admin/builder/spi-builder-workspace/Sources/Swiftish/Bounds2.swift (in target 'Swiftish' from project 'Swiftish')
    cd /Users/admin/builder/spi-builder-workspace/.swiftpm/xcode
    builtin-SwiftPerFileCompile Bounds2.swift
SwiftCompile normal arm64 /Users/admin/builder/spi-builder-workspace/Sources/Swiftish/Bounds3.swift (in target 'Swiftish' from project 'Swiftish')
    cd /Users/admin/builder/spi-builder-workspace/.swiftpm/xcode
    builtin-SwiftPerFileCompile Bounds3.swift
SwiftCompile normal arm64 /Users/admin/builder/spi-builder-workspace/Sources/Swiftish/Circle.swift (in target 'Swiftish' from project 'Swiftish')
    cd /Users/admin/builder/spi-builder-workspace/.swiftpm/xcode
    builtin-SwiftPerFileCompile Circle.swift
SwiftCompile normal arm64 Compiling\ Frustum.swift,\ IntVector2.swift,\ IntVector3.swift /Users/admin/builder/spi-builder-workspace/Sources/Swiftish/Frustum.swift /Users/admin/builder/spi-builder-workspace/Sources/Swiftish/IntVector2.swift /Users/admin/builder/spi-builder-workspace/Sources/Swiftish/IntVector3.swift (in target 'Swiftish' from project 'Swiftish')
SwiftCompile normal arm64 /Users/admin/builder/spi-builder-workspace/Sources/Swiftish/Frustum.swift (in target 'Swiftish' from project 'Swiftish')
    cd /Users/admin/builder/spi-builder-workspace/.swiftpm/xcode
    builtin-SwiftPerFileCompile Frustum.swift
SwiftCompile normal arm64 /Users/admin/builder/spi-builder-workspace/Sources/Swiftish/IntVector2.swift (in target 'Swiftish' from project 'Swiftish')
    cd /Users/admin/builder/spi-builder-workspace/.swiftpm/xcode
    builtin-SwiftPerFileCompile IntVector2.swift
SwiftCompile normal arm64 /Users/admin/builder/spi-builder-workspace/Sources/Swiftish/IntVector3.swift (in target 'Swiftish' from project 'Swiftish')
    cd /Users/admin/builder/spi-builder-workspace/.swiftpm/xcode
    builtin-SwiftPerFileCompile IntVector3.swift
SwiftCompile normal arm64 Compiling\ Transform3.swift,\ Triangle2.swift /Users/admin/builder/spi-builder-workspace/Sources/Swiftish/Transform3.swift /Users/admin/builder/spi-builder-workspace/Sources/Swiftish/Triangle2.swift (in target 'Swiftish' from project 'Swiftish')
SwiftCompile normal arm64 /Users/admin/builder/spi-builder-workspace/Sources/Swiftish/Transform3.swift (in target 'Swiftish' from project 'Swiftish')
    cd /Users/admin/builder/spi-builder-workspace/.swiftpm/xcode
    builtin-SwiftPerFileCompile Transform3.swift
SwiftCompile normal arm64 /Users/admin/builder/spi-builder-workspace/Sources/Swiftish/Triangle2.swift (in target 'Swiftish' from project 'Swiftish')
    cd /Users/admin/builder/spi-builder-workspace/.swiftpm/xcode
    builtin-SwiftPerFileCompile Triangle2.swift
SwiftCompile normal arm64 Compiling\ Vector2.swift,\ Vector3.swift /Users/admin/builder/spi-builder-workspace/Sources/Swiftish/Vector2.swift /Users/admin/builder/spi-builder-workspace/Sources/Swiftish/Vector3.swift (in target 'Swiftish' from project 'Swiftish')
SwiftCompile normal arm64 /Users/admin/builder/spi-builder-workspace/Sources/Swiftish/Vector2.swift (in target 'Swiftish' from project 'Swiftish')
    cd /Users/admin/builder/spi-builder-workspace/.swiftpm/xcode
    builtin-SwiftPerFileCompile Vector2.swift
SwiftCompile normal arm64 /Users/admin/builder/spi-builder-workspace/Sources/Swiftish/Vector3.swift (in target 'Swiftish' from project 'Swiftish')
    cd /Users/admin/builder/spi-builder-workspace/.swiftpm/xcode
    builtin-SwiftPerFileCompile Vector3.swift
SwiftCompile normal arm64 Compiling\ Vector4.swift,\ Vectorable.swift /Users/admin/builder/spi-builder-workspace/Sources/Swiftish/Vector4.swift /Users/admin/builder/spi-builder-workspace/Sources/Swiftish/Vectorable.swift (in target 'Swiftish' from project 'Swiftish')
SwiftCompile normal arm64 /Users/admin/builder/spi-builder-workspace/Sources/Swiftish/Vector4.swift (in target 'Swiftish' from project 'Swiftish')
    cd /Users/admin/builder/spi-builder-workspace/.swiftpm/xcode
    builtin-SwiftPerFileCompile Vector4.swift
SwiftCompile normal arm64 /Users/admin/builder/spi-builder-workspace/Sources/Swiftish/Vectorable.swift (in target 'Swiftish' from project 'Swiftish')
    cd /Users/admin/builder/spi-builder-workspace/.swiftpm/xcode
    builtin-SwiftPerFileCompile Vectorable.swift
SwiftEmitModule normal arm64 Emitting\ module\ for\ Swiftish (in target 'Swiftish' from project 'Swiftish')
/Users/admin/builder/spi-builder-workspace/Sources/Swiftish/Bounds3.swift:206:34: warning: generic parameter 'T' shadows generic parameter from outer scope with the same name; this is an error in the Swift 6 language mode
 23 |  */
 24 |
 25 | public struct Bounds3<T: Vectorable> : Hashable {
    |                       `- note: 'T' previously declared here
 26 |     public var center: Vector3<T>
 27 |     public var extents: Vector3<T>
    :
204 |     }
205 |
206 |     public static func distance2<T>(_ point: Vector3<T>, _ bounds: Bounds3<T>) -> T {
    |                                  `- warning: generic parameter 'T' shadows generic parameter from outer scope with the same name; this is an error in the Swift 6 language mode
207 |         var distanceSquared: T = 0
208 |         let minimum = bounds.minimum
/Users/admin/builder/spi-builder-workspace/Sources/Swiftish/Quaternion.swift:308:34: warning: generic parameter 'T' shadows generic parameter from outer scope with the same name; this is an error in the Swift 6 language mode
 23 |  */
 24 |
 25 | public struct Quaternion<T: Vectorable> : Hashable, CustomStringConvertible {
    |                          `- note: 'T' previously declared here
 26 |     public var w: T
 27 |     public var xyz: Vector3<T>
    :
306 |     // MARK: Conjugate
307 |
308 |     public static func conjugate<T>(_ q: Quaternion<T>) -> Quaternion<T> {
    |                                  `- warning: generic parameter 'T' shadows generic parameter from outer scope with the same name; this is an error in the Swift 6 language mode
309 |         return Quaternion<T>(q.w, -q.xyz)
310 |     }
/Users/admin/builder/spi-builder-workspace/Sources/Swiftish/Quaternion.swift:314:28: warning: generic parameter 'T' shadows generic parameter from outer scope with the same name; this is an error in the Swift 6 language mode
 23 |  */
 24 |
 25 | public struct Quaternion<T: Vectorable> : Hashable, CustomStringConvertible {
    |                          `- note: 'T' previously declared here
 26 |     public var w: T
 27 |     public var xyz: Vector3<T>
    :
312 |     // MARK: Geometric
313 |
314 |     public static func dot<T>(_ a: Quaternion<T>, _ b: Quaternion<T>) -> T {
    |                            `- warning: generic parameter 'T' shadows generic parameter from outer scope with the same name; this is an error in the Swift 6 language mode
315 |         return a.w * b.w + Vector3<T>.dot(a.xyz, b.xyz)
316 |     }
/Users/admin/builder/spi-builder-workspace/Sources/Swiftish/Quaternion.swift:318:32: warning: generic parameter 'T' shadows generic parameter from outer scope with the same name; this is an error in the Swift 6 language mode
 23 |  */
 24 |
 25 | public struct Quaternion<T: Vectorable> : Hashable, CustomStringConvertible {
    |                          `- note: 'T' previously declared here
 26 |     public var w: T
 27 |     public var xyz: Vector3<T>
    :
316 |     }
317 |
318 |     public static func length2<T>(_ q: Quaternion<T>) -> T {
    |                                `- warning: generic parameter 'T' shadows generic parameter from outer scope with the same name; this is an error in the Swift 6 language mode
319 |         return q.w * q.w + Vector3<T>.sum(q.xyz * q.xyz)
320 |     }
/Users/admin/builder/spi-builder-workspace/Sources/Swiftish/Quaternion.swift:322:31: warning: generic parameter 'T' shadows generic parameter from outer scope with the same name; this is an error in the Swift 6 language mode
 23 |  */
 24 |
 25 | public struct Quaternion<T: Vectorable> : Hashable, CustomStringConvertible {
    |                          `- note: 'T' previously declared here
 26 |     public var w: T
 27 |     public var xyz: Vector3<T>
    :
320 |     }
321 |
322 |     public static func length<T>(_ q: Quaternion<T>) -> T {
    |                               `- warning: generic parameter 'T' shadows generic parameter from outer scope with the same name; this is an error in the Swift 6 language mode
323 |         return length2(q).squareRoot()
324 |     }
/Users/admin/builder/spi-builder-workspace/Sources/Swiftish/Quaternion.swift:326:34: warning: generic parameter 'T' shadows generic parameter from outer scope with the same name; this is an error in the Swift 6 language mode
 23 |  */
 24 |
 25 | public struct Quaternion<T: Vectorable> : Hashable, CustomStringConvertible {
    |                          `- note: 'T' previously declared here
 26 |     public var w: T
 27 |     public var xyz: Vector3<T>
    :
324 |     }
325 |
326 |     public static func normalize<T>(_ q: Quaternion<T>) -> Quaternion<T> {
    |                                  `- warning: generic parameter 'T' shadows generic parameter from outer scope with the same name; this is an error in the Swift 6 language mode
327 |         return q * (1 / length(q))
328 |     }
/Users/admin/builder/spi-builder-workspace/Sources/Swiftish/Quaternion.swift:332:32: warning: generic parameter 'T' shadows generic parameter from outer scope with the same name; this is an error in the Swift 6 language mode
 23 |  */
 24 |
 25 | public struct Quaternion<T: Vectorable> : Hashable, CustomStringConvertible {
    |                          `- note: 'T' previously declared here
 26 |     public var w: T
 27 |     public var xyz: Vector3<T>
    :
330 |     // MARK: - Inverse
331 |
332 |     public static func inverse<T>(_ q: Quaternion<T>) -> Quaternion<T> {
    |                                `- warning: generic parameter 'T' shadows generic parameter from outer scope with the same name; this is an error in the Swift 6 language mode
333 |         return Quaternion<T>.conjugate(q) / dot(q, q)
334 |     }
/Users/admin/builder/spi-builder-workspace/Sources/Swiftish/Ray3.swift:38:33: warning: generic parameter 'T' shadows generic parameter from outer scope with the same name; this is an error in the Swift 6 language mode
 23 |  */
 24 |
 25 | public struct Ray3<T: Vectorable> : Hashable, CustomStringConvertible {
    |                    `- note: 'T' previously declared here
 26 |     public var origin: Vector3<T>
 27 |     public var direction: Vector3<T>
    :
 36 |     }
 37 |
 38 |     public static func distance<T>(_ r: Ray3<T>, _ t: Triangle3<T>) -> T {
    |                                 `- warning: generic parameter 'T' shadows generic parameter from outer scope with the same name; this is an error in the Swift 6 language mode
 39 |         let n = t.normal
 40 |         let qp = -r.direction
/Users/admin/builder/spi-builder-workspace/Sources/Swiftish/Sphere.swift:56:30: warning: generic parameter 'T' shadows generic parameter from outer scope with the same name; this is an error in the Swift 6 language mode
23 |  */
24 |
25 | public struct Sphere<T: Vectorable> : Hashable, CustomStringConvertible {
   |                      `- note: 'T' previously declared here
26 |     public let center: Vector3<T>
27 |     public let radius: T
   :
54 |     }
55 |
56 |     public static func union<T>(_ a: Sphere<T>, _ b: Sphere<T>) -> Sphere<T> {
   |                              `- warning: generic parameter 'T' shadows generic parameter from outer scope with the same name; this is an error in the Swift 6 language mode
57 |         let midpoint = (a.center + b.center) / 2
58 |         let largestRadius = Vector3<T>.distance(midpoint, a.center) + max(a.radius, b.radius)
/Users/admin/builder/spi-builder-workspace/Sources/Swiftish/Trigonometry.swift:60:16: error: cannot find 'Darwin' in scope
 58 |         return Glibc.cosf(radians)
 59 |         #else
 60 |         return Darwin.cosf(radians)
    |                `- error: cannot find 'Darwin' in scope
 61 |         #endif
 62 |     }
/Users/admin/builder/spi-builder-workspace/Sources/Swiftish/Trigonometry.swift:69:16: error: cannot find 'Darwin' in scope
 67 |         return Glibc.sinf(radians)
 68 |         #else
 69 |         return Darwin.sinf(radians)
    |                `- error: cannot find 'Darwin' in scope
 70 |         #endif
 71 |     }
/Users/admin/builder/spi-builder-workspace/Sources/Swiftish/Trigonometry.swift:78:16: error: cannot find 'Darwin' in scope
 76 |         return Glibc.tanf(radians)
 77 |         #else
 78 |         return Darwin.tanf(radians)
    |                `- error: cannot find 'Darwin' in scope
 79 |         #endif
 80 |     }
/Users/admin/builder/spi-builder-workspace/Sources/Swiftish/Trigonometry.swift:87:16: error: cannot find 'Darwin' in scope
 85 |         return Glibc.acosf(radians)
 86 |         #else
 87 |         return Darwin.acosf(radians)
    |                `- error: cannot find 'Darwin' in scope
 88 |         #endif
 89 |     }
/Users/admin/builder/spi-builder-workspace/Sources/Swiftish/Trigonometry.swift:96:16: error: cannot find 'Darwin' in scope
 94 |         return Glibc.asinf(radians)
 95 |         #else
 96 |         return Darwin.asinf(radians)
    |                `- error: cannot find 'Darwin' in scope
 97 |         #endif
 98 |     }
/Users/admin/builder/spi-builder-workspace/Sources/Swiftish/Trigonometry.swift:105:16: error: cannot find 'Darwin' in scope
103 |         return Glibc.atanf(radians)
104 |         #else
105 |         return Darwin.atanf(radians)
    |                `- error: cannot find 'Darwin' in scope
106 |         #endif
107 |     }
/Users/admin/builder/spi-builder-workspace/Sources/Swiftish/Trigonometry.swift:114:16: error: cannot find 'Darwin' in scope
112 |         return Glibc.atan2(yRadians, xRadians)
113 |         #else
114 |         return Darwin.atan2(yRadians, xRadians)
    |                `- error: cannot find 'Darwin' in scope
115 |         #endif
116 |     }
/Users/admin/builder/spi-builder-workspace/Sources/Swiftish/Trigonometry.swift:133:16: error: cannot find 'Darwin' in scope
131 |         return Glibc.cos(radians)
132 |         #else
133 |         return Darwin.cos(radians)
    |                `- error: cannot find 'Darwin' in scope
134 |         #endif
135 |     }
/Users/admin/builder/spi-builder-workspace/Sources/Swiftish/Trigonometry.swift:142:16: error: cannot find 'Darwin' in scope
140 |         return Glibc.sin(radians)
141 |         #else
142 |         return Darwin.sin(radians)
    |                `- error: cannot find 'Darwin' in scope
143 |         #endif
144 |     }
/Users/admin/builder/spi-builder-workspace/Sources/Swiftish/Trigonometry.swift:151:16: error: cannot find 'Darwin' in scope
149 |         return Glibc.tan(radians)
150 |         #else
151 |         return Darwin.tan(radians)
    |                `- error: cannot find 'Darwin' in scope
152 |         #endif
153 |     }
/Users/admin/builder/spi-builder-workspace/Sources/Swiftish/Trigonometry.swift:160:16: error: cannot find 'Darwin' in scope
158 |         return Glibc.acos(radians)
159 |         #else
160 |         return Darwin.acos(radians)
    |                `- error: cannot find 'Darwin' in scope
161 |         #endif
162 |     }
/Users/admin/builder/spi-builder-workspace/Sources/Swiftish/Trigonometry.swift:169:16: error: cannot find 'Darwin' in scope
167 |         return Glibc.asin(radians)
168 |         #else
169 |         return Darwin.asin(radians)
    |                `- error: cannot find 'Darwin' in scope
170 |         #endif
171 |     }
/Users/admin/builder/spi-builder-workspace/Sources/Swiftish/Trigonometry.swift:178:16: error: cannot find 'Darwin' in scope
176 |         return Glibc.atan(radians)
177 |         #else
178 |         return Darwin.atan(radians)
    |                `- error: cannot find 'Darwin' in scope
179 |         #endif
180 |     }
/Users/admin/builder/spi-builder-workspace/Sources/Swiftish/Trigonometry.swift:187:16: error: cannot find 'Darwin' in scope
185 |         return Glibc.atan2(yRadians, xRadians)
186 |         #else
187 |         return Darwin.atan2(yRadians, xRadians)
    |                `- error: cannot find 'Darwin' in scope
188 |         #endif
189 |     }
Failed frontend command:
/Applications/Xcode-27.0.0-Release.Candidate.app/Contents/Developer/Toolchains/XcodeDefault.xctoolchain/usr/bin/swift-frontend -frontend -emit-module -experimental-skip-non-inlinable-function-bodies-without-types /Users/admin/builder/spi-builder-workspace/Sources/Swiftish/Bounds2.swift /Users/admin/builder/spi-builder-workspace/Sources/Swiftish/Bounds3.swift /Users/admin/builder/spi-builder-workspace/Sources/Swiftish/Circle.swift /Users/admin/builder/spi-builder-workspace/Sources/Swiftish/Frustum.swift /Users/admin/builder/spi-builder-workspace/Sources/Swiftish/IntVector2.swift /Users/admin/builder/spi-builder-workspace/Sources/Swiftish/IntVector3.swift /Users/admin/builder/spi-builder-workspace/Sources/Swiftish/IntVector4.swift /Users/admin/builder/spi-builder-workspace/Sources/Swiftish/Matrix2x2.swift /Users/admin/builder/spi-builder-workspace/Sources/Swiftish/Matrix3x3.swift /Users/admin/builder/spi-builder-workspace/Sources/Swiftish/Matrix4x4.swift /Users/admin/builder/spi-builder-workspace/Sources/Swiftish/PerspectiveProjection.swift /Users/admin/builder/spi-builder-workspace/Sources/Swiftish/Plane.swift /Users/admin/builder/spi-builder-workspace/Sources/Swiftish/Quaternion.swift /Users/admin/builder/spi-builder-workspace/Sources/Swiftish/Ray3.swift /Users/admin/builder/spi-builder-workspace/Sources/Swiftish/Sphere.swift /Users/admin/builder/spi-builder-workspace/Sources/Swiftish/Transform3.swift /Users/admin/builder/spi-builder-workspace/Sources/Swiftish/Triangle2.swift /Users/admin/builder/spi-builder-workspace/Sources/Swiftish/Triangle3.swift /Users/admin/builder/spi-builder-workspace/Sources/Swiftish/Trigonometry.swift /Users/admin/builder/spi-builder-workspace/Sources/Swiftish/Vector2.swift /Users/admin/builder/spi-builder-workspace/Sources/Swiftish/Vector3.swift /Users/admin/builder/spi-builder-workspace/Sources/Swiftish/Vector4.swift /Users/admin/builder/spi-builder-workspace/Sources/Swiftish/Vectorable.swift -target arm64-apple-xros1.0 -Xllvm -aarch64-use-tbi -enable-objc-interop -stack-check -sdk /Applications/Xcode-27.0.0-Release.Candidate.app/Contents/Developer/Platforms/XROS.platform/Developer/SDKs/XROS27.0.sdk -I /Users/admin/builder/spi-builder-workspace/.derivedData/Build/Products/Debug-xros -Isystem /Applications/Xcode-27.0.0-Release.Candidate.app/Contents/Developer/Platforms/XROS.platform/Developer/usr/lib -F /Users/admin/builder/spi-builder-workspace/.derivedData/Build/Products/Debug-xros -F /Applications/Xcode-27.0.0-Release.Candidate.app/Contents/Developer/Platforms/XROS.platform/Developer/Library/Frameworks -F /Applications/Xcode-27.0.0-Release.Candidate.app/Contents/Developer/Platforms/XROS.platform/Developer/SDKs/XROS27.0.sdk/Developer/Library/Frameworks -module-cache-path /Users/admin/builder/spi-builder-workspace/.derivedData/ModuleCache.noindex -no-color-diagnostics -Xcc -fno-color-diagnostics -enable-testing -g -debug-info-format\=dwarf -dwarf-version\=4 -profile-generate -profile-coverage-mapping -swift-version 4 -Onone -D SWIFT_PACKAGE -D DEBUG -D SWIFT_MODULE_RESOURCE_BUNDLE_UNAVAILABLE -D Xcode -serialize-debugging-options -enable-experimental-feature DebugDescriptionMacro -empty-abi-descriptor -plugin-path /Applications/Xcode-27.0.0-Release.Candidate.app/Contents/Developer/Toolchains/XcodeDefault.xctoolchain/usr/lib/swift/host/plugins/testing -validate-clang-modules-once -clang-build-session-file /Users/admin/builder/spi-builder-workspace/.derivedData/ModuleCache.noindex/Session.modulevalidation -Xcc -working-directory -Xcc /Users/admin/builder/spi-builder-workspace/.swiftpm/xcode -enable-anonymous-context-mangled-names -file-compilation-dir /Users/admin/builder/spi-builder-workspace/.swiftpm/xcode -Xcc -D_LIBCPP_HARDENING_MODE\=_LIBCPP_HARDENING_MODE_DEBUG -Xcc -ivfsstatcache -Xcc /Users/admin/builder/spi-builder-workspace/.derivedData/SDKStatCaches.noindex/xros27.0-24M361-e829b21a6f8c9b70876ba0858053c044735bd543db762f57723cac368afd1ce4.sdkstatcache -Xcc -fmodules-prune-interval\=86400 -Xcc -fmodules-prune-after\=345600 -Xcc -I/Users/admin/builder/spi-builder-workspace/.derivedData/Build/Products/Debug-xros/include -Xcc -I/Users/admin/builder/spi-builder-workspace/.derivedData/Build/Intermediates.noindex/Swiftish.build/Debug-xros/Swiftish-t.build/DerivedSources-normal/arm64 -Xcc -I/Users/admin/builder/spi-builder-workspace/.derivedData/Build/Intermediates.noindex/Swiftish.build/Debug-xros/Swiftish-t.build/DerivedSources/arm64 -Xcc -I/Users/admin/builder/spi-builder-workspace/.derivedData/Build/Intermediates.noindex/Swiftish.build/Debug-xros/Swiftish-t.build/DerivedSources -Xcc -DSWIFT_PACKAGE -Xcc -DDEBUG\=1 -no-auto-bridging-header-chaining -module-name Swiftish -const-gather-protocols-file /Users/admin/builder/spi-builder-workspace/.derivedData/Build/Intermediates.noindex/Swiftish.build/Debug-xros/Swiftish-t.build/Objects-normal/arm64/Swiftish_const_extract_protocols.json -disable-clang-spi -target-sdk-version 27.0 -target-sdk-name xros27.0 -external-plugin-path /Applications/Xcode-27.0.0-Release.Candidate.app/Contents/Developer/Platforms/XROS.platform/Developer/usr/lib/swift/host/plugins\#/Applications/Xcode-27.0.0-Release.Candidate.app/Contents/Developer/Platforms/XROS.platform/Developer/usr/bin/swift-plugin-server -external-plugin-path /Applications/Xcode-27.0.0-Release.Candidate.app/Contents/Developer/Platforms/XROS.platform/Developer/usr/local/lib/swift/host/plugins\#/Applications/Xcode-27.0.0-Release.Candidate.app/Contents/Developer/Platforms/XROS.platform/Developer/usr/bin/swift-plugin-server -in-process-plugin-server-path /Applications/Xcode-27.0.0-Release.Candidate.app/Contents/Developer/Toolchains/XcodeDefault.xctoolchain/usr/lib/swift/host/libSwiftInProcPluginServer.dylib -plugin-path /Applications/Xcode-27.0.0-Release.Candidate.app/Contents/Developer/Toolchains/XcodeDefault.xctoolchain/usr/lib/swift/host/plugins -plugin-path /Applications/Xcode-27.0.0-Release.Candidate.app/Contents/Developer/Toolchains/XcodeDefault.xctoolchain/usr/local/lib/swift/host/plugins -emit-module-doc-path /Users/admin/builder/spi-builder-workspace/.derivedData/Build/Intermediates.noindex/Swiftish.build/Debug-xros/Swiftish-t.build/Objects-normal/arm64/Swiftish.swiftdoc -emit-module-source-info-path /Users/admin/builder/spi-builder-workspace/.derivedData/Build/Intermediates.noindex/Swiftish.build/Debug-xros/Swiftish-t.build/Objects-normal/arm64/Swiftish.swiftsourceinfo -emit-objc-header-path /Users/admin/builder/spi-builder-workspace/.derivedData/Build/Intermediates.noindex/Swiftish.build/Debug-xros/Swiftish-t.build/Objects-normal/arm64/Swiftish-Swift.h -serialize-diagnostics-path /Users/admin/builder/spi-builder-workspace/.derivedData/Build/Intermediates.noindex/Swiftish.build/Debug-xros/Swiftish-t.build/Objects-normal/arm64/Swiftish-primary-emit-module.dia -emit-dependencies-path /Users/admin/builder/spi-builder-workspace/.derivedData/Build/Intermediates.noindex/Swiftish.build/Debug-xros/Swiftish-t.build/Objects-normal/arm64/Swiftish-primary-emit-module.d -parse-as-library -o /Users/admin/builder/spi-builder-workspace/.derivedData/Build/Intermediates.noindex/Swiftish.build/Debug-xros/Swiftish-t.build/Objects-normal/arm64/Swiftish.swiftmodule -emit-abi-descriptor-path /Users/admin/builder/spi-builder-workspace/.derivedData/Build/Intermediates.noindex/Swiftish.build/Debug-xros/Swiftish-t.build/Objects-normal/arm64/Swiftish.abi.json
SwiftCompile normal arm64 (in target 'Swiftish' from project 'Swiftish')
    cd /Users/admin/builder/spi-builder-workspace/.swiftpm/xcode

SwiftCompile normal arm64 Compiling\ Triangle3.swift,\ Trigonometry.swift /Users/admin/builder/spi-builder-workspace/Sources/Swiftish/Triangle3.swift /Users/admin/builder/spi-builder-workspace/Sources/Swiftish/Trigonometry.swift (in target 'Swiftish' from project 'Swiftish')
/Users/admin/builder/spi-builder-workspace/Sources/Swiftish/Trigonometry.swift:60:16: error: cannot find 'Darwin' in scope
 58 |         return Glibc.cosf(radians)
 59 |         #else
 60 |         return Darwin.cosf(radians)
    |                `- error: cannot find 'Darwin' in scope
 61 |         #endif
 62 |     }
/Users/admin/builder/spi-builder-workspace/Sources/Swiftish/Trigonometry.swift:69:16: error: cannot find 'Darwin' in scope
 67 |         return Glibc.sinf(radians)
 68 |         #else
 69 |         return Darwin.sinf(radians)
    |                `- error: cannot find 'Darwin' in scope
 70 |         #endif
 71 |     }
/Users/admin/builder/spi-builder-workspace/Sources/Swiftish/Trigonometry.swift:78:16: error: cannot find 'Darwin' in scope
 76 |         return Glibc.tanf(radians)
 77 |         #else
 78 |         return Darwin.tanf(radians)
    |                `- error: cannot find 'Darwin' in scope
 79 |         #endif
 80 |     }
/Users/admin/builder/spi-builder-workspace/Sources/Swiftish/Trigonometry.swift:87:16: error: cannot find 'Darwin' in scope
 85 |         return Glibc.acosf(radians)
 86 |         #else
 87 |         return Darwin.acosf(radians)
    |                `- error: cannot find 'Darwin' in scope
 88 |         #endif
 89 |     }
/Users/admin/builder/spi-builder-workspace/Sources/Swiftish/Trigonometry.swift:96:16: error: cannot find 'Darwin' in scope
 94 |         return Glibc.asinf(radians)
 95 |         #else
 96 |         return Darwin.asinf(radians)
    |                `- error: cannot find 'Darwin' in scope
 97 |         #endif
 98 |     }
/Users/admin/builder/spi-builder-workspace/Sources/Swiftish/Trigonometry.swift:105:16: error: cannot find 'Darwin' in scope
103 |         return Glibc.atanf(radians)
104 |         #else
105 |         return Darwin.atanf(radians)
    |                `- error: cannot find 'Darwin' in scope
106 |         #endif
107 |     }
/Users/admin/builder/spi-builder-workspace/Sources/Swiftish/Trigonometry.swift:114:16: error: cannot find 'Darwin' in scope
112 |         return Glibc.atan2(yRadians, xRadians)
113 |         #else
114 |         return Darwin.atan2(yRadians, xRadians)
    |                `- error: cannot find 'Darwin' in scope
115 |         #endif
116 |     }
/Users/admin/builder/spi-builder-workspace/Sources/Swiftish/Trigonometry.swift:133:16: error: cannot find 'Darwin' in scope
131 |         return Glibc.cos(radians)
132 |         #else
133 |         return Darwin.cos(radians)
    |                `- error: cannot find 'Darwin' in scope
134 |         #endif
135 |     }
/Users/admin/builder/spi-builder-workspace/Sources/Swiftish/Trigonometry.swift:142:16: error: cannot find 'Darwin' in scope
140 |         return Glibc.sin(radians)
141 |         #else
142 |         return Darwin.sin(radians)
    |                `- error: cannot find 'Darwin' in scope
143 |         #endif
144 |     }
/Users/admin/builder/spi-builder-workspace/Sources/Swiftish/Trigonometry.swift:151:16: error: cannot find 'Darwin' in scope
149 |         return Glibc.tan(radians)
150 |         #else
151 |         return Darwin.tan(radians)
    |                `- error: cannot find 'Darwin' in scope
152 |         #endif
153 |     }
/Users/admin/builder/spi-builder-workspace/Sources/Swiftish/Trigonometry.swift:160:16: error: cannot find 'Darwin' in scope
158 |         return Glibc.acos(radians)
159 |         #else
160 |         return Darwin.acos(radians)
    |                `- error: cannot find 'Darwin' in scope
161 |         #endif
162 |     }
/Users/admin/builder/spi-builder-workspace/Sources/Swiftish/Trigonometry.swift:169:16: error: cannot find 'Darwin' in scope
167 |         return Glibc.asin(radians)
168 |         #else
169 |         return Darwin.asin(radians)
    |                `- error: cannot find 'Darwin' in scope
170 |         #endif
171 |     }
/Users/admin/builder/spi-builder-workspace/Sources/Swiftish/Trigonometry.swift:178:16: error: cannot find 'Darwin' in scope
176 |         return Glibc.atan(radians)
177 |         #else
178 |         return Darwin.atan(radians)
    |                `- error: cannot find 'Darwin' in scope
179 |         #endif
180 |     }
SwiftCompile normal arm64 /Users/admin/builder/spi-builder-workspace/Sources/Swiftish/Triangle3.swift (in target 'Swiftish' from project 'Swiftish')
    cd /Users/admin/builder/spi-builder-workspace/.swiftpm/xcode
    builtin-SwiftPerFileCompile Triangle3.swift
SwiftCompile normal arm64 /Users/admin/builder/spi-builder-workspace/Sources/Swiftish/Trigonometry.swift (in target 'Swiftish' from project 'Swiftish')
    cd /Users/admin/builder/spi-builder-workspace/.swiftpm/xcode
    builtin-SwiftPerFileCompile Trigonometry.swift
SwiftCompile normal arm64 Compiling\ Plane.swift,\ Quaternion.swift /Users/admin/builder/spi-builder-workspace/Sources/Swiftish/Plane.swift /Users/admin/builder/spi-builder-workspace/Sources/Swiftish/Quaternion.swift (in target 'Swiftish' from project 'Swiftish')
SwiftCompile normal arm64 /Users/admin/builder/spi-builder-workspace/Sources/Swiftish/Plane.swift (in target 'Swiftish' from project 'Swiftish')
    cd /Users/admin/builder/spi-builder-workspace/.swiftpm/xcode
    builtin-SwiftPerFileCompile Plane.swift
SwiftCompile normal arm64 /Users/admin/builder/spi-builder-workspace/Sources/Swiftish/Quaternion.swift (in target 'Swiftish' from project 'Swiftish')
    cd /Users/admin/builder/spi-builder-workspace/.swiftpm/xcode
    builtin-SwiftPerFileCompile Quaternion.swift
PruneExplicitPrecompiledModules /Users/admin/builder/spi-builder-workspace/.derivedData/Build/Intermediates.noindex/SwiftExplicitPrecompiledModules
PruneExplicitPrecompiledModules /Users/admin/builder/spi-builder-workspace/.derivedData/SDKExplicitPrecompiledModules
PruneExplicitPrecompiledModules /Users/admin/builder/spi-builder-workspace/.derivedData/Build/Intermediates.noindex/ExplicitPrecompiledModules
2026-09-16 11:16:46.178 xcodebuild[682:4217] [MT] IDERunDestination: Supported platforms for the buildables in the current scheme is empty.
** BUILD FAILED **
The following build commands failed:
	SwiftEmitModule normal arm64 Emitting\ module\ for\ Swiftish (in target 'Swiftish' from project 'Swiftish')
	SwiftCompile normal arm64 (in target 'Swiftish' from project 'Swiftish')
	Building workspace Swiftish with scheme Swiftish
(3 failures)
Command line invocation:
    /Applications/Xcode-27.0.0-Release.Candidate.app/Contents/Developer/usr/bin/xcodebuild -IDEClonedSourcePackagesDirPathOverride=/Users/admin/builder/spi-builder-workspace/.dependencies -resolvePackageDependencies
Resolve Package Graph
Resolved source packages:
  Swiftish: /Users/admin/builder/spi-builder-workspace
resolved source packages: Swiftish
2026-09-16 11:16:50.051 xcodebuild[716:4392] [MT] IDERunDestination: Supported platforms for the buildables in the current scheme is empty.
{
  "dependencies" : [
  ],
  "manifest_display_name" : "Swiftish",
  "name" : "Swiftish",
  "path" : "/Users/admin/builder/spi-builder-workspace",
  "platforms" : [
  ],
  "products" : [
    {
      "name" : "Swiftish",
      "targets" : [
        "Swiftish"
      ],
      "type" : {
        "library" : [
          "automatic"
        ]
      }
    }
  ],
  "targets" : [
    {
      "c99name" : "SwiftishTests",
      "module_type" : "SwiftTarget",
      "name" : "SwiftishTests",
      "path" : "Tests/SwiftishTests",
      "sources" : [
        "Matrix2Tests.swift",
        "Matrix3Tests.swift",
        "Matrix4Tests.swift",
        "Vector2Tests.swift",
        "Vector3Tests.swift",
        "Vector4Tests.swift"
      ],
      "target_dependencies" : [
        "Swiftish"
      ],
      "type" : "test"
    },
    {
      "c99name" : "Swiftish",
      "module_type" : "SwiftTarget",
      "name" : "Swiftish",
      "path" : "Sources/Swiftish",
      "product_memberships" : [
        "Swiftish"
      ],
      "sources" : [
        "Bounds2.swift",
        "Bounds3.swift",
        "Circle.swift",
        "Frustum.swift",
        "IntVector2.swift",
        "IntVector3.swift",
        "IntVector4.swift",
        "Matrix2x2.swift",
        "Matrix3x3.swift",
        "Matrix4x4.swift",
        "PerspectiveProjection.swift",
        "Plane.swift",
        "Quaternion.swift",
        "Ray3.swift",
        "Sphere.swift",
        "Transform3.swift",
        "Triangle2.swift",
        "Triangle3.swift",
        "Trigonometry.swift",
        "Vector2.swift",
        "Vector3.swift",
        "Vector4.swift",
        "Vectorable.swift"
      ],
      "type" : "library"
    }
  ],
  "tools_version" : "4.0"
}
{
  "workspace" : {
    "name" : "Swiftish",
    "schemes" : [
      "Swiftish"
    ]
  }
}
2026-09-16 11:16:51.235 xcodebuild[724:4454] [MT] IDERunDestination: Supported platforms for the buildables in the current scheme is empty.
Running build ...
env DEVELOPER_DIR=/Applications/Xcode-27.0.0-Release.Candidate.app xcrun xcodebuild -IDEClonedSourcePackagesDirPathOverride=$PWD/.dependencies -skipMacroValidation -skipPackagePluginValidation -derivedDataPath $PWD/.derivedData build -scheme Swiftish -destination generic/platform=xrOS
Command line invocation:
    /Applications/Xcode-27.0.0-Release.Candidate.app/Contents/Developer/usr/bin/xcodebuild -IDEClonedSourcePackagesDirPathOverride=/Users/admin/builder/spi-builder-workspace/.dependencies -skipMacroValidation -skipPackagePluginValidation -derivedDataPath /Users/admin/builder/spi-builder-workspace/.derivedData build -scheme Swiftish -destination generic/platform=xrOS
Resolve Package Graph
Resolved source packages:
  Swiftish: /Users/admin/builder/spi-builder-workspace
ComputePackagePrebuildTargetDependencyGraph
Prepare packages
CreateBuildRequest
SendProjectDescription
CreateBuildOperation
ComputeTargetDependencyGraph
note: Building targets in dependency order
note: Target dependency graph (2 targets)
    Target 'Swiftish-product' in project 'Swiftish'
        ➜ Explicit dependency on target 'Swiftish' in project 'Swiftish'
    Target 'Swiftish' in project 'Swiftish' (no dependencies)
GatherProvisioningInputs
CreateBuildDescription
ClangStatCache /Applications/Xcode-27.0.0-Release.Candidate.app/Contents/Developer/Toolchains/XcodeDefault.xctoolchain/usr/bin/clang-stat-cache /Applications/Xcode-27.0.0-Release.Candidate.app/Contents/Developer/Platforms/XROS.platform/Developer/SDKs/XROS27.0.sdk /Users/admin/builder/spi-builder-workspace/.derivedData/SDKStatCaches.noindex/xros27.0-24M361-e829b21a6f8c9b70876ba0858053c044735bd543db762f57723cac368afd1ce4.sdkstatcache
    cd /Users/admin/builder/spi-builder-workspace/.swiftpm/xcode
    /Applications/Xcode-27.0.0-Release.Candidate.app/Contents/Developer/Toolchains/XcodeDefault.xctoolchain/usr/bin/clang-stat-cache /Applications/Xcode-27.0.0-Release.Candidate.app/Contents/Developer/Platforms/XROS.platform/Developer/SDKs/XROS27.0.sdk -o /Users/admin/builder/spi-builder-workspace/.derivedData/SDKStatCaches.noindex/xros27.0-24M361-e829b21a6f8c9b70876ba0858053c044735bd543db762f57723cac368afd1ce4.sdkstatcache
SwiftDriver Swiftish normal arm64 com.apple.xcode.tools.swift.compiler (in target 'Swiftish' from project 'Swiftish')
    cd /Users/admin/builder/spi-builder-workspace/.swiftpm/xcode
    builtin-SwiftDriver -- /Applications/Xcode-27.0.0-Release.Candidate.app/Contents/Developer/Toolchains/XcodeDefault.xctoolchain/usr/bin/swiftc -parse-as-library -module-name Swiftish -Onone @/Users/admin/builder/spi-builder-workspace/.derivedData/Build/Intermediates.noindex/Swiftish.build/Debug-xros/Swiftish-t.build/Objects-normal/arm64/Swiftish.SwiftFileList -DSWIFT_PACKAGE -DDEBUG -DSWIFT_MODULE_RESOURCE_BUNDLE_UNAVAILABLE -DXcode -plugin-path /Applications/Xcode-27.0.0-Release.Candidate.app/Contents/Developer/Toolchains/XcodeDefault.xctoolchain/usr/lib/swift/host/plugins/testing -enable-experimental-feature DebugDescriptionMacro -sdk /Applications/Xcode-27.0.0-Release.Candidate.app/Contents/Developer/Platforms/XROS.platform/Developer/SDKs/XROS27.0.sdk -target arm64-apple-xros1.0 -g -module-cache-path /Users/admin/builder/spi-builder-workspace/.derivedData/ModuleCache.noindex -Xfrontend -serialize-debugging-options -profile-coverage-mapping -profile-generate -enable-testing -index-store-path /Users/admin/builder/spi-builder-workspace/.derivedData/Index.noindex/DataStore -Xcc -D_LIBCPP_HARDENING_MODE\=_LIBCPP_HARDENING_MODE_DEBUG -swift-version 4 -I /Users/admin/builder/spi-builder-workspace/.derivedData/Build/Products/Debug-xros -Isystem /Applications/Xcode-27.0.0-Release.Candidate.app/Contents/Developer/Platforms/XROS.platform/Developer/usr/lib -F /Users/admin/builder/spi-builder-workspace/.derivedData/Build/Products/Debug-xros -F /Applications/Xcode-27.0.0-Release.Candidate.app/Contents/Developer/Platforms/XROS.platform/Developer/Library/Frameworks -F /Applications/Xcode-27.0.0-Release.Candidate.app/Contents/Developer/Platforms/XROS.platform/Developer/SDKs/XROS27.0.sdk/Developer/Library/Frameworks -c -j10 -enable-batch-mode -incremental -Xcc -ivfsstatcache -Xcc /Users/admin/builder/spi-builder-workspace/.derivedData/SDKStatCaches.noindex/xros27.0-24M361-e829b21a6f8c9b70876ba0858053c044735bd543db762f57723cac368afd1ce4.sdkstatcache -output-file-map /Users/admin/builder/spi-builder-workspace/.derivedData/Build/Intermediates.noindex/Swiftish.build/Debug-xros/Swiftish-t.build/Objects-normal/arm64/Swiftish-OutputFileMap.json -save-temps -no-color-diagnostics -emit-dependencies -emit-module -emit-module-path /Users/admin/builder/spi-builder-workspace/.derivedData/Build/Intermediates.noindex/Swiftish.build/Debug-xros/Swiftish-t.build/Objects-normal/arm64/Swiftish.swiftmodule -serialize-diagnostics -validate-clang-modules-once -clang-build-session-file /Users/admin/builder/spi-builder-workspace/.derivedData/ModuleCache.noindex/Session.modulevalidation -Xcc -fmodules-prune-interval\=86400 -Xcc -fmodules-prune-after\=345600 -emit-const-values -const-gather-protocols-list /Users/admin/builder/spi-builder-workspace/.derivedData/Build/Intermediates.noindex/Swiftish.build/Debug-xros/Swiftish-t.build/Objects-normal/arm64/Swiftish_const_extract_protocols.json -Xcc -I/Users/admin/builder/spi-builder-workspace/.derivedData/Build/Products/Debug-xros/include -Xcc -I/Users/admin/builder/spi-builder-workspace/.derivedData/Build/Intermediates.noindex/Swiftish.build/Debug-xros/Swiftish-t.build/DerivedSources-normal/arm64 -Xcc -I/Users/admin/builder/spi-builder-workspace/.derivedData/Build/Intermediates.noindex/Swiftish.build/Debug-xros/Swiftish-t.build/DerivedSources/arm64 -Xcc -I/Users/admin/builder/spi-builder-workspace/.derivedData/Build/Intermediates.noindex/Swiftish.build/Debug-xros/Swiftish-t.build/DerivedSources -Xcc -DSWIFT_PACKAGE -Xcc -DDEBUG\=1 -emit-objc-header -emit-objc-header-path /Users/admin/builder/spi-builder-workspace/.derivedData/Build/Intermediates.noindex/Swiftish.build/Debug-xros/Swiftish-t.build/Objects-normal/arm64/Swiftish-Swift.h -working-directory /Users/admin/builder/spi-builder-workspace/.swiftpm/xcode -experimental-emit-module-separately -disable-cmo
SwiftCompile normal arm64 Compiling\ IntVector4.swift,\ Matrix2x2.swift,\ Matrix3x3.swift /Users/admin/builder/spi-builder-workspace/Sources/Swiftish/IntVector4.swift /Users/admin/builder/spi-builder-workspace/Sources/Swiftish/Matrix2x2.swift /Users/admin/builder/spi-builder-workspace/Sources/Swiftish/Matrix3x3.swift (in target 'Swiftish' from project 'Swiftish')
SwiftCompile normal arm64 /Users/admin/builder/spi-builder-workspace/Sources/Swiftish/IntVector4.swift (in target 'Swiftish' from project 'Swiftish')
    cd /Users/admin/builder/spi-builder-workspace/.swiftpm/xcode
    builtin-SwiftPerFileCompile IntVector4.swift
SwiftCompile normal arm64 /Users/admin/builder/spi-builder-workspace/Sources/Swiftish/Matrix2x2.swift (in target 'Swiftish' from project 'Swiftish')
    cd /Users/admin/builder/spi-builder-workspace/.swiftpm/xcode
    builtin-SwiftPerFileCompile Matrix2x2.swift
SwiftCompile normal arm64 /Users/admin/builder/spi-builder-workspace/Sources/Swiftish/Matrix3x3.swift (in target 'Swiftish' from project 'Swiftish')
    cd /Users/admin/builder/spi-builder-workspace/.swiftpm/xcode
    builtin-SwiftPerFileCompile Matrix3x3.swift
SwiftCompile normal arm64 Compiling\ Plane.swift,\ Quaternion.swift /Users/admin/builder/spi-builder-workspace/Sources/Swiftish/Plane.swift /Users/admin/builder/spi-builder-workspace/Sources/Swiftish/Quaternion.swift (in target 'Swiftish' from project 'Swiftish')
SwiftCompile normal arm64 /Users/admin/builder/spi-builder-workspace/Sources/Swiftish/Plane.swift (in target 'Swiftish' from project 'Swiftish')
    cd /Users/admin/builder/spi-builder-workspace/.swiftpm/xcode
    builtin-SwiftPerFileCompile Plane.swift
SwiftCompile normal arm64 /Users/admin/builder/spi-builder-workspace/Sources/Swiftish/Quaternion.swift (in target 'Swiftish' from project 'Swiftish')
    cd /Users/admin/builder/spi-builder-workspace/.swiftpm/xcode
    builtin-SwiftPerFileCompile Quaternion.swift
/Users/admin/builder/spi-builder-workspace/Sources/Swiftish/Quaternion.swift:308:34: warning: generic parameter 'T' shadows generic parameter from outer scope with the same name; this is an error in the Swift 6 language mode
 23 |  */
 24 |
 25 | public struct Quaternion<T: Vectorable> : Hashable, CustomStringConvertible {
    |                          `- note: 'T' previously declared here
 26 |     public var w: T
 27 |     public var xyz: Vector3<T>
    :
306 |     // MARK: Conjugate
307 |
308 |     public static func conjugate<T>(_ q: Quaternion<T>) -> Quaternion<T> {
    |                                  `- warning: generic parameter 'T' shadows generic parameter from outer scope with the same name; this is an error in the Swift 6 language mode
309 |         return Quaternion<T>(q.w, -q.xyz)
310 |     }
/Users/admin/builder/spi-builder-workspace/Sources/Swiftish/Quaternion.swift:314:28: warning: generic parameter 'T' shadows generic parameter from outer scope with the same name; this is an error in the Swift 6 language mode
 23 |  */
 24 |
 25 | public struct Quaternion<T: Vectorable> : Hashable, CustomStringConvertible {
    |                          `- note: 'T' previously declared here
 26 |     public var w: T
 27 |     public var xyz: Vector3<T>
    :
312 |     // MARK: Geometric
313 |
314 |     public static func dot<T>(_ a: Quaternion<T>, _ b: Quaternion<T>) -> T {
    |                            `- warning: generic parameter 'T' shadows generic parameter from outer scope with the same name; this is an error in the Swift 6 language mode
315 |         return a.w * b.w + Vector3<T>.dot(a.xyz, b.xyz)
316 |     }
/Users/admin/builder/spi-builder-workspace/Sources/Swiftish/Quaternion.swift:318:32: warning: generic parameter 'T' shadows generic parameter from outer scope with the same name; this is an error in the Swift 6 language mode
 23 |  */
 24 |
 25 | public struct Quaternion<T: Vectorable> : Hashable, CustomStringConvertible {
    |                          `- note: 'T' previously declared here
 26 |     public var w: T
 27 |     public var xyz: Vector3<T>
    :
316 |     }
317 |
318 |     public static func length2<T>(_ q: Quaternion<T>) -> T {
    |                                `- warning: generic parameter 'T' shadows generic parameter from outer scope with the same name; this is an error in the Swift 6 language mode
319 |         return q.w * q.w + Vector3<T>.sum(q.xyz * q.xyz)
320 |     }
/Users/admin/builder/spi-builder-workspace/Sources/Swiftish/Quaternion.swift:322:31: warning: generic parameter 'T' shadows generic parameter from outer scope with the same name; this is an error in the Swift 6 language mode
 23 |  */
 24 |
 25 | public struct Quaternion<T: Vectorable> : Hashable, CustomStringConvertible {
    |                          `- note: 'T' previously declared here
 26 |     public var w: T
 27 |     public var xyz: Vector3<T>
    :
320 |     }
321 |
322 |     public static func length<T>(_ q: Quaternion<T>) -> T {
    |                               `- warning: generic parameter 'T' shadows generic parameter from outer scope with the same name; this is an error in the Swift 6 language mode
323 |         return length2(q).squareRoot()
324 |     }
/Users/admin/builder/spi-builder-workspace/Sources/Swiftish/Quaternion.swift:326:34: warning: generic parameter 'T' shadows generic parameter from outer scope with the same name; this is an error in the Swift 6 language mode
 23 |  */
 24 |
 25 | public struct Quaternion<T: Vectorable> : Hashable, CustomStringConvertible {
    |                          `- note: 'T' previously declared here
 26 |     public var w: T
 27 |     public var xyz: Vector3<T>
    :
324 |     }
325 |
326 |     public static func normalize<T>(_ q: Quaternion<T>) -> Quaternion<T> {
    |                                  `- warning: generic parameter 'T' shadows generic parameter from outer scope with the same name; this is an error in the Swift 6 language mode
327 |         return q * (1 / length(q))
328 |     }
SwiftCompile normal arm64 Compiling\ Ray3.swift,\ Sphere.swift /Users/admin/builder/spi-builder-workspace/Sources/Swiftish/Ray3.swift /Users/admin/builder/spi-builder-workspace/Sources/Swiftish/Sphere.swift (in target 'Swiftish' from project 'Swiftish')
SwiftCompile normal arm64 /Users/admin/builder/spi-builder-workspace/Sources/Swiftish/Ray3.swift (in target 'Swiftish' from project 'Swiftish')
    cd /Users/admin/builder/spi-builder-workspace/.swiftpm/xcode
    builtin-SwiftPerFileCompile Ray3.swift
SwiftCompile normal arm64 /Users/admin/builder/spi-builder-workspace/Sources/Swiftish/Sphere.swift (in target 'Swiftish' from project 'Swiftish')
    cd /Users/admin/builder/spi-builder-workspace/.swiftpm/xcode
    builtin-SwiftPerFileCompile Sphere.swift
/Users/admin/builder/spi-builder-workspace/Sources/Swiftish/Ray3.swift:38:33: warning: generic parameter 'T' shadows generic parameter from outer scope with the same name; this is an error in the Swift 6 language mode
 23 |  */
 24 |
 25 | public struct Ray3<T: Vectorable> : Hashable, CustomStringConvertible {
    |                    `- note: 'T' previously declared here
 26 |     public var origin: Vector3<T>
 27 |     public var direction: Vector3<T>
    :
 36 |     }
 37 |
 38 |     public static func distance<T>(_ r: Ray3<T>, _ t: Triangle3<T>) -> T {
    |                                 `- warning: generic parameter 'T' shadows generic parameter from outer scope with the same name; this is an error in the Swift 6 language mode
 39 |         let n = t.normal
 40 |         let qp = -r.direction
SwiftCompile normal arm64 Compiling\ Transform3.swift,\ Triangle2.swift /Users/admin/builder/spi-builder-workspace/Sources/Swiftish/Transform3.swift /Users/admin/builder/spi-builder-workspace/Sources/Swiftish/Triangle2.swift (in target 'Swiftish' from project 'Swiftish')
SwiftCompile normal arm64 /Users/admin/builder/spi-builder-workspace/Sources/Swiftish/Transform3.swift (in target 'Swiftish' from project 'Swiftish')
    cd /Users/admin/builder/spi-builder-workspace/.swiftpm/xcode
    builtin-SwiftPerFileCompile Transform3.swift
SwiftCompile normal arm64 /Users/admin/builder/spi-builder-workspace/Sources/Swiftish/Triangle2.swift (in target 'Swiftish' from project 'Swiftish')
    cd /Users/admin/builder/spi-builder-workspace/.swiftpm/xcode
    builtin-SwiftPerFileCompile Triangle2.swift
SwiftCompile normal arm64 Compiling\ Matrix4x4.swift,\ PerspectiveProjection.swift /Users/admin/builder/spi-builder-workspace/Sources/Swiftish/Matrix4x4.swift /Users/admin/builder/spi-builder-workspace/Sources/Swiftish/PerspectiveProjection.swift (in target 'Swiftish' from project 'Swiftish')
SwiftCompile normal arm64 /Users/admin/builder/spi-builder-workspace/Sources/Swiftish/Matrix4x4.swift (in target 'Swiftish' from project 'Swiftish')
    cd /Users/admin/builder/spi-builder-workspace/.swiftpm/xcode
    builtin-SwiftPerFileCompile Matrix4x4.swift
SwiftCompile normal arm64 /Users/admin/builder/spi-builder-workspace/Sources/Swiftish/PerspectiveProjection.swift (in target 'Swiftish' from project 'Swiftish')
    cd /Users/admin/builder/spi-builder-workspace/.swiftpm/xcode
    builtin-SwiftPerFileCompile PerspectiveProjection.swift
SwiftCompile normal arm64 Compiling\ Triangle3.swift,\ Trigonometry.swift /Users/admin/builder/spi-builder-workspace/Sources/Swiftish/Triangle3.swift /Users/admin/builder/spi-builder-workspace/Sources/Swiftish/Trigonometry.swift (in target 'Swiftish' from project 'Swiftish')
/Users/admin/builder/spi-builder-workspace/Sources/Swiftish/Trigonometry.swift:60:16: error: cannot find 'Darwin' in scope
 58 |         return Glibc.cosf(radians)
 59 |         #else
 60 |         return Darwin.cosf(radians)
    |                `- error: cannot find 'Darwin' in scope
 61 |         #endif
 62 |     }
/Users/admin/builder/spi-builder-workspace/Sources/Swiftish/Trigonometry.swift:69:16: error: cannot find 'Darwin' in scope
 67 |         return Glibc.sinf(radians)
 68 |         #else
 69 |         return Darwin.sinf(radians)
    |                `- error: cannot find 'Darwin' in scope
 70 |         #endif
 71 |     }
/Users/admin/builder/spi-builder-workspace/Sources/Swiftish/Trigonometry.swift:78:16: error: cannot find 'Darwin' in scope
 76 |         return Glibc.tanf(radians)
 77 |         #else
 78 |         return Darwin.tanf(radians)
    |                `- error: cannot find 'Darwin' in scope
 79 |         #endif
 80 |     }
/Users/admin/builder/spi-builder-workspace/Sources/Swiftish/Trigonometry.swift:87:16: error: cannot find 'Darwin' in scope
 85 |         return Glibc.acosf(radians)
 86 |         #else
 87 |         return Darwin.acosf(radians)
    |                `- error: cannot find 'Darwin' in scope
 88 |         #endif
 89 |     }
/Users/admin/builder/spi-builder-workspace/Sources/Swiftish/Trigonometry.swift:96:16: error: cannot find 'Darwin' in scope
 94 |         return Glibc.asinf(radians)
 95 |         #else
 96 |         return Darwin.asinf(radians)
    |                `- error: cannot find 'Darwin' in scope
 97 |         #endif
 98 |     }
/Users/admin/builder/spi-builder-workspace/Sources/Swiftish/Trigonometry.swift:105:16: error: cannot find 'Darwin' in scope
103 |         return Glibc.atanf(radians)
104 |         #else
105 |         return Darwin.atanf(radians)
    |                `- error: cannot find 'Darwin' in scope
106 |         #endif
107 |     }
/Users/admin/builder/spi-builder-workspace/Sources/Swiftish/Trigonometry.swift:114:16: error: cannot find 'Darwin' in scope
112 |         return Glibc.atan2(yRadians, xRadians)
113 |         #else
114 |         return Darwin.atan2(yRadians, xRadians)
    |                `- error: cannot find 'Darwin' in scope
115 |         #endif
116 |     }
/Users/admin/builder/spi-builder-workspace/Sources/Swiftish/Trigonometry.swift:133:16: error: cannot find 'Darwin' in scope
131 |         return Glibc.cos(radians)
132 |         #else
133 |         return Darwin.cos(radians)
    |                `- error: cannot find 'Darwin' in scope
134 |         #endif
135 |     }
/Users/admin/builder/spi-builder-workspace/Sources/Swiftish/Trigonometry.swift:142:16: error: cannot find 'Darwin' in scope
140 |         return Glibc.sin(radians)
141 |         #else
142 |         return Darwin.sin(radians)
    |                `- error: cannot find 'Darwin' in scope
143 |         #endif
144 |     }
/Users/admin/builder/spi-builder-workspace/Sources/Swiftish/Trigonometry.swift:151:16: error: cannot find 'Darwin' in scope
149 |         return Glibc.tan(radians)
150 |         #else
151 |         return Darwin.tan(radians)
    |                `- error: cannot find 'Darwin' in scope
152 |         #endif
153 |     }
/Users/admin/builder/spi-builder-workspace/Sources/Swiftish/Trigonometry.swift:160:16: error: cannot find 'Darwin' in scope
158 |         return Glibc.acos(radians)
159 |         #else
160 |         return Darwin.acos(radians)
    |                `- error: cannot find 'Darwin' in scope
161 |         #endif
162 |     }
/Users/admin/builder/spi-builder-workspace/Sources/Swiftish/Trigonometry.swift:169:16: error: cannot find 'Darwin' in scope
167 |         return Glibc.asin(radians)
168 |         #else
169 |         return Darwin.asin(radians)
    |                `- error: cannot find 'Darwin' in scope
170 |         #endif
171 |     }
/Users/admin/builder/spi-builder-workspace/Sources/Swiftish/Trigonometry.swift:178:16: error: cannot find 'Darwin' in scope
176 |         return Glibc.atan(radians)
177 |         #else
178 |         return Darwin.atan(radians)
    |                `- error: cannot find 'Darwin' in scope
179 |         #endif
180 |     }
SwiftCompile normal arm64 /Users/admin/builder/spi-builder-workspace/Sources/Swiftish/Triangle3.swift (in target 'Swiftish' from project 'Swiftish')
    cd /Users/admin/builder/spi-builder-workspace/.swiftpm/xcode
    builtin-SwiftPerFileCompile Triangle3.swift
SwiftCompile normal arm64 /Users/admin/builder/spi-builder-workspace/Sources/Swiftish/Trigonometry.swift (in target 'Swiftish' from project 'Swiftish')
    cd /Users/admin/builder/spi-builder-workspace/.swiftpm/xcode
    builtin-SwiftPerFileCompile Trigonometry.swift
SwiftCompile normal arm64 Compiling\ Frustum.swift,\ IntVector2.swift,\ IntVector3.swift /Users/admin/builder/spi-builder-workspace/Sources/Swiftish/Frustum.swift /Users/admin/builder/spi-builder-workspace/Sources/Swiftish/IntVector2.swift /Users/admin/builder/spi-builder-workspace/Sources/Swiftish/IntVector3.swift (in target 'Swiftish' from project 'Swiftish')
SwiftCompile normal arm64 /Users/admin/builder/spi-builder-workspace/Sources/Swiftish/Frustum.swift (in target 'Swiftish' from project 'Swiftish')
    cd /Users/admin/builder/spi-builder-workspace/.swiftpm/xcode
    builtin-SwiftPerFileCompile Frustum.swift
SwiftCompile normal arm64 /Users/admin/builder/spi-builder-workspace/Sources/Swiftish/IntVector2.swift (in target 'Swiftish' from project 'Swiftish')
    cd /Users/admin/builder/spi-builder-workspace/.swiftpm/xcode
    builtin-SwiftPerFileCompile IntVector2.swift
SwiftCompile normal arm64 /Users/admin/builder/spi-builder-workspace/Sources/Swiftish/IntVector3.swift (in target 'Swiftish' from project 'Swiftish')
    cd /Users/admin/builder/spi-builder-workspace/.swiftpm/xcode
    builtin-SwiftPerFileCompile IntVector3.swift
SwiftCompile normal arm64 Compiling\ Vector2.swift,\ Vector3.swift /Users/admin/builder/spi-builder-workspace/Sources/Swiftish/Vector2.swift /Users/admin/builder/spi-builder-workspace/Sources/Swiftish/Vector3.swift (in target 'Swiftish' from project 'Swiftish')
SwiftCompile normal arm64 /Users/admin/builder/spi-builder-workspace/Sources/Swiftish/Vector2.swift (in target 'Swiftish' from project 'Swiftish')
    cd /Users/admin/builder/spi-builder-workspace/.swiftpm/xcode
    builtin-SwiftPerFileCompile Vector2.swift
SwiftCompile normal arm64 /Users/admin/builder/spi-builder-workspace/Sources/Swiftish/Vector3.swift (in target 'Swiftish' from project 'Swiftish')
    cd /Users/admin/builder/spi-builder-workspace/.swiftpm/xcode
    builtin-SwiftPerFileCompile Vector3.swift
SwiftCompile normal arm64 Compiling\ Bounds2.swift,\ Bounds3.swift,\ Circle.swift /Users/admin/builder/spi-builder-workspace/Sources/Swiftish/Bounds2.swift /Users/admin/builder/spi-builder-workspace/Sources/Swiftish/Bounds3.swift /Users/admin/builder/spi-builder-workspace/Sources/Swiftish/Circle.swift (in target 'Swiftish' from project 'Swiftish')
SwiftCompile normal arm64 /Users/admin/builder/spi-builder-workspace/Sources/Swiftish/Bounds2.swift (in target 'Swiftish' from project 'Swiftish')
    cd /Users/admin/builder/spi-builder-workspace/.swiftpm/xcode
    builtin-SwiftPerFileCompile Bounds2.swift
SwiftCompile normal arm64 /Users/admin/builder/spi-builder-workspace/Sources/Swiftish/Bounds3.swift (in target 'Swiftish' from project 'Swiftish')
    cd /Users/admin/builder/spi-builder-workspace/.swiftpm/xcode
    builtin-SwiftPerFileCompile Bounds3.swift
SwiftCompile normal arm64 /Users/admin/builder/spi-builder-workspace/Sources/Swiftish/Circle.swift (in target 'Swiftish' from project 'Swiftish')
    cd /Users/admin/builder/spi-builder-workspace/.swiftpm/xcode
    builtin-SwiftPerFileCompile Circle.swift
SwiftEmitModule normal arm64 Emitting\ module\ for\ Swiftish (in target 'Swiftish' from project 'Swiftish')
/Users/admin/builder/spi-builder-workspace/Sources/Swiftish/Bounds3.swift:206:34: warning: generic parameter 'T' shadows generic parameter from outer scope with the same name; this is an error in the Swift 6 language mode
 23 |  */
 24 |
 25 | public struct Bounds3<T: Vectorable> : Hashable {
    |                       `- note: 'T' previously declared here
 26 |     public var center: Vector3<T>
 27 |     public var extents: Vector3<T>
    :
204 |     }
205 |
206 |     public static func distance2<T>(_ point: Vector3<T>, _ bounds: Bounds3<T>) -> T {
    |                                  `- warning: generic parameter 'T' shadows generic parameter from outer scope with the same name; this is an error in the Swift 6 language mode
207 |         var distanceSquared: T = 0
208 |         let minimum = bounds.minimum
/Users/admin/builder/spi-builder-workspace/Sources/Swiftish/Quaternion.swift:308:34: warning: generic parameter 'T' shadows generic parameter from outer scope with the same name; this is an error in the Swift 6 language mode
 23 |  */
 24 |
 25 | public struct Quaternion<T: Vectorable> : Hashable, CustomStringConvertible {
    |                          `- note: 'T' previously declared here
 26 |     public var w: T
 27 |     public var xyz: Vector3<T>
    :
306 |     // MARK: Conjugate
307 |
308 |     public static func conjugate<T>(_ q: Quaternion<T>) -> Quaternion<T> {
    |                                  `- warning: generic parameter 'T' shadows generic parameter from outer scope with the same name; this is an error in the Swift 6 language mode
309 |         return Quaternion<T>(q.w, -q.xyz)
310 |     }
/Users/admin/builder/spi-builder-workspace/Sources/Swiftish/Quaternion.swift:314:28: warning: generic parameter 'T' shadows generic parameter from outer scope with the same name; this is an error in the Swift 6 language mode
 23 |  */
 24 |
 25 | public struct Quaternion<T: Vectorable> : Hashable, CustomStringConvertible {
    |                          `- note: 'T' previously declared here
 26 |     public var w: T
 27 |     public var xyz: Vector3<T>
    :
312 |     // MARK: Geometric
313 |
314 |     public static func dot<T>(_ a: Quaternion<T>, _ b: Quaternion<T>) -> T {
    |                            `- warning: generic parameter 'T' shadows generic parameter from outer scope with the same name; this is an error in the Swift 6 language mode
315 |         return a.w * b.w + Vector3<T>.dot(a.xyz, b.xyz)
316 |     }
/Users/admin/builder/spi-builder-workspace/Sources/Swiftish/Quaternion.swift:318:32: warning: generic parameter 'T' shadows generic parameter from outer scope with the same name; this is an error in the Swift 6 language mode
 23 |  */
 24 |
 25 | public struct Quaternion<T: Vectorable> : Hashable, CustomStringConvertible {
    |                          `- note: 'T' previously declared here
 26 |     public var w: T
 27 |     public var xyz: Vector3<T>
    :
316 |     }
317 |
318 |     public static func length2<T>(_ q: Quaternion<T>) -> T {
    |                                `- warning: generic parameter 'T' shadows generic parameter from outer scope with the same name; this is an error in the Swift 6 language mode
319 |         return q.w * q.w + Vector3<T>.sum(q.xyz * q.xyz)
320 |     }
/Users/admin/builder/spi-builder-workspace/Sources/Swiftish/Quaternion.swift:322:31: warning: generic parameter 'T' shadows generic parameter from outer scope with the same name; this is an error in the Swift 6 language mode
 23 |  */
 24 |
 25 | public struct Quaternion<T: Vectorable> : Hashable, CustomStringConvertible {
    |                          `- note: 'T' previously declared here
 26 |     public var w: T
 27 |     public var xyz: Vector3<T>
    :
320 |     }
321 |
322 |     public static func length<T>(_ q: Quaternion<T>) -> T {
    |                               `- warning: generic parameter 'T' shadows generic parameter from outer scope with the same name; this is an error in the Swift 6 language mode
323 |         return length2(q).squareRoot()
324 |     }
/Users/admin/builder/spi-builder-workspace/Sources/Swiftish/Quaternion.swift:326:34: warning: generic parameter 'T' shadows generic parameter from outer scope with the same name; this is an error in the Swift 6 language mode
 23 |  */
 24 |
 25 | public struct Quaternion<T: Vectorable> : Hashable, CustomStringConvertible {
    |                          `- note: 'T' previously declared here
 26 |     public var w: T
 27 |     public var xyz: Vector3<T>
    :
324 |     }
325 |
326 |     public static func normalize<T>(_ q: Quaternion<T>) -> Quaternion<T> {
    |                                  `- warning: generic parameter 'T' shadows generic parameter from outer scope with the same name; this is an error in the Swift 6 language mode
327 |         return q * (1 / length(q))
328 |     }
/Users/admin/builder/spi-builder-workspace/Sources/Swiftish/Quaternion.swift:332:32: warning: generic parameter 'T' shadows generic parameter from outer scope with the same name; this is an error in the Swift 6 language mode
 23 |  */
 24 |
 25 | public struct Quaternion<T: Vectorable> : Hashable, CustomStringConvertible {
    |                          `- note: 'T' previously declared here
 26 |     public var w: T
 27 |     public var xyz: Vector3<T>
    :
330 |     // MARK: - Inverse
331 |
332 |     public static func inverse<T>(_ q: Quaternion<T>) -> Quaternion<T> {
    |                                `- warning: generic parameter 'T' shadows generic parameter from outer scope with the same name; this is an error in the Swift 6 language mode
333 |         return Quaternion<T>.conjugate(q) / dot(q, q)
334 |     }
/Users/admin/builder/spi-builder-workspace/Sources/Swiftish/Ray3.swift:38:33: warning: generic parameter 'T' shadows generic parameter from outer scope with the same name; this is an error in the Swift 6 language mode
 23 |  */
 24 |
 25 | public struct Ray3<T: Vectorable> : Hashable, CustomStringConvertible {
    |                    `- note: 'T' previously declared here
 26 |     public var origin: Vector3<T>
 27 |     public var direction: Vector3<T>
    :
 36 |     }
 37 |
 38 |     public static func distance<T>(_ r: Ray3<T>, _ t: Triangle3<T>) -> T {
    |                                 `- warning: generic parameter 'T' shadows generic parameter from outer scope with the same name; this is an error in the Swift 6 language mode
 39 |         let n = t.normal
 40 |         let qp = -r.direction
/Users/admin/builder/spi-builder-workspace/Sources/Swiftish/Sphere.swift:56:30: warning: generic parameter 'T' shadows generic parameter from outer scope with the same name; this is an error in the Swift 6 language mode
23 |  */
24 |
25 | public struct Sphere<T: Vectorable> : Hashable, CustomStringConvertible {
   |                      `- note: 'T' previously declared here
26 |     public let center: Vector3<T>
27 |     public let radius: T
   :
54 |     }
55 |
56 |     public static func union<T>(_ a: Sphere<T>, _ b: Sphere<T>) -> Sphere<T> {
   |                              `- warning: generic parameter 'T' shadows generic parameter from outer scope with the same name; this is an error in the Swift 6 language mode
57 |         let midpoint = (a.center + b.center) / 2
58 |         let largestRadius = Vector3<T>.distance(midpoint, a.center) + max(a.radius, b.radius)
/Users/admin/builder/spi-builder-workspace/Sources/Swiftish/Trigonometry.swift:60:16: error: cannot find 'Darwin' in scope
 58 |         return Glibc.cosf(radians)
 59 |         #else
 60 |         return Darwin.cosf(radians)
    |                `- error: cannot find 'Darwin' in scope
 61 |         #endif
 62 |     }
/Users/admin/builder/spi-builder-workspace/Sources/Swiftish/Trigonometry.swift:69:16: error: cannot find 'Darwin' in scope
 67 |         return Glibc.sinf(radians)
 68 |         #else
 69 |         return Darwin.sinf(radians)
    |                `- error: cannot find 'Darwin' in scope
 70 |         #endif
 71 |     }
/Users/admin/builder/spi-builder-workspace/Sources/Swiftish/Trigonometry.swift:78:16: error: cannot find 'Darwin' in scope
 76 |         return Glibc.tanf(radians)
 77 |         #else
 78 |         return Darwin.tanf(radians)
    |                `- error: cannot find 'Darwin' in scope
 79 |         #endif
 80 |     }
/Users/admin/builder/spi-builder-workspace/Sources/Swiftish/Trigonometry.swift:87:16: error: cannot find 'Darwin' in scope
 85 |         return Glibc.acosf(radians)
 86 |         #else
 87 |         return Darwin.acosf(radians)
    |                `- error: cannot find 'Darwin' in scope
 88 |         #endif
 89 |     }
/Users/admin/builder/spi-builder-workspace/Sources/Swiftish/Trigonometry.swift:96:16: error: cannot find 'Darwin' in scope
 94 |         return Glibc.asinf(radians)
 95 |         #else
 96 |         return Darwin.asinf(radians)
    |                `- error: cannot find 'Darwin' in scope
 97 |         #endif
 98 |     }
/Users/admin/builder/spi-builder-workspace/Sources/Swiftish/Trigonometry.swift:105:16: error: cannot find 'Darwin' in scope
103 |         return Glibc.atanf(radians)
104 |         #else
105 |         return Darwin.atanf(radians)
    |                `- error: cannot find 'Darwin' in scope
106 |         #endif
107 |     }
/Users/admin/builder/spi-builder-workspace/Sources/Swiftish/Trigonometry.swift:114:16: error: cannot find 'Darwin' in scope
112 |         return Glibc.atan2(yRadians, xRadians)
113 |         #else
114 |         return Darwin.atan2(yRadians, xRadians)
    |                `- error: cannot find 'Darwin' in scope
115 |         #endif
116 |     }
/Users/admin/builder/spi-builder-workspace/Sources/Swiftish/Trigonometry.swift:133:16: error: cannot find 'Darwin' in scope
131 |         return Glibc.cos(radians)
132 |         #else
133 |         return Darwin.cos(radians)
    |                `- error: cannot find 'Darwin' in scope
134 |         #endif
135 |     }
/Users/admin/builder/spi-builder-workspace/Sources/Swiftish/Trigonometry.swift:142:16: error: cannot find 'Darwin' in scope
140 |         return Glibc.sin(radians)
141 |         #else
142 |         return Darwin.sin(radians)
    |                `- error: cannot find 'Darwin' in scope
143 |         #endif
144 |     }
/Users/admin/builder/spi-builder-workspace/Sources/Swiftish/Trigonometry.swift:151:16: error: cannot find 'Darwin' in scope
149 |         return Glibc.tan(radians)
150 |         #else
151 |         return Darwin.tan(radians)
    |                `- error: cannot find 'Darwin' in scope
152 |         #endif
153 |     }
/Users/admin/builder/spi-builder-workspace/Sources/Swiftish/Trigonometry.swift:160:16: error: cannot find 'Darwin' in scope
158 |         return Glibc.acos(radians)
159 |         #else
160 |         return Darwin.acos(radians)
    |                `- error: cannot find 'Darwin' in scope
161 |         #endif
162 |     }
/Users/admin/builder/spi-builder-workspace/Sources/Swiftish/Trigonometry.swift:169:16: error: cannot find 'Darwin' in scope
167 |         return Glibc.asin(radians)
168 |         #else
169 |         return Darwin.asin(radians)
    |                `- error: cannot find 'Darwin' in scope
170 |         #endif
171 |     }
/Users/admin/builder/spi-builder-workspace/Sources/Swiftish/Trigonometry.swift:178:16: error: cannot find 'Darwin' in scope
176 |         return Glibc.atan(radians)
177 |         #else
178 |         return Darwin.atan(radians)
    |                `- error: cannot find 'Darwin' in scope
179 |         #endif
180 |     }
/Users/admin/builder/spi-builder-workspace/Sources/Swiftish/Trigonometry.swift:187:16: error: cannot find 'Darwin' in scope
185 |         return Glibc.atan2(yRadians, xRadians)
186 |         #else
187 |         return Darwin.atan2(yRadians, xRadians)
    |                `- error: cannot find 'Darwin' in scope
188 |         #endif
189 |     }
Failed frontend command:
/Applications/Xcode-27.0.0-Release.Candidate.app/Contents/Developer/Toolchains/XcodeDefault.xctoolchain/usr/bin/swift-frontend -frontend -emit-module -experimental-skip-non-inlinable-function-bodies-without-types /Users/admin/builder/spi-builder-workspace/Sources/Swiftish/Bounds2.swift /Users/admin/builder/spi-builder-workspace/Sources/Swiftish/Bounds3.swift /Users/admin/builder/spi-builder-workspace/Sources/Swiftish/Circle.swift /Users/admin/builder/spi-builder-workspace/Sources/Swiftish/Frustum.swift /Users/admin/builder/spi-builder-workspace/Sources/Swiftish/IntVector2.swift /Users/admin/builder/spi-builder-workspace/Sources/Swiftish/IntVector3.swift /Users/admin/builder/spi-builder-workspace/Sources/Swiftish/IntVector4.swift /Users/admin/builder/spi-builder-workspace/Sources/Swiftish/Matrix2x2.swift /Users/admin/builder/spi-builder-workspace/Sources/Swiftish/Matrix3x3.swift /Users/admin/builder/spi-builder-workspace/Sources/Swiftish/Matrix4x4.swift /Users/admin/builder/spi-builder-workspace/Sources/Swiftish/PerspectiveProjection.swift /Users/admin/builder/spi-builder-workspace/Sources/Swiftish/Plane.swift /Users/admin/builder/spi-builder-workspace/Sources/Swiftish/Quaternion.swift /Users/admin/builder/spi-builder-workspace/Sources/Swiftish/Ray3.swift /Users/admin/builder/spi-builder-workspace/Sources/Swiftish/Sphere.swift /Users/admin/builder/spi-builder-workspace/Sources/Swiftish/Transform3.swift /Users/admin/builder/spi-builder-workspace/Sources/Swiftish/Triangle2.swift /Users/admin/builder/spi-builder-workspace/Sources/Swiftish/Triangle3.swift /Users/admin/builder/spi-builder-workspace/Sources/Swiftish/Trigonometry.swift /Users/admin/builder/spi-builder-workspace/Sources/Swiftish/Vector2.swift /Users/admin/builder/spi-builder-workspace/Sources/Swiftish/Vector3.swift /Users/admin/builder/spi-builder-workspace/Sources/Swiftish/Vector4.swift /Users/admin/builder/spi-builder-workspace/Sources/Swiftish/Vectorable.swift -target arm64-apple-xros1.0 -Xllvm -aarch64-use-tbi -enable-objc-interop -stack-check -sdk /Applications/Xcode-27.0.0-Release.Candidate.app/Contents/Developer/Platforms/XROS.platform/Developer/SDKs/XROS27.0.sdk -I /Users/admin/builder/spi-builder-workspace/.derivedData/Build/Products/Debug-xros -Isystem /Applications/Xcode-27.0.0-Release.Candidate.app/Contents/Developer/Platforms/XROS.platform/Developer/usr/lib -F /Users/admin/builder/spi-builder-workspace/.derivedData/Build/Products/Debug-xros -F /Applications/Xcode-27.0.0-Release.Candidate.app/Contents/Developer/Platforms/XROS.platform/Developer/Library/Frameworks -F /Applications/Xcode-27.0.0-Release.Candidate.app/Contents/Developer/Platforms/XROS.platform/Developer/SDKs/XROS27.0.sdk/Developer/Library/Frameworks -module-cache-path /Users/admin/builder/spi-builder-workspace/.derivedData/ModuleCache.noindex -no-color-diagnostics -Xcc -fno-color-diagnostics -enable-testing -g -debug-info-format\=dwarf -dwarf-version\=4 -profile-generate -profile-coverage-mapping -swift-version 4 -Onone -D SWIFT_PACKAGE -D DEBUG -D SWIFT_MODULE_RESOURCE_BUNDLE_UNAVAILABLE -D Xcode -serialize-debugging-options -enable-experimental-feature DebugDescriptionMacro -empty-abi-descriptor -plugin-path /Applications/Xcode-27.0.0-Release.Candidate.app/Contents/Developer/Toolchains/XcodeDefault.xctoolchain/usr/lib/swift/host/plugins/testing -validate-clang-modules-once -clang-build-session-file /Users/admin/builder/spi-builder-workspace/.derivedData/ModuleCache.noindex/Session.modulevalidation -Xcc -working-directory -Xcc /Users/admin/builder/spi-builder-workspace/.swiftpm/xcode -enable-anonymous-context-mangled-names -file-compilation-dir /Users/admin/builder/spi-builder-workspace/.swiftpm/xcode -Xcc -D_LIBCPP_HARDENING_MODE\=_LIBCPP_HARDENING_MODE_DEBUG -Xcc -ivfsstatcache -Xcc /Users/admin/builder/spi-builder-workspace/.derivedData/SDKStatCaches.noindex/xros27.0-24M361-e829b21a6f8c9b70876ba0858053c044735bd543db762f57723cac368afd1ce4.sdkstatcache -Xcc -fmodules-prune-interval\=86400 -Xcc -fmodules-prune-after\=345600 -Xcc -I/Users/admin/builder/spi-builder-workspace/.derivedData/Build/Products/Debug-xros/include -Xcc -I/Users/admin/builder/spi-builder-workspace/.derivedData/Build/Intermediates.noindex/Swiftish.build/Debug-xros/Swiftish-t.build/DerivedSources-normal/arm64 -Xcc -I/Users/admin/builder/spi-builder-workspace/.derivedData/Build/Intermediates.noindex/Swiftish.build/Debug-xros/Swiftish-t.build/DerivedSources/arm64 -Xcc -I/Users/admin/builder/spi-builder-workspace/.derivedData/Build/Intermediates.noindex/Swiftish.build/Debug-xros/Swiftish-t.build/DerivedSources -Xcc -DSWIFT_PACKAGE -Xcc -DDEBUG\=1 -no-auto-bridging-header-chaining -module-name Swiftish -const-gather-protocols-file /Users/admin/builder/spi-builder-workspace/.derivedData/Build/Intermediates.noindex/Swiftish.build/Debug-xros/Swiftish-t.build/Objects-normal/arm64/Swiftish_const_extract_protocols.json -disable-clang-spi -target-sdk-version 27.0 -target-sdk-name xros27.0 -external-plugin-path /Applications/Xcode-27.0.0-Release.Candidate.app/Contents/Developer/Platforms/XROS.platform/Developer/usr/lib/swift/host/plugins\#/Applications/Xcode-27.0.0-Release.Candidate.app/Contents/Developer/Platforms/XROS.platform/Developer/usr/bin/swift-plugin-server -external-plugin-path /Applications/Xcode-27.0.0-Release.Candidate.app/Contents/Developer/Platforms/XROS.platform/Developer/usr/local/lib/swift/host/plugins\#/Applications/Xcode-27.0.0-Release.Candidate.app/Contents/Developer/Platforms/XROS.platform/Developer/usr/bin/swift-plugin-server -in-process-plugin-server-path /Applications/Xcode-27.0.0-Release.Candidate.app/Contents/Developer/Toolchains/XcodeDefault.xctoolchain/usr/lib/swift/host/libSwiftInProcPluginServer.dylib -plugin-path /Applications/Xcode-27.0.0-Release.Candidate.app/Contents/Developer/Toolchains/XcodeDefault.xctoolchain/usr/lib/swift/host/plugins -plugin-path /Applications/Xcode-27.0.0-Release.Candidate.app/Contents/Developer/Toolchains/XcodeDefault.xctoolchain/usr/local/lib/swift/host/plugins -emit-module-doc-path /Users/admin/builder/spi-builder-workspace/.derivedData/Build/Intermediates.noindex/Swiftish.build/Debug-xros/Swiftish-t.build/Objects-normal/arm64/Swiftish.swiftdoc -emit-module-source-info-path /Users/admin/builder/spi-builder-workspace/.derivedData/Build/Intermediates.noindex/Swiftish.build/Debug-xros/Swiftish-t.build/Objects-normal/arm64/Swiftish.swiftsourceinfo -emit-objc-header-path /Users/admin/builder/spi-builder-workspace/.derivedData/Build/Intermediates.noindex/Swiftish.build/Debug-xros/Swiftish-t.build/Objects-normal/arm64/Swiftish-Swift.h -serialize-diagnostics-path /Users/admin/builder/spi-builder-workspace/.derivedData/Build/Intermediates.noindex/Swiftish.build/Debug-xros/Swiftish-t.build/Objects-normal/arm64/Swiftish-primary-emit-module.dia -emit-dependencies-path /Users/admin/builder/spi-builder-workspace/.derivedData/Build/Intermediates.noindex/Swiftish.build/Debug-xros/Swiftish-t.build/Objects-normal/arm64/Swiftish-primary-emit-module.d -parse-as-library -o /Users/admin/builder/spi-builder-workspace/.derivedData/Build/Intermediates.noindex/Swiftish.build/Debug-xros/Swiftish-t.build/Objects-normal/arm64/Swiftish.swiftmodule -emit-abi-descriptor-path /Users/admin/builder/spi-builder-workspace/.derivedData/Build/Intermediates.noindex/Swiftish.build/Debug-xros/Swiftish-t.build/Objects-normal/arm64/Swiftish.abi.json
SwiftCompile normal arm64 (in target 'Swiftish' from project 'Swiftish')
    cd /Users/admin/builder/spi-builder-workspace/.swiftpm/xcode

SwiftCompile normal arm64 Compiling\ Vector4.swift,\ Vectorable.swift /Users/admin/builder/spi-builder-workspace/Sources/Swiftish/Vector4.swift /Users/admin/builder/spi-builder-workspace/Sources/Swiftish/Vectorable.swift (in target 'Swiftish' from project 'Swiftish')
SwiftCompile normal arm64 /Users/admin/builder/spi-builder-workspace/Sources/Swiftish/Vector4.swift (in target 'Swiftish' from project 'Swiftish')
    cd /Users/admin/builder/spi-builder-workspace/.swiftpm/xcode
    builtin-SwiftPerFileCompile Vector4.swift
SwiftCompile normal arm64 /Users/admin/builder/spi-builder-workspace/Sources/Swiftish/Vectorable.swift (in target 'Swiftish' from project 'Swiftish')
    cd /Users/admin/builder/spi-builder-workspace/.swiftpm/xcode
    builtin-SwiftPerFileCompile Vectorable.swift
PruneExplicitPrecompiledModules /Users/admin/builder/spi-builder-workspace/.derivedData/Build/Intermediates.noindex/SwiftExplicitPrecompiledModules
PruneExplicitPrecompiledModules /Users/admin/builder/spi-builder-workspace/.derivedData/SDKExplicitPrecompiledModules
PruneExplicitPrecompiledModules /Users/admin/builder/spi-builder-workspace/.derivedData/Build/Intermediates.noindex/ExplicitPrecompiledModules
2026-09-16 11:16:52.189 xcodebuild[725:4480] [MT] IDERunDestination: Supported platforms for the buildables in the current scheme is empty.
** BUILD FAILED **
The following build commands failed:
	SwiftEmitModule normal arm64 Emitting\ module\ for\ Swiftish (in target 'Swiftish' from project 'Swiftish')
	SwiftCompile normal arm64 (in target 'Swiftish' from project 'Swiftish')
	Building workspace Swiftish with scheme Swiftish
(3 failures)
BUILD FAILURE 6.4 visionOS