The Swift Package Index logo.Swift Package Index

Build Information

Failed to build SwiftUIBackports, reference main (eaeff4), with Swift 6.2 for watchOS using Xcode 26.3 on 3 Jul 2026 07:55:44 UTC.

Build Command

env DEVELOPER_DIR=/Applications/Xcode-26.3.0.app xcrun xcodebuild -IDEClonedSourcePackagesDirPathOverride=$PWD/.dependencies -skipMacroValidation -skipPackagePluginValidation -derivedDataPath $PWD/.derivedData build -scheme SwiftUIBackports -destination generic/platform=watchOS

Build Log

WriteAuxiliaryFile /Users/admin/builder/spi-builder-workspace/.derivedData/Build/Intermediates.noindex/SwiftUIBackports.build/Debug-watchos/SwiftUIBackports.build/Objects-normal/arm64/SwiftUIBackports_const_extract_protocols.json (in target 'SwiftUIBackports' from project 'SwiftUIBackports')
    cd /Users/admin/builder/spi-builder-workspace
    write-file /Users/admin/builder/spi-builder-workspace/.derivedData/Build/Intermediates.noindex/SwiftUIBackports.build/Debug-watchos/SwiftUIBackports.build/Objects-normal/arm64/SwiftUIBackports_const_extract_protocols.json
WriteAuxiliaryFile /Users/admin/builder/spi-builder-workspace/.derivedData/Build/Intermediates.noindex/SwiftUIBackports.build/Debug-watchos/SwiftUIBackports.build/Objects-normal/arm64/SwiftUIBackports.SwiftFileList (in target 'SwiftUIBackports' from project 'SwiftUIBackports')
    cd /Users/admin/builder/spi-builder-workspace
    write-file /Users/admin/builder/spi-builder-workspace/.derivedData/Build/Intermediates.noindex/SwiftUIBackports.build/Debug-watchos/SwiftUIBackports.build/Objects-normal/arm64/SwiftUIBackports.SwiftFileList
WriteAuxiliaryFile /Users/admin/builder/spi-builder-workspace/.derivedData/Build/Intermediates.noindex/SwiftUIBackports.build/Debug-watchos/SwiftUIBackports.build/Objects-normal/arm64/SwiftUIBackports-OutputFileMap.json (in target 'SwiftUIBackports' from project 'SwiftUIBackports')
    cd /Users/admin/builder/spi-builder-workspace
    write-file /Users/admin/builder/spi-builder-workspace/.derivedData/Build/Intermediates.noindex/SwiftUIBackports.build/Debug-watchos/SwiftUIBackports.build/Objects-normal/arm64/SwiftUIBackports-OutputFileMap.json
WriteAuxiliaryFile /Users/admin/builder/spi-builder-workspace/.derivedData/Build/Intermediates.noindex/SwiftUIBackports.build/Debug-watchos/SwiftUIBackports.build/Objects-normal/arm64/SwiftUIBackports.SwiftConstValuesFileList (in target 'SwiftUIBackports' from project 'SwiftUIBackports')
    cd /Users/admin/builder/spi-builder-workspace
    write-file /Users/admin/builder/spi-builder-workspace/.derivedData/Build/Intermediates.noindex/SwiftUIBackports.build/Debug-watchos/SwiftUIBackports.build/Objects-normal/arm64/SwiftUIBackports.SwiftConstValuesFileList
WriteAuxiliaryFile /Users/admin/builder/spi-builder-workspace/.derivedData/Build/Intermediates.noindex/SwiftUIBackports.build/Debug-watchos/SwiftUIBackports.build/Objects-normal/arm64/SwiftUIBackports.LinkFileList (in target 'SwiftUIBackports' from project 'SwiftUIBackports')
    cd /Users/admin/builder/spi-builder-workspace
    write-file /Users/admin/builder/spi-builder-workspace/.derivedData/Build/Intermediates.noindex/SwiftUIBackports.build/Debug-watchos/SwiftUIBackports.build/Objects-normal/arm64/SwiftUIBackports.LinkFileList
WriteAuxiliaryFile /Users/admin/builder/spi-builder-workspace/.derivedData/Build/Intermediates.noindex/SwiftUIBackports.build/Debug-watchos/SwiftUIBackports.build/DerivedSources/resource_bundle_accessor.swift (in target 'SwiftUIBackports' from project 'SwiftUIBackports')
    cd /Users/admin/builder/spi-builder-workspace
    write-file /Users/admin/builder/spi-builder-workspace/.derivedData/Build/Intermediates.noindex/SwiftUIBackports.build/Debug-watchos/SwiftUIBackports.build/DerivedSources/resource_bundle_accessor.swift
Copy /Users/admin/builder/spi-builder-workspace/.derivedData/Build/Intermediates.noindex/GeneratedModuleMaps-watchos/SwiftUIBackports.modulemap /Users/admin/builder/spi-builder-workspace/.derivedData/Build/Intermediates.noindex/SwiftUIBackports.build/Debug-watchos/SwiftUIBackports.build/SwiftUIBackports.modulemap (in target 'SwiftUIBackports' from project 'SwiftUIBackports')
    cd /Users/admin/builder/spi-builder-workspace
    builtin-copy -exclude .DS_Store -exclude CVS -exclude .svn -exclude .git -exclude .hg -resolve-src-symlinks /Users/admin/builder/spi-builder-workspace/.derivedData/Build/Intermediates.noindex/SwiftUIBackports.build/Debug-watchos/SwiftUIBackports.build/SwiftUIBackports.modulemap /Users/admin/builder/spi-builder-workspace/.derivedData/Build/Intermediates.noindex/GeneratedModuleMaps-watchos
WriteAuxiliaryFile /Users/admin/builder/spi-builder-workspace/.derivedData/Build/Intermediates.noindex/SwiftBackports.build/Debug-watchos/SwiftBackports.build/SwiftBackports.modulemap (in target 'SwiftBackports' from project 'SwiftBackports')
    cd /Users/admin/builder/spi-builder-workspace/.dependencies/checkouts/SwiftBackports
    write-file /Users/admin/builder/spi-builder-workspace/.derivedData/Build/Intermediates.noindex/SwiftBackports.build/Debug-watchos/SwiftBackports.build/SwiftBackports.modulemap
WriteAuxiliaryFile /Users/admin/builder/spi-builder-workspace/.derivedData/Build/Intermediates.noindex/SwiftBackports.build/Debug-watchos/SwiftBackports.build/SwiftBackports.DependencyStaticMetadataFileList (in target 'SwiftBackports' from project 'SwiftBackports')
    cd /Users/admin/builder/spi-builder-workspace/.dependencies/checkouts/SwiftBackports
    write-file /Users/admin/builder/spi-builder-workspace/.derivedData/Build/Intermediates.noindex/SwiftBackports.build/Debug-watchos/SwiftBackports.build/SwiftBackports.DependencyStaticMetadataFileList
WriteAuxiliaryFile /Users/admin/builder/spi-builder-workspace/.derivedData/Build/Intermediates.noindex/SwiftBackports.build/Debug-watchos/SwiftBackports.build/SwiftBackports.DependencyMetadataFileList (in target 'SwiftBackports' from project 'SwiftBackports')
    cd /Users/admin/builder/spi-builder-workspace/.dependencies/checkouts/SwiftBackports
    write-file /Users/admin/builder/spi-builder-workspace/.derivedData/Build/Intermediates.noindex/SwiftBackports.build/Debug-watchos/SwiftBackports.build/SwiftBackports.DependencyMetadataFileList
WriteAuxiliaryFile /Users/admin/builder/spi-builder-workspace/.derivedData/Build/Intermediates.noindex/SwiftBackports.build/Debug-watchos/SwiftBackports.build/Objects-normal/armv7k/SwiftBackports_const_extract_protocols.json (in target 'SwiftBackports' from project 'SwiftBackports')
    cd /Users/admin/builder/spi-builder-workspace/.dependencies/checkouts/SwiftBackports
    write-file /Users/admin/builder/spi-builder-workspace/.derivedData/Build/Intermediates.noindex/SwiftBackports.build/Debug-watchos/SwiftBackports.build/Objects-normal/armv7k/SwiftBackports_const_extract_protocols.json
WriteAuxiliaryFile /Users/admin/builder/spi-builder-workspace/.derivedData/Build/Intermediates.noindex/SwiftBackports.build/Debug-watchos/SwiftBackports.build/Objects-normal/armv7k/SwiftBackports.SwiftFileList (in target 'SwiftBackports' from project 'SwiftBackports')
    cd /Users/admin/builder/spi-builder-workspace/.dependencies/checkouts/SwiftBackports
    write-file /Users/admin/builder/spi-builder-workspace/.derivedData/Build/Intermediates.noindex/SwiftBackports.build/Debug-watchos/SwiftBackports.build/Objects-normal/armv7k/SwiftBackports.SwiftFileList
WriteAuxiliaryFile /Users/admin/builder/spi-builder-workspace/.derivedData/Build/Intermediates.noindex/SwiftBackports.build/Debug-watchos/SwiftBackports.build/Objects-normal/armv7k/SwiftBackports.SwiftConstValuesFileList (in target 'SwiftBackports' from project 'SwiftBackports')
    cd /Users/admin/builder/spi-builder-workspace/.dependencies/checkouts/SwiftBackports
    write-file /Users/admin/builder/spi-builder-workspace/.derivedData/Build/Intermediates.noindex/SwiftBackports.build/Debug-watchos/SwiftBackports.build/Objects-normal/armv7k/SwiftBackports.SwiftConstValuesFileList
WriteAuxiliaryFile /Users/admin/builder/spi-builder-workspace/.derivedData/Build/Intermediates.noindex/SwiftBackports.build/Debug-watchos/SwiftBackports.build/Objects-normal/armv7k/SwiftBackports.LinkFileList (in target 'SwiftBackports' from project 'SwiftBackports')
    cd /Users/admin/builder/spi-builder-workspace/.dependencies/checkouts/SwiftBackports
    write-file /Users/admin/builder/spi-builder-workspace/.derivedData/Build/Intermediates.noindex/SwiftBackports.build/Debug-watchos/SwiftBackports.build/Objects-normal/armv7k/SwiftBackports.LinkFileList
WriteAuxiliaryFile /Users/admin/builder/spi-builder-workspace/.derivedData/Build/Intermediates.noindex/SwiftBackports.build/Debug-watchos/SwiftBackports.build/Objects-normal/armv7k/SwiftBackports-OutputFileMap.json (in target 'SwiftBackports' from project 'SwiftBackports')
    cd /Users/admin/builder/spi-builder-workspace/.dependencies/checkouts/SwiftBackports
    write-file /Users/admin/builder/spi-builder-workspace/.derivedData/Build/Intermediates.noindex/SwiftBackports.build/Debug-watchos/SwiftBackports.build/Objects-normal/armv7k/SwiftBackports-OutputFileMap.json
WriteAuxiliaryFile /Users/admin/builder/spi-builder-workspace/.derivedData/Build/Intermediates.noindex/SwiftBackports.build/Debug-watchos/SwiftBackports.build/Objects-normal/arm64_32/SwiftBackports.SwiftFileList (in target 'SwiftBackports' from project 'SwiftBackports')
    cd /Users/admin/builder/spi-builder-workspace/.dependencies/checkouts/SwiftBackports
    write-file /Users/admin/builder/spi-builder-workspace/.derivedData/Build/Intermediates.noindex/SwiftBackports.build/Debug-watchos/SwiftBackports.build/Objects-normal/arm64_32/SwiftBackports.SwiftFileList
WriteAuxiliaryFile /Users/admin/builder/spi-builder-workspace/.derivedData/Build/Intermediates.noindex/SwiftBackports.build/Debug-watchos/SwiftBackports.build/Objects-normal/arm64_32/SwiftBackports_const_extract_protocols.json (in target 'SwiftBackports' from project 'SwiftBackports')
    cd /Users/admin/builder/spi-builder-workspace/.dependencies/checkouts/SwiftBackports
    write-file /Users/admin/builder/spi-builder-workspace/.derivedData/Build/Intermediates.noindex/SwiftBackports.build/Debug-watchos/SwiftBackports.build/Objects-normal/arm64_32/SwiftBackports_const_extract_protocols.json
WriteAuxiliaryFile /Users/admin/builder/spi-builder-workspace/.derivedData/Build/Intermediates.noindex/SwiftBackports.build/Debug-watchos/SwiftBackports.build/Objects-normal/arm64_32/SwiftBackports-OutputFileMap.json (in target 'SwiftBackports' from project 'SwiftBackports')
    cd /Users/admin/builder/spi-builder-workspace/.dependencies/checkouts/SwiftBackports
    write-file /Users/admin/builder/spi-builder-workspace/.derivedData/Build/Intermediates.noindex/SwiftBackports.build/Debug-watchos/SwiftBackports.build/Objects-normal/arm64_32/SwiftBackports-OutputFileMap.json
WriteAuxiliaryFile /Users/admin/builder/spi-builder-workspace/.derivedData/Build/Intermediates.noindex/SwiftBackports.build/Debug-watchos/SwiftBackports.build/Objects-normal/arm64_32/SwiftBackports.SwiftConstValuesFileList (in target 'SwiftBackports' from project 'SwiftBackports')
    cd /Users/admin/builder/spi-builder-workspace/.dependencies/checkouts/SwiftBackports
    write-file /Users/admin/builder/spi-builder-workspace/.derivedData/Build/Intermediates.noindex/SwiftBackports.build/Debug-watchos/SwiftBackports.build/Objects-normal/arm64_32/SwiftBackports.SwiftConstValuesFileList
WriteAuxiliaryFile /Users/admin/builder/spi-builder-workspace/.derivedData/Build/Intermediates.noindex/SwiftBackports.build/Debug-watchos/SwiftBackports.build/Objects-normal/arm64_32/SwiftBackports.LinkFileList (in target 'SwiftBackports' from project 'SwiftBackports')
    cd /Users/admin/builder/spi-builder-workspace/.dependencies/checkouts/SwiftBackports
    write-file /Users/admin/builder/spi-builder-workspace/.derivedData/Build/Intermediates.noindex/SwiftBackports.build/Debug-watchos/SwiftBackports.build/Objects-normal/arm64_32/SwiftBackports.LinkFileList
WriteAuxiliaryFile /Users/admin/builder/spi-builder-workspace/.derivedData/Build/Intermediates.noindex/SwiftBackports.build/Debug-watchos/SwiftBackports.build/Objects-normal/arm64/SwiftBackports.SwiftFileList (in target 'SwiftBackports' from project 'SwiftBackports')
    cd /Users/admin/builder/spi-builder-workspace/.dependencies/checkouts/SwiftBackports
    write-file /Users/admin/builder/spi-builder-workspace/.derivedData/Build/Intermediates.noindex/SwiftBackports.build/Debug-watchos/SwiftBackports.build/Objects-normal/arm64/SwiftBackports.SwiftFileList
WriteAuxiliaryFile /Users/admin/builder/spi-builder-workspace/.derivedData/Build/Intermediates.noindex/SwiftBackports.build/Debug-watchos/SwiftBackports.build/Objects-normal/arm64/SwiftBackports_const_extract_protocols.json (in target 'SwiftBackports' from project 'SwiftBackports')
    cd /Users/admin/builder/spi-builder-workspace/.dependencies/checkouts/SwiftBackports
    write-file /Users/admin/builder/spi-builder-workspace/.derivedData/Build/Intermediates.noindex/SwiftBackports.build/Debug-watchos/SwiftBackports.build/Objects-normal/arm64/SwiftBackports_const_extract_protocols.json
WriteAuxiliaryFile /Users/admin/builder/spi-builder-workspace/.derivedData/Build/Intermediates.noindex/SwiftBackports.build/Debug-watchos/SwiftBackports.build/Objects-normal/arm64/SwiftBackports.SwiftConstValuesFileList (in target 'SwiftBackports' from project 'SwiftBackports')
    cd /Users/admin/builder/spi-builder-workspace/.dependencies/checkouts/SwiftBackports
    write-file /Users/admin/builder/spi-builder-workspace/.derivedData/Build/Intermediates.noindex/SwiftBackports.build/Debug-watchos/SwiftBackports.build/Objects-normal/arm64/SwiftBackports.SwiftConstValuesFileList
WriteAuxiliaryFile /Users/admin/builder/spi-builder-workspace/.derivedData/Build/Intermediates.noindex/SwiftBackports.build/Debug-watchos/SwiftBackports.build/Objects-normal/arm64/SwiftBackports.LinkFileList (in target 'SwiftBackports' from project 'SwiftBackports')
    cd /Users/admin/builder/spi-builder-workspace/.dependencies/checkouts/SwiftBackports
    write-file /Users/admin/builder/spi-builder-workspace/.derivedData/Build/Intermediates.noindex/SwiftBackports.build/Debug-watchos/SwiftBackports.build/Objects-normal/arm64/SwiftBackports.LinkFileList
WriteAuxiliaryFile /Users/admin/builder/spi-builder-workspace/.derivedData/Build/Intermediates.noindex/SwiftBackports.build/Debug-watchos/SwiftBackports.build/Objects-normal/arm64/SwiftBackports-OutputFileMap.json (in target 'SwiftBackports' from project 'SwiftBackports')
    cd /Users/admin/builder/spi-builder-workspace/.dependencies/checkouts/SwiftBackports
    write-file /Users/admin/builder/spi-builder-workspace/.derivedData/Build/Intermediates.noindex/SwiftBackports.build/Debug-watchos/SwiftBackports.build/Objects-normal/arm64/SwiftBackports-OutputFileMap.json
Copy /Users/admin/builder/spi-builder-workspace/.derivedData/Build/Intermediates.noindex/GeneratedModuleMaps-watchos/SwiftBackports.modulemap /Users/admin/builder/spi-builder-workspace/.derivedData/Build/Intermediates.noindex/SwiftBackports.build/Debug-watchos/SwiftBackports.build/SwiftBackports.modulemap (in target 'SwiftBackports' from project 'SwiftBackports')
    cd /Users/admin/builder/spi-builder-workspace/.dependencies/checkouts/SwiftBackports
    builtin-copy -exclude .DS_Store -exclude CVS -exclude .svn -exclude .git -exclude .hg -resolve-src-symlinks /Users/admin/builder/spi-builder-workspace/.derivedData/Build/Intermediates.noindex/SwiftBackports.build/Debug-watchos/SwiftBackports.build/SwiftBackports.modulemap /Users/admin/builder/spi-builder-workspace/.derivedData/Build/Intermediates.noindex/GeneratedModuleMaps-watchos
MkDir /Users/admin/builder/spi-builder-workspace/.derivedData/Build/Products/Debug-watchos/SwiftUIBackports_SwiftUIBackports.bundle (in target 'SwiftUIBackports_SwiftUIBackports' from project 'SwiftUIBackports')
    cd /Users/admin/builder/spi-builder-workspace
    /bin/mkdir -p /Users/admin/builder/spi-builder-workspace/.derivedData/Build/Products/Debug-watchos/SwiftUIBackports_SwiftUIBackports.bundle
ProcessInfoPlistFile /Users/admin/builder/spi-builder-workspace/.derivedData/Build/Products/Debug-watchos/SwiftUIBackports_SwiftUIBackports.bundle/Info.plist /Users/admin/builder/spi-builder-workspace/.derivedData/Build/Intermediates.noindex/SwiftUIBackports.build/Debug-watchos/SwiftUIBackports_SwiftUIBackports.build/empty-SwiftUIBackports_SwiftUIBackports.plist (in target 'SwiftUIBackports_SwiftUIBackports' from project 'SwiftUIBackports')
    cd /Users/admin/builder/spi-builder-workspace
    builtin-infoPlistUtility /Users/admin/builder/spi-builder-workspace/.derivedData/Build/Intermediates.noindex/SwiftUIBackports.build/Debug-watchos/SwiftUIBackports_SwiftUIBackports.build/empty-SwiftUIBackports_SwiftUIBackports.plist -producttype com.apple.product-type.bundle -expandbuildsettings -format binary -platform watchos -o /Users/admin/builder/spi-builder-workspace/.derivedData/Build/Products/Debug-watchos/SwiftUIBackports_SwiftUIBackports.bundle/Info.plist
CpResource /Users/admin/builder/spi-builder-workspace/.derivedData/Build/Products/Debug-watchos/SwiftUIBackports_SwiftUIBackports.bundle/PrivacyInfo.xcprivacy /Users/admin/builder/spi-builder-workspace/Sources/SwiftUIBackports/Resources/PrivacyInfo.xcprivacy (in target 'SwiftUIBackports_SwiftUIBackports' from project 'SwiftUIBackports')
    cd /Users/admin/builder/spi-builder-workspace
    builtin-copy -exclude .DS_Store -exclude CVS -exclude .svn -exclude .git -exclude .hg -resolve-src-symlinks /Users/admin/builder/spi-builder-workspace/Sources/SwiftUIBackports/Resources/PrivacyInfo.xcprivacy /Users/admin/builder/spi-builder-workspace/.derivedData/Build/Products/Debug-watchos/SwiftUIBackports_SwiftUIBackports.bundle
RegisterExecutionPolicyException /Users/admin/builder/spi-builder-workspace/.derivedData/Build/Products/Debug-watchos/SwiftUIBackports_SwiftUIBackports.bundle (in target 'SwiftUIBackports_SwiftUIBackports' from project 'SwiftUIBackports')
    cd /Users/admin/builder/spi-builder-workspace
    builtin-RegisterExecutionPolicyException /Users/admin/builder/spi-builder-workspace/.derivedData/Build/Products/Debug-watchos/SwiftUIBackports_SwiftUIBackports.bundle
Touch /Users/admin/builder/spi-builder-workspace/.derivedData/Build/Products/Debug-watchos/SwiftUIBackports_SwiftUIBackports.bundle (in target 'SwiftUIBackports_SwiftUIBackports' from project 'SwiftUIBackports')
    cd /Users/admin/builder/spi-builder-workspace
    /usr/bin/touch -c /Users/admin/builder/spi-builder-workspace/.derivedData/Build/Products/Debug-watchos/SwiftUIBackports_SwiftUIBackports.bundle
SwiftDriver SwiftBackports normal arm64_32 com.apple.xcode.tools.swift.compiler (in target 'SwiftBackports' from project 'SwiftBackports')
    cd /Users/admin/builder/spi-builder-workspace/.swiftpm/xcode
    builtin-SwiftDriver -- /Applications/Xcode-26.3.0.app/Contents/Developer/Toolchains/XcodeDefault.xctoolchain/usr/bin/swiftc -module-name SwiftBackports -Onone -enforce-exclusivity\=checked @/Users/admin/builder/spi-builder-workspace/.derivedData/Build/Intermediates.noindex/SwiftBackports.build/Debug-watchos/SwiftBackports.build/Objects-normal/arm64_32/SwiftBackports.SwiftFileList -DSWIFT_PACKAGE -DDEBUG -DSWIFT_MODULE_RESOURCE_BUNDLE_UNAVAILABLE -DXcode -plugin-path /Applications/Xcode-26.3.0.app/Contents/Developer/Toolchains/XcodeDefault.xctoolchain/usr/lib/swift/host/plugins/testing -enable-experimental-feature DebugDescriptionMacro -sdk /Applications/Xcode-26.3.0.app/Contents/Developer/Platforms/WatchOS.platform/Developer/SDKs/WatchOS26.2.sdk -target arm64_32-apple-watchos5.0 -g -module-cache-path /Users/admin/builder/spi-builder-workspace/.derivedData/ModuleCache.noindex -Xfrontend -serialize-debugging-options -enable-testing -suppress-warnings -index-store-path /Users/admin/builder/spi-builder-workspace/.derivedData/Index.noindex/DataStore -Xcc -D_LIBCPP_HARDENING_MODE\=_LIBCPP_HARDENING_MODE_DEBUG -swift-version 6 -I /Users/admin/builder/spi-builder-workspace/.derivedData/Build/Products/Debug-watchos -Isystem /Applications/Xcode-26.3.0.app/Contents/Developer/Platforms/WatchOS.platform/Developer/usr/lib -F /Users/admin/builder/spi-builder-workspace/.derivedData/Build/Products/Debug-watchos -F /Applications/Xcode-26.3.0.app/Contents/Developer/Platforms/WatchOS.platform/Developer/Library/Frameworks -F /Applications/Xcode-26.3.0.app/Contents/Developer/Platforms/WatchOS.platform/Developer/SDKs/WatchOS26.2.sdk/Developer/Library/Frameworks -c -j10 -enable-batch-mode -incremental -Xcc -ivfsstatcache -Xcc /Users/admin/builder/spi-builder-workspace/.derivedData/SDKStatCaches.noindex/watchos26.2-23S303-dc75598d0054f22ec865fa860f139d721753b489057de6bda919edfa1c59a62b.sdkstatcache -output-file-map /Users/admin/builder/spi-builder-workspace/.derivedData/Build/Intermediates.noindex/SwiftBackports.build/Debug-watchos/SwiftBackports.build/Objects-normal/arm64_32/SwiftBackports-OutputFileMap.json -use-frontend-parseable-output -save-temps -no-color-diagnostics -explicit-module-build -module-cache-path /Users/admin/builder/spi-builder-workspace/.derivedData/Build/Intermediates.noindex/SwiftExplicitPrecompiledModules -clang-scanner-module-cache-path /Users/admin/builder/spi-builder-workspace/.derivedData/ModuleCache.noindex -sdk-module-cache-path /Users/admin/builder/spi-builder-workspace/.derivedData/ModuleCache.noindex -serialize-diagnostics -emit-dependencies -emit-module -emit-module-path /Users/admin/builder/spi-builder-workspace/.derivedData/Build/Intermediates.noindex/SwiftBackports.build/Debug-watchos/SwiftBackports.build/Objects-normal/arm64_32/SwiftBackports.swiftmodule -user-module-version 26.2.0 -validate-clang-modules-once -clang-build-session-file /Users/admin/builder/spi-builder-workspace/.derivedData/ModuleCache.noindex/Session.modulevalidation -package-name swiftbackports -Xcc -I/Users/admin/builder/spi-builder-workspace/.derivedData/Build/Intermediates.noindex/SwiftBackports.build/Debug-watchos/SwiftBackports.build/swift-overrides.hmap -emit-const-values -Xfrontend -const-gather-protocols-file -Xfrontend /Users/admin/builder/spi-builder-workspace/.derivedData/Build/Intermediates.noindex/SwiftBackports.build/Debug-watchos/SwiftBackports.build/Objects-normal/arm64_32/SwiftBackports_const_extract_protocols.json -Xcc -I/Users/admin/builder/spi-builder-workspace/.derivedData/Build/Products/Debug-watchos/include -Xcc -I/Users/admin/builder/spi-builder-workspace/.derivedData/Build/Intermediates.noindex/SwiftBackports.build/Debug-watchos/SwiftBackports.build/DerivedSources-normal/arm64_32 -Xcc -I/Users/admin/builder/spi-builder-workspace/.derivedData/Build/Intermediates.noindex/SwiftBackports.build/Debug-watchos/SwiftBackports.build/DerivedSources/arm64_32 -Xcc -I/Users/admin/builder/spi-builder-workspace/.derivedData/Build/Intermediates.noindex/SwiftBackports.build/Debug-watchos/SwiftBackports.build/DerivedSources -Xcc -DSWIFT_PACKAGE -Xcc -DDEBUG\=1 -emit-objc-header -emit-objc-header-path /Users/admin/builder/spi-builder-workspace/.derivedData/Build/Intermediates.noindex/SwiftBackports.build/Debug-watchos/SwiftBackports.build/Objects-normal/arm64_32/SwiftBackports-Swift.h -working-directory /Users/admin/builder/spi-builder-workspace/.swiftpm/xcode -experimental-emit-module-separately -disable-cmo
SwiftDriver SwiftBackports normal arm64 com.apple.xcode.tools.swift.compiler (in target 'SwiftBackports' from project 'SwiftBackports')
    cd /Users/admin/builder/spi-builder-workspace/.swiftpm/xcode
    builtin-SwiftDriver -- /Applications/Xcode-26.3.0.app/Contents/Developer/Toolchains/XcodeDefault.xctoolchain/usr/bin/swiftc -module-name SwiftBackports -Onone -enforce-exclusivity\=checked @/Users/admin/builder/spi-builder-workspace/.derivedData/Build/Intermediates.noindex/SwiftBackports.build/Debug-watchos/SwiftBackports.build/Objects-normal/arm64/SwiftBackports.SwiftFileList -DSWIFT_PACKAGE -DDEBUG -DSWIFT_MODULE_RESOURCE_BUNDLE_UNAVAILABLE -DXcode -plugin-path /Applications/Xcode-26.3.0.app/Contents/Developer/Toolchains/XcodeDefault.xctoolchain/usr/lib/swift/host/plugins/testing -enable-experimental-feature DebugDescriptionMacro -sdk /Applications/Xcode-26.3.0.app/Contents/Developer/Platforms/WatchOS.platform/Developer/SDKs/WatchOS26.2.sdk -target arm64-apple-watchos5.0 -g -module-cache-path /Users/admin/builder/spi-builder-workspace/.derivedData/ModuleCache.noindex -Xfrontend -serialize-debugging-options -enable-testing -suppress-warnings -index-store-path /Users/admin/builder/spi-builder-workspace/.derivedData/Index.noindex/DataStore -Xcc -D_LIBCPP_HARDENING_MODE\=_LIBCPP_HARDENING_MODE_DEBUG -swift-version 6 -I /Users/admin/builder/spi-builder-workspace/.derivedData/Build/Products/Debug-watchos -Isystem /Applications/Xcode-26.3.0.app/Contents/Developer/Platforms/WatchOS.platform/Developer/usr/lib -F /Users/admin/builder/spi-builder-workspace/.derivedData/Build/Products/Debug-watchos -F /Applications/Xcode-26.3.0.app/Contents/Developer/Platforms/WatchOS.platform/Developer/Library/Frameworks -F /Applications/Xcode-26.3.0.app/Contents/Developer/Platforms/WatchOS.platform/Developer/SDKs/WatchOS26.2.sdk/Developer/Library/Frameworks -c -j10 -enable-batch-mode -incremental -Xcc -ivfsstatcache -Xcc /Users/admin/builder/spi-builder-workspace/.derivedData/SDKStatCaches.noindex/watchos26.2-23S303-dc75598d0054f22ec865fa860f139d721753b489057de6bda919edfa1c59a62b.sdkstatcache -output-file-map /Users/admin/builder/spi-builder-workspace/.derivedData/Build/Intermediates.noindex/SwiftBackports.build/Debug-watchos/SwiftBackports.build/Objects-normal/arm64/SwiftBackports-OutputFileMap.json -use-frontend-parseable-output -save-temps -no-color-diagnostics -explicit-module-build -module-cache-path /Users/admin/builder/spi-builder-workspace/.derivedData/Build/Intermediates.noindex/SwiftExplicitPrecompiledModules -clang-scanner-module-cache-path /Users/admin/builder/spi-builder-workspace/.derivedData/ModuleCache.noindex -sdk-module-cache-path /Users/admin/builder/spi-builder-workspace/.derivedData/ModuleCache.noindex -serialize-diagnostics -emit-dependencies -emit-module -emit-module-path /Users/admin/builder/spi-builder-workspace/.derivedData/Build/Intermediates.noindex/SwiftBackports.build/Debug-watchos/SwiftBackports.build/Objects-normal/arm64/SwiftBackports.swiftmodule -user-module-version 26.2.0 -validate-clang-modules-once -clang-build-session-file /Users/admin/builder/spi-builder-workspace/.derivedData/ModuleCache.noindex/Session.modulevalidation -package-name swiftbackports -Xcc -I/Users/admin/builder/spi-builder-workspace/.derivedData/Build/Intermediates.noindex/SwiftBackports.build/Debug-watchos/SwiftBackports.build/swift-overrides.hmap -emit-const-values -Xfrontend -const-gather-protocols-file -Xfrontend /Users/admin/builder/spi-builder-workspace/.derivedData/Build/Intermediates.noindex/SwiftBackports.build/Debug-watchos/SwiftBackports.build/Objects-normal/arm64/SwiftBackports_const_extract_protocols.json -Xcc -I/Users/admin/builder/spi-builder-workspace/.derivedData/Build/Products/Debug-watchos/include -Xcc -I/Users/admin/builder/spi-builder-workspace/.derivedData/Build/Intermediates.noindex/SwiftBackports.build/Debug-watchos/SwiftBackports.build/DerivedSources-normal/arm64 -Xcc -I/Users/admin/builder/spi-builder-workspace/.derivedData/Build/Intermediates.noindex/SwiftBackports.build/Debug-watchos/SwiftBackports.build/DerivedSources/arm64 -Xcc -I/Users/admin/builder/spi-builder-workspace/.derivedData/Build/Intermediates.noindex/SwiftBackports.build/Debug-watchos/SwiftBackports.build/DerivedSources -Xcc -DSWIFT_PACKAGE -Xcc -DDEBUG\=1 -emit-objc-header -emit-objc-header-path /Users/admin/builder/spi-builder-workspace/.derivedData/Build/Intermediates.noindex/SwiftBackports.build/Debug-watchos/SwiftBackports.build/Objects-normal/arm64/SwiftBackports-Swift.h -working-directory /Users/admin/builder/spi-builder-workspace/.swiftpm/xcode -experimental-emit-module-separately -disable-cmo
SwiftDriver SwiftBackports normal armv7k com.apple.xcode.tools.swift.compiler (in target 'SwiftBackports' from project 'SwiftBackports')
    cd /Users/admin/builder/spi-builder-workspace/.swiftpm/xcode
    builtin-SwiftDriver -- /Applications/Xcode-26.3.0.app/Contents/Developer/Toolchains/XcodeDefault.xctoolchain/usr/bin/swiftc -module-name SwiftBackports -Onone -enforce-exclusivity\=checked @/Users/admin/builder/spi-builder-workspace/.derivedData/Build/Intermediates.noindex/SwiftBackports.build/Debug-watchos/SwiftBackports.build/Objects-normal/armv7k/SwiftBackports.SwiftFileList -DSWIFT_PACKAGE -DDEBUG -DSWIFT_MODULE_RESOURCE_BUNDLE_UNAVAILABLE -DXcode -plugin-path /Applications/Xcode-26.3.0.app/Contents/Developer/Toolchains/XcodeDefault.xctoolchain/usr/lib/swift/host/plugins/testing -enable-experimental-feature DebugDescriptionMacro -sdk /Applications/Xcode-26.3.0.app/Contents/Developer/Platforms/WatchOS.platform/Developer/SDKs/WatchOS26.2.sdk -target armv7k-apple-watchos5.0 -g -module-cache-path /Users/admin/builder/spi-builder-workspace/.derivedData/ModuleCache.noindex -Xfrontend -serialize-debugging-options -enable-testing -suppress-warnings -index-store-path /Users/admin/builder/spi-builder-workspace/.derivedData/Index.noindex/DataStore -Xcc -D_LIBCPP_HARDENING_MODE\=_LIBCPP_HARDENING_MODE_DEBUG -swift-version 6 -I /Users/admin/builder/spi-builder-workspace/.derivedData/Build/Products/Debug-watchos -Isystem /Applications/Xcode-26.3.0.app/Contents/Developer/Platforms/WatchOS.platform/Developer/usr/lib -F /Users/admin/builder/spi-builder-workspace/.derivedData/Build/Products/Debug-watchos -F /Applications/Xcode-26.3.0.app/Contents/Developer/Platforms/WatchOS.platform/Developer/Library/Frameworks -F /Applications/Xcode-26.3.0.app/Contents/Developer/Platforms/WatchOS.platform/Developer/SDKs/WatchOS26.2.sdk/Developer/Library/Frameworks -c -j10 -enable-batch-mode -incremental -Xcc -ivfsstatcache -Xcc /Users/admin/builder/spi-builder-workspace/.derivedData/SDKStatCaches.noindex/watchos26.2-23S303-dc75598d0054f22ec865fa860f139d721753b489057de6bda919edfa1c59a62b.sdkstatcache -output-file-map /Users/admin/builder/spi-builder-workspace/.derivedData/Build/Intermediates.noindex/SwiftBackports.build/Debug-watchos/SwiftBackports.build/Objects-normal/armv7k/SwiftBackports-OutputFileMap.json -use-frontend-parseable-output -save-temps -no-color-diagnostics -explicit-module-build -module-cache-path /Users/admin/builder/spi-builder-workspace/.derivedData/Build/Intermediates.noindex/SwiftExplicitPrecompiledModules -clang-scanner-module-cache-path /Users/admin/builder/spi-builder-workspace/.derivedData/ModuleCache.noindex -sdk-module-cache-path /Users/admin/builder/spi-builder-workspace/.derivedData/ModuleCache.noindex -serialize-diagnostics -emit-dependencies -emit-module -emit-module-path /Users/admin/builder/spi-builder-workspace/.derivedData/Build/Intermediates.noindex/SwiftBackports.build/Debug-watchos/SwiftBackports.build/Objects-normal/armv7k/SwiftBackports.swiftmodule -user-module-version 26.2.0 -validate-clang-modules-once -clang-build-session-file /Users/admin/builder/spi-builder-workspace/.derivedData/ModuleCache.noindex/Session.modulevalidation -package-name swiftbackports -Xcc -I/Users/admin/builder/spi-builder-workspace/.derivedData/Build/Intermediates.noindex/SwiftBackports.build/Debug-watchos/SwiftBackports.build/swift-overrides.hmap -emit-const-values -Xfrontend -const-gather-protocols-file -Xfrontend /Users/admin/builder/spi-builder-workspace/.derivedData/Build/Intermediates.noindex/SwiftBackports.build/Debug-watchos/SwiftBackports.build/Objects-normal/armv7k/SwiftBackports_const_extract_protocols.json -Xcc -I/Users/admin/builder/spi-builder-workspace/.derivedData/Build/Products/Debug-watchos/include -Xcc -I/Users/admin/builder/spi-builder-workspace/.derivedData/Build/Intermediates.noindex/SwiftBackports.build/Debug-watchos/SwiftBackports.build/DerivedSources-normal/armv7k -Xcc -I/Users/admin/builder/spi-builder-workspace/.derivedData/Build/Intermediates.noindex/SwiftBackports.build/Debug-watchos/SwiftBackports.build/DerivedSources/armv7k -Xcc -I/Users/admin/builder/spi-builder-workspace/.derivedData/Build/Intermediates.noindex/SwiftBackports.build/Debug-watchos/SwiftBackports.build/DerivedSources -Xcc -DSWIFT_PACKAGE -Xcc -DDEBUG\=1 -emit-objc-header -emit-objc-header-path /Users/admin/builder/spi-builder-workspace/.derivedData/Build/Intermediates.noindex/SwiftBackports.build/Debug-watchos/SwiftBackports.build/Objects-normal/armv7k/SwiftBackports-Swift.h -working-directory /Users/admin/builder/spi-builder-workspace/.swiftpm/xcode -experimental-emit-module-separately -disable-cmo
SwiftExplicitDependencyGeneratePcm arm64_32 /Users/admin/builder/spi-builder-workspace/.derivedData/ModuleCache.noindex/_Builtin_float-57NF6Z0LMY2BSAMQJ9NJ49CVA.pcm
SwiftExplicitDependencyGeneratePcm arm64_32 /Users/admin/builder/spi-builder-workspace/.derivedData/ModuleCache.noindex/ptrauth-625I4K1NIQYS1FZEGD4TBZD97.pcm
SwiftExplicitDependencyGeneratePcm arm64_32 /Users/admin/builder/spi-builder-workspace/.derivedData/ModuleCache.noindex/_Builtin_stdarg-D40VS4Q2KALO38V4FLA1GBDYO.pcm
SwiftExplicitDependencyGeneratePcm arm64_32 /Users/admin/builder/spi-builder-workspace/.derivedData/ModuleCache.noindex/DeveloperToolsSupport-5Q1NLQJRRPLABYGN6NVKFXWY0.pcm
SwiftExplicitDependencyGeneratePcm arm64_32 /Users/admin/builder/spi-builder-workspace/.derivedData/ModuleCache.noindex/_Builtin_stdbool-5P7XRQ5AQ02CJZQOFJGPCI3TD.pcm
SwiftExplicitDependencyGeneratePcm arm64_32 /Users/admin/builder/spi-builder-workspace/.derivedData/ModuleCache.noindex/_SwiftConcurrencyShims-BE6OCM46C4HZFNWL8BR101QWH.pcm
SwiftExplicitDependencyGeneratePcm arm64_32 /Users/admin/builder/spi-builder-workspace/.derivedData/ModuleCache.noindex/ptrcheck-9AZUY5IS5PCZJH0IGF6KZ1CS4.pcm
SwiftExplicitDependencyGeneratePcm arm64_32 /Users/admin/builder/spi-builder-workspace/.derivedData/ModuleCache.noindex/SwiftShims-1KDDRF0T4GF3KEVBC8BQQ0CZ5.pcm
SwiftExplicitDependencyGeneratePcm arm64_32 /Users/admin/builder/spi-builder-workspace/.derivedData/ModuleCache.noindex/_AvailabilityInternal-2P7I2A0IHHWZTWSQ7YWZKAXBX.pcm
SwiftExplicitDependencyGeneratePcm arm64_32 /Users/admin/builder/spi-builder-workspace/.derivedData/ModuleCache.noindex/_Builtin_stddef-CVMDFD2LRC6J8Y1G2VDJIK5XT.pcm
SwiftExplicitDependencyGeneratePcm arm64 /Users/admin/builder/spi-builder-workspace/.derivedData/ModuleCache.noindex/DeveloperToolsSupport-4T92GXF0UX8LAOR19MDAZQ5FJ.pcm
SwiftExplicitDependencyGeneratePcm armv7k /Users/admin/builder/spi-builder-workspace/.derivedData/ModuleCache.noindex/_Builtin_stdarg-4MJ6H5HQOFMFBOLMH3S73T33Z.pcm
SwiftExplicitDependencyGeneratePcm arm64 /Users/admin/builder/spi-builder-workspace/.derivedData/ModuleCache.noindex/_Builtin_stdarg-RZPX1L7HC0FE24QDJB88HMGH.pcm
SwiftExplicitDependencyGeneratePcm armv7k /Users/admin/builder/spi-builder-workspace/.derivedData/ModuleCache.noindex/_Builtin_stdbool-9VD2M4BTLIJY98N0LN8FWE4LY.pcm
SwiftExplicitDependencyGeneratePcm arm64 /Users/admin/builder/spi-builder-workspace/.derivedData/ModuleCache.noindex/ptrcheck-4YU0IIP3FXMEGKRFTVKLD8FLA.pcm
SwiftExplicitDependencyGeneratePcm arm64 /Users/admin/builder/spi-builder-workspace/.derivedData/ModuleCache.noindex/SwiftShims-7I20DMCTK17Q8T32LA04FWAMX.pcm
SwiftExplicitDependencyGeneratePcm arm64 /Users/admin/builder/spi-builder-workspace/.derivedData/ModuleCache.noindex/_AvailabilityInternal-2O3RFBUGA1RPVNII2XIZ3QNC3.pcm
SwiftExplicitDependencyGeneratePcm armv7k /Users/admin/builder/spi-builder-workspace/.derivedData/ModuleCache.noindex/_Builtin_float-2BHPKKW0FQMYF431GLJ1850BD.pcm
SwiftExplicitDependencyGeneratePcm arm64 /Users/admin/builder/spi-builder-workspace/.derivedData/ModuleCache.noindex/_Builtin_stddef-85JH2ZGWLM4WGGJWD7P19JNV6.pcm
SwiftExplicitDependencyGeneratePcm arm64 /Users/admin/builder/spi-builder-workspace/.derivedData/ModuleCache.noindex/_Builtin_stdbool-6XT6P5XUZWCFLZBIHXXS8S9EV.pcm
SwiftExplicitDependencyGeneratePcm arm64_32 /Users/admin/builder/spi-builder-workspace/.derivedData/ModuleCache.noindex/_DarwinFoundation1-B5IP3NLVAB98PUH6026E7IU3Z.pcm
SwiftExplicitDependencyGeneratePcm armv7k /Users/admin/builder/spi-builder-workspace/.derivedData/ModuleCache.noindex/_AvailabilityInternal-83RE8IZZCM0LEI18OBRCG6MQA.pcm
SwiftExplicitDependencyGeneratePcm armv7k /Users/admin/builder/spi-builder-workspace/.derivedData/ModuleCache.noindex/DeveloperToolsSupport-1N5GDP20GIN90VPW8LLCD3R3Q.pcm
SwiftExplicitDependencyGeneratePcm armv7k /Users/admin/builder/spi-builder-workspace/.derivedData/ModuleCache.noindex/_SwiftConcurrencyShims-D59HA2377K7NIHYDPWEQNNSGA.pcm
SwiftExplicitDependencyGeneratePcm arm64 /Users/admin/builder/spi-builder-workspace/.derivedData/ModuleCache.noindex/_Builtin_float-5QRDZB35Y522CLCFL7NT2LPUF.pcm
SwiftExplicitDependencyGeneratePcm arm64 /Users/admin/builder/spi-builder-workspace/.derivedData/ModuleCache.noindex/ptrauth-23V973HP08H1G8HHZ6OAJWG6Z.pcm
SwiftExplicitDependencyGeneratePcm armv7k /Users/admin/builder/spi-builder-workspace/.derivedData/ModuleCache.noindex/ptrcheck-CULRGIKD1ZM2RCD4ZIFL67KIW.pcm
SwiftExplicitDependencyGeneratePcm armv7k /Users/admin/builder/spi-builder-workspace/.derivedData/ModuleCache.noindex/SwiftShims-611RDAXOTFU5KRIC5DOC9GTGD.pcm
SwiftExplicitDependencyGeneratePcm armv7k /Users/admin/builder/spi-builder-workspace/.derivedData/ModuleCache.noindex/_Builtin_stddef-ASXQGX4KRKJUJ254CBG2Q4QKU.pcm
SwiftExplicitDependencyGeneratePcm armv7k /Users/admin/builder/spi-builder-workspace/.derivedData/ModuleCache.noindex/ptrauth-7MU8I6LYCX6DS0BM6VQWB61QK.pcm
SwiftExplicitDependencyGeneratePcm arm64 /Users/admin/builder/spi-builder-workspace/.derivedData/ModuleCache.noindex/_SwiftConcurrencyShims-6I3LH2ITNOZQ7GZSIWV3YFHI2.pcm
SwiftExplicitDependencyGeneratePcm arm64 /Users/admin/builder/spi-builder-workspace/.derivedData/ModuleCache.noindex/_DarwinFoundation1-9CHGZVG6Q11ZVI9VKIOS0DH8R.pcm
SwiftExplicitDependencyGeneratePcm armv7k /Users/admin/builder/spi-builder-workspace/.derivedData/ModuleCache.noindex/_DarwinFoundation1-JSBDA50WKR2C9RJB07QWI42B.pcm
SwiftExplicitDependencyGeneratePcm arm64_32 /Users/admin/builder/spi-builder-workspace/.derivedData/ModuleCache.noindex/_Builtin_limits-85C3GEXRWK1KZJSJYR1SLAHJZ.pcm
SwiftExplicitDependencyGeneratePcm arm64_32 /Users/admin/builder/spi-builder-workspace/.derivedData/ModuleCache.noindex/_DarwinFoundation2-BE53KZ13PGS3ADMTR162NWOT8.pcm
SwiftExplicitDependencyGeneratePcm arm64 /Users/admin/builder/spi-builder-workspace/.derivedData/ModuleCache.noindex/_Builtin_limits-DDBVG65V69EW9COVSML9AW08G.pcm
SwiftExplicitDependencyGeneratePcm arm64 /Users/admin/builder/spi-builder-workspace/.derivedData/ModuleCache.noindex/_DarwinFoundation2-91AUNY1B00JVZZS04EHZ5P78E.pcm
SwiftExplicitDependencyGeneratePcm armv7k /Users/admin/builder/spi-builder-workspace/.derivedData/ModuleCache.noindex/_DarwinFoundation2-E23B9LA0LZRKKI4M3H0N6KKNS.pcm
SwiftExplicitDependencyGeneratePcm armv7k /Users/admin/builder/spi-builder-workspace/.derivedData/ModuleCache.noindex/_Builtin_limits-XPKP09P1F6KF9ETBIU03GJWN.pcm
SwiftExplicitDependencyGeneratePcm arm64_32 /Users/admin/builder/spi-builder-workspace/.derivedData/ModuleCache.noindex/sys_types-5220JAOP6QAKP1ZZSQXQIGT3N.pcm
SwiftExplicitDependencyGeneratePcm arm64_32 /Users/admin/builder/spi-builder-workspace/.derivedData/ModuleCache.noindex/_Builtin_tgmath-9MAKYXN5PH90P2SVS3Q0JFOEL.pcm
SwiftExplicitDependencyGeneratePcm arm64_32 /Users/admin/builder/spi-builder-workspace/.derivedData/ModuleCache.noindex/_Builtin_stdint-DHK9W4154W1VADFICW26EF51A.pcm
SwiftExplicitDependencyGeneratePcm arm64 /Users/admin/builder/spi-builder-workspace/.derivedData/ModuleCache.noindex/_Builtin_stdint-BFTPAV7DTJR0UZMVITWJ89G3Z.pcm
SwiftExplicitDependencyGeneratePcm arm64 /Users/admin/builder/spi-builder-workspace/.derivedData/ModuleCache.noindex/sys_types-3UK4M66LJG7B93KMPGCYXJLGJ.pcm
SwiftExplicitDependencyGeneratePcm arm64 /Users/admin/builder/spi-builder-workspace/.derivedData/ModuleCache.noindex/_Builtin_tgmath-DI47CTKNA1DVO6XMQAP3NHIQ0.pcm
SwiftExplicitDependencyGeneratePcm arm64_32 /Users/admin/builder/spi-builder-workspace/.derivedData/ModuleCache.noindex/_Builtin_intrinsics-8BDARAQ01UZD6W014LHVKHINQ.pcm
SwiftExplicitDependencyGeneratePcm arm64_32 /Users/admin/builder/spi-builder-workspace/.derivedData/ModuleCache.noindex/_DarwinFoundation3-ECPZQXPEKKE17FVBYD1POXRMU.pcm
SwiftExplicitDependencyGeneratePcm arm64_32 /Users/admin/builder/spi-builder-workspace/.derivedData/ModuleCache.noindex/_Builtin_stdatomic-PGCTE6MX7UMTDPK5E7L1WO9G.pcm
SwiftExplicitDependencyGeneratePcm armv7k /Users/admin/builder/spi-builder-workspace/.derivedData/ModuleCache.noindex/_Builtin_tgmath-5WBTHFOCB9Q5MR8MW0HP6GZZW.pcm
SwiftExplicitDependencyGeneratePcm armv7k /Users/admin/builder/spi-builder-workspace/.derivedData/ModuleCache.noindex/sys_types-3GFPKPXLY1P6X1P0NITR0P4C4.pcm
SwiftExplicitDependencyGeneratePcm armv7k /Users/admin/builder/spi-builder-workspace/.derivedData/ModuleCache.noindex/_Builtin_stdint-6N6B8EKB7NHM6T7WWL1PDEA92.pcm
SwiftExplicitDependencyGeneratePcm arm64 /Users/admin/builder/spi-builder-workspace/.derivedData/ModuleCache.noindex/_Builtin_stdatomic-54VXVKINWJDUKUF1QQV7ZSY2R.pcm
SwiftExplicitDependencyGeneratePcm arm64 /Users/admin/builder/spi-builder-workspace/.derivedData/ModuleCache.noindex/_Builtin_intrinsics-58ND084GSLXVJ19XXOLY3EGKI.pcm
SwiftExplicitDependencyGeneratePcm arm64 /Users/admin/builder/spi-builder-workspace/.derivedData/ModuleCache.noindex/_DarwinFoundation3-5VMZVD9RI030DGKFFW74MIHMQ.pcm
SwiftExplicitDependencyGeneratePcm armv7k /Users/admin/builder/spi-builder-workspace/.derivedData/ModuleCache.noindex/_DarwinFoundation3-60ZZ0LKXFK73H5B3FVK2CIR1Q.pcm
SwiftExplicitDependencyGeneratePcm armv7k /Users/admin/builder/spi-builder-workspace/.derivedData/ModuleCache.noindex/_Builtin_stdatomic-7JS1PDY0232U9G2Z0HPRE7N09.pcm
SwiftExplicitDependencyGeneratePcm armv7k /Users/admin/builder/spi-builder-workspace/.derivedData/ModuleCache.noindex/_Builtin_intrinsics-8M6MCBDPJ8CU3KTYV2ZBIB3QV.pcm
SwiftExplicitDependencyGeneratePcm arm64_32 /Users/admin/builder/spi-builder-workspace/.derivedData/ModuleCache.noindex/_Builtin_inttypes-DVW4DAGN9X56OUK4E1BD9DBZ7.pcm
SwiftExplicitDependencyGeneratePcm arm64 /Users/admin/builder/spi-builder-workspace/.derivedData/ModuleCache.noindex/_Builtin_inttypes-EAYG1OYRDQ7HO6J9WI6WA5Y2M.pcm
SwiftExplicitDependencyGeneratePcm arm64_32 /Users/admin/builder/spi-builder-workspace/.derivedData/ModuleCache.noindex/Darwin-C8WYVRDE1BASWGOHXGC15GM9F.pcm
SwiftExplicitDependencyGeneratePcm armv7k /Users/admin/builder/spi-builder-workspace/.derivedData/ModuleCache.noindex/_Builtin_inttypes-3JDG6ZXZGG8E2RCJLIRCCAV3E.pcm
SwiftExplicitDependencyGeneratePcm armv7k /Users/admin/builder/spi-builder-workspace/.derivedData/ModuleCache.noindex/simd-A5TOA4OA3DH0NQXXAN1AVTUJS.pcm
SwiftExplicitDependencyGeneratePcm armv7k /Users/admin/builder/spi-builder-workspace/.derivedData/ModuleCache.noindex/Darwin-C5UUQBFEDAP6QHSMO866342FZ.pcm
SwiftExplicitDependencyGeneratePcm arm64 /Users/admin/builder/spi-builder-workspace/.derivedData/ModuleCache.noindex/Darwin-E1ZCMHXYOAUQKSA4QO0SMGPXA.pcm
SwiftExplicitDependencyGeneratePcm arm64_32 /Users/admin/builder/spi-builder-workspace/.derivedData/ModuleCache.noindex/simd-9BYVQEJ0MLQ40IRA0VT385G31.pcm
SwiftExplicitDependencyGeneratePcm arm64 /Users/admin/builder/spi-builder-workspace/.derivedData/ModuleCache.noindex/simd-6UCUA2BKEI2K1ED9QH6DE7VZF.pcm
SwiftExplicitDependencyGeneratePcm arm64_32 /Users/admin/builder/spi-builder-workspace/.derivedData/ModuleCache.noindex/ObjectiveC-AVYBQYXS0QCLOEQGWXNFUFJ0V.pcm
SwiftExplicitDependencyGeneratePcm arm64_32 /Users/admin/builder/spi-builder-workspace/.derivedData/ModuleCache.noindex/MachO-7QHSINQMXX9UYJSOISDF3NS24.pcm
SwiftExplicitDependencyGeneratePcm armv7k /Users/admin/builder/spi-builder-workspace/.derivedData/ModuleCache.noindex/MachO-9NTCA756NLTMLRH8VERKJ0BNM.pcm
SwiftExplicitDependencyGeneratePcm armv7k /Users/admin/builder/spi-builder-workspace/.derivedData/ModuleCache.noindex/ObjectiveC-ACM927XFRCK5MLNYU4TDJPUI9.pcm
SwiftExplicitDependencyGeneratePcm arm64 /Users/admin/builder/spi-builder-workspace/.derivedData/ModuleCache.noindex/ObjectiveC-2PU9OT47G6RBOHSXQR2STMWWR.pcm
SwiftExplicitDependencyGeneratePcm arm64 /Users/admin/builder/spi-builder-workspace/.derivedData/ModuleCache.noindex/MachO-CBB7CDJCGLJ1KAOBMESQJ6HN0.pcm
SwiftExplicitDependencyGeneratePcm arm64_32 /Users/admin/builder/spi-builder-workspace/.derivedData/ModuleCache.noindex/os_object-8N6RR4J5VVS62U9VXHR1297AW.pcm
SwiftExplicitDependencyGeneratePcm arm64_32 /Users/admin/builder/spi-builder-workspace/.derivedData/ModuleCache.noindex/os_workgroup-EGGSTWNSSUGG124AQRBUF2J85.pcm
SwiftExplicitDependencyGeneratePcm armv7k /Users/admin/builder/spi-builder-workspace/.derivedData/ModuleCache.noindex/os_object-CTAU3YFP52X3B3RQNJKXAB0S2.pcm
SwiftExplicitDependencyGeneratePcm arm64 /Users/admin/builder/spi-builder-workspace/.derivedData/ModuleCache.noindex/os_object-CIUJ5N1V1HWSGEK024IV96R1M.pcm
SwiftExplicitDependencyGeneratePcm armv7k /Users/admin/builder/spi-builder-workspace/.derivedData/ModuleCache.noindex/Spatial-6RFAQ3YWRZM9I5GCSPFYFQVCI.pcm
SwiftExplicitDependencyGeneratePcm arm64_32 /Users/admin/builder/spi-builder-workspace/.derivedData/ModuleCache.noindex/Spatial-DGQ1Z61Q5HV0ERQQK6QDL9GGR.pcm
SwiftExplicitDependencyGeneratePcm armv7k /Users/admin/builder/spi-builder-workspace/.derivedData/ModuleCache.noindex/os_workgroup-5XIFNOMVKG500RY054IJSXA0A.pcm
SwiftExplicitDependencyGeneratePcm arm64 /Users/admin/builder/spi-builder-workspace/.derivedData/ModuleCache.noindex/os_workgroup-5S02ISLSMHO6BA5HLY5UNJ6A3.pcm
SwiftExplicitDependencyGeneratePcm arm64_32 /Users/admin/builder/spi-builder-workspace/.derivedData/ModuleCache.noindex/os-1GWCV6O27DHF8WQFPLJNCFKK4.pcm
SwiftExplicitDependencyGeneratePcm arm64_32 /Users/admin/builder/spi-builder-workspace/.derivedData/ModuleCache.noindex/Dispatch-DV1SP0JEXVJ6MTIWZ3XCJTXSW.pcm
SwiftExplicitDependencyGeneratePcm arm64 /Users/admin/builder/spi-builder-workspace/.derivedData/ModuleCache.noindex/Spatial-P3M6DE6INE5TFFPGQXB74VLJ.pcm
SwiftExplicitDependencyGeneratePcm armv7k /Users/admin/builder/spi-builder-workspace/.derivedData/ModuleCache.noindex/os-A2KV5OCYYGX3ATHV3DI40T7XB.pcm
SwiftExplicitDependencyGeneratePcm armv7k /Users/admin/builder/spi-builder-workspace/.derivedData/ModuleCache.noindex/Dispatch-CDWEQAFJBASNR6ZVDOK5OXT4V.pcm
SwiftExplicitDependencyGeneratePcm arm64 /Users/admin/builder/spi-builder-workspace/.derivedData/ModuleCache.noindex/Dispatch-4KQN7RRX0L9C07MGTWHYRJGYM.pcm
SwiftExplicitDependencyGeneratePcm arm64 /Users/admin/builder/spi-builder-workspace/.derivedData/ModuleCache.noindex/os-AOK4LQ23MW2NBBUH2N8QOP52R.pcm
SwiftExplicitDependencyGeneratePcm arm64_32 /Users/admin/builder/spi-builder-workspace/.derivedData/ModuleCache.noindex/CoreFoundation-EN8GNA4ERP0UOK1XPZ1YRZKGF.pcm
SwiftExplicitDependencyGeneratePcm armv7k /Users/admin/builder/spi-builder-workspace/.derivedData/ModuleCache.noindex/CoreFoundation-RUCL80CI9TRWFFLKE600Z06O.pcm
SwiftExplicitDependencyGeneratePcm arm64 /Users/admin/builder/spi-builder-workspace/.derivedData/ModuleCache.noindex/CoreFoundation-C0JIKJUNM7J0IFUIZ8S5RWP5A.pcm
SwiftExplicitDependencyGeneratePcm arm64_32 /Users/admin/builder/spi-builder-workspace/.derivedData/ModuleCache.noindex/CoreServices-E3J40MEX2XVPQEOX7Q7LTQNLV.pcm
SwiftExplicitDependencyGeneratePcm arm64_32 /Users/admin/builder/spi-builder-workspace/.derivedData/ModuleCache.noindex/CoreGraphics-54WAF0IQ8H82D87XJZCFRIVTY.pcm
SwiftExplicitDependencyGeneratePcm arm64_32 /Users/admin/builder/spi-builder-workspace/.derivedData/ModuleCache.noindex/Security-8KJEGVX0ECINJU374GLCNITFA.pcm
SwiftExplicitDependencyGeneratePcm armv7k /Users/admin/builder/spi-builder-workspace/.derivedData/ModuleCache.noindex/CoreGraphics-A230YT8VVJ0UP5GJNZGB054RH.pcm
SwiftExplicitDependencyGeneratePcm armv7k /Users/admin/builder/spi-builder-workspace/.derivedData/ModuleCache.noindex/Security-C9A0B26R2UIADBXLVBKU1FJV1.pcm
SwiftExplicitDependencyGeneratePcm armv7k /Users/admin/builder/spi-builder-workspace/.derivedData/ModuleCache.noindex/CoreServices-9WEPXEDFEGOTQ9UALC5GKH29M.pcm
SwiftExplicitDependencyGeneratePcm arm64 /Users/admin/builder/spi-builder-workspace/.derivedData/ModuleCache.noindex/Security-8WXKZYCC8N3IYZ7GEEYK1LTTC.pcm
SwiftExplicitDependencyGeneratePcm arm64 /Users/admin/builder/spi-builder-workspace/.derivedData/ModuleCache.noindex/CoreServices-56Q17B6UPTTVHHE4C4UFPP4E0.pcm
SwiftExplicitDependencyGeneratePcm arm64 /Users/admin/builder/spi-builder-workspace/.derivedData/ModuleCache.noindex/CoreGraphics-2FMIK8L6NJMCE0PUQH3KNMGI3.pcm
SwiftExplicitDependencyGeneratePcm arm64_32 /Users/admin/builder/spi-builder-workspace/.derivedData/ModuleCache.noindex/Foundation-1ZQJQ54U4TUPUQFY2U9YK0983.pcm
SwiftExplicitDependencyGeneratePcm arm64_32 /Users/admin/builder/spi-builder-workspace/.derivedData/ModuleCache.noindex/CoreVideo-DAFM97GFIP18A85P7GYKWGVKF.pcm
SwiftExplicitDependencyGeneratePcm arm64_32 /Users/admin/builder/spi-builder-workspace/.derivedData/ModuleCache.noindex/CoreText-69WFEC62YDTCXQEGLBFA7KKF1.pcm
SwiftExplicitDependencyGeneratePcm armv7k /Users/admin/builder/spi-builder-workspace/.derivedData/ModuleCache.noindex/Foundation-BFCHXYDNJGNDW2FA1JATYZ9KO.pcm
SwiftExplicitDependencyGeneratePcm arm64 /Users/admin/builder/spi-builder-workspace/.derivedData/ModuleCache.noindex/Foundation-188QGUU7PNEMS0JL2JNA4L9D.pcm
SwiftExplicitDependencyGeneratePcm armv7k /Users/admin/builder/spi-builder-workspace/.derivedData/ModuleCache.noindex/CoreVideo-9LJSZ98GBQC0NW896CIQW0UEV.pcm
SwiftExplicitDependencyGeneratePcm armv7k /Users/admin/builder/spi-builder-workspace/.derivedData/ModuleCache.noindex/CoreText-DCPN7X6HQXY78VOK12DIFINRJ.pcm
SwiftExplicitDependencyGeneratePcm arm64 /Users/admin/builder/spi-builder-workspace/.derivedData/ModuleCache.noindex/CoreVideo-15AO69LNM8QYOGDN9W7HMBMTS.pcm
SwiftExplicitDependencyGeneratePcm arm64 /Users/admin/builder/spi-builder-workspace/.derivedData/ModuleCache.noindex/CoreText-2GN9EZ4ZQV3RJTZAUM2RAP0C5.pcm
SwiftExplicitDependencyGeneratePcm arm64_32 /Users/admin/builder/spi-builder-workspace/.derivedData/ModuleCache.noindex/UniformTypeIdentifiers-6VZH7JUQRBGXCIXRY267O4LKC.pcm
SwiftExplicitDependencyGeneratePcm arm64_32 /Users/admin/builder/spi-builder-workspace/.derivedData/ModuleCache.noindex/Accessibility-869BJBZ6Y0GHCSU4LZ2MMOG62.pcm
SwiftExplicitDependencyGeneratePcm arm64_32 /Users/admin/builder/spi-builder-workspace/.derivedData/ModuleCache.noindex/QuartzCore-5EU9GG539SM7NV65MHB043EPG.pcm
SwiftExplicitDependencyGeneratePcm arm64_32 /Users/admin/builder/spi-builder-workspace/.derivedData/ModuleCache.noindex/Symbols-A1BAQZRA0IPQ1BAQPBXB0XLK.pcm
SwiftExplicitDependencyGeneratePcm arm64_32 /Users/admin/builder/spi-builder-workspace/.derivedData/ModuleCache.noindex/DataDetection-9RZALVH3Q8QWPGVOXLJMRIMNJ.pcm
SwiftExplicitDependencyGeneratePcm arm64_32 /Users/admin/builder/spi-builder-workspace/.derivedData/ModuleCache.noindex/CoreTransferable-2CVORFL3L1ZOPK3KZBFUQTSQZ.pcm
SwiftExplicitDependencyGeneratePcm arm64_32 /Users/admin/builder/spi-builder-workspace/.derivedData/ModuleCache.noindex/OSLog-BBMJB65CZBEAD54GKEVKN32T5.pcm
SwiftExplicitDependencyGeneratePcm arm64_32 /Users/admin/builder/spi-builder-workspace/.derivedData/ModuleCache.noindex/UserNotifications-CY8CZNOA4HZ4NXF0NT757OY1I.pcm
SwiftExplicitDependencyGeneratePcm arm64_32 /Users/admin/builder/spi-builder-workspace/.derivedData/ModuleCache.noindex/CoreData-F2DL2NECK2F0P1OBHCU46MF3Q.pcm
SwiftExplicitDependencyGeneratePcm armv7k /Users/admin/builder/spi-builder-workspace/.derivedData/ModuleCache.noindex/UserNotifications-CL55GGUF3EY5ZD9C91CWRQTIO.pcm
SwiftExplicitDependencyGeneratePcm arm64 /Users/admin/builder/spi-builder-workspace/.derivedData/ModuleCache.noindex/CoreTransferable-8REPBA8E7O6DTYSXERNLF5EVF.pcm
SwiftExplicitDependencyGeneratePcm armv7k /Users/admin/builder/spi-builder-workspace/.derivedData/ModuleCache.noindex/QuartzCore-E5DSOST36XGNVVQHZIS419UFC.pcm
SwiftExplicitDependencyGeneratePcm arm64 /Users/admin/builder/spi-builder-workspace/.derivedData/ModuleCache.noindex/QuartzCore-4KHS4Y6YPAFSDDCY9RNZPJHA3.pcm
SwiftExplicitDependencyGeneratePcm arm64 /Users/admin/builder/spi-builder-workspace/.derivedData/ModuleCache.noindex/UniformTypeIdentifiers-458KAXK374TXBBN52PBPJYRSJ.pcm
SwiftExplicitDependencyGeneratePcm armv7k /Users/admin/builder/spi-builder-workspace/.derivedData/ModuleCache.noindex/CoreData-16LHBTXRAA3PUQCX54R8313TT.pcm
SwiftExplicitDependencyGeneratePcm arm64 /Users/admin/builder/spi-builder-workspace/.derivedData/ModuleCache.noindex/UserNotifications-57VYXICVMN3EV36XAB1WHJZ2C.pcm
SwiftExplicitDependencyGeneratePcm armv7k /Users/admin/builder/spi-builder-workspace/.derivedData/ModuleCache.noindex/UniformTypeIdentifiers-574XQDS9Z0VG0613D2YZQXOZ5.pcm
SwiftExplicitDependencyGeneratePcm arm64 /Users/admin/builder/spi-builder-workspace/.derivedData/ModuleCache.noindex/CoreData-2R09KN2ITB4YCFZYE0RKJ42SX.pcm
SwiftExplicitDependencyGeneratePcm arm64_32 /Users/admin/builder/spi-builder-workspace/.derivedData/ModuleCache.noindex/SwiftUICore-8ANRRAIL34VOSEU0OQX19CRW1.pcm
SwiftExplicitDependencyGeneratePcm armv7k /Users/admin/builder/spi-builder-workspace/.derivedData/ModuleCache.noindex/CoreTransferable-3GDQ7JUXXEYCW5AE0M4K5JN6P.pcm
SwiftExplicitDependencyGeneratePcm arm64 /Users/admin/builder/spi-builder-workspace/.derivedData/ModuleCache.noindex/OSLog-15I59UMBV6CMH7II4GT8R5JED.pcm
SwiftExplicitDependencyGeneratePcm arm64 /Users/admin/builder/spi-builder-workspace/.derivedData/ModuleCache.noindex/Symbols-2U9Y3ZW48EA4WDS5V00VYWP77.pcm
SwiftExplicitDependencyGeneratePcm arm64_32 /Users/admin/builder/spi-builder-workspace/.derivedData/ModuleCache.noindex/UIUtilities-CPB7RV7T2CQM4IT41KNK8WEPF.pcm
SwiftExplicitDependencyGeneratePcm armv7k /Users/admin/builder/spi-builder-workspace/.derivedData/ModuleCache.noindex/Symbols-4VO7DDKC0KZH0J59PHASYUCD7.pcm
SwiftExplicitDependencyGeneratePcm arm64 /Users/admin/builder/spi-builder-workspace/.derivedData/ModuleCache.noindex/UIUtilities-2AT70EV9YA6Z5O1GGD8GO52CG.pcm
SwiftExplicitDependencyGeneratePcm armv7k /Users/admin/builder/spi-builder-workspace/.derivedData/ModuleCache.noindex/SwiftUICore-DDOCCMECRVCFO0U3NLSLEABPC.pcm
SwiftExplicitDependencyGeneratePcm arm64 /Users/admin/builder/spi-builder-workspace/.derivedData/ModuleCache.noindex/SwiftUICore-21H2UE8E2AZCB7ZNBBCK88V6B.pcm
SwiftExplicitDependencyGeneratePcm armv7k /Users/admin/builder/spi-builder-workspace/.derivedData/ModuleCache.noindex/OSLog-5A0L0MW8SO3QFDNRLJSQPI59Y.pcm
SwiftExplicitDependencyGeneratePcm arm64 /Users/admin/builder/spi-builder-workspace/.derivedData/ModuleCache.noindex/_LocationEssentials-89SR6PJ8VGRNDNOJCJUJKQDF.pcm
SwiftExplicitDependencyGeneratePcm arm64 /Users/admin/builder/spi-builder-workspace/.derivedData/ModuleCache.noindex/SceneKit-3DCFJMYMG1AW8U9GLQQCC1TM9.pcm
SwiftExplicitDependencyGeneratePcm arm64_32 /Users/admin/builder/spi-builder-workspace/.derivedData/ModuleCache.noindex/UIKit-1I38H26G25LVQJZB353WOWH6.pcm
SwiftExplicitDependencyGeneratePcm arm64 /Users/admin/builder/spi-builder-workspace/.derivedData/ModuleCache.noindex/Accessibility-4HTSNVYGF3VC9YDCPC2MNOPN4.pcm
SwiftExplicitDependencyGeneratePcm armv7k /Users/admin/builder/spi-builder-workspace/.derivedData/ModuleCache.noindex/SceneKit-1X6X33RVDGLJSOA4XFFH989CS.pcm
SwiftExplicitDependencyGeneratePcm arm64_32 /Users/admin/builder/spi-builder-workspace/.derivedData/ModuleCache.noindex/SceneKit-6MBHR3E1L3RXHLA4E857VB005.pcm
SwiftExplicitDependencyGeneratePcm arm64_32 /Users/admin/builder/spi-builder-workspace/.derivedData/ModuleCache.noindex/_LocationEssentials-4AVGDYZWJ1Z1EFYUB10MHWTSY.pcm
SwiftExplicitDependencyGeneratePcm arm64 /Users/admin/builder/spi-builder-workspace/.derivedData/ModuleCache.noindex/DataDetection-DGEIPFEY2NNDNAFGCE7B6ZZG5.pcm
SwiftExplicitDependencyGeneratePcm armv7k /Users/admin/builder/spi-builder-workspace/.derivedData/ModuleCache.noindex/Accessibility-12JU0I443ZEPF4RTH0JWTSNRI.pcm
SwiftExplicitDependencyGeneratePcm armv7k /Users/admin/builder/spi-builder-workspace/.derivedData/ModuleCache.noindex/DataDetection-5A88L7N08ADBUP44SKGFLKLDG.pcm
SwiftExplicitDependencyGeneratePcm arm64 /Users/admin/builder/spi-builder-workspace/.derivedData/ModuleCache.noindex/CoreLocation-BOG5PV0G1GSHHPJXU4ZBJCZRH.pcm
SwiftExplicitDependencyGeneratePcm armv7k /Users/admin/builder/spi-builder-workspace/.derivedData/ModuleCache.noindex/UIUtilities-3L6BZV1EK7T0DMR10S63VG17H.pcm
SwiftExplicitDependencyGeneratePcm arm64_32 /Users/admin/builder/spi-builder-workspace/.derivedData/ModuleCache.noindex/CoreLocation-9RQ68E4O3PRRR7M1U83RT5KKA.pcm
SwiftExplicitDependencyGeneratePcm armv7k /Users/admin/builder/spi-builder-workspace/.derivedData/ModuleCache.noindex/_LocationEssentials-6RPXUWONXZZQNEVRO7EVCWQ8J.pcm
SwiftExplicitDependencyGeneratePcm arm64 /Users/admin/builder/spi-builder-workspace/.derivedData/ModuleCache.noindex/UIKit-8SKRF6O0G9HZH553M3C9EWWAU.pcm
SwiftExplicitDependencyGeneratePcm armv7k /Users/admin/builder/spi-builder-workspace/.derivedData/ModuleCache.noindex/UIKit-D1VYH5ZMVKWMCB6QIOECFJAU9.pcm
SwiftExplicitDependencyGeneratePcm armv7k /Users/admin/builder/spi-builder-workspace/.derivedData/ModuleCache.noindex/CoreLocation-6H5FDYJ8BBBA1TR9Y796016MP.pcm
SwiftExplicitDependencyGeneratePcm arm64_32 /Users/admin/builder/spi-builder-workspace/.derivedData/ModuleCache.noindex/HomeKit-AHC3ILHKUO82Z75TFKF5V50CX.pcm
SwiftExplicitDependencyGeneratePcm arm64_32 /Users/admin/builder/spi-builder-workspace/.derivedData/ModuleCache.noindex/MapKit-61MX8NTUJI5M2YAB13WWU24YK.pcm
SwiftExplicitDependencyGeneratePcm arm64 /Users/admin/builder/spi-builder-workspace/.derivedData/ModuleCache.noindex/HomeKit-4C69268JUH909JW8MKMI4ZHZD.pcm
SwiftExplicitDependencyGeneratePcm arm64 /Users/admin/builder/spi-builder-workspace/.derivedData/ModuleCache.noindex/MapKit-6Q8OOAF8BXB6AQCDERMACVNOQ.pcm
SwiftExplicitDependencyGeneratePcm armv7k /Users/admin/builder/spi-builder-workspace/.derivedData/ModuleCache.noindex/HomeKit-SCBYUJ7YD0SUXSIN7NG0MWPA.pcm
SwiftExplicitDependencyGeneratePcm armv7k /Users/admin/builder/spi-builder-workspace/.derivedData/ModuleCache.noindex/MapKit-6ZRPL19HBNUG2VCW49XQ484VZ.pcm
SwiftExplicitDependencyGeneratePcm arm64_32 /Users/admin/builder/spi-builder-workspace/.derivedData/ModuleCache.noindex/WatchKit-CAD4AK8HX5FUC7GD3OEVCTMHI.pcm
SwiftExplicitDependencyGeneratePcm arm64 /Users/admin/builder/spi-builder-workspace/.derivedData/ModuleCache.noindex/WatchKit-5T2K1B24G8E6J6KMDU2M6UZPN.pcm
SwiftExplicitDependencyGeneratePcm armv7k /Users/admin/builder/spi-builder-workspace/.derivedData/ModuleCache.noindex/WatchKit-69IILLZWH65S73S5X3NU9FGWX.pcm
SwiftExplicitDependencyGeneratePcm arm64_32 /Users/admin/builder/spi-builder-workspace/.derivedData/ModuleCache.noindex/SwiftUI-CTJZPDH0D73K21479D8OGT6Y3.pcm
SwiftCompile normal arm64_32 Compiling\ TransferableRepresentation.swift,\ AttributedString+Transferable.swift /Users/admin/builder/spi-builder-workspace/.dependencies/checkouts/SwiftBackports/Sources/SwiftBackports/CoreTransferable/TransferableRepresentation.swift /Users/admin/builder/spi-builder-workspace/.dependencies/checkouts/SwiftBackports/Sources/SwiftBackports/CoreTransferable/Transferables/AttributedString+Transferable.swift (in target 'SwiftBackports' from project 'SwiftBackports')
SwiftCompile normal arm64_32 /Users/admin/builder/spi-builder-workspace/.dependencies/checkouts/SwiftBackports/Sources/SwiftBackports/CoreTransferable/TransferableRepresentation.swift (in target 'SwiftBackports' from project 'SwiftBackports')
    cd /Users/admin/builder/spi-builder-workspace/.swiftpm/xcode

SwiftCompile normal arm64_32 /Users/admin/builder/spi-builder-workspace/.dependencies/checkouts/SwiftBackports/Sources/SwiftBackports/CoreTransferable/Transferables/AttributedString+Transferable.swift (in target 'SwiftBackports' from project 'SwiftBackports')
    cd /Users/admin/builder/spi-builder-workspace/.swiftpm/xcode

SwiftCompile normal arm64_32 Compiling\ TransferRepresentationBuilder.swift,\ Transferable.swift /Users/admin/builder/spi-builder-workspace/.dependencies/checkouts/SwiftBackports/Sources/SwiftBackports/CoreTransferable/TransferRepresentationBuilder.swift /Users/admin/builder/spi-builder-workspace/.dependencies/checkouts/SwiftBackports/Sources/SwiftBackports/CoreTransferable/Transferable.swift (in target 'SwiftBackports' from project 'SwiftBackports')
SwiftCompile normal arm64_32 /Users/admin/builder/spi-builder-workspace/.dependencies/checkouts/SwiftBackports/Sources/SwiftBackports/CoreTransferable/TransferRepresentationBuilder.swift (in target 'SwiftBackports' from project 'SwiftBackports')
    cd /Users/admin/builder/spi-builder-workspace/.swiftpm/xcode

SwiftCompile normal arm64_32 /Users/admin/builder/spi-builder-workspace/.dependencies/checkouts/SwiftBackports/Sources/SwiftBackports/CoreTransferable/Transferable.swift (in target 'SwiftBackports' from project 'SwiftBackports')
    cd /Users/admin/builder/spi-builder-workspace/.swiftpm/xcode

SwiftEmitModule normal arm64_32 Emitting\ module\ for\ SwiftBackports (in target 'SwiftBackports' from project 'SwiftBackports')
EmitSwiftModule normal arm64_32 (in target 'SwiftBackports' from project 'SwiftBackports')
    cd /Users/admin/builder/spi-builder-workspace/.swiftpm/xcode

SwiftCompile normal arm64_32 Compiling\ File+Representations.swift,\ Never+Representation.swift,\ Tuple+Representation.swift /Users/admin/builder/spi-builder-workspace/.dependencies/checkouts/SwiftBackports/Sources/SwiftBackports/CoreTransferable/Representations/File+Representations.swift /Users/admin/builder/spi-builder-workspace/.dependencies/checkouts/SwiftBackports/Sources/SwiftBackports/CoreTransferable/Representations/Never+Representation.swift /Users/admin/builder/spi-builder-workspace/.dependencies/checkouts/SwiftBackports/Sources/SwiftBackports/CoreTransferable/Representations/Tuple+Representation.swift (in target 'SwiftBackports' from project 'SwiftBackports')
SwiftCompile normal arm64_32 /Users/admin/builder/spi-builder-workspace/.dependencies/checkouts/SwiftBackports/Sources/SwiftBackports/CoreTransferable/Representations/File+Representations.swift (in target 'SwiftBackports' from project 'SwiftBackports')
    cd /Users/admin/builder/spi-builder-workspace/.swiftpm/xcode

SwiftCompile normal arm64_32 /Users/admin/builder/spi-builder-workspace/.dependencies/checkouts/SwiftBackports/Sources/SwiftBackports/CoreTransferable/Representations/Never+Representation.swift (in target 'SwiftBackports' from project 'SwiftBackports')
    cd /Users/admin/builder/spi-builder-workspace/.swiftpm/xcode

SwiftCompile normal arm64_32 /Users/admin/builder/spi-builder-workspace/.dependencies/checkouts/SwiftBackports/Sources/SwiftBackports/CoreTransferable/Representations/Tuple+Representation.swift (in target 'SwiftBackports' from project 'SwiftBackports')
    cd /Users/admin/builder/spi-builder-workspace/.swiftpm/xcode

SwiftCompile normal arm64_32 Compiling\ SentTransferredFile.swift,\ Visibility.swift /Users/admin/builder/spi-builder-workspace/.dependencies/checkouts/SwiftBackports/Sources/SwiftBackports/CoreTransferable/Support/SentTransferredFile.swift /Users/admin/builder/spi-builder-workspace/.dependencies/checkouts/SwiftBackports/Sources/SwiftBackports/CoreTransferable/Support/Visibility.swift (in target 'SwiftBackports' from project 'SwiftBackports')
SwiftCompile normal arm64_32 /Users/admin/builder/spi-builder-workspace/.dependencies/checkouts/SwiftBackports/Sources/SwiftBackports/CoreTransferable/Support/SentTransferredFile.swift (in target 'SwiftBackports' from project 'SwiftBackports')
    cd /Users/admin/builder/spi-builder-workspace/.swiftpm/xcode

SwiftCompile normal arm64_32 /Users/admin/builder/spi-builder-workspace/.dependencies/checkouts/SwiftBackports/Sources/SwiftBackports/CoreTransferable/Support/Visibility.swift (in target 'SwiftBackports' from project 'SwiftBackports')
    cd /Users/admin/builder/spi-builder-workspace/.swiftpm/xcode

SwiftCompile normal arm64_32 Compiling\ Data+Transferable.swift,\ Never+Transferable.swift /Users/admin/builder/spi-builder-workspace/.dependencies/checkouts/SwiftBackports/Sources/SwiftBackports/CoreTransferable/Transferables/Data+Transferable.swift /Users/admin/builder/spi-builder-workspace/.dependencies/checkouts/SwiftBackports/Sources/SwiftBackports/CoreTransferable/Transferables/Never+Transferable.swift (in target 'SwiftBackports' from project 'SwiftBackports')
SwiftCompile normal arm64_32 /Users/admin/builder/spi-builder-workspace/.dependencies/checkouts/SwiftBackports/Sources/SwiftBackports/CoreTransferable/Transferables/Data+Transferable.swift (in target 'SwiftBackports' from project 'SwiftBackports')
    cd /Users/admin/builder/spi-builder-workspace/.swiftpm/xcode

SwiftCompile normal arm64_32 /Users/admin/builder/spi-builder-workspace/.dependencies/checkouts/SwiftBackports/Sources/SwiftBackports/CoreTransferable/Transferables/Never+Transferable.swift (in target 'SwiftBackports' from project 'SwiftBackports')
    cd /Users/admin/builder/spi-builder-workspace/.swiftpm/xcode

SwiftCompile normal arm64_32 Compiling\ Backport.swift,\ Codable+Representation.swift,\ Data+Representation.swift /Users/admin/builder/spi-builder-workspace/.dependencies/checkouts/SwiftBackports/Sources/SwiftBackports/Backport.swift /Users/admin/builder/spi-builder-workspace/.dependencies/checkouts/SwiftBackports/Sources/SwiftBackports/CoreTransferable/Representations/Codable+Representation.swift /Users/admin/builder/spi-builder-workspace/.dependencies/checkouts/SwiftBackports/Sources/SwiftBackports/CoreTransferable/Representations/Data+Representation.swift (in target 'SwiftBackports' from project 'SwiftBackports')
SwiftCompile normal arm64_32 /Users/admin/builder/spi-builder-workspace/.dependencies/checkouts/SwiftBackports/Sources/SwiftBackports/Backport.swift (in target 'SwiftBackports' from project 'SwiftBackports')
    cd /Users/admin/builder/spi-builder-workspace/.swiftpm/xcode

SwiftCompile normal arm64_32 /Users/admin/builder/spi-builder-workspace/.dependencies/checkouts/SwiftBackports/Sources/SwiftBackports/CoreTransferable/Representations/Codable+Representation.swift (in target 'SwiftBackports' from project 'SwiftBackports')
    cd /Users/admin/builder/spi-builder-workspace/.swiftpm/xcode

SwiftCompile normal arm64_32 /Users/admin/builder/spi-builder-workspace/.dependencies/checkouts/SwiftBackports/Sources/SwiftBackports/CoreTransferable/Representations/Data+Representation.swift (in target 'SwiftBackports' from project 'SwiftBackports')
    cd /Users/admin/builder/spi-builder-workspace/.swiftpm/xcode

SwiftCompile normal arm64_32 Compiling\ URLSession+Async.swift,\ CoreTypes.swift /Users/admin/builder/spi-builder-workspace/.dependencies/checkouts/SwiftBackports/Sources/SwiftBackports/URLSession/URLSession+Async.swift /Users/admin/builder/spi-builder-workspace/.dependencies/checkouts/SwiftBackports/Sources/SwiftBackports/UniformTypeIdentifiers/CoreTypes.swift (in target 'SwiftBackports' from project 'SwiftBackports')
SwiftCompile normal arm64_32 /Users/admin/builder/spi-builder-workspace/.dependencies/checkouts/SwiftBackports/Sources/SwiftBackports/URLSession/URLSession+Async.swift (in target 'SwiftBackports' from project 'SwiftBackports')
    cd /Users/admin/builder/spi-builder-workspace/.swiftpm/xcode

SwiftCompile normal arm64_32 /Users/admin/builder/spi-builder-workspace/.dependencies/checkouts/SwiftBackports/Sources/SwiftBackports/UniformTypeIdentifiers/CoreTypes.swift (in target 'SwiftBackports' from project 'SwiftBackports')
    cd /Users/admin/builder/spi-builder-workspace/.swiftpm/xcode

SwiftCompile normal arm64_32 Compiling\ UTTagClass.swift,\ UTType.swift /Users/admin/builder/spi-builder-workspace/.dependencies/checkouts/SwiftBackports/Sources/SwiftBackports/UniformTypeIdentifiers/UTTagClass.swift /Users/admin/builder/spi-builder-workspace/.dependencies/checkouts/SwiftBackports/Sources/SwiftBackports/UniformTypeIdentifiers/UTType.swift (in target 'SwiftBackports' from project 'SwiftBackports')
SwiftCompile normal arm64_32 /Users/admin/builder/spi-builder-workspace/.dependencies/checkouts/SwiftBackports/Sources/SwiftBackports/UniformTypeIdentifiers/UTTagClass.swift (in target 'SwiftBackports' from project 'SwiftBackports')
    cd /Users/admin/builder/spi-builder-workspace/.swiftpm/xcode

SwiftCompile normal arm64_32 /Users/admin/builder/spi-builder-workspace/.dependencies/checkouts/SwiftBackports/Sources/SwiftBackports/UniformTypeIdentifiers/UTType.swift (in target 'SwiftBackports' from project 'SwiftBackports')
    cd /Users/admin/builder/spi-builder-workspace/.swiftpm/xcode

SwiftExplicitDependencyGeneratePcm arm64 /Users/admin/builder/spi-builder-workspace/.derivedData/ModuleCache.noindex/SwiftUI-4OC0A8HWPDEBIVB0BVWDDC788.pcm
SwiftExplicitDependencyGeneratePcm armv7k /Users/admin/builder/spi-builder-workspace/.derivedData/ModuleCache.noindex/SwiftUI-2CWD7R423J4Q2GNMVYQ9JV7VI.pcm
SwiftEmitModule normal arm64 Emitting\ module\ for\ SwiftBackports (in target 'SwiftBackports' from project 'SwiftBackports')
EmitSwiftModule normal arm64 (in target 'SwiftBackports' from project 'SwiftBackports')
    cd /Users/admin/builder/spi-builder-workspace/.swiftpm/xcode

SwiftEmitModule normal armv7k Emitting\ module\ for\ SwiftBackports (in target 'SwiftBackports' from project 'SwiftBackports')
EmitSwiftModule normal armv7k (in target 'SwiftBackports' from project 'SwiftBackports')
    cd /Users/admin/builder/spi-builder-workspace/.swiftpm/xcode

SwiftDriverJobDiscovery normal arm64_32 Emitting module for SwiftBackports (in target 'SwiftBackports' from project 'SwiftBackports')
SwiftDriver\ Compilation\ Requirements SwiftBackports normal arm64_32 com.apple.xcode.tools.swift.compiler (in target 'SwiftBackports' from project 'SwiftBackports')
    cd /Users/admin/builder/spi-builder-workspace/.swiftpm/xcode
    builtin-Swift-Compilation-Requirements -- /Applications/Xcode-26.3.0.app/Contents/Developer/Toolchains/XcodeDefault.xctoolchain/usr/bin/swiftc -module-name SwiftBackports -Onone -enforce-exclusivity\=checked @/Users/admin/builder/spi-builder-workspace/.derivedData/Build/Intermediates.noindex/SwiftBackports.build/Debug-watchos/SwiftBackports.build/Objects-normal/arm64_32/SwiftBackports.SwiftFileList -DSWIFT_PACKAGE -DDEBUG -DSWIFT_MODULE_RESOURCE_BUNDLE_UNAVAILABLE -DXcode -plugin-path /Applications/Xcode-26.3.0.app/Contents/Developer/Toolchains/XcodeDefault.xctoolchain/usr/lib/swift/host/plugins/testing -enable-experimental-feature DebugDescriptionMacro -sdk /Applications/Xcode-26.3.0.app/Contents/Developer/Platforms/WatchOS.platform/Developer/SDKs/WatchOS26.2.sdk -target arm64_32-apple-watchos5.0 -g -module-cache-path /Users/admin/builder/spi-builder-workspace/.derivedData/ModuleCache.noindex -Xfrontend -serialize-debugging-options -enable-testing -suppress-warnings -index-store-path /Users/admin/builder/spi-builder-workspace/.derivedData/Index.noindex/DataStore -Xcc -D_LIBCPP_HARDENING_MODE\=_LIBCPP_HARDENING_MODE_DEBUG -swift-version 6 -I /Users/admin/builder/spi-builder-workspace/.derivedData/Build/Products/Debug-watchos -Isystem /Applications/Xcode-26.3.0.app/Contents/Developer/Platforms/WatchOS.platform/Developer/usr/lib -F /Users/admin/builder/spi-builder-workspace/.derivedData/Build/Products/Debug-watchos -F /Applications/Xcode-26.3.0.app/Contents/Developer/Platforms/WatchOS.platform/Developer/Library/Frameworks -F /Applications/Xcode-26.3.0.app/Contents/Developer/Platforms/WatchOS.platform/Developer/SDKs/WatchOS26.2.sdk/Developer/Library/Frameworks -c -j10 -enable-batch-mode -incremental -Xcc -ivfsstatcache -Xcc /Users/admin/builder/spi-builder-workspace/.derivedData/SDKStatCaches.noindex/watchos26.2-23S303-dc75598d0054f22ec865fa860f139d721753b489057de6bda919edfa1c59a62b.sdkstatcache -output-file-map /Users/admin/builder/spi-builder-workspace/.derivedData/Build/Intermediates.noindex/SwiftBackports.build/Debug-watchos/SwiftBackports.build/Objects-normal/arm64_32/SwiftBackports-OutputFileMap.json -use-frontend-parseable-output -save-temps -no-color-diagnostics -explicit-module-build -module-cache-path /Users/admin/builder/spi-builder-workspace/.derivedData/Build/Intermediates.noindex/SwiftExplicitPrecompiledModules -clang-scanner-module-cache-path /Users/admin/builder/spi-builder-workspace/.derivedData/ModuleCache.noindex -sdk-module-cache-path /Users/admin/builder/spi-builder-workspace/.derivedData/ModuleCache.noindex -serialize-diagnostics -emit-dependencies -emit-module -emit-module-path /Users/admin/builder/spi-builder-workspace/.derivedData/Build/Intermediates.noindex/SwiftBackports.build/Debug-watchos/SwiftBackports.build/Objects-normal/arm64_32/SwiftBackports.swiftmodule -user-module-version 26.2.0 -validate-clang-modules-once -clang-build-session-file /Users/admin/builder/spi-builder-workspace/.derivedData/ModuleCache.noindex/Session.modulevalidation -package-name swiftbackports -Xcc -I/Users/admin/builder/spi-builder-workspace/.derivedData/Build/Intermediates.noindex/SwiftBackports.build/Debug-watchos/SwiftBackports.build/swift-overrides.hmap -emit-const-values -Xfrontend -const-gather-protocols-file -Xfrontend /Users/admin/builder/spi-builder-workspace/.derivedData/Build/Intermediates.noindex/SwiftBackports.build/Debug-watchos/SwiftBackports.build/Objects-normal/arm64_32/SwiftBackports_const_extract_protocols.json -Xcc -I/Users/admin/builder/spi-builder-workspace/.derivedData/Build/Products/Debug-watchos/include -Xcc -I/Users/admin/builder/spi-builder-workspace/.derivedData/Build/Intermediates.noindex/SwiftBackports.build/Debug-watchos/SwiftBackports.build/DerivedSources-normal/arm64_32 -Xcc -I/Users/admin/builder/spi-builder-workspace/.derivedData/Build/Intermediates.noindex/SwiftBackports.build/Debug-watchos/SwiftBackports.build/DerivedSources/arm64_32 -Xcc -I/Users/admin/builder/spi-builder-workspace/.derivedData/Build/Intermediates.noindex/SwiftBackports.build/Debug-watchos/SwiftBackports.build/DerivedSources -Xcc -DSWIFT_PACKAGE -Xcc -DDEBUG\=1 -emit-objc-header -emit-objc-header-path /Users/admin/builder/spi-builder-workspace/.derivedData/Build/Intermediates.noindex/SwiftBackports.build/Debug-watchos/SwiftBackports.build/Objects-normal/arm64_32/SwiftBackports-Swift.h -working-directory /Users/admin/builder/spi-builder-workspace/.swiftpm/xcode -experimental-emit-module-separately -disable-cmo
SwiftDriverJobDiscovery normal arm64 Emitting module for SwiftBackports (in target 'SwiftBackports' from project 'SwiftBackports')
SwiftDriver\ Compilation\ Requirements SwiftBackports normal arm64 com.apple.xcode.tools.swift.compiler (in target 'SwiftBackports' from project 'SwiftBackports')
    cd /Users/admin/builder/spi-builder-workspace/.swiftpm/xcode
    builtin-Swift-Compilation-Requirements -- /Applications/Xcode-26.3.0.app/Contents/Developer/Toolchains/XcodeDefault.xctoolchain/usr/bin/swiftc -module-name SwiftBackports -Onone -enforce-exclusivity\=checked @/Users/admin/builder/spi-builder-workspace/.derivedData/Build/Intermediates.noindex/SwiftBackports.build/Debug-watchos/SwiftBackports.build/Objects-normal/arm64/SwiftBackports.SwiftFileList -DSWIFT_PACKAGE -DDEBUG -DSWIFT_MODULE_RESOURCE_BUNDLE_UNAVAILABLE -DXcode -plugin-path /Applications/Xcode-26.3.0.app/Contents/Developer/Toolchains/XcodeDefault.xctoolchain/usr/lib/swift/host/plugins/testing -enable-experimental-feature DebugDescriptionMacro -sdk /Applications/Xcode-26.3.0.app/Contents/Developer/Platforms/WatchOS.platform/Developer/SDKs/WatchOS26.2.sdk -target arm64-apple-watchos5.0 -g -module-cache-path /Users/admin/builder/spi-builder-workspace/.derivedData/ModuleCache.noindex -Xfrontend -serialize-debugging-options -enable-testing -suppress-warnings -index-store-path /Users/admin/builder/spi-builder-workspace/.derivedData/Index.noindex/DataStore -Xcc -D_LIBCPP_HARDENING_MODE\=_LIBCPP_HARDENING_MODE_DEBUG -swift-version 6 -I /Users/admin/builder/spi-builder-workspace/.derivedData/Build/Products/Debug-watchos -Isystem /Applications/Xcode-26.3.0.app/Contents/Developer/Platforms/WatchOS.platform/Developer/usr/lib -F /Users/admin/builder/spi-builder-workspace/.derivedData/Build/Products/Debug-watchos -F /Applications/Xcode-26.3.0.app/Contents/Developer/Platforms/WatchOS.platform/Developer/Library/Frameworks -F /Applications/Xcode-26.3.0.app/Contents/Developer/Platforms/WatchOS.platform/Developer/SDKs/WatchOS26.2.sdk/Developer/Library/Frameworks -c -j10 -enable-batch-mode -incremental -Xcc -ivfsstatcache -Xcc /Users/admin/builder/spi-builder-workspace/.derivedData/SDKStatCaches.noindex/watchos26.2-23S303-dc75598d0054f22ec865fa860f139d721753b489057de6bda919edfa1c59a62b.sdkstatcache -output-file-map /Users/admin/builder/spi-builder-workspace/.derivedData/Build/Intermediates.noindex/SwiftBackports.build/Debug-watchos/SwiftBackports.build/Objects-normal/arm64/SwiftBackports-OutputFileMap.json -use-frontend-parseable-output -save-temps -no-color-diagnostics -explicit-module-build -module-cache-path /Users/admin/builder/spi-builder-workspace/.derivedData/Build/Intermediates.noindex/SwiftExplicitPrecompiledModules -clang-scanner-module-cache-path /Users/admin/builder/spi-builder-workspace/.derivedData/ModuleCache.noindex -sdk-module-cache-path /Users/admin/builder/spi-builder-workspace/.derivedData/ModuleCache.noindex -serialize-diagnostics -emit-dependencies -emit-module -emit-module-path /Users/admin/builder/spi-builder-workspace/.derivedData/Build/Intermediates.noindex/SwiftBackports.build/Debug-watchos/SwiftBackports.build/Objects-normal/arm64/SwiftBackports.swiftmodule -user-module-version 26.2.0 -validate-clang-modules-once -clang-build-session-file /Users/admin/builder/spi-builder-workspace/.derivedData/ModuleCache.noindex/Session.modulevalidation -package-name swiftbackports -Xcc -I/Users/admin/builder/spi-builder-workspace/.derivedData/Build/Intermediates.noindex/SwiftBackports.build/Debug-watchos/SwiftBackports.build/swift-overrides.hmap -emit-const-values -Xfrontend -const-gather-protocols-file -Xfrontend /Users/admin/builder/spi-builder-workspace/.derivedData/Build/Intermediates.noindex/SwiftBackports.build/Debug-watchos/SwiftBackports.build/Objects-normal/arm64/SwiftBackports_const_extract_protocols.json -Xcc -I/Users/admin/builder/spi-builder-workspace/.derivedData/Build/Products/Debug-watchos/include -Xcc -I/Users/admin/builder/spi-builder-workspace/.derivedData/Build/Intermediates.noindex/SwiftBackports.build/Debug-watchos/SwiftBackports.build/DerivedSources-normal/arm64 -Xcc -I/Users/admin/builder/spi-builder-workspace/.derivedData/Build/Intermediates.noindex/SwiftBackports.build/Debug-watchos/SwiftBackports.build/DerivedSources/arm64 -Xcc -I/Users/admin/builder/spi-builder-workspace/.derivedData/Build/Intermediates.noindex/SwiftBackports.build/Debug-watchos/SwiftBackports.build/DerivedSources -Xcc -DSWIFT_PACKAGE -Xcc -DDEBUG\=1 -emit-objc-header -emit-objc-header-path /Users/admin/builder/spi-builder-workspace/.derivedData/Build/Intermediates.noindex/SwiftBackports.build/Debug-watchos/SwiftBackports.build/Objects-normal/arm64/SwiftBackports-Swift.h -working-directory /Users/admin/builder/spi-builder-workspace/.swiftpm/xcode -experimental-emit-module-separately -disable-cmo
SwiftCompile normal armv7k Compiling\ UTTagClass.swift,\ UTType.swift /Users/admin/builder/spi-builder-workspace/.dependencies/checkouts/SwiftBackports/Sources/SwiftBackports/UniformTypeIdentifiers/UTTagClass.swift /Users/admin/builder/spi-builder-workspace/.dependencies/checkouts/SwiftBackports/Sources/SwiftBackports/UniformTypeIdentifiers/UTType.swift (in target 'SwiftBackports' from project 'SwiftBackports')
SwiftCompile normal armv7k /Users/admin/builder/spi-builder-workspace/.dependencies/checkouts/SwiftBackports/Sources/SwiftBackports/UniformTypeIdentifiers/UTTagClass.swift (in target 'SwiftBackports' from project 'SwiftBackports')
    cd /Users/admin/builder/spi-builder-workspace/.swiftpm/xcode

SwiftCompile normal armv7k /Users/admin/builder/spi-builder-workspace/.dependencies/checkouts/SwiftBackports/Sources/SwiftBackports/UniformTypeIdentifiers/UTType.swift (in target 'SwiftBackports' from project 'SwiftBackports')
    cd /Users/admin/builder/spi-builder-workspace/.swiftpm/xcode

SwiftDriverJobDiscovery normal armv7k Emitting module for SwiftBackports (in target 'SwiftBackports' from project 'SwiftBackports')
Copy /Users/admin/builder/spi-builder-workspace/.derivedData/Build/Products/Debug-watchos/SwiftBackports.swiftmodule/arm64_32-apple-watchos.swiftmodule /Users/admin/builder/spi-builder-workspace/.derivedData/Build/Intermediates.noindex/SwiftBackports.build/Debug-watchos/SwiftBackports.build/Objects-normal/arm64_32/SwiftBackports.swiftmodule (in target 'SwiftBackports' from project 'SwiftBackports')
    cd /Users/admin/builder/spi-builder-workspace/.dependencies/checkouts/SwiftBackports
    builtin-copy -exclude .DS_Store -exclude CVS -exclude .svn -exclude .git -exclude .hg -resolve-src-symlinks -rename /Users/admin/builder/spi-builder-workspace/.derivedData/Build/Intermediates.noindex/SwiftBackports.build/Debug-watchos/SwiftBackports.build/Objects-normal/arm64_32/SwiftBackports.swiftmodule /Users/admin/builder/spi-builder-workspace/.derivedData/Build/Products/Debug-watchos/SwiftBackports.swiftmodule/arm64_32-apple-watchos.swiftmodule
SwiftDriver\ Compilation\ Requirements SwiftBackports normal armv7k com.apple.xcode.tools.swift.compiler (in target 'SwiftBackports' from project 'SwiftBackports')
    cd /Users/admin/builder/spi-builder-workspace/.swiftpm/xcode
    builtin-Swift-Compilation-Requirements -- /Applications/Xcode-26.3.0.app/Contents/Developer/Toolchains/XcodeDefault.xctoolchain/usr/bin/swiftc -module-name SwiftBackports -Onone -enforce-exclusivity\=checked @/Users/admin/builder/spi-builder-workspace/.derivedData/Build/Intermediates.noindex/SwiftBackports.build/Debug-watchos/SwiftBackports.build/Objects-normal/armv7k/SwiftBackports.SwiftFileList -DSWIFT_PACKAGE -DDEBUG -DSWIFT_MODULE_RESOURCE_BUNDLE_UNAVAILABLE -DXcode -plugin-path /Applications/Xcode-26.3.0.app/Contents/Developer/Toolchains/XcodeDefault.xctoolchain/usr/lib/swift/host/plugins/testing -enable-experimental-feature DebugDescriptionMacro -sdk /Applications/Xcode-26.3.0.app/Contents/Developer/Platforms/WatchOS.platform/Developer/SDKs/WatchOS26.2.sdk -target armv7k-apple-watchos5.0 -g -module-cache-path /Users/admin/builder/spi-builder-workspace/.derivedData/ModuleCache.noindex -Xfrontend -serialize-debugging-options -enable-testing -suppress-warnings -index-store-path /Users/admin/builder/spi-builder-workspace/.derivedData/Index.noindex/DataStore -Xcc -D_LIBCPP_HARDENING_MODE\=_LIBCPP_HARDENING_MODE_DEBUG -swift-version 6 -I /Users/admin/builder/spi-builder-workspace/.derivedData/Build/Products/Debug-watchos -Isystem /Applications/Xcode-26.3.0.app/Contents/Developer/Platforms/WatchOS.platform/Developer/usr/lib -F /Users/admin/builder/spi-builder-workspace/.derivedData/Build/Products/Debug-watchos -F /Applications/Xcode-26.3.0.app/Contents/Developer/Platforms/WatchOS.platform/Developer/Library/Frameworks -F /Applications/Xcode-26.3.0.app/Contents/Developer/Platforms/WatchOS.platform/Developer/SDKs/WatchOS26.2.sdk/Developer/Library/Frameworks -c -j10 -enable-batch-mode -incremental -Xcc -ivfsstatcache -Xcc /Users/admin/builder/spi-builder-workspace/.derivedData/SDKStatCaches.noindex/watchos26.2-23S303-dc75598d0054f22ec865fa860f139d721753b489057de6bda919edfa1c59a62b.sdkstatcache -output-file-map /Users/admin/builder/spi-builder-workspace/.derivedData/Build/Intermediates.noindex/SwiftBackports.build/Debug-watchos/SwiftBackports.build/Objects-normal/armv7k/SwiftBackports-OutputFileMap.json -use-frontend-parseable-output -save-temps -no-color-diagnostics -explicit-module-build -module-cache-path /Users/admin/builder/spi-builder-workspace/.derivedData/Build/Intermediates.noindex/SwiftExplicitPrecompiledModules -clang-scanner-module-cache-path /Users/admin/builder/spi-builder-workspace/.derivedData/ModuleCache.noindex -sdk-module-cache-path /Users/admin/builder/spi-builder-workspace/.derivedData/ModuleCache.noindex -serialize-diagnostics -emit-dependencies -emit-module -emit-module-path /Users/admin/builder/spi-builder-workspace/.derivedData/Build/Intermediates.noindex/SwiftBackports.build/Debug-watchos/SwiftBackports.build/Objects-normal/armv7k/SwiftBackports.swiftmodule -user-module-version 26.2.0 -validate-clang-modules-once -clang-build-session-file /Users/admin/builder/spi-builder-workspace/.derivedData/ModuleCache.noindex/Session.modulevalidation -package-name swiftbackports -Xcc -I/Users/admin/builder/spi-builder-workspace/.derivedData/Build/Intermediates.noindex/SwiftBackports.build/Debug-watchos/SwiftBackports.build/swift-overrides.hmap -emit-const-values -Xfrontend -const-gather-protocols-file -Xfrontend /Users/admin/builder/spi-builder-workspace/.derivedData/Build/Intermediates.noindex/SwiftBackports.build/Debug-watchos/SwiftBackports.build/Objects-normal/armv7k/SwiftBackports_const_extract_protocols.json -Xcc -I/Users/admin/builder/spi-builder-workspace/.derivedData/Build/Products/Debug-watchos/include -Xcc -I/Users/admin/builder/spi-builder-workspace/.derivedData/Build/Intermediates.noindex/SwiftBackports.build/Debug-watchos/SwiftBackports.build/DerivedSources-normal/armv7k -Xcc -I/Users/admin/builder/spi-builder-workspace/.derivedData/Build/Intermediates.noindex/SwiftBackports.build/Debug-watchos/SwiftBackports.build/DerivedSources/armv7k -Xcc -I/Users/admin/builder/spi-builder-workspace/.derivedData/Build/Intermediates.noindex/SwiftBackports.build/Debug-watchos/SwiftBackports.build/DerivedSources -Xcc -DSWIFT_PACKAGE -Xcc -DDEBUG\=1 -emit-objc-header -emit-objc-header-path /Users/admin/builder/spi-builder-workspace/.derivedData/Build/Intermediates.noindex/SwiftBackports.build/Debug-watchos/SwiftBackports.build/Objects-normal/armv7k/SwiftBackports-Swift.h -working-directory /Users/admin/builder/spi-builder-workspace/.swiftpm/xcode -experimental-emit-module-separately -disable-cmo
Copy /Users/admin/builder/spi-builder-workspace/.derivedData/Build/Products/Debug-watchos/SwiftBackports.swiftmodule/arm64_32-apple-watchos.swiftdoc /Users/admin/builder/spi-builder-workspace/.derivedData/Build/Intermediates.noindex/SwiftBackports.build/Debug-watchos/SwiftBackports.build/Objects-normal/arm64_32/SwiftBackports.swiftdoc (in target 'SwiftBackports' from project 'SwiftBackports')
    cd /Users/admin/builder/spi-builder-workspace/.dependencies/checkouts/SwiftBackports
    builtin-copy -exclude .DS_Store -exclude CVS -exclude .svn -exclude .git -exclude .hg -resolve-src-symlinks -rename /Users/admin/builder/spi-builder-workspace/.derivedData/Build/Intermediates.noindex/SwiftBackports.build/Debug-watchos/SwiftBackports.build/Objects-normal/arm64_32/SwiftBackports.swiftdoc /Users/admin/builder/spi-builder-workspace/.derivedData/Build/Products/Debug-watchos/SwiftBackports.swiftmodule/arm64_32-apple-watchos.swiftdoc
SwiftMergeGeneratedHeaders /Users/admin/builder/spi-builder-workspace/.derivedData/Build/Intermediates.noindex/GeneratedModuleMaps-watchos/SwiftBackports-Swift.h /Users/admin/builder/spi-builder-workspace/.derivedData/Build/Intermediates.noindex/SwiftBackports.build/Debug-watchos/SwiftBackports.build/Objects-normal/arm64/SwiftBackports-Swift.h /Users/admin/builder/spi-builder-workspace/.derivedData/Build/Intermediates.noindex/SwiftBackports.build/Debug-watchos/SwiftBackports.build/Objects-normal/arm64_32/SwiftBackports-Swift.h /Users/admin/builder/spi-builder-workspace/.derivedData/Build/Intermediates.noindex/SwiftBackports.build/Debug-watchos/SwiftBackports.build/Objects-normal/armv7k/SwiftBackports-Swift.h (in target 'SwiftBackports' from project 'SwiftBackports')
    cd /Users/admin/builder/spi-builder-workspace/.dependencies/checkouts/SwiftBackports
    builtin-swiftHeaderTool -arch arm64 /Users/admin/builder/spi-builder-workspace/.derivedData/Build/Intermediates.noindex/SwiftBackports.build/Debug-watchos/SwiftBackports.build/Objects-normal/arm64/SwiftBackports-Swift.h -arch arm64_32 /Users/admin/builder/spi-builder-workspace/.derivedData/Build/Intermediates.noindex/SwiftBackports.build/Debug-watchos/SwiftBackports.build/Objects-normal/arm64_32/SwiftBackports-Swift.h -arch armv7k /Users/admin/builder/spi-builder-workspace/.derivedData/Build/Intermediates.noindex/SwiftBackports.build/Debug-watchos/SwiftBackports.build/Objects-normal/armv7k/SwiftBackports-Swift.h -o /Users/admin/builder/spi-builder-workspace/.derivedData/Build/Intermediates.noindex/GeneratedModuleMaps-watchos/SwiftBackports-Swift.h
Copy /Users/admin/builder/spi-builder-workspace/.derivedData/Build/Products/Debug-watchos/SwiftBackports.swiftmodule/armv7k-apple-watchos.swiftmodule /Users/admin/builder/spi-builder-workspace/.derivedData/Build/Intermediates.noindex/SwiftBackports.build/Debug-watchos/SwiftBackports.build/Objects-normal/armv7k/SwiftBackports.swiftmodule (in target 'SwiftBackports' from project 'SwiftBackports')
    cd /Users/admin/builder/spi-builder-workspace/.dependencies/checkouts/SwiftBackports
    builtin-copy -exclude .DS_Store -exclude CVS -exclude .svn -exclude .git -exclude .hg -resolve-src-symlinks -rename /Users/admin/builder/spi-builder-workspace/.derivedData/Build/Intermediates.noindex/SwiftBackports.build/Debug-watchos/SwiftBackports.build/Objects-normal/armv7k/SwiftBackports.swiftmodule /Users/admin/builder/spi-builder-workspace/.derivedData/Build/Products/Debug-watchos/SwiftBackports.swiftmodule/armv7k-apple-watchos.swiftmodule
Copy /Users/admin/builder/spi-builder-workspace/.derivedData/Build/Products/Debug-watchos/SwiftBackports.swiftmodule/armv7k-apple-watchos.swiftdoc /Users/admin/builder/spi-builder-workspace/.derivedData/Build/Intermediates.noindex/SwiftBackports.build/Debug-watchos/SwiftBackports.build/Objects-normal/armv7k/SwiftBackports.swiftdoc (in target 'SwiftBackports' from project 'SwiftBackports')
    cd /Users/admin/builder/spi-builder-workspace/.dependencies/checkouts/SwiftBackports
    builtin-copy -exclude .DS_Store -exclude CVS -exclude .svn -exclude .git -exclude .hg -resolve-src-symlinks -rename /Users/admin/builder/spi-builder-workspace/.derivedData/Build/Intermediates.noindex/SwiftBackports.build/Debug-watchos/SwiftBackports.build/Objects-normal/armv7k/SwiftBackports.swiftdoc /Users/admin/builder/spi-builder-workspace/.derivedData/Build/Products/Debug-watchos/SwiftBackports.swiftmodule/armv7k-apple-watchos.swiftdoc
Copy /Users/admin/builder/spi-builder-workspace/.derivedData/Build/Products/Debug-watchos/SwiftBackports.swiftmodule/armv7k-apple-watchos.abi.json /Users/admin/builder/spi-builder-workspace/.derivedData/Build/Intermediates.noindex/SwiftBackports.build/Debug-watchos/SwiftBackports.build/Objects-normal/armv7k/SwiftBackports.abi.json (in target 'SwiftBackports' from project 'SwiftBackports')
    cd /Users/admin/builder/spi-builder-workspace/.dependencies/checkouts/SwiftBackports
    builtin-copy -exclude .DS_Store -exclude CVS -exclude .svn -exclude .git -exclude .hg -resolve-src-symlinks -rename /Users/admin/builder/spi-builder-workspace/.derivedData/Build/Intermediates.noindex/SwiftBackports.build/Debug-watchos/SwiftBackports.build/Objects-normal/armv7k/SwiftBackports.abi.json /Users/admin/builder/spi-builder-workspace/.derivedData/Build/Products/Debug-watchos/SwiftBackports.swiftmodule/armv7k-apple-watchos.abi.json
Copy /Users/admin/builder/spi-builder-workspace/.derivedData/Build/Products/Debug-watchos/SwiftBackports.swiftmodule/arm64_32-apple-watchos.abi.json /Users/admin/builder/spi-builder-workspace/.derivedData/Build/Intermediates.noindex/SwiftBackports.build/Debug-watchos/SwiftBackports.build/Objects-normal/arm64_32/SwiftBackports.abi.json (in target 'SwiftBackports' from project 'SwiftBackports')
    cd /Users/admin/builder/spi-builder-workspace/.dependencies/checkouts/SwiftBackports
    builtin-copy -exclude .DS_Store -exclude CVS -exclude .svn -exclude .git -exclude .hg -resolve-src-symlinks -rename /Users/admin/builder/spi-builder-workspace/.derivedData/Build/Intermediates.noindex/SwiftBackports.build/Debug-watchos/SwiftBackports.build/Objects-normal/arm64_32/SwiftBackports.abi.json /Users/admin/builder/spi-builder-workspace/.derivedData/Build/Products/Debug-watchos/SwiftBackports.swiftmodule/arm64_32-apple-watchos.abi.json
Copy /Users/admin/builder/spi-builder-workspace/.derivedData/Build/Products/Debug-watchos/SwiftBackports.swiftmodule/arm64-apple-watchos.swiftmodule /Users/admin/builder/spi-builder-workspace/.derivedData/Build/Intermediates.noindex/SwiftBackports.build/Debug-watchos/SwiftBackports.build/Objects-normal/arm64/SwiftBackports.swiftmodule (in target 'SwiftBackports' from project 'SwiftBackports')
    cd /Users/admin/builder/spi-builder-workspace/.dependencies/checkouts/SwiftBackports
    builtin-copy -exclude .DS_Store -exclude CVS -exclude .svn -exclude .git -exclude .hg -resolve-src-symlinks -rename /Users/admin/builder/spi-builder-workspace/.derivedData/Build/Intermediates.noindex/SwiftBackports.build/Debug-watchos/SwiftBackports.build/Objects-normal/arm64/SwiftBackports.swiftmodule /Users/admin/builder/spi-builder-workspace/.derivedData/Build/Products/Debug-watchos/SwiftBackports.swiftmodule/arm64-apple-watchos.swiftmodule
Copy /Users/admin/builder/spi-builder-workspace/.derivedData/Build/Products/Debug-watchos/SwiftBackports.swiftmodule/arm64-apple-watchos.swiftdoc /Users/admin/builder/spi-builder-workspace/.derivedData/Build/Intermediates.noindex/SwiftBackports.build/Debug-watchos/SwiftBackports.build/Objects-normal/arm64/SwiftBackports.swiftdoc (in target 'SwiftBackports' from project 'SwiftBackports')
    cd /Users/admin/builder/spi-builder-workspace/.dependencies/checkouts/SwiftBackports
    builtin-copy -exclude .DS_Store -exclude CVS -exclude .svn -exclude .git -exclude .hg -resolve-src-symlinks -rename /Users/admin/builder/spi-builder-workspace/.derivedData/Build/Intermediates.noindex/SwiftBackports.build/Debug-watchos/SwiftBackports.build/Objects-normal/arm64/SwiftBackports.swiftdoc /Users/admin/builder/spi-builder-workspace/.derivedData/Build/Products/Debug-watchos/SwiftBackports.swiftmodule/arm64-apple-watchos.swiftdoc
Copy /Users/admin/builder/spi-builder-workspace/.derivedData/Build/Products/Debug-watchos/SwiftBackports.swiftmodule/arm64-apple-watchos.abi.json /Users/admin/builder/spi-builder-workspace/.derivedData/Build/Intermediates.noindex/SwiftBackports.build/Debug-watchos/SwiftBackports.build/Objects-normal/arm64/SwiftBackports.abi.json (in target 'SwiftBackports' from project 'SwiftBackports')
    cd /Users/admin/builder/spi-builder-workspace/.dependencies/checkouts/SwiftBackports
    builtin-copy -exclude .DS_Store -exclude CVS -exclude .svn -exclude .git -exclude .hg -resolve-src-symlinks -rename /Users/admin/builder/spi-builder-workspace/.derivedData/Build/Intermediates.noindex/SwiftBackports.build/Debug-watchos/SwiftBackports.build/Objects-normal/arm64/SwiftBackports.abi.json /Users/admin/builder/spi-builder-workspace/.derivedData/Build/Products/Debug-watchos/SwiftBackports.swiftmodule/arm64-apple-watchos.abi.json
Copy /Users/admin/builder/spi-builder-workspace/.derivedData/Build/Products/Debug-watchos/SwiftBackports.swiftmodule/Project/armv7k-apple-watchos.swiftsourceinfo /Users/admin/builder/spi-builder-workspace/.derivedData/Build/Intermediates.noindex/SwiftBackports.build/Debug-watchos/SwiftBackports.build/Objects-normal/armv7k/SwiftBackports.swiftsourceinfo (in target 'SwiftBackports' from project 'SwiftBackports')
    cd /Users/admin/builder/spi-builder-workspace/.dependencies/checkouts/SwiftBackports
    builtin-copy -exclude .DS_Store -exclude CVS -exclude .svn -exclude .git -exclude .hg -resolve-src-symlinks -rename /Users/admin/builder/spi-builder-workspace/.derivedData/Build/Intermediates.noindex/SwiftBackports.build/Debug-watchos/SwiftBackports.build/Objects-normal/armv7k/SwiftBackports.swiftsourceinfo /Users/admin/builder/spi-builder-workspace/.derivedData/Build/Products/Debug-watchos/SwiftBackports.swiftmodule/Project/armv7k-apple-watchos.swiftsourceinfo
Copy /Users/admin/builder/spi-builder-workspace/.derivedData/Build/Products/Debug-watchos/SwiftBackports.swiftmodule/Project/arm64_32-apple-watchos.swiftsourceinfo /Users/admin/builder/spi-builder-workspace/.derivedData/Build/Intermediates.noindex/SwiftBackports.build/Debug-watchos/SwiftBackports.build/Objects-normal/arm64_32/SwiftBackports.swiftsourceinfo (in target 'SwiftBackports' from project 'SwiftBackports')
    cd /Users/admin/builder/spi-builder-workspace/.dependencies/checkouts/SwiftBackports
    builtin-copy -exclude .DS_Store -exclude CVS -exclude .svn -exclude .git -exclude .hg -resolve-src-symlinks -rename /Users/admin/builder/spi-builder-workspace/.derivedData/Build/Intermediates.noindex/SwiftBackports.build/Debug-watchos/SwiftBackports.build/Objects-normal/arm64_32/SwiftBackports.swiftsourceinfo /Users/admin/builder/spi-builder-workspace/.derivedData/Build/Products/Debug-watchos/SwiftBackports.swiftmodule/Project/arm64_32-apple-watchos.swiftsourceinfo
Copy /Users/admin/builder/spi-builder-workspace/.derivedData/Build/Products/Debug-watchos/SwiftBackports.swiftmodule/Project/arm64-apple-watchos.swiftsourceinfo /Users/admin/builder/spi-builder-workspace/.derivedData/Build/Intermediates.noindex/SwiftBackports.build/Debug-watchos/SwiftBackports.build/Objects-normal/arm64/SwiftBackports.swiftsourceinfo (in target 'SwiftBackports' from project 'SwiftBackports')
    cd /Users/admin/builder/spi-builder-workspace/.dependencies/checkouts/SwiftBackports
    builtin-copy -exclude .DS_Store -exclude CVS -exclude .svn -exclude .git -exclude .hg -resolve-src-symlinks -rename /Users/admin/builder/spi-builder-workspace/.derivedData/Build/Intermediates.noindex/SwiftBackports.build/Debug-watchos/SwiftBackports.build/Objects-normal/arm64/SwiftBackports.swiftsourceinfo /Users/admin/builder/spi-builder-workspace/.derivedData/Build/Products/Debug-watchos/SwiftBackports.swiftmodule/Project/arm64-apple-watchos.swiftsourceinfo
SwiftCompile normal armv7k Compiling\ Backport.swift,\ Codable+Representation.swift,\ Data+Representation.swift /Users/admin/builder/spi-builder-workspace/.dependencies/checkouts/SwiftBackports/Sources/SwiftBackports/Backport.swift /Users/admin/builder/spi-builder-workspace/.dependencies/checkouts/SwiftBackports/Sources/SwiftBackports/CoreTransferable/Representations/Codable+Representation.swift /Users/admin/builder/spi-builder-workspace/.dependencies/checkouts/SwiftBackports/Sources/SwiftBackports/CoreTransferable/Representations/Data+Representation.swift (in target 'SwiftBackports' from project 'SwiftBackports')
SwiftCompile normal armv7k /Users/admin/builder/spi-builder-workspace/.dependencies/checkouts/SwiftBackports/Sources/SwiftBackports/Backport.swift (in target 'SwiftBackports' from project 'SwiftBackports')
    cd /Users/admin/builder/spi-builder-workspace/.swiftpm/xcode

SwiftCompile normal armv7k /Users/admin/builder/spi-builder-workspace/.dependencies/checkouts/SwiftBackports/Sources/SwiftBackports/CoreTransferable/Representations/Codable+Representation.swift (in target 'SwiftBackports' from project 'SwiftBackports')
    cd /Users/admin/builder/spi-builder-workspace/.swiftpm/xcode

SwiftCompile normal armv7k /Users/admin/builder/spi-builder-workspace/.dependencies/checkouts/SwiftBackports/Sources/SwiftBackports/CoreTransferable/Representations/Data+Representation.swift (in target 'SwiftBackports' from project 'SwiftBackports')
    cd /Users/admin/builder/spi-builder-workspace/.swiftpm/xcode

SwiftCompile normal arm64 Compiling\ Backport.swift,\ Codable+Representation.swift,\ Data+Representation.swift /Users/admin/builder/spi-builder-workspace/.dependencies/checkouts/SwiftBackports/Sources/SwiftBackports/Backport.swift /Users/admin/builder/spi-builder-workspace/.dependencies/checkouts/SwiftBackports/Sources/SwiftBackports/CoreTransferable/Representations/Codable+Representation.swift /Users/admin/builder/spi-builder-workspace/.dependencies/checkouts/SwiftBackports/Sources/SwiftBackports/CoreTransferable/Representations/Data+Representation.swift (in target 'SwiftBackports' from project 'SwiftBackports')
SwiftCompile normal arm64 /Users/admin/builder/spi-builder-workspace/.dependencies/checkouts/SwiftBackports/Sources/SwiftBackports/Backport.swift (in target 'SwiftBackports' from project 'SwiftBackports')
    cd /Users/admin/builder/spi-builder-workspace/.swiftpm/xcode

SwiftCompile normal arm64 /Users/admin/builder/spi-builder-workspace/.dependencies/checkouts/SwiftBackports/Sources/SwiftBackports/CoreTransferable/Representations/Codable+Representation.swift (in target 'SwiftBackports' from project 'SwiftBackports')
    cd /Users/admin/builder/spi-builder-workspace/.swiftpm/xcode

SwiftCompile normal arm64 /Users/admin/builder/spi-builder-workspace/.dependencies/checkouts/SwiftBackports/Sources/SwiftBackports/CoreTransferable/Representations/Data+Representation.swift (in target 'SwiftBackports' from project 'SwiftBackports')
    cd /Users/admin/builder/spi-builder-workspace/.swiftpm/xcode

SwiftDriverJobDiscovery normal arm64_32 Compiling Data+Transferable.swift, Never+Transferable.swift (in target 'SwiftBackports' from project 'SwiftBackports')
SwiftCompile normal arm64 Compiling\ Data+Transferable.swift,\ Never+Transferable.swift /Users/admin/builder/spi-builder-workspace/.dependencies/checkouts/SwiftBackports/Sources/SwiftBackports/CoreTransferable/Transferables/Data+Transferable.swift /Users/admin/builder/spi-builder-workspace/.dependencies/checkouts/SwiftBackports/Sources/SwiftBackports/CoreTransferable/Transferables/Never+Transferable.swift (in target 'SwiftBackports' from project 'SwiftBackports')
SwiftCompile normal arm64 /Users/admin/builder/spi-builder-workspace/.dependencies/checkouts/SwiftBackports/Sources/SwiftBackports/CoreTransferable/Transferables/Data+Transferable.swift (in target 'SwiftBackports' from project 'SwiftBackports')
    cd /Users/admin/builder/spi-builder-workspace/.swiftpm/xcode

SwiftCompile normal arm64 /Users/admin/builder/spi-builder-workspace/.dependencies/checkouts/SwiftBackports/Sources/SwiftBackports/CoreTransferable/Transferables/Never+Transferable.swift (in target 'SwiftBackports' from project 'SwiftBackports')
    cd /Users/admin/builder/spi-builder-workspace/.swiftpm/xcode

SwiftDriverJobDiscovery normal arm64_32 Compiling SentTransferredFile.swift, Visibility.swift (in target 'SwiftBackports' from project 'SwiftBackports')
SwiftCompile normal armv7k Compiling\ Data+Transferable.swift,\ Never+Transferable.swift /Users/admin/builder/spi-builder-workspace/.dependencies/checkouts/SwiftBackports/Sources/SwiftBackports/CoreTransferable/Transferables/Data+Transferable.swift /Users/admin/builder/spi-builder-workspace/.dependencies/checkouts/SwiftBackports/Sources/SwiftBackports/CoreTransferable/Transferables/Never+Transferable.swift (in target 'SwiftBackports' from project 'SwiftBackports')
SwiftCompile normal armv7k /Users/admin/builder/spi-builder-workspace/.dependencies/checkouts/SwiftBackports/Sources/SwiftBackports/CoreTransferable/Transferables/Data+Transferable.swift (in target 'SwiftBackports' from project 'SwiftBackports')
    cd /Users/admin/builder/spi-builder-workspace/.swiftpm/xcode

SwiftCompile normal armv7k /Users/admin/builder/spi-builder-workspace/.dependencies/checkouts/SwiftBackports/Sources/SwiftBackports/CoreTransferable/Transferables/Never+Transferable.swift (in target 'SwiftBackports' from project 'SwiftBackports')
    cd /Users/admin/builder/spi-builder-workspace/.swiftpm/xcode

SwiftDriverJobDiscovery normal arm64_32 Compiling TransferRepresentationBuilder.swift, Transferable.swift (in target 'SwiftBackports' from project 'SwiftBackports')
SwiftCompile normal arm64 Compiling\ UTTagClass.swift,\ UTType.swift /Users/admin/builder/spi-builder-workspace/.dependencies/checkouts/SwiftBackports/Sources/SwiftBackports/UniformTypeIdentifiers/UTTagClass.swift /Users/admin/builder/spi-builder-workspace/.dependencies/checkouts/SwiftBackports/Sources/SwiftBackports/UniformTypeIdentifiers/UTType.swift (in target 'SwiftBackports' from project 'SwiftBackports')
SwiftCompile normal arm64 /Users/admin/builder/spi-builder-workspace/.dependencies/checkouts/SwiftBackports/Sources/SwiftBackports/UniformTypeIdentifiers/UTTagClass.swift (in target 'SwiftBackports' from project 'SwiftBackports')
    cd /Users/admin/builder/spi-builder-workspace/.swiftpm/xcode

SwiftCompile normal arm64 /Users/admin/builder/spi-builder-workspace/.dependencies/checkouts/SwiftBackports/Sources/SwiftBackports/UniformTypeIdentifiers/UTType.swift (in target 'SwiftBackports' from project 'SwiftBackports')
    cd /Users/admin/builder/spi-builder-workspace/.swiftpm/xcode

SwiftCompile normal arm64 Compiling\ SentTransferredFile.swift,\ Visibility.swift /Users/admin/builder/spi-builder-workspace/.dependencies/checkouts/SwiftBackports/Sources/SwiftBackports/CoreTransferable/Support/SentTransferredFile.swift /Users/admin/builder/spi-builder-workspace/.dependencies/checkouts/SwiftBackports/Sources/SwiftBackports/CoreTransferable/Support/Visibility.swift (in target 'SwiftBackports' from project 'SwiftBackports')
SwiftCompile normal arm64 /Users/admin/builder/spi-builder-workspace/.dependencies/checkouts/SwiftBackports/Sources/SwiftBackports/CoreTransferable/Support/SentTransferredFile.swift (in target 'SwiftBackports' from project 'SwiftBackports')
    cd /Users/admin/builder/spi-builder-workspace/.swiftpm/xcode

SwiftCompile normal arm64 /Users/admin/builder/spi-builder-workspace/.dependencies/checkouts/SwiftBackports/Sources/SwiftBackports/CoreTransferable/Support/Visibility.swift (in target 'SwiftBackports' from project 'SwiftBackports')
    cd /Users/admin/builder/spi-builder-workspace/.swiftpm/xcode

SwiftDriverJobDiscovery normal arm64_32 Compiling TransferableRepresentation.swift, AttributedString+Transferable.swift (in target 'SwiftBackports' from project 'SwiftBackports')
SwiftDriverJobDiscovery normal arm64_32 Compiling File+Representations.swift, Never+Representation.swift, Tuple+Representation.swift (in target 'SwiftBackports' from project 'SwiftBackports')
SwiftCompile normal arm64 Compiling\ String+Transferable.swift,\ URL+Transferable.swift /Users/admin/builder/spi-builder-workspace/.dependencies/checkouts/SwiftBackports/Sources/SwiftBackports/CoreTransferable/Transferables/String+Transferable.swift /Users/admin/builder/spi-builder-workspace/.dependencies/checkouts/SwiftBackports/Sources/SwiftBackports/CoreTransferable/Transferables/URL+Transferable.swift (in target 'SwiftBackports' from project 'SwiftBackports')
SwiftCompile normal arm64 /Users/admin/builder/spi-builder-workspace/.dependencies/checkouts/SwiftBackports/Sources/SwiftBackports/CoreTransferable/Transferables/String+Transferable.swift (in target 'SwiftBackports' from project 'SwiftBackports')
    cd /Users/admin/builder/spi-builder-workspace/.swiftpm/xcode

SwiftCompile normal arm64 /Users/admin/builder/spi-builder-workspace/.dependencies/checkouts/SwiftBackports/Sources/SwiftBackports/CoreTransferable/Transferables/URL+Transferable.swift (in target 'SwiftBackports' from project 'SwiftBackports')
    cd /Users/admin/builder/spi-builder-workspace/.swiftpm/xcode

SwiftDriverJobDiscovery normal arm64_32 Compiling URLSession+Async.swift, CoreTypes.swift (in target 'SwiftBackports' from project 'SwiftBackports')
SwiftCompile normal arm64 Compiling\ URLSession+Async.swift,\ CoreTypes.swift /Users/admin/builder/spi-builder-workspace/.dependencies/checkouts/SwiftBackports/Sources/SwiftBackports/URLSession/URLSession+Async.swift /Users/admin/builder/spi-builder-workspace/.dependencies/checkouts/SwiftBackports/Sources/SwiftBackports/UniformTypeIdentifiers/CoreTypes.swift (in target 'SwiftBackports' from project 'SwiftBackports')
SwiftCompile normal arm64 /Users/admin/builder/spi-builder-workspace/.dependencies/checkouts/SwiftBackports/Sources/SwiftBackports/URLSession/URLSession+Async.swift (in target 'SwiftBackports' from project 'SwiftBackports')
    cd /Users/admin/builder/spi-builder-workspace/.swiftpm/xcode

SwiftCompile normal arm64 /Users/admin/builder/spi-builder-workspace/.dependencies/checkouts/SwiftBackports/Sources/SwiftBackports/UniformTypeIdentifiers/CoreTypes.swift (in target 'SwiftBackports' from project 'SwiftBackports')
    cd /Users/admin/builder/spi-builder-workspace/.swiftpm/xcode

SwiftCompile normal armv7k Compiling\ SentTransferredFile.swift,\ Visibility.swift /Users/admin/builder/spi-builder-workspace/.dependencies/checkouts/SwiftBackports/Sources/SwiftBackports/CoreTransferable/Support/SentTransferredFile.swift /Users/admin/builder/spi-builder-workspace/.dependencies/checkouts/SwiftBackports/Sources/SwiftBackports/CoreTransferable/Support/Visibility.swift (in target 'SwiftBackports' from project 'SwiftBackports')
SwiftCompile normal armv7k /Users/admin/builder/spi-builder-workspace/.dependencies/checkouts/SwiftBackports/Sources/SwiftBackports/CoreTransferable/Support/SentTransferredFile.swift (in target 'SwiftBackports' from project 'SwiftBackports')
    cd /Users/admin/builder/spi-builder-workspace/.swiftpm/xcode

SwiftCompile normal armv7k /Users/admin/builder/spi-builder-workspace/.dependencies/checkouts/SwiftBackports/Sources/SwiftBackports/CoreTransferable/Support/Visibility.swift (in target 'SwiftBackports' from project 'SwiftBackports')
    cd /Users/admin/builder/spi-builder-workspace/.swiftpm/xcode

SwiftDriverJobDiscovery normal armv7k Compiling UTTagClass.swift, UTType.swift (in target 'SwiftBackports' from project 'SwiftBackports')
SwiftDriverJobDiscovery normal arm64_32 Compiling UTTagClass.swift, UTType.swift (in target 'SwiftBackports' from project 'SwiftBackports')
SwiftCompile normal armv7k Compiling\ TransferRepresentationBuilder.swift,\ Transferable.swift /Users/admin/builder/spi-builder-workspace/.dependencies/checkouts/SwiftBackports/Sources/SwiftBackports/CoreTransferable/TransferRepresentationBuilder.swift /Users/admin/builder/spi-builder-workspace/.dependencies/checkouts/SwiftBackports/Sources/SwiftBackports/CoreTransferable/Transferable.swift (in target 'SwiftBackports' from project 'SwiftBackports')
SwiftCompile normal armv7k /Users/admin/builder/spi-builder-workspace/.dependencies/checkouts/SwiftBackports/Sources/SwiftBackports/CoreTransferable/TransferRepresentationBuilder.swift (in target 'SwiftBackports' from project 'SwiftBackports')
    cd /Users/admin/builder/spi-builder-workspace/.swiftpm/xcode

SwiftCompile normal armv7k /Users/admin/builder/spi-builder-workspace/.dependencies/checkouts/SwiftBackports/Sources/SwiftBackports/CoreTransferable/Transferable.swift (in target 'SwiftBackports' from project 'SwiftBackports')
    cd /Users/admin/builder/spi-builder-workspace/.swiftpm/xcode

SwiftDriverJobDiscovery normal armv7k Compiling Data+Transferable.swift, Never+Transferable.swift (in target 'SwiftBackports' from project 'SwiftBackports')
SwiftCompile normal armv7k Compiling\ TransferableRepresentation.swift,\ AttributedString+Transferable.swift /Users/admin/builder/spi-builder-workspace/.dependencies/checkouts/SwiftBackports/Sources/SwiftBackports/CoreTransferable/TransferableRepresentation.swift /Users/admin/builder/spi-builder-workspace/.dependencies/checkouts/SwiftBackports/Sources/SwiftBackports/CoreTransferable/Transferables/AttributedString+Transferable.swift (in target 'SwiftBackports' from project 'SwiftBackports')
SwiftCompile normal armv7k /Users/admin/builder/spi-builder-workspace/.dependencies/checkouts/SwiftBackports/Sources/SwiftBackports/CoreTransferable/TransferableRepresentation.swift (in target 'SwiftBackports' from project 'SwiftBackports')
    cd /Users/admin/builder/spi-builder-workspace/.swiftpm/xcode

SwiftCompile normal armv7k /Users/admin/builder/spi-builder-workspace/.dependencies/checkouts/SwiftBackports/Sources/SwiftBackports/CoreTransferable/Transferables/AttributedString+Transferable.swift (in target 'SwiftBackports' from project 'SwiftBackports')
    cd /Users/admin/builder/spi-builder-workspace/.swiftpm/xcode

SwiftDriverJobDiscovery normal armv7k Compiling SentTransferredFile.swift, Visibility.swift (in target 'SwiftBackports' from project 'SwiftBackports')
SwiftCompile normal arm64 Compiling\ File+Representations.swift,\ Never+Representation.swift,\ Tuple+Representation.swift /Users/admin/builder/spi-builder-workspace/.dependencies/checkouts/SwiftBackports/Sources/SwiftBackports/CoreTransferable/Representations/File+Representations.swift /Users/admin/builder/spi-builder-workspace/.dependencies/checkouts/SwiftBackports/Sources/SwiftBackports/CoreTransferable/Representations/Never+Representation.swift /Users/admin/builder/spi-builder-workspace/.dependencies/checkouts/SwiftBackports/Sources/SwiftBackports/CoreTransferable/Representations/Tuple+Representation.swift (in target 'SwiftBackports' from project 'SwiftBackports')
SwiftCompile normal arm64 /Users/admin/builder/spi-builder-workspace/.dependencies/checkouts/SwiftBackports/Sources/SwiftBackports/CoreTransferable/Representations/File+Representations.swift (in target 'SwiftBackports' from project 'SwiftBackports')
    cd /Users/admin/builder/spi-builder-workspace/.swiftpm/xcode

SwiftCompile normal arm64 /Users/admin/builder/spi-builder-workspace/.dependencies/checkouts/SwiftBackports/Sources/SwiftBackports/CoreTransferable/Representations/Never+Representation.swift (in target 'SwiftBackports' from project 'SwiftBackports')
    cd /Users/admin/builder/spi-builder-workspace/.swiftpm/xcode

SwiftCompile normal arm64 /Users/admin/builder/spi-builder-workspace/.dependencies/checkouts/SwiftBackports/Sources/SwiftBackports/CoreTransferable/Representations/Tuple+Representation.swift (in target 'SwiftBackports' from project 'SwiftBackports')
    cd /Users/admin/builder/spi-builder-workspace/.swiftpm/xcode

SwiftDriverJobDiscovery normal armv7k Compiling TransferRepresentationBuilder.swift, Transferable.swift (in target 'SwiftBackports' from project 'SwiftBackports')
SwiftCompile normal arm64 Compiling\ TransferRepresentationBuilder.swift,\ Transferable.swift /Users/admin/builder/spi-builder-workspace/.dependencies/checkouts/SwiftBackports/Sources/SwiftBackports/CoreTransferable/TransferRepresentationBuilder.swift /Users/admin/builder/spi-builder-workspace/.dependencies/checkouts/SwiftBackports/Sources/SwiftBackports/CoreTransferable/Transferable.swift (in target 'SwiftBackports' from project 'SwiftBackports')
SwiftCompile normal arm64 /Users/admin/builder/spi-builder-workspace/.dependencies/checkouts/SwiftBackports/Sources/SwiftBackports/CoreTransferable/TransferRepresentationBuilder.swift (in target 'SwiftBackports' from project 'SwiftBackports')
    cd /Users/admin/builder/spi-builder-workspace/.swiftpm/xcode

SwiftCompile normal arm64 /Users/admin/builder/spi-builder-workspace/.dependencies/checkouts/SwiftBackports/Sources/SwiftBackports/CoreTransferable/Transferable.swift (in target 'SwiftBackports' from project 'SwiftBackports')
    cd /Users/admin/builder/spi-builder-workspace/.swiftpm/xcode

SwiftDriverJobDiscovery normal armv7k Compiling TransferableRepresentation.swift, AttributedString+Transferable.swift (in target 'SwiftBackports' from project 'SwiftBackports')
SwiftCompile normal armv7k Compiling\ String+Transferable.swift,\ URL+Transferable.swift /Users/admin/builder/spi-builder-workspace/.dependencies/checkouts/SwiftBackports/Sources/SwiftBackports/CoreTransferable/Transferables/String+Transferable.swift /Users/admin/builder/spi-builder-workspace/.dependencies/checkouts/SwiftBackports/Sources/SwiftBackports/CoreTransferable/Transferables/URL+Transferable.swift (in target 'SwiftBackports' from project 'SwiftBackports')
SwiftCompile normal armv7k /Users/admin/builder/spi-builder-workspace/.dependencies/checkouts/SwiftBackports/Sources/SwiftBackports/CoreTransferable/Transferables/String+Transferable.swift (in target 'SwiftBackports' from project 'SwiftBackports')
    cd /Users/admin/builder/spi-builder-workspace/.swiftpm/xcode

SwiftCompile normal armv7k /Users/admin/builder/spi-builder-workspace/.dependencies/checkouts/SwiftBackports/Sources/SwiftBackports/CoreTransferable/Transferables/URL+Transferable.swift (in target 'SwiftBackports' from project 'SwiftBackports')
    cd /Users/admin/builder/spi-builder-workspace/.swiftpm/xcode

SwiftDriverJobDiscovery normal arm64 Compiling String+Transferable.swift, URL+Transferable.swift (in target 'SwiftBackports' from project 'SwiftBackports')
SwiftCompile normal armv7k Compiling\ URLSession+Async.swift,\ CoreTypes.swift /Users/admin/builder/spi-builder-workspace/.dependencies/checkouts/SwiftBackports/Sources/SwiftBackports/URLSession/URLSession+Async.swift /Users/admin/builder/spi-builder-workspace/.dependencies/checkouts/SwiftBackports/Sources/SwiftBackports/UniformTypeIdentifiers/CoreTypes.swift (in target 'SwiftBackports' from project 'SwiftBackports')
SwiftCompile normal armv7k /Users/admin/builder/spi-builder-workspace/.dependencies/checkouts/SwiftBackports/Sources/SwiftBackports/URLSession/URLSession+Async.swift (in target 'SwiftBackports' from project 'SwiftBackports')
    cd /Users/admin/builder/spi-builder-workspace/.swiftpm/xcode

SwiftCompile normal armv7k /Users/admin/builder/spi-builder-workspace/.dependencies/checkouts/SwiftBackports/Sources/SwiftBackports/UniformTypeIdentifiers/CoreTypes.swift (in target 'SwiftBackports' from project 'SwiftBackports')
    cd /Users/admin/builder/spi-builder-workspace/.swiftpm/xcode

SwiftDriverJobDiscovery normal armv7k Compiling String+Transferable.swift, URL+Transferable.swift (in target 'SwiftBackports' from project 'SwiftBackports')
SwiftCompile normal arm64 Compiling\ _ConditionalRepresentation.swift,\ NSItemProvider+Transferable.swift,\ ReceivedTransferredFile.swift /Users/admin/builder/spi-builder-workspace/.dependencies/checkouts/SwiftBackports/Sources/SwiftBackports/CoreTransferable/Representations/_ConditionalRepresentation.swift /Users/admin/builder/spi-builder-workspace/.dependencies/checkouts/SwiftBackports/Sources/SwiftBackports/CoreTransferable/Support/NSItemProvider+Transferable.swift /Users/admin/builder/spi-builder-workspace/.dependencies/checkouts/SwiftBackports/Sources/SwiftBackports/CoreTransferable/Support/ReceivedTransferredFile.swift (in target 'SwiftBackports' from project 'SwiftBackports')
SwiftCompile normal arm64 /Users/admin/builder/spi-builder-workspace/.dependencies/checkouts/SwiftBackports/Sources/SwiftBackports/CoreTransferable/Representations/_ConditionalRepresentation.swift (in target 'SwiftBackports' from project 'SwiftBackports')
    cd /Users/admin/builder/spi-builder-workspace/.swiftpm/xcode

SwiftCompile normal arm64 /Users/admin/builder/spi-builder-workspace/.dependencies/checkouts/SwiftBackports/Sources/SwiftBackports/CoreTransferable/Support/NSItemProvider+Transferable.swift (in target 'SwiftBackports' from project 'SwiftBackports')
    cd /Users/admin/builder/spi-builder-workspace/.swiftpm/xcode

SwiftCompile normal arm64 /Users/admin/builder/spi-builder-workspace/.dependencies/checkouts/SwiftBackports/Sources/SwiftBackports/CoreTransferable/Support/ReceivedTransferredFile.swift (in target 'SwiftBackports' from project 'SwiftBackports')
    cd /Users/admin/builder/spi-builder-workspace/.swiftpm/xcode

SwiftDriverJobDiscovery normal arm64 Compiling Data+Transferable.swift, Never+Transferable.swift (in target 'SwiftBackports' from project 'SwiftBackports')
SwiftCompile normal armv7k Compiling\ File+Representations.swift,\ Never+Representation.swift,\ Tuple+Representation.swift /Users/admin/builder/spi-builder-workspace/.dependencies/checkouts/SwiftBackports/Sources/SwiftBackports/CoreTransferable/Representations/File+Representations.swift /Users/admin/builder/spi-builder-workspace/.dependencies/checkouts/SwiftBackports/Sources/SwiftBackports/CoreTransferable/Representations/Never+Representation.swift /Users/admin/builder/spi-builder-workspace/.dependencies/checkouts/SwiftBackports/Sources/SwiftBackports/CoreTransferable/Representations/Tuple+Representation.swift (in target 'SwiftBackports' from project 'SwiftBackports')
SwiftCompile normal armv7k /Users/admin/builder/spi-builder-workspace/.dependencies/checkouts/SwiftBackports/Sources/SwiftBackports/CoreTransferable/Representations/File+Representations.swift (in target 'SwiftBackports' from project 'SwiftBackports')
    cd /Users/admin/builder/spi-builder-workspace/.swiftpm/xcode

SwiftCompile normal armv7k /Users/admin/builder/spi-builder-workspace/.dependencies/checkouts/SwiftBackports/Sources/SwiftBackports/CoreTransferable/Representations/Never+Representation.swift (in target 'SwiftBackports' from project 'SwiftBackports')
    cd /Users/admin/builder/spi-builder-workspace/.swiftpm/xcode

SwiftCompile normal armv7k /Users/admin/builder/spi-builder-workspace/.dependencies/checkouts/SwiftBackports/Sources/SwiftBackports/CoreTransferable/Representations/Tuple+Representation.swift (in target 'SwiftBackports' from project 'SwiftBackports')
    cd /Users/admin/builder/spi-builder-workspace/.swiftpm/xcode

SwiftDriverJobDiscovery normal arm64 Compiling File+Representations.swift, Never+Representation.swift, Tuple+Representation.swift (in target 'SwiftBackports' from project 'SwiftBackports')
SwiftCompile normal arm64_32 Compiling\ String+Transferable.swift,\ URL+Transferable.swift /Users/admin/builder/spi-builder-workspace/.dependencies/checkouts/SwiftBackports/Sources/SwiftBackports/CoreTransferable/Transferables/String+Transferable.swift /Users/admin/builder/spi-builder-workspace/.dependencies/checkouts/SwiftBackports/Sources/SwiftBackports/CoreTransferable/Transferables/URL+Transferable.swift (in target 'SwiftBackports' from project 'SwiftBackports')
SwiftCompile normal arm64_32 /Users/admin/builder/spi-builder-workspace/.dependencies/checkouts/SwiftBackports/Sources/SwiftBackports/CoreTransferable/Transferables/String+Transferable.swift (in target 'SwiftBackports' from project 'SwiftBackports')
    cd /Users/admin/builder/spi-builder-workspace/.swiftpm/xcode

SwiftCompile normal arm64_32 /Users/admin/builder/spi-builder-workspace/.dependencies/checkouts/SwiftBackports/Sources/SwiftBackports/CoreTransferable/Transferables/URL+Transferable.swift (in target 'SwiftBackports' from project 'SwiftBackports')
    cd /Users/admin/builder/spi-builder-workspace/.swiftpm/xcode

SwiftDriverJobDiscovery normal arm64 Compiling SentTransferredFile.swift, Visibility.swift (in target 'SwiftBackports' from project 'SwiftBackports')
SwiftCompile normal arm64_32 Compiling\ _ConditionalRepresentation.swift,\ NSItemProvider+Transferable.swift,\ ReceivedTransferredFile.swift /Users/admin/builder/spi-builder-workspace/.dependencies/checkouts/SwiftBackports/Sources/SwiftBackports/CoreTransferable/Representations/_ConditionalRepresentation.swift /Users/admin/builder/spi-builder-workspace/.dependencies/checkouts/SwiftBackports/Sources/SwiftBackports/CoreTransferable/Support/NSItemProvider+Transferable.swift /Users/admin/builder/spi-builder-workspace/.dependencies/checkouts/SwiftBackports/Sources/SwiftBackports/CoreTransferable/Support/ReceivedTransferredFile.swift (in target 'SwiftBackports' from project 'SwiftBackports')
SwiftCompile normal arm64_32 /Users/admin/builder/spi-builder-workspace/.dependencies/checkouts/SwiftBackports/Sources/SwiftBackports/CoreTransferable/Representations/_ConditionalRepresentation.swift (in target 'SwiftBackports' from project 'SwiftBackports')
    cd /Users/admin/builder/spi-builder-workspace/.swiftpm/xcode

SwiftCompile normal arm64_32 /Users/admin/builder/spi-builder-workspace/.dependencies/checkouts/SwiftBackports/Sources/SwiftBackports/CoreTransferable/Support/NSItemProvider+Transferable.swift (in target 'SwiftBackports' from project 'SwiftBackports')
    cd /Users/admin/builder/spi-builder-workspace/.swiftpm/xcode

SwiftCompile normal arm64_32 /Users/admin/builder/spi-builder-workspace/.dependencies/checkouts/SwiftBackports/Sources/SwiftBackports/CoreTransferable/Support/ReceivedTransferredFile.swift (in target 'SwiftBackports' from project 'SwiftBackports')
    cd /Users/admin/builder/spi-builder-workspace/.swiftpm/xcode

SwiftDriverJobDiscovery normal armv7k Compiling URLSession+Async.swift, CoreTypes.swift (in target 'SwiftBackports' from project 'SwiftBackports')
SwiftCompile normal arm64 Compiling\ TransferableRepresentation.swift,\ AttributedString+Transferable.swift /Users/admin/builder/spi-builder-workspace/.dependencies/checkouts/SwiftBackports/Sources/SwiftBackports/CoreTransferable/TransferableRepresentation.swift /Users/admin/builder/spi-builder-workspace/.dependencies/checkouts/SwiftBackports/Sources/SwiftBackports/CoreTransferable/Transferables/AttributedString+Transferable.swift (in target 'SwiftBackports' from project 'SwiftBackports')
SwiftCompile normal arm64 /Users/admin/builder/spi-builder-workspace/.dependencies/checkouts/SwiftBackports/Sources/SwiftBackports/CoreTransferable/TransferableRepresentation.swift (in target 'SwiftBackports' from project 'SwiftBackports')
    cd /Users/admin/builder/spi-builder-workspace/.swiftpm/xcode

SwiftCompile normal arm64 /Users/admin/builder/spi-builder-workspace/.dependencies/checkouts/SwiftBackports/Sources/SwiftBackports/CoreTransferable/Transferables/AttributedString+Transferable.swift (in target 'SwiftBackports' from project 'SwiftBackports')
    cd /Users/admin/builder/spi-builder-workspace/.swiftpm/xcode

SwiftDriverJobDiscovery normal arm64 Compiling URLSession+Async.swift, CoreTypes.swift (in target 'SwiftBackports' from project 'SwiftBackports')
SwiftCompile normal armv7k Compiling\ _ConditionalRepresentation.swift,\ NSItemProvider+Transferable.swift,\ ReceivedTransferredFile.swift /Users/admin/builder/spi-builder-workspace/.dependencies/checkouts/SwiftBackports/Sources/SwiftBackports/CoreTransferable/Representations/_ConditionalRepresentation.swift /Users/admin/builder/spi-builder-workspace/.dependencies/checkouts/SwiftBackports/Sources/SwiftBackports/CoreTransferable/Support/NSItemProvider+Transferable.swift /Users/admin/builder/spi-builder-workspace/.dependencies/checkouts/SwiftBackports/Sources/SwiftBackports/CoreTransferable/Support/ReceivedTransferredFile.swift (in target 'SwiftBackports' from project 'SwiftBackports')
SwiftCompile normal armv7k /Users/admin/builder/spi-builder-workspace/.dependencies/checkouts/SwiftBackports/Sources/SwiftBackports/CoreTransferable/Representations/_ConditionalRepresentation.swift (in target 'SwiftBackports' from project 'SwiftBackports')
    cd /Users/admin/builder/spi-builder-workspace/.swiftpm/xcode

SwiftCompile normal armv7k /Users/admin/builder/spi-builder-workspace/.dependencies/checkouts/SwiftBackports/Sources/SwiftBackports/CoreTransferable/Support/NSItemProvider+Transferable.swift (in target 'SwiftBackports' from project 'SwiftBackports')
    cd /Users/admin/builder/spi-builder-workspace/.swiftpm/xcode

SwiftCompile normal armv7k /Users/admin/builder/spi-builder-workspace/.dependencies/checkouts/SwiftBackports/Sources/SwiftBackports/CoreTransferable/Support/ReceivedTransferredFile.swift (in target 'SwiftBackports' from project 'SwiftBackports')
    cd /Users/admin/builder/spi-builder-workspace/.swiftpm/xcode

SwiftDriverJobDiscovery normal arm64 Compiling UTTagClass.swift, UTType.swift (in target 'SwiftBackports' from project 'SwiftBackports')
SwiftDriverJobDiscovery normal arm64 Compiling TransferRepresentationBuilder.swift, Transferable.swift (in target 'SwiftBackports' from project 'SwiftBackports')
SwiftDriver SwiftUIBackports normal armv7k com.apple.xcode.tools.swift.compiler (in target 'SwiftUIBackports' from project 'SwiftUIBackports')
    cd /Users/admin/builder/spi-builder-workspace/.swiftpm/xcode
    builtin-SwiftDriver -- /Applications/Xcode-26.3.0.app/Contents/Developer/Toolchains/XcodeDefault.xctoolchain/usr/bin/swiftc -module-name SwiftUIBackports -Onone -enforce-exclusivity\=checked @/Users/admin/builder/spi-builder-workspace/.derivedData/Build/Intermediates.noindex/SwiftUIBackports.build/Debug-watchos/SwiftUIBackports.build/Objects-normal/armv7k/SwiftUIBackports.SwiftFileList -DSWIFT_PACKAGE -DDEBUG -DSWIFT_MODULE_RESOURCE_BUNDLE_AVAILABLE -DXcode -plugin-path /Applications/Xcode-26.3.0.app/Contents/Developer/Toolchains/XcodeDefault.xctoolchain/usr/lib/swift/host/plugins/testing -enable-experimental-feature DebugDescriptionMacro -sdk /Applications/Xcode-26.3.0.app/Contents/Developer/Platforms/WatchOS.platform/Developer/SDKs/WatchOS26.2.sdk -target armv7k-apple-watchos8.0 -g -module-cache-path /Users/admin/builder/spi-builder-workspace/.derivedData/ModuleCache.noindex -Xfrontend -serialize-debugging-options -enable-testing -index-store-path /Users/admin/builder/spi-builder-workspace/.derivedData/Index.noindex/DataStore -Xcc -D_LIBCPP_HARDENING_MODE\=_LIBCPP_HARDENING_MODE_DEBUG -swift-version 6 -I /Users/admin/builder/spi-builder-workspace/.derivedData/Build/Products/Debug-watchos -Isystem /Applications/Xcode-26.3.0.app/Contents/Developer/Platforms/WatchOS.platform/Developer/usr/lib -F /Users/admin/builder/spi-builder-workspace/.derivedData/Build/Products/Debug-watchos/PackageFrameworks -F /Users/admin/builder/spi-builder-workspace/.derivedData/Build/Products/Debug-watchos -F /Applications/Xcode-26.3.0.app/Contents/Developer/Platforms/WatchOS.platform/Developer/Library/Frameworks -F /Applications/Xcode-26.3.0.app/Contents/Developer/Platforms/WatchOS.platform/Developer/SDKs/WatchOS26.2.sdk/Developer/Library/Frameworks -c -j10 -enable-batch-mode -incremental -Xcc -ivfsstatcache -Xcc /Users/admin/builder/spi-builder-workspace/.derivedData/SDKStatCaches.noindex/watchos26.2-23S303-dc75598d0054f22ec865fa860f139d721753b489057de6bda919edfa1c59a62b.sdkstatcache -output-file-map /Users/admin/builder/spi-builder-workspace/.derivedData/Build/Intermediates.noindex/SwiftUIBackports.build/Debug-watchos/SwiftUIBackports.build/Objects-normal/armv7k/SwiftUIBackports-OutputFileMap.json -use-frontend-parseable-output -save-temps -no-color-diagnostics -explicit-module-build -module-cache-path /Users/admin/builder/spi-builder-workspace/.derivedData/Build/Intermediates.noindex/SwiftExplicitPrecompiledModules -clang-scanner-module-cache-path /Users/admin/builder/spi-builder-workspace/.derivedData/ModuleCache.noindex -sdk-module-cache-path /Users/admin/builder/spi-builder-workspace/.derivedData/ModuleCache.noindex -serialize-diagnostics -emit-dependencies -emit-module -emit-module-path /Users/admin/builder/spi-builder-workspace/.derivedData/Build/Intermediates.noindex/SwiftUIBackports.build/Debug-watchos/SwiftUIBackports.build/Objects-normal/armv7k/SwiftUIBackports.swiftmodule -validate-clang-modules-once -clang-build-session-file /Users/admin/builder/spi-builder-workspace/.derivedData/ModuleCache.noindex/Session.modulevalidation -package-name spi_builder_workspace -Xcc -I/Users/admin/builder/spi-builder-workspace/.derivedData/Build/Intermediates.noindex/SwiftUIBackports.build/Debug-watchos/SwiftUIBackports.build/swift-overrides.hmap -emit-const-values -Xfrontend -const-gather-protocols-file -Xfrontend /Users/admin/builder/spi-builder-workspace/.derivedData/Build/Intermediates.noindex/SwiftUIBackports.build/Debug-watchos/SwiftUIBackports.build/Objects-normal/armv7k/SwiftUIBackports_const_extract_protocols.json -Xcc -I/Users/admin/builder/spi-builder-workspace/.derivedData/Build/Products/Debug-watchos/include -Xcc -I/Users/admin/builder/spi-builder-workspace/.derivedData/Build/Intermediates.noindex/SwiftUIBackports.build/Debug-watchos/SwiftUIBackports.build/DerivedSources-normal/armv7k -Xcc -I/Users/admin/builder/spi-builder-workspace/.derivedData/Build/Intermediates.noindex/SwiftUIBackports.build/Debug-watchos/SwiftUIBackports.build/DerivedSources/armv7k -Xcc -I/Users/admin/builder/spi-builder-workspace/.derivedData/Build/Intermediates.noindex/SwiftUIBackports.build/Debug-watchos/SwiftUIBackports.build/DerivedSources -Xcc -DSWIFT_PACKAGE -Xcc -DDEBUG\=1 -emit-objc-header -emit-objc-header-path /Users/admin/builder/spi-builder-workspace/.derivedData/Build/Intermediates.noindex/SwiftUIBackports.build/Debug-watchos/SwiftUIBackports.build/Objects-normal/armv7k/SwiftUIBackports-Swift.h -working-directory /Users/admin/builder/spi-builder-workspace/.swiftpm/xcode -experimental-emit-module-separately -disable-cmo
/Users/admin/builder/spi-builder-workspace/Sources/SwiftUIBackports/Shared/SensoryFeedback/SensoryFeedback+ViewModifier.swift:3:8: error: Unable to find module dependency: 'CoreHaptics'
import CoreHaptics
       ^ (in target 'SwiftUIBackports' from project 'SwiftUIBackports')
/Users/admin/builder/spi-builder-workspace/Sources/SwiftUIBackports/Shared/SensoryFeedback/SensoryFeedback+ViewModifier.swift:3:8: note: A dependency of main module 'SwiftUIBackports'
import CoreHaptics
       ^ (in target 'SwiftUIBackports' from project 'SwiftUIBackports')
SwiftDriver SwiftUIBackports normal arm64_32 com.apple.xcode.tools.swift.compiler (in target 'SwiftUIBackports' from project 'SwiftUIBackports')
    cd /Users/admin/builder/spi-builder-workspace/.swiftpm/xcode
    builtin-SwiftDriver -- /Applications/Xcode-26.3.0.app/Contents/Developer/Toolchains/XcodeDefault.xctoolchain/usr/bin/swiftc -module-name SwiftUIBackports -Onone -enforce-exclusivity\=checked @/Users/admin/builder/spi-builder-workspace/.derivedData/Build/Intermediates.noindex/SwiftUIBackports.build/Debug-watchos/SwiftUIBackports.build/Objects-normal/arm64_32/SwiftUIBackports.SwiftFileList -DSWIFT_PACKAGE -DDEBUG -DSWIFT_MODULE_RESOURCE_BUNDLE_AVAILABLE -DXcode -plugin-path /Applications/Xcode-26.3.0.app/Contents/Developer/Toolchains/XcodeDefault.xctoolchain/usr/lib/swift/host/plugins/testing -enable-experimental-feature DebugDescriptionMacro -sdk /Applications/Xcode-26.3.0.app/Contents/Developer/Platforms/WatchOS.platform/Developer/SDKs/WatchOS26.2.sdk -target arm64_32-apple-watchos8.0 -g -module-cache-path /Users/admin/builder/spi-builder-workspace/.derivedData/ModuleCache.noindex -Xfrontend -serialize-debugging-options -enable-testing -index-store-path /Users/admin/builder/spi-builder-workspace/.derivedData/Index.noindex/DataStore -Xcc -D_LIBCPP_HARDENING_MODE\=_LIBCPP_HARDENING_MODE_DEBUG -swift-version 6 -I /Users/admin/builder/spi-builder-workspace/.derivedData/Build/Products/Debug-watchos -Isystem /Applications/Xcode-26.3.0.app/Contents/Developer/Platforms/WatchOS.platform/Developer/usr/lib -F /Users/admin/builder/spi-builder-workspace/.derivedData/Build/Products/Debug-watchos/PackageFrameworks -F /Users/admin/builder/spi-builder-workspace/.derivedData/Build/Products/Debug-watchos -F /Applications/Xcode-26.3.0.app/Contents/Developer/Platforms/WatchOS.platform/Developer/Library/Frameworks -F /Applications/Xcode-26.3.0.app/Contents/Developer/Platforms/WatchOS.platform/Developer/SDKs/WatchOS26.2.sdk/Developer/Library/Frameworks -c -j10 -enable-batch-mode -incremental -Xcc -ivfsstatcache -Xcc /Users/admin/builder/spi-builder-workspace/.derivedData/SDKStatCaches.noindex/watchos26.2-23S303-dc75598d0054f22ec865fa860f139d721753b489057de6bda919edfa1c59a62b.sdkstatcache -output-file-map /Users/admin/builder/spi-builder-workspace/.derivedData/Build/Intermediates.noindex/SwiftUIBackports.build/Debug-watchos/SwiftUIBackports.build/Objects-normal/arm64_32/SwiftUIBackports-OutputFileMap.json -use-frontend-parseable-output -save-temps -no-color-diagnostics -explicit-module-build -module-cache-path /Users/admin/builder/spi-builder-workspace/.derivedData/Build/Intermediates.noindex/SwiftExplicitPrecompiledModules -clang-scanner-module-cache-path /Users/admin/builder/spi-builder-workspace/.derivedData/ModuleCache.noindex -sdk-module-cache-path /Users/admin/builder/spi-builder-workspace/.derivedData/ModuleCache.noindex -serialize-diagnostics -emit-dependencies -emit-module -emit-module-path /Users/admin/builder/spi-builder-workspace/.derivedData/Build/Intermediates.noindex/SwiftUIBackports.build/Debug-watchos/SwiftUIBackports.build/Objects-normal/arm64_32/SwiftUIBackports.swiftmodule -validate-clang-modules-once -clang-build-session-file /Users/admin/builder/spi-builder-workspace/.derivedData/ModuleCache.noindex/Session.modulevalidation -package-name spi_builder_workspace -Xcc -I/Users/admin/builder/spi-builder-workspace/.derivedData/Build/Intermediates.noindex/SwiftUIBackports.build/Debug-watchos/SwiftUIBackports.build/swift-overrides.hmap -emit-const-values -Xfrontend -const-gather-protocols-file -Xfrontend /Users/admin/builder/spi-builder-workspace/.derivedData/Build/Intermediates.noindex/SwiftUIBackports.build/Debug-watchos/SwiftUIBackports.build/Objects-normal/arm64_32/SwiftUIBackports_const_extract_protocols.json -Xcc -I/Users/admin/builder/spi-builder-workspace/.derivedData/Build/Products/Debug-watchos/include -Xcc -I/Users/admin/builder/spi-builder-workspace/.derivedData/Build/Intermediates.noindex/SwiftUIBackports.build/Debug-watchos/SwiftUIBackports.build/DerivedSources-normal/arm64_32 -Xcc -I/Users/admin/builder/spi-builder-workspace/.derivedData/Build/Intermediates.noindex/SwiftUIBackports.build/Debug-watchos/SwiftUIBackports.build/DerivedSources/arm64_32 -Xcc -I/Users/admin/builder/spi-builder-workspace/.derivedData/Build/Intermediates.noindex/SwiftUIBackports.build/Debug-watchos/SwiftUIBackports.build/DerivedSources -Xcc -DSWIFT_PACKAGE -Xcc -DDEBUG\=1 -emit-objc-header -emit-objc-header-path /Users/admin/builder/spi-builder-workspace/.derivedData/Build/Intermediates.noindex/SwiftUIBackports.build/Debug-watchos/SwiftUIBackports.build/Objects-normal/arm64_32/SwiftUIBackports-Swift.h -working-directory /Users/admin/builder/spi-builder-workspace/.swiftpm/xcode -experimental-emit-module-separately -disable-cmo
/Users/admin/builder/spi-builder-workspace/Sources/SwiftUIBackports/Shared/SensoryFeedback/SensoryFeedback+ViewModifier.swift:3:8: error: Unable to find module dependency: 'CoreHaptics'
import CoreHaptics
       ^ (in target 'SwiftUIBackports' from project 'SwiftUIBackports')
/Users/admin/builder/spi-builder-workspace/Sources/SwiftUIBackports/Shared/SensoryFeedback/SensoryFeedback+ViewModifier.swift:3:8: note: A dependency of main module 'SwiftUIBackports'
import CoreHaptics
       ^ (in target 'SwiftUIBackports' from project 'SwiftUIBackports')
SwiftDriverJobDiscovery normal arm64 Compiling TransferableRepresentation.swift, AttributedString+Transferable.swift (in target 'SwiftBackports' from project 'SwiftBackports')
SwiftDriver SwiftUIBackports normal arm64 com.apple.xcode.tools.swift.compiler (in target 'SwiftUIBackports' from project 'SwiftUIBackports')
    cd /Users/admin/builder/spi-builder-workspace/.swiftpm/xcode
    builtin-SwiftDriver -- /Applications/Xcode-26.3.0.app/Contents/Developer/Toolchains/XcodeDefault.xctoolchain/usr/bin/swiftc -module-name SwiftUIBackports -Onone -enforce-exclusivity\=checked @/Users/admin/builder/spi-builder-workspace/.derivedData/Build/Intermediates.noindex/SwiftUIBackports.build/Debug-watchos/SwiftUIBackports.build/Objects-normal/arm64/SwiftUIBackports.SwiftFileList -DSWIFT_PACKAGE -DDEBUG -DSWIFT_MODULE_RESOURCE_BUNDLE_AVAILABLE -DXcode -plugin-path /Applications/Xcode-26.3.0.app/Contents/Developer/Toolchains/XcodeDefault.xctoolchain/usr/lib/swift/host/plugins/testing -enable-experimental-feature DebugDescriptionMacro -sdk /Applications/Xcode-26.3.0.app/Contents/Developer/Platforms/WatchOS.platform/Developer/SDKs/WatchOS26.2.sdk -target arm64-apple-watchos8.0 -g -module-cache-path /Users/admin/builder/spi-builder-workspace/.derivedData/ModuleCache.noindex -Xfrontend -serialize-debugging-options -enable-testing -index-store-path /Users/admin/builder/spi-builder-workspace/.derivedData/Index.noindex/DataStore -Xcc -D_LIBCPP_HARDENING_MODE\=_LIBCPP_HARDENING_MODE_DEBUG -swift-version 6 -I /Users/admin/builder/spi-builder-workspace/.derivedData/Build/Products/Debug-watchos -Isystem /Applications/Xcode-26.3.0.app/Contents/Developer/Platforms/WatchOS.platform/Developer/usr/lib -F /Users/admin/builder/spi-builder-workspace/.derivedData/Build/Products/Debug-watchos/PackageFrameworks -F /Users/admin/builder/spi-builder-workspace/.derivedData/Build/Products/Debug-watchos -F /Applications/Xcode-26.3.0.app/Contents/Developer/Platforms/WatchOS.platform/Developer/Library/Frameworks -F /Applications/Xcode-26.3.0.app/Contents/Developer/Platforms/WatchOS.platform/Developer/SDKs/WatchOS26.2.sdk/Developer/Library/Frameworks -c -j10 -enable-batch-mode -incremental -Xcc -ivfsstatcache -Xcc /Users/admin/builder/spi-builder-workspace/.derivedData/SDKStatCaches.noindex/watchos26.2-23S303-dc75598d0054f22ec865fa860f139d721753b489057de6bda919edfa1c59a62b.sdkstatcache -output-file-map /Users/admin/builder/spi-builder-workspace/.derivedData/Build/Intermediates.noindex/SwiftUIBackports.build/Debug-watchos/SwiftUIBackports.build/Objects-normal/arm64/SwiftUIBackports-OutputFileMap.json -use-frontend-parseable-output -save-temps -no-color-diagnostics -explicit-module-build -module-cache-path /Users/admin/builder/spi-builder-workspace/.derivedData/Build/Intermediates.noindex/SwiftExplicitPrecompiledModules -clang-scanner-module-cache-path /Users/admin/builder/spi-builder-workspace/.derivedData/ModuleCache.noindex -sdk-module-cache-path /Users/admin/builder/spi-builder-workspace/.derivedData/ModuleCache.noindex -serialize-diagnostics -emit-dependencies -emit-module -emit-module-path /Users/admin/builder/spi-builder-workspace/.derivedData/Build/Intermediates.noindex/SwiftUIBackports.build/Debug-watchos/SwiftUIBackports.build/Objects-normal/arm64/SwiftUIBackports.swiftmodule -validate-clang-modules-once -clang-build-session-file /Users/admin/builder/spi-builder-workspace/.derivedData/ModuleCache.noindex/Session.modulevalidation -package-name spi_builder_workspace -Xcc -I/Users/admin/builder/spi-builder-workspace/.derivedData/Build/Intermediates.noindex/SwiftUIBackports.build/Debug-watchos/SwiftUIBackports.build/swift-overrides.hmap -emit-const-values -Xfrontend -const-gather-protocols-file -Xfrontend /Users/admin/builder/spi-builder-workspace/.derivedData/Build/Intermediates.noindex/SwiftUIBackports.build/Debug-watchos/SwiftUIBackports.build/Objects-normal/arm64/SwiftUIBackports_const_extract_protocols.json -Xcc -I/Users/admin/builder/spi-builder-workspace/.derivedData/Build/Products/Debug-watchos/include -Xcc -I/Users/admin/builder/spi-builder-workspace/.derivedData/Build/Intermediates.noindex/SwiftUIBackports.build/Debug-watchos/SwiftUIBackports.build/DerivedSources-normal/arm64 -Xcc -I/Users/admin/builder/spi-builder-workspace/.derivedData/Build/Intermediates.noindex/SwiftUIBackports.build/Debug-watchos/SwiftUIBackports.build/DerivedSources/arm64 -Xcc -I/Users/admin/builder/spi-builder-workspace/.derivedData/Build/Intermediates.noindex/SwiftUIBackports.build/Debug-watchos/SwiftUIBackports.build/DerivedSources -Xcc -DSWIFT_PACKAGE -Xcc -DDEBUG\=1 -emit-objc-header -emit-objc-header-path /Users/admin/builder/spi-builder-workspace/.derivedData/Build/Intermediates.noindex/SwiftUIBackports.build/Debug-watchos/SwiftUIBackports.build/Objects-normal/arm64/SwiftUIBackports-Swift.h -working-directory /Users/admin/builder/spi-builder-workspace/.swiftpm/xcode -experimental-emit-module-separately -disable-cmo
/Users/admin/builder/spi-builder-workspace/Sources/SwiftUIBackports/Shared/SensoryFeedback/SensoryFeedback+ViewModifier.swift:3:8: error: Unable to find module dependency: 'CoreHaptics'
import CoreHaptics
       ^ (in target 'SwiftUIBackports' from project 'SwiftUIBackports')
/Users/admin/builder/spi-builder-workspace/Sources/SwiftUIBackports/Shared/SensoryFeedback/SensoryFeedback+ViewModifier.swift:3:8: note: A dependency of main module 'SwiftUIBackports'
import CoreHaptics
       ^ (in target 'SwiftUIBackports' from project 'SwiftUIBackports')
SwiftDriverJobDiscovery normal arm64 Compiling _ConditionalRepresentation.swift, NSItemProvider+Transferable.swift, ReceivedTransferredFile.swift (in target 'SwiftBackports' from project 'SwiftBackports')
SwiftDriverJobDiscovery normal arm64_32 Compiling String+Transferable.swift, URL+Transferable.swift (in target 'SwiftBackports' from project 'SwiftBackports')
SwiftDriverJobDiscovery normal arm64_32 Compiling _ConditionalRepresentation.swift, NSItemProvider+Transferable.swift, ReceivedTransferredFile.swift (in target 'SwiftBackports' from project 'SwiftBackports')
SwiftDriverJobDiscovery normal armv7k Compiling File+Representations.swift, Never+Representation.swift, Tuple+Representation.swift (in target 'SwiftBackports' from project 'SwiftBackports')
SwiftDriverJobDiscovery normal armv7k Compiling _ConditionalRepresentation.swift, NSItemProvider+Transferable.swift, ReceivedTransferredFile.swift (in target 'SwiftBackports' from project 'SwiftBackports')
SwiftDriverJobDiscovery normal arm64_32 Compiling Backport.swift, Codable+Representation.swift, Data+Representation.swift (in target 'SwiftBackports' from project 'SwiftBackports')
SwiftDriver\ Compilation SwiftBackports normal arm64_32 com.apple.xcode.tools.swift.compiler (in target 'SwiftBackports' from project 'SwiftBackports')
    cd /Users/admin/builder/spi-builder-workspace/.swiftpm/xcode
    builtin-Swift-Compilation -- /Applications/Xcode-26.3.0.app/Contents/Developer/Toolchains/XcodeDefault.xctoolchain/usr/bin/swiftc -module-name SwiftBackports -Onone -enforce-exclusivity\=checked @/Users/admin/builder/spi-builder-workspace/.derivedData/Build/Intermediates.noindex/SwiftBackports.build/Debug-watchos/SwiftBackports.build/Objects-normal/arm64_32/SwiftBackports.SwiftFileList -DSWIFT_PACKAGE -DDEBUG -DSWIFT_MODULE_RESOURCE_BUNDLE_UNAVAILABLE -DXcode -plugin-path /Applications/Xcode-26.3.0.app/Contents/Developer/Toolchains/XcodeDefault.xctoolchain/usr/lib/swift/host/plugins/testing -enable-experimental-feature DebugDescriptionMacro -sdk /Applications/Xcode-26.3.0.app/Contents/Developer/Platforms/WatchOS.platform/Developer/SDKs/WatchOS26.2.sdk -target arm64_32-apple-watchos5.0 -g -module-cache-path /Users/admin/builder/spi-builder-workspace/.derivedData/ModuleCache.noindex -Xfrontend -serialize-debugging-options -enable-testing -suppress-warnings -index-store-path /Users/admin/builder/spi-builder-workspace/.derivedData/Index.noindex/DataStore -Xcc -D_LIBCPP_HARDENING_MODE\=_LIBCPP_HARDENING_MODE_DEBUG -swift-version 6 -I /Users/admin/builder/spi-builder-workspace/.derivedData/Build/Products/Debug-watchos -Isystem /Applications/Xcode-26.3.0.app/Contents/Developer/Platforms/WatchOS.platform/Developer/usr/lib -F /Users/admin/builder/spi-builder-workspace/.derivedData/Build/Products/Debug-watchos -F /Applications/Xcode-26.3.0.app/Contents/Developer/Platforms/WatchOS.platform/Developer/Library/Frameworks -F /Applications/Xcode-26.3.0.app/Contents/Developer/Platforms/WatchOS.platform/Developer/SDKs/WatchOS26.2.sdk/Developer/Library/Frameworks -c -j10 -enable-batch-mode -incremental -Xcc -ivfsstatcache -Xcc /Users/admin/builder/spi-builder-workspace/.derivedData/SDKStatCaches.noindex/watchos26.2-23S303-dc75598d0054f22ec865fa860f139d721753b489057de6bda919edfa1c59a62b.sdkstatcache -output-file-map /Users/admin/builder/spi-builder-workspace/.derivedData/Build/Intermediates.noindex/SwiftBackports.build/Debug-watchos/SwiftBackports.build/Objects-normal/arm64_32/SwiftBackports-OutputFileMap.json -use-frontend-parseable-output -save-temps -no-color-diagnostics -explicit-module-build -module-cache-path /Users/admin/builder/spi-builder-workspace/.derivedData/Build/Intermediates.noindex/SwiftExplicitPrecompiledModules -clang-scanner-module-cache-path /Users/admin/builder/spi-builder-workspace/.derivedData/ModuleCache.noindex -sdk-module-cache-path /Users/admin/builder/spi-builder-workspace/.derivedData/ModuleCache.noindex -serialize-diagnostics -emit-dependencies -emit-module -emit-module-path /Users/admin/builder/spi-builder-workspace/.derivedData/Build/Intermediates.noindex/SwiftBackports.build/Debug-watchos/SwiftBackports.build/Objects-normal/arm64_32/SwiftBackports.swiftmodule -user-module-version 26.2.0 -validate-clang-modules-once -clang-build-session-file /Users/admin/builder/spi-builder-workspace/.derivedData/ModuleCache.noindex/Session.modulevalidation -package-name swiftbackports -Xcc -I/Users/admin/builder/spi-builder-workspace/.derivedData/Build/Intermediates.noindex/SwiftBackports.build/Debug-watchos/SwiftBackports.build/swift-overrides.hmap -emit-const-values -Xfrontend -const-gather-protocols-file -Xfrontend /Users/admin/builder/spi-builder-workspace/.derivedData/Build/Intermediates.noindex/SwiftBackports.build/Debug-watchos/SwiftBackports.build/Objects-normal/arm64_32/SwiftBackports_const_extract_protocols.json -Xcc -I/Users/admin/builder/spi-builder-workspace/.derivedData/Build/Products/Debug-watchos/include -Xcc -I/Users/admin/builder/spi-builder-workspace/.derivedData/Build/Intermediates.noindex/SwiftBackports.build/Debug-watchos/SwiftBackports.build/DerivedSources-normal/arm64_32 -Xcc -I/Users/admin/builder/spi-builder-workspace/.derivedData/Build/Intermediates.noindex/SwiftBackports.build/Debug-watchos/SwiftBackports.build/DerivedSources/arm64_32 -Xcc -I/Users/admin/builder/spi-builder-workspace/.derivedData/Build/Intermediates.noindex/SwiftBackports.build/Debug-watchos/SwiftBackports.build/DerivedSources -Xcc -DSWIFT_PACKAGE -Xcc -DDEBUG\=1 -emit-objc-header -emit-objc-header-path /Users/admin/builder/spi-builder-workspace/.derivedData/Build/Intermediates.noindex/SwiftBackports.build/Debug-watchos/SwiftBackports.build/Objects-normal/arm64_32/SwiftBackports-Swift.h -working-directory /Users/admin/builder/spi-builder-workspace/.swiftpm/xcode -experimental-emit-module-separately -disable-cmo
Ld /Users/admin/builder/spi-builder-workspace/.derivedData/Build/Intermediates.noindex/SwiftBackports.build/Debug-watchos/SwiftBackports.build/Objects-normal/arm64_32/Binary/SwiftBackports.o normal arm64_32 (in target 'SwiftBackports' from project 'SwiftBackports')
    cd /Users/admin/builder/spi-builder-workspace/.dependencies/checkouts/SwiftBackports
    /Applications/Xcode-26.3.0.app/Contents/Developer/Toolchains/XcodeDefault.xctoolchain/usr/bin/clang -Xlinker -reproducible -target arm64_32-apple-watchos5.0 -r -isysroot /Applications/Xcode-26.3.0.app/Contents/Developer/Platforms/WatchOS.platform/Developer/SDKs/WatchOS26.2.sdk -O0 -w -L/Users/admin/builder/spi-builder-workspace/.derivedData/Build/Intermediates.noindex/EagerLinkingTBDs/Debug-watchos -L/Users/admin/builder/spi-builder-workspace/.derivedData/Build/Products/Debug-watchos -L/Applications/Xcode-26.3.0.app/Contents/Developer/Platforms/WatchOS.platform/Developer/usr/lib -F/Users/admin/builder/spi-builder-workspace/.derivedData/Build/Intermediates.noindex/EagerLinkingTBDs/Debug-watchos -F/Users/admin/builder/spi-builder-workspace/.derivedData/Build/Products/Debug-watchos -iframework /Applications/Xcode-26.3.0.app/Contents/Developer/Platforms/WatchOS.platform/Developer/Library/Frameworks -iframework /Applications/Xcode-26.3.0.app/Contents/Developer/Platforms/WatchOS.platform/Developer/SDKs/WatchOS26.2.sdk/Developer/Library/Frameworks -filelist /Users/admin/builder/spi-builder-workspace/.derivedData/Build/Intermediates.noindex/SwiftBackports.build/Debug-watchos/SwiftBackports.build/Objects-normal/arm64_32/SwiftBackports.LinkFileList -nostdlib -Xlinker -object_path_lto -Xlinker /Users/admin/builder/spi-builder-workspace/.derivedData/Build/Intermediates.noindex/SwiftBackports.build/Debug-watchos/SwiftBackports.build/Objects-normal/arm64_32/SwiftBackports_lto.o -rdynamic -Xlinker -no_deduplicate -Xlinker -dependency_info -Xlinker /Users/admin/builder/spi-builder-workspace/.derivedData/Build/Intermediates.noindex/SwiftBackports.build/Debug-watchos/SwiftBackports.build/Objects-normal/arm64_32/SwiftBackports_dependency_info.dat -fobjc-link-runtime -L/Applications/Xcode-26.3.0.app/Contents/Developer/Toolchains/XcodeDefault.xctoolchain/usr/lib/swift/watchos -L/usr/lib/swift -Xlinker -add_ast_path -Xlinker /Users/admin/builder/spi-builder-workspace/.derivedData/Build/Intermediates.noindex/SwiftBackports.build/Debug-watchos/SwiftBackports.build/Objects-normal/arm64_32/SwiftBackports.swiftmodule @/Users/admin/builder/spi-builder-workspace/.derivedData/Build/Intermediates.noindex/SwiftBackports.build/Debug-watchos/SwiftBackports.build/Objects-normal/arm64_32/SwiftBackports-linker-args.resp -o /Users/admin/builder/spi-builder-workspace/.derivedData/Build/Intermediates.noindex/SwiftBackports.build/Debug-watchos/SwiftBackports.build/Objects-normal/arm64_32/Binary/SwiftBackports.o
SwiftDriverJobDiscovery normal armv7k Compiling Backport.swift, Codable+Representation.swift, Data+Representation.swift (in target 'SwiftBackports' from project 'SwiftBackports')
SwiftDriver\ Compilation SwiftBackports normal armv7k com.apple.xcode.tools.swift.compiler (in target 'SwiftBackports' from project 'SwiftBackports')
    cd /Users/admin/builder/spi-builder-workspace/.swiftpm/xcode
    builtin-Swift-Compilation -- /Applications/Xcode-26.3.0.app/Contents/Developer/Toolchains/XcodeDefault.xctoolchain/usr/bin/swiftc -module-name SwiftBackports -Onone -enforce-exclusivity\=checked @/Users/admin/builder/spi-builder-workspace/.derivedData/Build/Intermediates.noindex/SwiftBackports.build/Debug-watchos/SwiftBackports.build/Objects-normal/armv7k/SwiftBackports.SwiftFileList -DSWIFT_PACKAGE -DDEBUG -DSWIFT_MODULE_RESOURCE_BUNDLE_UNAVAILABLE -DXcode -plugin-path /Applications/Xcode-26.3.0.app/Contents/Developer/Toolchains/XcodeDefault.xctoolchain/usr/lib/swift/host/plugins/testing -enable-experimental-feature DebugDescriptionMacro -sdk /Applications/Xcode-26.3.0.app/Contents/Developer/Platforms/WatchOS.platform/Developer/SDKs/WatchOS26.2.sdk -target armv7k-apple-watchos5.0 -g -module-cache-path /Users/admin/builder/spi-builder-workspace/.derivedData/ModuleCache.noindex -Xfrontend -serialize-debugging-options -enable-testing -suppress-warnings -index-store-path /Users/admin/builder/spi-builder-workspace/.derivedData/Index.noindex/DataStore -Xcc -D_LIBCPP_HARDENING_MODE\=_LIBCPP_HARDENING_MODE_DEBUG -swift-version 6 -I /Users/admin/builder/spi-builder-workspace/.derivedData/Build/Products/Debug-watchos -Isystem /Applications/Xcode-26.3.0.app/Contents/Developer/Platforms/WatchOS.platform/Developer/usr/lib -F /Users/admin/builder/spi-builder-workspace/.derivedData/Build/Products/Debug-watchos -F /Applications/Xcode-26.3.0.app/Contents/Developer/Platforms/WatchOS.platform/Developer/Library/Frameworks -F /Applications/Xcode-26.3.0.app/Contents/Developer/Platforms/WatchOS.platform/Developer/SDKs/WatchOS26.2.sdk/Developer/Library/Frameworks -c -j10 -enable-batch-mode -incremental -Xcc -ivfsstatcache -Xcc /Users/admin/builder/spi-builder-workspace/.derivedData/SDKStatCaches.noindex/watchos26.2-23S303-dc75598d0054f22ec865fa860f139d721753b489057de6bda919edfa1c59a62b.sdkstatcache -output-file-map /Users/admin/builder/spi-builder-workspace/.derivedData/Build/Intermediates.noindex/SwiftBackports.build/Debug-watchos/SwiftBackports.build/Objects-normal/armv7k/SwiftBackports-OutputFileMap.json -use-frontend-parseable-output -save-temps -no-color-diagnostics -explicit-module-build -module-cache-path /Users/admin/builder/spi-builder-workspace/.derivedData/Build/Intermediates.noindex/SwiftExplicitPrecompiledModules -clang-scanner-module-cache-path /Users/admin/builder/spi-builder-workspace/.derivedData/ModuleCache.noindex -sdk-module-cache-path /Users/admin/builder/spi-builder-workspace/.derivedData/ModuleCache.noindex -serialize-diagnostics -emit-dependencies -emit-module -emit-module-path /Users/admin/builder/spi-builder-workspace/.derivedData/Build/Intermediates.noindex/SwiftBackports.build/Debug-watchos/SwiftBackports.build/Objects-normal/armv7k/SwiftBackports.swiftmodule -user-module-version 26.2.0 -validate-clang-modules-once -clang-build-session-file /Users/admin/builder/spi-builder-workspace/.derivedData/ModuleCache.noindex/Session.modulevalidation -package-name swiftbackports -Xcc -I/Users/admin/builder/spi-builder-workspace/.derivedData/Build/Intermediates.noindex/SwiftBackports.build/Debug-watchos/SwiftBackports.build/swift-overrides.hmap -emit-const-values -Xfrontend -const-gather-protocols-file -Xfrontend /Users/admin/builder/spi-builder-workspace/.derivedData/Build/Intermediates.noindex/SwiftBackports.build/Debug-watchos/SwiftBackports.build/Objects-normal/armv7k/SwiftBackports_const_extract_protocols.json -Xcc -I/Users/admin/builder/spi-builder-workspace/.derivedData/Build/Products/Debug-watchos/include -Xcc -I/Users/admin/builder/spi-builder-workspace/.derivedData/Build/Intermediates.noindex/SwiftBackports.build/Debug-watchos/SwiftBackports.build/DerivedSources-normal/armv7k -Xcc -I/Users/admin/builder/spi-builder-workspace/.derivedData/Build/Intermediates.noindex/SwiftBackports.build/Debug-watchos/SwiftBackports.build/DerivedSources/armv7k -Xcc -I/Users/admin/builder/spi-builder-workspace/.derivedData/Build/Intermediates.noindex/SwiftBackports.build/Debug-watchos/SwiftBackports.build/DerivedSources -Xcc -DSWIFT_PACKAGE -Xcc -DDEBUG\=1 -emit-objc-header -emit-objc-header-path /Users/admin/builder/spi-builder-workspace/.derivedData/Build/Intermediates.noindex/SwiftBackports.build/Debug-watchos/SwiftBackports.build/Objects-normal/armv7k/SwiftBackports-Swift.h -working-directory /Users/admin/builder/spi-builder-workspace/.swiftpm/xcode -experimental-emit-module-separately -disable-cmo
Ld /Users/admin/builder/spi-builder-workspace/.derivedData/Build/Intermediates.noindex/SwiftBackports.build/Debug-watchos/SwiftBackports.build/Objects-normal/armv7k/Binary/SwiftBackports.o normal armv7k (in target 'SwiftBackports' from project 'SwiftBackports')
    cd /Users/admin/builder/spi-builder-workspace/.dependencies/checkouts/SwiftBackports
    /Applications/Xcode-26.3.0.app/Contents/Developer/Toolchains/XcodeDefault.xctoolchain/usr/bin/clang -Xlinker -reproducible -target armv7k-apple-watchos5.0 -r -isysroot /Applications/Xcode-26.3.0.app/Contents/Developer/Platforms/WatchOS.platform/Developer/SDKs/WatchOS26.2.sdk -O0 -w -L/Users/admin/builder/spi-builder-workspace/.derivedData/Build/Intermediates.noindex/EagerLinkingTBDs/Debug-watchos -L/Users/admin/builder/spi-builder-workspace/.derivedData/Build/Products/Debug-watchos -L/Applications/Xcode-26.3.0.app/Contents/Developer/Platforms/WatchOS.platform/Developer/usr/lib -F/Users/admin/builder/spi-builder-workspace/.derivedData/Build/Intermediates.noindex/EagerLinkingTBDs/Debug-watchos -F/Users/admin/builder/spi-builder-workspace/.derivedData/Build/Products/Debug-watchos -iframework /Applications/Xcode-26.3.0.app/Contents/Developer/Platforms/WatchOS.platform/Developer/Library/Frameworks -iframework /Applications/Xcode-26.3.0.app/Contents/Developer/Platforms/WatchOS.platform/Developer/SDKs/WatchOS26.2.sdk/Developer/Library/Frameworks -filelist /Users/admin/builder/spi-builder-workspace/.derivedData/Build/Intermediates.noindex/SwiftBackports.build/Debug-watchos/SwiftBackports.build/Objects-normal/armv7k/SwiftBackports.LinkFileList -nostdlib -Xlinker -object_path_lto -Xlinker /Users/admin/builder/spi-builder-workspace/.derivedData/Build/Intermediates.noindex/SwiftBackports.build/Debug-watchos/SwiftBackports.build/Objects-normal/armv7k/SwiftBackports_lto.o -rdynamic -Xlinker -no_deduplicate -Xlinker -dependency_info -Xlinker /Users/admin/builder/spi-builder-workspace/.derivedData/Build/Intermediates.noindex/SwiftBackports.build/Debug-watchos/SwiftBackports.build/Objects-normal/armv7k/SwiftBackports_dependency_info.dat -fobjc-link-runtime -L/Applications/Xcode-26.3.0.app/Contents/Developer/Toolchains/XcodeDefault.xctoolchain/usr/lib/swift/watchos -L/usr/lib/swift -Xlinker -add_ast_path -Xlinker /Users/admin/builder/spi-builder-workspace/.derivedData/Build/Intermediates.noindex/SwiftBackports.build/Debug-watchos/SwiftBackports.build/Objects-normal/armv7k/SwiftBackports.swiftmodule @/Users/admin/builder/spi-builder-workspace/.derivedData/Build/Intermediates.noindex/SwiftBackports.build/Debug-watchos/SwiftBackports.build/Objects-normal/armv7k/SwiftBackports-linker-args.resp -o /Users/admin/builder/spi-builder-workspace/.derivedData/Build/Intermediates.noindex/SwiftBackports.build/Debug-watchos/SwiftBackports.build/Objects-normal/armv7k/Binary/SwiftBackports.o
2026-07-03 03:54:53.935 xcodebuild[1008:6148] [MT] IDERunDestination: Supported platforms for the buildables in the current scheme is empty.
2026-07-03 03:54:54.099 xcodebuild[1008:6148] [MT] IDERunDestination: Supported platforms for the buildables in the current scheme is empty.
/Users/admin/builder/spi-builder-workspace/Sources/SwiftUIBackports/Shared/SensoryFeedback/SensoryFeedback+ViewModifier.swift:3:8: error: Unable to find module dependency: 'CoreHaptics'
import CoreHaptics
       ^
/Users/admin/builder/spi-builder-workspace/Sources/SwiftUIBackports/Shared/SensoryFeedback/SensoryFeedback+ViewModifier.swift:3:8: note: a dependency of main module 'SwiftUIBackports'
import CoreHaptics
       ^
/Users/admin/builder/spi-builder-workspace/Sources/SwiftUIBackports/Shared/SensoryFeedback/SensoryFeedback+ViewModifier.swift:3:8: error: Unable to find module dependency: 'CoreHaptics'
import CoreHaptics
       ^
/Users/admin/builder/spi-builder-workspace/Sources/SwiftUIBackports/Shared/SensoryFeedback/SensoryFeedback+ViewModifier.swift:3:8: note: a dependency of main module 'SwiftUIBackports'
import CoreHaptics
       ^
/Users/admin/builder/spi-builder-workspace/Sources/SwiftUIBackports/Shared/SensoryFeedback/SensoryFeedback+ViewModifier.swift:3:8: error: Unable to find module dependency: 'CoreHaptics'
import CoreHaptics
       ^
/Users/admin/builder/spi-builder-workspace/Sources/SwiftUIBackports/Shared/SensoryFeedback/SensoryFeedback+ViewModifier.swift:3:8: note: a dependency of main module 'SwiftUIBackports'
import CoreHaptics
       ^
** BUILD FAILED **
The following build commands failed:
	SwiftDriver SwiftUIBackports normal armv7k com.apple.xcode.tools.swift.compiler (in target 'SwiftUIBackports' from project 'SwiftUIBackports')
	SwiftDriver SwiftUIBackports normal arm64_32 com.apple.xcode.tools.swift.compiler (in target 'SwiftUIBackports' from project 'SwiftUIBackports')
	SwiftDriver SwiftUIBackports normal arm64 com.apple.xcode.tools.swift.compiler (in target 'SwiftUIBackports' from project 'SwiftUIBackports')
	Building workspace spi-builder-workspace with scheme SwiftUIBackports
(4 failures)
Command line invocation:
    /Applications/Xcode-26.3.0.app/Contents/Developer/usr/bin/xcodebuild -IDEClonedSourcePackagesDirPathOverride=/Users/admin/builder/spi-builder-workspace/.dependencies -resolvePackageDependencies
Resolve Package Graph
Resolved source packages:
  SwiftUIBackports: /Users/admin/builder/spi-builder-workspace
  SymbolKit: https://github.com/swiftlang/swift-docc-symbolkit @ 1.0.0
  SwiftBackports: https://github.com/shaps80/SwiftBackports @ 26.2.0
  SwiftDocCPlugin: https://github.com/apple/swift-docc-plugin @ 1.5.0
resolved source packages: SwiftUIBackports, SymbolKit, SwiftBackports, SwiftDocCPlugin
2026-07-03 03:55:18.578 xcodebuild[1369:8031] [MT] IDERunDestination: Supported platforms for the buildables in the current scheme is empty.
2026-07-03 03:55:18.745 xcodebuild[1369:8031] [MT] IDERunDestination: Supported platforms for the buildables in the current scheme is empty.
{
  "dependencies" : [
    {
      "identity" : "swiftbackports",
      "requirement" : {
        "range" : [
          {
            "lower_bound" : "26.2.0",
            "upper_bound" : "27.0.0"
          }
        ]
      },
      "type" : "sourceControl",
      "url" : "https://github.com/shaps80/SwiftBackports"
    },
    {
      "identity" : "swift-docc-plugin",
      "requirement" : {
        "range" : [
          {
            "lower_bound" : "1.0.0",
            "upper_bound" : "2.0.0"
          }
        ]
      },
      "type" : "sourceControl",
      "url" : "https://github.com/apple/swift-docc-plugin"
    }
  ],
  "manifest_display_name" : "SwiftUIBackports",
  "name" : "SwiftUIBackports",
  "path" : "/Users/admin/builder/spi-builder-workspace",
  "platforms" : [
    {
      "name" : "ios",
      "version" : "15.0"
    },
    {
      "name" : "tvos",
      "version" : "15.0"
    },
    {
      "name" : "watchos",
      "version" : "8.0"
    },
    {
      "name" : "macos",
      "version" : "12.0"
    }
  ],
  "products" : [
    {
      "name" : "SwiftUIBackports",
      "targets" : [
        "SwiftUIBackports"
      ],
      "type" : {
        "library" : [
          "automatic"
        ]
      }
    }
  ],
  "targets" : [
    {
      "c99name" : "SwiftUIBackports",
      "module_type" : "SwiftTarget",
      "name" : "SwiftUIBackports",
      "path" : "Sources/SwiftUIBackports",
      "product_dependencies" : [
        "SwiftBackports"
      ],
      "product_memberships" : [
        "SwiftUIBackports"
      ],
      "resources" : [
        {
          "path" : "/Users/admin/builder/spi-builder-workspace/Sources/SwiftUIBackports/Resources/PrivacyInfo.xcprivacy",
          "rule" : {
            "process" : {
            }
          }
        }
      ],
      "sources" : [
        "Backport.swift",
        "Internal/Environment+String.swift",
        "Internal/Environment.swift",
        "Internal/Inspect.swift",
        "Internal/OwningController.swift",
        "Internal/Platforms.swift",
        "Internal/SafeArea.swift",
        "Internal/String+LocalizationKey.swift",
        "Internal/UIScene.swift",
        "Internal/VisualEffects/VisualEffect+iOS.swift",
        "Internal/VisualEffects/VisualEffect+macOS.swift",
        "Shared/Container/ForEach+Subviews.swift",
        "Shared/Container/Group+Subviews.swift",
        "Shared/Container/Subview.swift",
        "Shared/Container/VariadicView.swift",
        "Shared/ContainerRelative/ContainerRelative.swift",
        "Shared/ContentUnavailableView/ContainerUnavailableView.swift",
        "Shared/GeometryChange/GeometryChange.swift",
        "Shared/ImageRenderer/ProposedViewSize.swift",
        "Shared/ImageRenderer/Renderer.swift",
        "Shared/LabeledContent/LabeledContent.swift",
        "Shared/LabeledContent/LabeledContentStyle.swift",
        "Shared/LabeledContent/LabeledContentStyleConfiguration.swift",
        "Shared/LabeledContent/Styles/AutomaticLabeledContentStyle.swift",
        "Shared/Navigation/NavigationDestination.swift",
        "Shared/OnChange/OnChange.swift",
        "Shared/PasteButton/PasteButton.swift",
        "Shared/RequestReview/RequestReview.swift",
        "Shared/SensoryFeedback/SensoryFeedback+View.swift",
        "Shared/SensoryFeedback/SensoryFeedback+ViewModifier.swift",
        "Shared/SensoryFeedback/SensoryFeedback.swift",
        "Shared/ShareLink/DefaultShareLinkLabel.swift",
        "Shared/ShareLink/Multiple Items/Items+Label+Preview.swift",
        "Shared/ShareLink/Multiple Items/Items+Label.swift",
        "Shared/ShareLink/Multiple Items/Items+Preview.swift",
        "Shared/ShareLink/Multiple Items/Items.swift",
        "Shared/ShareLink/ShareLink.swift",
        "Shared/ShareLink/SharePreview.swift",
        "Shared/ShareLink/ShareSheet.swift",
        "Shared/ShareLink/Single Item/Item+Label+Preview.swift",
        "Shared/ShareLink/Single Item/Item+Label.swift",
        "Shared/ShareLink/Single Item/Item+Preview.swift",
        "Shared/ShareLink/Single Item/Item.swift",
        "Shared/ShareLink/Transferable.swift",
        "Shared/System Overlays/SystemOverlays.swift",
        "Shared/Transition/PushTransition.swift",
        "iOS/Presentation/BackgroundInteraction.swift",
        "iOS/Presentation/ContentInteraction.swift",
        "iOS/Presentation/CornerRadius.swift",
        "iOS/Presentation/Detents.swift",
        "iOS/Presentation/DragIndicator.swift",
        "iOS/Presentation/InteractiveDismiss.swift",
        "iOS/ScrollView/Scroll+Environment.swift",
        "iOS/ScrollView/ScrollDismissesKeyboardMode.swift",
        "iOS/ScrollView/ScrollEnabled.swift",
        "iOS/ScrollView/ScrollIndicatorVisibility.swift",
        "iOS/ScrollView/ScrollIndicators.swift",
        "iOS/ScrollView/ScrollKeyboardDismiss.swift",
        "iOS/TextEditor/ColorProviders.swift",
        "iOS/TextEditor/FontProviders.swift",
        "iOS/TextEditor/TextEditor+Support.swift",
        "iOS/UIHostingConfiguration/Cells/UICollectionViewCell.swift",
        "iOS/UIHostingConfiguration/Cells/UITableViewCell.swift",
        "iOS/UIHostingConfiguration/ProposedInsets.swift",
        "iOS/UIHostingConfiguration/ProposedSize.swift",
        "iOS/UIHostingConfiguration/UIContentConfiguration.swift",
        "iOS/UIHostingConfiguration/UIHostingConfiguration.swift"
      ],
      "type" : "library"
    }
  ],
  "tools_version" : "6.0"
}
{
  "workspace" : {
    "name" : "spi-builder-workspace",
    "schemes" : [
      "Backports",
      "SwiftUIBackports"
    ]
  }
}
2026-07-03 03:55:25.006 xcodebuild[1436:8454] [MT] IDERunDestination: Supported platforms for the buildables in the current scheme is empty.
2026-07-03 03:55:25.167 xcodebuild[1436:8454] [MT] IDERunDestination: Supported platforms for the buildables in the current scheme is empty.
{
  "workspace" : {
    "name" : "spi-builder-workspace",
    "schemes" : [
      "Backports",
      "SwiftUIBackports"
    ]
  }
}
2026-07-03 03:55:31.438 xcodebuild[1498:8847] [MT] IDERunDestination: Supported platforms for the buildables in the current scheme is empty.
2026-07-03 03:55:31.609 xcodebuild[1498:8847] [MT] IDERunDestination: Supported platforms for the buildables in the current scheme is empty.
Running build ...
env DEVELOPER_DIR=/Applications/Xcode-26.3.0.app xcrun xcodebuild -IDEClonedSourcePackagesDirPathOverride=$PWD/.dependencies -skipMacroValidation -skipPackagePluginValidation -derivedDataPath $PWD/.derivedData build -scheme SwiftUIBackports -destination generic/platform=watchOS
Command line invocation:
    /Applications/Xcode-26.3.0.app/Contents/Developer/usr/bin/xcodebuild -IDEClonedSourcePackagesDirPathOverride=/Users/admin/builder/spi-builder-workspace/.dependencies -skipMacroValidation -skipPackagePluginValidation -derivedDataPath /Users/admin/builder/spi-builder-workspace/.derivedData build -scheme SwiftUIBackports -destination generic/platform=watchOS
Resolve Package Graph
Resolved source packages:
  SwiftUIBackports: /Users/admin/builder/spi-builder-workspace
  SwiftDocCPlugin: https://github.com/apple/swift-docc-plugin @ 1.5.0
  SymbolKit: https://github.com/swiftlang/swift-docc-symbolkit @ 1.0.0
  SwiftBackports: https://github.com/shaps80/SwiftBackports @ 26.2.0
ComputePackagePrebuildTargetDependencyGraph
Prepare packages
CreateBuildRequest
SendProjectDescription
CreateBuildOperation
ComputeTargetDependencyGraph
note: Building targets in dependency order
note: Target dependency graph (5 targets)
    Target 'SwiftUIBackports' in project 'SwiftUIBackports'
        ➜ Explicit dependency on target 'SwiftUIBackports' in project 'SwiftUIBackports'
        ➜ Explicit dependency on target 'SwiftUIBackports_SwiftUIBackports' in project 'SwiftUIBackports'
        ➜ Explicit dependency on target 'SwiftBackports' in project 'SwiftBackports'
    Target 'SwiftUIBackports' in project 'SwiftUIBackports'
        ➜ Explicit dependency on target 'SwiftUIBackports_SwiftUIBackports' in project 'SwiftUIBackports'
        ➜ Explicit dependency on target 'SwiftBackports' in project 'SwiftBackports'
    Target 'SwiftBackports' in project 'SwiftBackports'
        ➜ Explicit dependency on target 'SwiftBackports' in project 'SwiftBackports'
    Target 'SwiftBackports' in project 'SwiftBackports' (no dependencies)
    Target 'SwiftUIBackports_SwiftUIBackports' in project 'SwiftUIBackports' (no dependencies)
GatherProvisioningInputs
CreateBuildDescription
ClangStatCache /Applications/Xcode-26.3.0.app/Contents/Developer/Toolchains/XcodeDefault.xctoolchain/usr/bin/clang-stat-cache /Applications/Xcode-26.3.0.app/Contents/Developer/Platforms/WatchOS.platform/Developer/SDKs/WatchOS26.2.sdk /Users/admin/builder/spi-builder-workspace/.derivedData/SDKStatCaches.noindex/watchos26.2-23S303-dc75598d0054f22ec865fa860f139d721753b489057de6bda919edfa1c59a62b.sdkstatcache
    cd /Users/admin/builder/spi-builder-workspace/.swiftpm/xcode
    /Applications/Xcode-26.3.0.app/Contents/Developer/Toolchains/XcodeDefault.xctoolchain/usr/bin/clang-stat-cache /Applications/Xcode-26.3.0.app/Contents/Developer/Platforms/WatchOS.platform/Developer/SDKs/WatchOS26.2.sdk -o /Users/admin/builder/spi-builder-workspace/.derivedData/SDKStatCaches.noindex/watchos26.2-23S303-dc75598d0054f22ec865fa860f139d721753b489057de6bda919edfa1c59a62b.sdkstatcache
Ld /Users/admin/builder/spi-builder-workspace/.derivedData/Build/Intermediates.noindex/SwiftBackports.build/Debug-watchos/SwiftBackports.build/Objects-normal/armv7k/Binary/SwiftBackports.o normal armv7k (in target 'SwiftBackports' from project 'SwiftBackports')
    cd /Users/admin/builder/spi-builder-workspace/.dependencies/checkouts/SwiftBackports
    /Applications/Xcode-26.3.0.app/Contents/Developer/Toolchains/XcodeDefault.xctoolchain/usr/bin/clang -Xlinker -reproducible -target armv7k-apple-watchos5.0 -r -isysroot /Applications/Xcode-26.3.0.app/Contents/Developer/Platforms/WatchOS.platform/Developer/SDKs/WatchOS26.2.sdk -O0 -w -L/Users/admin/builder/spi-builder-workspace/.derivedData/Build/Intermediates.noindex/EagerLinkingTBDs/Debug-watchos -L/Users/admin/builder/spi-builder-workspace/.derivedData/Build/Products/Debug-watchos -L/Applications/Xcode-26.3.0.app/Contents/Developer/Platforms/WatchOS.platform/Developer/usr/lib -F/Users/admin/builder/spi-builder-workspace/.derivedData/Build/Intermediates.noindex/EagerLinkingTBDs/Debug-watchos -F/Users/admin/builder/spi-builder-workspace/.derivedData/Build/Products/Debug-watchos -iframework /Applications/Xcode-26.3.0.app/Contents/Developer/Platforms/WatchOS.platform/Developer/Library/Frameworks -iframework /Applications/Xcode-26.3.0.app/Contents/Developer/Platforms/WatchOS.platform/Developer/SDKs/WatchOS26.2.sdk/Developer/Library/Frameworks -filelist /Users/admin/builder/spi-builder-workspace/.derivedData/Build/Intermediates.noindex/SwiftBackports.build/Debug-watchos/SwiftBackports.build/Objects-normal/armv7k/SwiftBackports.LinkFileList -nostdlib -Xlinker -object_path_lto -Xlinker /Users/admin/builder/spi-builder-workspace/.derivedData/Build/Intermediates.noindex/SwiftBackports.build/Debug-watchos/SwiftBackports.build/Objects-normal/armv7k/SwiftBackports_lto.o -rdynamic -Xlinker -no_deduplicate -Xlinker -dependency_info -Xlinker /Users/admin/builder/spi-builder-workspace/.derivedData/Build/Intermediates.noindex/SwiftBackports.build/Debug-watchos/SwiftBackports.build/Objects-normal/armv7k/SwiftBackports_dependency_info.dat -fobjc-link-runtime -L/Applications/Xcode-26.3.0.app/Contents/Developer/Toolchains/XcodeDefault.xctoolchain/usr/lib/swift/watchos -L/usr/lib/swift -Xlinker -add_ast_path -Xlinker /Users/admin/builder/spi-builder-workspace/.derivedData/Build/Intermediates.noindex/SwiftBackports.build/Debug-watchos/SwiftBackports.build/Objects-normal/armv7k/SwiftBackports.swiftmodule @/Users/admin/builder/spi-builder-workspace/.derivedData/Build/Intermediates.noindex/SwiftBackports.build/Debug-watchos/SwiftBackports.build/Objects-normal/armv7k/SwiftBackports-linker-args.resp -o /Users/admin/builder/spi-builder-workspace/.derivedData/Build/Intermediates.noindex/SwiftBackports.build/Debug-watchos/SwiftBackports.build/Objects-normal/armv7k/Binary/SwiftBackports.o
SwiftDriver SwiftUIBackports normal armv7k com.apple.xcode.tools.swift.compiler (in target 'SwiftUIBackports' from project 'SwiftUIBackports')
    cd /Users/admin/builder/spi-builder-workspace/.swiftpm/xcode
    builtin-SwiftDriver -- /Applications/Xcode-26.3.0.app/Contents/Developer/Toolchains/XcodeDefault.xctoolchain/usr/bin/swiftc -module-name SwiftUIBackports -Onone -enforce-exclusivity\=checked @/Users/admin/builder/spi-builder-workspace/.derivedData/Build/Intermediates.noindex/SwiftUIBackports.build/Debug-watchos/SwiftUIBackports.build/Objects-normal/armv7k/SwiftUIBackports.SwiftFileList -DSWIFT_PACKAGE -DDEBUG -DSWIFT_MODULE_RESOURCE_BUNDLE_AVAILABLE -DXcode -plugin-path /Applications/Xcode-26.3.0.app/Contents/Developer/Toolchains/XcodeDefault.xctoolchain/usr/lib/swift/host/plugins/testing -enable-experimental-feature DebugDescriptionMacro -sdk /Applications/Xcode-26.3.0.app/Contents/Developer/Platforms/WatchOS.platform/Developer/SDKs/WatchOS26.2.sdk -target armv7k-apple-watchos8.0 -g -module-cache-path /Users/admin/builder/spi-builder-workspace/.derivedData/ModuleCache.noindex -Xfrontend -serialize-debugging-options -enable-testing -index-store-path /Users/admin/builder/spi-builder-workspace/.derivedData/Index.noindex/DataStore -Xcc -D_LIBCPP_HARDENING_MODE\=_LIBCPP_HARDENING_MODE_DEBUG -swift-version 6 -I /Users/admin/builder/spi-builder-workspace/.derivedData/Build/Products/Debug-watchos -Isystem /Applications/Xcode-26.3.0.app/Contents/Developer/Platforms/WatchOS.platform/Developer/usr/lib -F /Users/admin/builder/spi-builder-workspace/.derivedData/Build/Products/Debug-watchos/PackageFrameworks -F /Users/admin/builder/spi-builder-workspace/.derivedData/Build/Products/Debug-watchos -F /Applications/Xcode-26.3.0.app/Contents/Developer/Platforms/WatchOS.platform/Developer/Library/Frameworks -F /Applications/Xcode-26.3.0.app/Contents/Developer/Platforms/WatchOS.platform/Developer/SDKs/WatchOS26.2.sdk/Developer/Library/Frameworks -c -j10 -enable-batch-mode -incremental -Xcc -ivfsstatcache -Xcc /Users/admin/builder/spi-builder-workspace/.derivedData/SDKStatCaches.noindex/watchos26.2-23S303-dc75598d0054f22ec865fa860f139d721753b489057de6bda919edfa1c59a62b.sdkstatcache -output-file-map /Users/admin/builder/spi-builder-workspace/.derivedData/Build/Intermediates.noindex/SwiftUIBackports.build/Debug-watchos/SwiftUIBackports.build/Objects-normal/armv7k/SwiftUIBackports-OutputFileMap.json -use-frontend-parseable-output -save-temps -no-color-diagnostics -explicit-module-build -module-cache-path /Users/admin/builder/spi-builder-workspace/.derivedData/Build/Intermediates.noindex/SwiftExplicitPrecompiledModules -clang-scanner-module-cache-path /Users/admin/builder/spi-builder-workspace/.derivedData/ModuleCache.noindex -sdk-module-cache-path /Users/admin/builder/spi-builder-workspace/.derivedData/ModuleCache.noindex -serialize-diagnostics -emit-dependencies -emit-module -emit-module-path /Users/admin/builder/spi-builder-workspace/.derivedData/Build/Intermediates.noindex/SwiftUIBackports.build/Debug-watchos/SwiftUIBackports.build/Objects-normal/armv7k/SwiftUIBackports.swiftmodule -validate-clang-modules-once -clang-build-session-file /Users/admin/builder/spi-builder-workspace/.derivedData/ModuleCache.noindex/Session.modulevalidation -package-name spi_builder_workspace -Xcc -I/Users/admin/builder/spi-builder-workspace/.derivedData/Build/Intermediates.noindex/SwiftUIBackports.build/Debug-watchos/SwiftUIBackports.build/swift-overrides.hmap -emit-const-values -Xfrontend -const-gather-protocols-file -Xfrontend /Users/admin/builder/spi-builder-workspace/.derivedData/Build/Intermediates.noindex/SwiftUIBackports.build/Debug-watchos/SwiftUIBackports.build/Objects-normal/armv7k/SwiftUIBackports_const_extract_protocols.json -Xcc -I/Users/admin/builder/spi-builder-workspace/.derivedData/Build/Products/Debug-watchos/include -Xcc -I/Users/admin/builder/spi-builder-workspace/.derivedData/Build/Intermediates.noindex/SwiftUIBackports.build/Debug-watchos/SwiftUIBackports.build/DerivedSources-normal/armv7k -Xcc -I/Users/admin/builder/spi-builder-workspace/.derivedData/Build/Intermediates.noindex/SwiftUIBackports.build/Debug-watchos/SwiftUIBackports.build/DerivedSources/armv7k -Xcc -I/Users/admin/builder/spi-builder-workspace/.derivedData/Build/Intermediates.noindex/SwiftUIBackports.build/Debug-watchos/SwiftUIBackports.build/DerivedSources -Xcc -DSWIFT_PACKAGE -Xcc -DDEBUG\=1 -emit-objc-header -emit-objc-header-path /Users/admin/builder/spi-builder-workspace/.derivedData/Build/Intermediates.noindex/SwiftUIBackports.build/Debug-watchos/SwiftUIBackports.build/Objects-normal/armv7k/SwiftUIBackports-Swift.h -working-directory /Users/admin/builder/spi-builder-workspace/.swiftpm/xcode -experimental-emit-module-separately -disable-cmo
/Users/admin/builder/spi-builder-workspace/Sources/SwiftUIBackports/Shared/SensoryFeedback/SensoryFeedback+ViewModifier.swift:3:8: error: Unable to find module dependency: 'CoreHaptics'
import CoreHaptics
       ^ (in target 'SwiftUIBackports' from project 'SwiftUIBackports')
/Users/admin/builder/spi-builder-workspace/Sources/SwiftUIBackports/Shared/SensoryFeedback/SensoryFeedback+ViewModifier.swift:3:8: note: A dependency of main module 'SwiftUIBackports'
import CoreHaptics
       ^ (in target 'SwiftUIBackports' from project 'SwiftUIBackports')
SwiftDriver SwiftUIBackports normal arm64 com.apple.xcode.tools.swift.compiler (in target 'SwiftUIBackports' from project 'SwiftUIBackports')
    cd /Users/admin/builder/spi-builder-workspace/.swiftpm/xcode
    builtin-SwiftDriver -- /Applications/Xcode-26.3.0.app/Contents/Developer/Toolchains/XcodeDefault.xctoolchain/usr/bin/swiftc -module-name SwiftUIBackports -Onone -enforce-exclusivity\=checked @/Users/admin/builder/spi-builder-workspace/.derivedData/Build/Intermediates.noindex/SwiftUIBackports.build/Debug-watchos/SwiftUIBackports.build/Objects-normal/arm64/SwiftUIBackports.SwiftFileList -DSWIFT_PACKAGE -DDEBUG -DSWIFT_MODULE_RESOURCE_BUNDLE_AVAILABLE -DXcode -plugin-path /Applications/Xcode-26.3.0.app/Contents/Developer/Toolchains/XcodeDefault.xctoolchain/usr/lib/swift/host/plugins/testing -enable-experimental-feature DebugDescriptionMacro -sdk /Applications/Xcode-26.3.0.app/Contents/Developer/Platforms/WatchOS.platform/Developer/SDKs/WatchOS26.2.sdk -target arm64-apple-watchos8.0 -g -module-cache-path /Users/admin/builder/spi-builder-workspace/.derivedData/ModuleCache.noindex -Xfrontend -serialize-debugging-options -enable-testing -index-store-path /Users/admin/builder/spi-builder-workspace/.derivedData/Index.noindex/DataStore -Xcc -D_LIBCPP_HARDENING_MODE\=_LIBCPP_HARDENING_MODE_DEBUG -swift-version 6 -I /Users/admin/builder/spi-builder-workspace/.derivedData/Build/Products/Debug-watchos -Isystem /Applications/Xcode-26.3.0.app/Contents/Developer/Platforms/WatchOS.platform/Developer/usr/lib -F /Users/admin/builder/spi-builder-workspace/.derivedData/Build/Products/Debug-watchos/PackageFrameworks -F /Users/admin/builder/spi-builder-workspace/.derivedData/Build/Products/Debug-watchos -F /Applications/Xcode-26.3.0.app/Contents/Developer/Platforms/WatchOS.platform/Developer/Library/Frameworks -F /Applications/Xcode-26.3.0.app/Contents/Developer/Platforms/WatchOS.platform/Developer/SDKs/WatchOS26.2.sdk/Developer/Library/Frameworks -c -j10 -enable-batch-mode -incremental -Xcc -ivfsstatcache -Xcc /Users/admin/builder/spi-builder-workspace/.derivedData/SDKStatCaches.noindex/watchos26.2-23S303-dc75598d0054f22ec865fa860f139d721753b489057de6bda919edfa1c59a62b.sdkstatcache -output-file-map /Users/admin/builder/spi-builder-workspace/.derivedData/Build/Intermediates.noindex/SwiftUIBackports.build/Debug-watchos/SwiftUIBackports.build/Objects-normal/arm64/SwiftUIBackports-OutputFileMap.json -use-frontend-parseable-output -save-temps -no-color-diagnostics -explicit-module-build -module-cache-path /Users/admin/builder/spi-builder-workspace/.derivedData/Build/Intermediates.noindex/SwiftExplicitPrecompiledModules -clang-scanner-module-cache-path /Users/admin/builder/spi-builder-workspace/.derivedData/ModuleCache.noindex -sdk-module-cache-path /Users/admin/builder/spi-builder-workspace/.derivedData/ModuleCache.noindex -serialize-diagnostics -emit-dependencies -emit-module -emit-module-path /Users/admin/builder/spi-builder-workspace/.derivedData/Build/Intermediates.noindex/SwiftUIBackports.build/Debug-watchos/SwiftUIBackports.build/Objects-normal/arm64/SwiftUIBackports.swiftmodule -validate-clang-modules-once -clang-build-session-file /Users/admin/builder/spi-builder-workspace/.derivedData/ModuleCache.noindex/Session.modulevalidation -package-name spi_builder_workspace -Xcc -I/Users/admin/builder/spi-builder-workspace/.derivedData/Build/Intermediates.noindex/SwiftUIBackports.build/Debug-watchos/SwiftUIBackports.build/swift-overrides.hmap -emit-const-values -Xfrontend -const-gather-protocols-file -Xfrontend /Users/admin/builder/spi-builder-workspace/.derivedData/Build/Intermediates.noindex/SwiftUIBackports.build/Debug-watchos/SwiftUIBackports.build/Objects-normal/arm64/SwiftUIBackports_const_extract_protocols.json -Xcc -I/Users/admin/builder/spi-builder-workspace/.derivedData/Build/Products/Debug-watchos/include -Xcc -I/Users/admin/builder/spi-builder-workspace/.derivedData/Build/Intermediates.noindex/SwiftUIBackports.build/Debug-watchos/SwiftUIBackports.build/DerivedSources-normal/arm64 -Xcc -I/Users/admin/builder/spi-builder-workspace/.derivedData/Build/Intermediates.noindex/SwiftUIBackports.build/Debug-watchos/SwiftUIBackports.build/DerivedSources/arm64 -Xcc -I/Users/admin/builder/spi-builder-workspace/.derivedData/Build/Intermediates.noindex/SwiftUIBackports.build/Debug-watchos/SwiftUIBackports.build/DerivedSources -Xcc -DSWIFT_PACKAGE -Xcc -DDEBUG\=1 -emit-objc-header -emit-objc-header-path /Users/admin/builder/spi-builder-workspace/.derivedData/Build/Intermediates.noindex/SwiftUIBackports.build/Debug-watchos/SwiftUIBackports.build/Objects-normal/arm64/SwiftUIBackports-Swift.h -working-directory /Users/admin/builder/spi-builder-workspace/.swiftpm/xcode -experimental-emit-module-separately -disable-cmo
/Users/admin/builder/spi-builder-workspace/Sources/SwiftUIBackports/Shared/SensoryFeedback/SensoryFeedback+ViewModifier.swift:3:8: error: Unable to find module dependency: 'CoreHaptics'
import CoreHaptics
       ^ (in target 'SwiftUIBackports' from project 'SwiftUIBackports')
/Users/admin/builder/spi-builder-workspace/Sources/SwiftUIBackports/Shared/SensoryFeedback/SensoryFeedback+ViewModifier.swift:3:8: note: A dependency of main module 'SwiftUIBackports'
import CoreHaptics
       ^ (in target 'SwiftUIBackports' from project 'SwiftUIBackports')
SwiftDriver SwiftUIBackports normal arm64_32 com.apple.xcode.tools.swift.compiler (in target 'SwiftUIBackports' from project 'SwiftUIBackports')
    cd /Users/admin/builder/spi-builder-workspace/.swiftpm/xcode
    builtin-SwiftDriver -- /Applications/Xcode-26.3.0.app/Contents/Developer/Toolchains/XcodeDefault.xctoolchain/usr/bin/swiftc -module-name SwiftUIBackports -Onone -enforce-exclusivity\=checked @/Users/admin/builder/spi-builder-workspace/.derivedData/Build/Intermediates.noindex/SwiftUIBackports.build/Debug-watchos/SwiftUIBackports.build/Objects-normal/arm64_32/SwiftUIBackports.SwiftFileList -DSWIFT_PACKAGE -DDEBUG -DSWIFT_MODULE_RESOURCE_BUNDLE_AVAILABLE -DXcode -plugin-path /Applications/Xcode-26.3.0.app/Contents/Developer/Toolchains/XcodeDefault.xctoolchain/usr/lib/swift/host/plugins/testing -enable-experimental-feature DebugDescriptionMacro -sdk /Applications/Xcode-26.3.0.app/Contents/Developer/Platforms/WatchOS.platform/Developer/SDKs/WatchOS26.2.sdk -target arm64_32-apple-watchos8.0 -g -module-cache-path /Users/admin/builder/spi-builder-workspace/.derivedData/ModuleCache.noindex -Xfrontend -serialize-debugging-options -enable-testing -index-store-path /Users/admin/builder/spi-builder-workspace/.derivedData/Index.noindex/DataStore -Xcc -D_LIBCPP_HARDENING_MODE\=_LIBCPP_HARDENING_MODE_DEBUG -swift-version 6 -I /Users/admin/builder/spi-builder-workspace/.derivedData/Build/Products/Debug-watchos -Isystem /Applications/Xcode-26.3.0.app/Contents/Developer/Platforms/WatchOS.platform/Developer/usr/lib -F /Users/admin/builder/spi-builder-workspace/.derivedData/Build/Products/Debug-watchos/PackageFrameworks -F /Users/admin/builder/spi-builder-workspace/.derivedData/Build/Products/Debug-watchos -F /Applications/Xcode-26.3.0.app/Contents/Developer/Platforms/WatchOS.platform/Developer/Library/Frameworks -F /Applications/Xcode-26.3.0.app/Contents/Developer/Platforms/WatchOS.platform/Developer/SDKs/WatchOS26.2.sdk/Developer/Library/Frameworks -c -j10 -enable-batch-mode -incremental -Xcc -ivfsstatcache -Xcc /Users/admin/builder/spi-builder-workspace/.derivedData/SDKStatCaches.noindex/watchos26.2-23S303-dc75598d0054f22ec865fa860f139d721753b489057de6bda919edfa1c59a62b.sdkstatcache -output-file-map /Users/admin/builder/spi-builder-workspace/.derivedData/Build/Intermediates.noindex/SwiftUIBackports.build/Debug-watchos/SwiftUIBackports.build/Objects-normal/arm64_32/SwiftUIBackports-OutputFileMap.json -use-frontend-parseable-output -save-temps -no-color-diagnostics -explicit-module-build -module-cache-path /Users/admin/builder/spi-builder-workspace/.derivedData/Build/Intermediates.noindex/SwiftExplicitPrecompiledModules -clang-scanner-module-cache-path /Users/admin/builder/spi-builder-workspace/.derivedData/ModuleCache.noindex -sdk-module-cache-path /Users/admin/builder/spi-builder-workspace/.derivedData/ModuleCache.noindex -serialize-diagnostics -emit-dependencies -emit-module -emit-module-path /Users/admin/builder/spi-builder-workspace/.derivedData/Build/Intermediates.noindex/SwiftUIBackports.build/Debug-watchos/SwiftUIBackports.build/Objects-normal/arm64_32/SwiftUIBackports.swiftmodule -validate-clang-modules-once -clang-build-session-file /Users/admin/builder/spi-builder-workspace/.derivedData/ModuleCache.noindex/Session.modulevalidation -package-name spi_builder_workspace -Xcc -I/Users/admin/builder/spi-builder-workspace/.derivedData/Build/Intermediates.noindex/SwiftUIBackports.build/Debug-watchos/SwiftUIBackports.build/swift-overrides.hmap -emit-const-values -Xfrontend -const-gather-protocols-file -Xfrontend /Users/admin/builder/spi-builder-workspace/.derivedData/Build/Intermediates.noindex/SwiftUIBackports.build/Debug-watchos/SwiftUIBackports.build/Objects-normal/arm64_32/SwiftUIBackports_const_extract_protocols.json -Xcc -I/Users/admin/builder/spi-builder-workspace/.derivedData/Build/Products/Debug-watchos/include -Xcc -I/Users/admin/builder/spi-builder-workspace/.derivedData/Build/Intermediates.noindex/SwiftUIBackports.build/Debug-watchos/SwiftUIBackports.build/DerivedSources-normal/arm64_32 -Xcc -I/Users/admin/builder/spi-builder-workspace/.derivedData/Build/Intermediates.noindex/SwiftUIBackports.build/Debug-watchos/SwiftUIBackports.build/DerivedSources/arm64_32 -Xcc -I/Users/admin/builder/spi-builder-workspace/.derivedData/Build/Intermediates.noindex/SwiftUIBackports.build/Debug-watchos/SwiftUIBackports.build/DerivedSources -Xcc -DSWIFT_PACKAGE -Xcc -DDEBUG\=1 -emit-objc-header -emit-objc-header-path /Users/admin/builder/spi-builder-workspace/.derivedData/Build/Intermediates.noindex/SwiftUIBackports.build/Debug-watchos/SwiftUIBackports.build/Objects-normal/arm64_32/SwiftUIBackports-Swift.h -working-directory /Users/admin/builder/spi-builder-workspace/.swiftpm/xcode -experimental-emit-module-separately -disable-cmo
/Users/admin/builder/spi-builder-workspace/Sources/SwiftUIBackports/Shared/SensoryFeedback/SensoryFeedback+ViewModifier.swift:3:8: error: Unable to find module dependency: 'CoreHaptics'
import CoreHaptics
       ^ (in target 'SwiftUIBackports' from project 'SwiftUIBackports')
/Users/admin/builder/spi-builder-workspace/Sources/SwiftUIBackports/Shared/SensoryFeedback/SensoryFeedback+ViewModifier.swift:3:8: note: A dependency of main module 'SwiftUIBackports'
import CoreHaptics
       ^ (in target 'SwiftUIBackports' from project 'SwiftUIBackports')
SwiftDriver SwiftBackports normal arm64 com.apple.xcode.tools.swift.compiler (in target 'SwiftBackports' from project 'SwiftBackports')
    cd /Users/admin/builder/spi-builder-workspace/.swiftpm/xcode
    builtin-SwiftDriver -- /Applications/Xcode-26.3.0.app/Contents/Developer/Toolchains/XcodeDefault.xctoolchain/usr/bin/swiftc -module-name SwiftBackports -Onone -enforce-exclusivity\=checked @/Users/admin/builder/spi-builder-workspace/.derivedData/Build/Intermediates.noindex/SwiftBackports.build/Debug-watchos/SwiftBackports.build/Objects-normal/arm64/SwiftBackports.SwiftFileList -DSWIFT_PACKAGE -DDEBUG -DSWIFT_MODULE_RESOURCE_BUNDLE_UNAVAILABLE -DXcode -plugin-path /Applications/Xcode-26.3.0.app/Contents/Developer/Toolchains/XcodeDefault.xctoolchain/usr/lib/swift/host/plugins/testing -enable-experimental-feature DebugDescriptionMacro -sdk /Applications/Xcode-26.3.0.app/Contents/Developer/Platforms/WatchOS.platform/Developer/SDKs/WatchOS26.2.sdk -target arm64-apple-watchos5.0 -g -module-cache-path /Users/admin/builder/spi-builder-workspace/.derivedData/ModuleCache.noindex -Xfrontend -serialize-debugging-options -enable-testing -suppress-warnings -index-store-path /Users/admin/builder/spi-builder-workspace/.derivedData/Index.noindex/DataStore -Xcc -D_LIBCPP_HARDENING_MODE\=_LIBCPP_HARDENING_MODE_DEBUG -swift-version 6 -I /Users/admin/builder/spi-builder-workspace/.derivedData/Build/Products/Debug-watchos -Isystem /Applications/Xcode-26.3.0.app/Contents/Developer/Platforms/WatchOS.platform/Developer/usr/lib -F /Users/admin/builder/spi-builder-workspace/.derivedData/Build/Products/Debug-watchos -F /Applications/Xcode-26.3.0.app/Contents/Developer/Platforms/WatchOS.platform/Developer/Library/Frameworks -F /Applications/Xcode-26.3.0.app/Contents/Developer/Platforms/WatchOS.platform/Developer/SDKs/WatchOS26.2.sdk/Developer/Library/Frameworks -c -j10 -enable-batch-mode -incremental -Xcc -ivfsstatcache -Xcc /Users/admin/builder/spi-builder-workspace/.derivedData/SDKStatCaches.noindex/watchos26.2-23S303-dc75598d0054f22ec865fa860f139d721753b489057de6bda919edfa1c59a62b.sdkstatcache -output-file-map /Users/admin/builder/spi-builder-workspace/.derivedData/Build/Intermediates.noindex/SwiftBackports.build/Debug-watchos/SwiftBackports.build/Objects-normal/arm64/SwiftBackports-OutputFileMap.json -use-frontend-parseable-output -save-temps -no-color-diagnostics -explicit-module-build -module-cache-path /Users/admin/builder/spi-builder-workspace/.derivedData/Build/Intermediates.noindex/SwiftExplicitPrecompiledModules -clang-scanner-module-cache-path /Users/admin/builder/spi-builder-workspace/.derivedData/ModuleCache.noindex -sdk-module-cache-path /Users/admin/builder/spi-builder-workspace/.derivedData/ModuleCache.noindex -serialize-diagnostics -emit-dependencies -emit-module -emit-module-path /Users/admin/builder/spi-builder-workspace/.derivedData/Build/Intermediates.noindex/SwiftBackports.build/Debug-watchos/SwiftBackports.build/Objects-normal/arm64/SwiftBackports.swiftmodule -user-module-version 26.2.0 -validate-clang-modules-once -clang-build-session-file /Users/admin/builder/spi-builder-workspace/.derivedData/ModuleCache.noindex/Session.modulevalidation -package-name swiftbackports -Xcc -I/Users/admin/builder/spi-builder-workspace/.derivedData/Build/Intermediates.noindex/SwiftBackports.build/Debug-watchos/SwiftBackports.build/swift-overrides.hmap -emit-const-values -Xfrontend -const-gather-protocols-file -Xfrontend /Users/admin/builder/spi-builder-workspace/.derivedData/Build/Intermediates.noindex/SwiftBackports.build/Debug-watchos/SwiftBackports.build/Objects-normal/arm64/SwiftBackports_const_extract_protocols.json -Xcc -I/Users/admin/builder/spi-builder-workspace/.derivedData/Build/Products/Debug-watchos/include -Xcc -I/Users/admin/builder/spi-builder-workspace/.derivedData/Build/Intermediates.noindex/SwiftBackports.build/Debug-watchos/SwiftBackports.build/DerivedSources-normal/arm64 -Xcc -I/Users/admin/builder/spi-builder-workspace/.derivedData/Build/Intermediates.noindex/SwiftBackports.build/Debug-watchos/SwiftBackports.build/DerivedSources/arm64 -Xcc -I/Users/admin/builder/spi-builder-workspace/.derivedData/Build/Intermediates.noindex/SwiftBackports.build/Debug-watchos/SwiftBackports.build/DerivedSources -Xcc -DSWIFT_PACKAGE -Xcc -DDEBUG\=1 -emit-objc-header -emit-objc-header-path /Users/admin/builder/spi-builder-workspace/.derivedData/Build/Intermediates.noindex/SwiftBackports.build/Debug-watchos/SwiftBackports.build/Objects-normal/arm64/SwiftBackports-Swift.h -working-directory /Users/admin/builder/spi-builder-workspace/.swiftpm/xcode -experimental-emit-module-separately -disable-cmo
SwiftCompile normal arm64 Compiling\ Codable+Representation.swift /Users/admin/builder/spi-builder-workspace/.dependencies/checkouts/SwiftBackports/Sources/SwiftBackports/CoreTransferable/Representations/Codable+Representation.swift (in target 'SwiftBackports' from project 'SwiftBackports')
SwiftCompile normal arm64 /Users/admin/builder/spi-builder-workspace/.dependencies/checkouts/SwiftBackports/Sources/SwiftBackports/CoreTransferable/Representations/Codable+Representation.swift (in target 'SwiftBackports' from project 'SwiftBackports')
    cd /Users/admin/builder/spi-builder-workspace/.swiftpm/xcode

SwiftCompile normal arm64 Compiling\ Data+Representation.swift /Users/admin/builder/spi-builder-workspace/.dependencies/checkouts/SwiftBackports/Sources/SwiftBackports/CoreTransferable/Representations/Data+Representation.swift (in target 'SwiftBackports' from project 'SwiftBackports')
SwiftCompile normal arm64 /Users/admin/builder/spi-builder-workspace/.dependencies/checkouts/SwiftBackports/Sources/SwiftBackports/CoreTransferable/Representations/Data+Representation.swift (in target 'SwiftBackports' from project 'SwiftBackports')
    cd /Users/admin/builder/spi-builder-workspace/.swiftpm/xcode

SwiftEmitModule normal arm64 Emitting\ module\ for\ SwiftBackports (in target 'SwiftBackports' from project 'SwiftBackports')
EmitSwiftModule normal arm64 (in target 'SwiftBackports' from project 'SwiftBackports')
    cd /Users/admin/builder/spi-builder-workspace/.swiftpm/xcode

SwiftCompile normal arm64 Compiling\ Backport.swift /Users/admin/builder/spi-builder-workspace/.dependencies/checkouts/SwiftBackports/Sources/SwiftBackports/Backport.swift (in target 'SwiftBackports' from project 'SwiftBackports')
SwiftCompile normal arm64 /Users/admin/builder/spi-builder-workspace/.dependencies/checkouts/SwiftBackports/Sources/SwiftBackports/Backport.swift (in target 'SwiftBackports' from project 'SwiftBackports')
    cd /Users/admin/builder/spi-builder-workspace/.swiftpm/xcode

2026-07-03 03:55:37.771 xcodebuild[1559:9235] [MT] IDERunDestination: Supported platforms for the buildables in the current scheme is empty.
2026-07-03 03:55:37.933 xcodebuild[1559:9235] [MT] IDERunDestination: Supported platforms for the buildables in the current scheme is empty.
/Users/admin/builder/spi-builder-workspace/Sources/SwiftUIBackports/Shared/SensoryFeedback/SensoryFeedback+ViewModifier.swift:3:8: error: Unable to find module dependency: 'CoreHaptics'
import CoreHaptics
       ^
/Users/admin/builder/spi-builder-workspace/Sources/SwiftUIBackports/Shared/SensoryFeedback/SensoryFeedback+ViewModifier.swift:3:8: note: a dependency of main module 'SwiftUIBackports'
import CoreHaptics
       ^
/Users/admin/builder/spi-builder-workspace/Sources/SwiftUIBackports/Shared/SensoryFeedback/SensoryFeedback+ViewModifier.swift:3:8: error: Unable to find module dependency: 'CoreHaptics'
import CoreHaptics
       ^
/Users/admin/builder/spi-builder-workspace/Sources/SwiftUIBackports/Shared/SensoryFeedback/SensoryFeedback+ViewModifier.swift:3:8: note: a dependency of main module 'SwiftUIBackports'
import CoreHaptics
       ^
/Users/admin/builder/spi-builder-workspace/Sources/SwiftUIBackports/Shared/SensoryFeedback/SensoryFeedback+ViewModifier.swift:3:8: error: Unable to find module dependency: 'CoreHaptics'
import CoreHaptics
       ^
/Users/admin/builder/spi-builder-workspace/Sources/SwiftUIBackports/Shared/SensoryFeedback/SensoryFeedback+ViewModifier.swift:3:8: note: a dependency of main module 'SwiftUIBackports'
import CoreHaptics
       ^
** BUILD FAILED **
The following build commands failed:
	SwiftDriver SwiftUIBackports normal armv7k com.apple.xcode.tools.swift.compiler (in target 'SwiftUIBackports' from project 'SwiftUIBackports')
	SwiftDriver SwiftUIBackports normal arm64 com.apple.xcode.tools.swift.compiler (in target 'SwiftUIBackports' from project 'SwiftUIBackports')
	SwiftDriver SwiftUIBackports normal arm64_32 com.apple.xcode.tools.swift.compiler (in target 'SwiftUIBackports' from project 'SwiftUIBackports')
	Building workspace spi-builder-workspace with scheme SwiftUIBackports
(4 failures)
BUILD FAILURE 6.2 watchOS