Build Information
Failed to build SimpleRoulette, reference main (25e5e4), with Swift 6.1 for watchOS using Xcode 16.3 on 28 Aug 2026 15:19:08 UTC.
Build Command
env DEVELOPER_DIR=/Applications/Xcode-16.3.0.app xcrun xcodebuild -IDEClonedSourcePackagesDirPathOverride=$PWD/.dependencies -skipMacroValidation -skipPackagePluginValidation -derivedDataPath $PWD/.derivedData build -scheme SimpleRoulette -destination generic/platform=watchOSBuild Log
========================================
RunAll
========================================
Builder version: 5.0.2
Interrupt handler set up.
========================================
Checkout
========================================
Clone URL: https://github.com/fummicc1/SimpleRoulette.git
Reference: main
Initialized empty Git repository in /Users/admin/builder/spi-builder-workspace/.git/
From https://github.com/fummicc1/SimpleRoulette
* branch main -> FETCH_HEAD
* [new branch] main -> origin/main
HEAD is now at 25e5e45 Anchor radial labels at the rim and guard against overflow (#52)
Cloned https://github.com/fummicc1/SimpleRoulette.git
Revision (git rev-parse @):
25e5e45bbf78010642ef8f6cb4b5d97d85f61a03
SUCCESS checkout https://github.com/fummicc1/SimpleRoulette.git at main
========================================
Build
========================================
Selected platform: watchOS
Swift version: 6.1
Building package at path: $PWD
https://github.com/fummicc1/SimpleRoulette.git
https://github.com/fummicc1/SimpleRoulette.git
{
"dependencies" : [
{
"identity" : "swift-docc-plugin",
"requirement" : {
"range" : [
{
"lower_bound" : "1.0.0",
"upper_bound" : "2.0.0"
}
]
},
"type" : "sourceControl",
"url" : "https://github.com/apple/swift-docc-plugin"
}
],
"manifest_display_name" : "SimpleRoulette",
"name" : "SimpleRoulette",
"path" : "/Users/admin/builder/spi-builder-workspace",
"platforms" : [
{
"name" : "ios",
"version" : "17.0"
},
{
"name" : "macos",
"version" : "14.0"
}
],
"products" : [
{
"name" : "SimpleRoulette",
"targets" : [
"SimpleRoulette"
],
"type" : {
"library" : [
"automatic"
]
}
}
],
"targets" : [
{
"c99name" : "SimpleRouletteTests",
"module_type" : "SwiftTarget",
"name" : "SimpleRouletteTests",
"path" : "Tests/SimpleRouletteTests",
"sources" : [
"Types/PartDataTests.swift",
"Types/RouletteStateTests.swift",
"Types/RouletteStyleTests.swift"
],
"target_dependencies" : [
"SimpleRoulette"
],
"type" : "test"
},
{
"c99name" : "SimpleRoulette",
"module_type" : "SwiftTarget",
"name" : "SimpleRoulette",
"path" : "Sources/SimpleRoulette",
"product_memberships" : [
"SimpleRoulette"
],
"sources" : [
"Sources/Ex/Color+Ex.swift",
"Sources/Pie/RouletteInternalView.swift",
"Sources/Pie/RouletteModel.swift",
"Sources/Pie/RoulettePart.swift",
"Sources/Pie/RouletteView.swift",
"Sources/Protocols/RouletteAnimating.swift",
"Sources/Protocols/RouletteSpeedProtocol.swift",
"Sources/Slot/SlotRouletteModel.swift",
"Sources/Slot/SlotRouletteSpeed.swift",
"Sources/Slot/SlotRouletteView.swift",
"Sources/Slot/SlotRouletteWorker.swift",
"Sources/Types/PartData.swift",
"Sources/Types/RouletteSpeed.swift",
"Sources/Types/RouletteState.swift",
"Sources/Types/RouletteStyle.swift",
"Sources/Types/RouletteWorker.swift"
],
"type" : "library"
}
],
"tools_version" : "6.0"
}
Command line invocation:
/Applications/Xcode-16.3.0.app/Contents/Developer/usr/bin/xcodebuild -IDEClonedSourcePackagesDirPathOverride=/Users/admin/builder/spi-builder-workspace/.dependencies -resolvePackageDependencies
Resolve Package Graph
Fetching from https://github.com/apple/swift-docc-plugin
Fetching from https://github.com/swiftlang/swift-docc-symbolkit (cached)
Creating working copy of package ‘swift-docc-symbolkit’
Checking out 1.0.0 of package ‘swift-docc-symbolkit’
Creating working copy of package ‘swift-docc-plugin’
Checking out 1.5.0 of package ‘swift-docc-plugin’
Resolve Package Graph
Resolved source packages:
SymbolKit: https://github.com/swiftlang/swift-docc-symbolkit @ 1.0.0
SimpleRoulette: /Users/admin/builder/spi-builder-workspace
SwiftDocCPlugin: https://github.com/apple/swift-docc-plugin @ 1.5.0
resolved source packages: SymbolKit, SimpleRoulette, SwiftDocCPlugin
{
"dependencies" : [
{
"identity" : "swift-docc-plugin",
"requirement" : {
"range" : [
{
"lower_bound" : "1.0.0",
"upper_bound" : "2.0.0"
}
]
},
"type" : "sourceControl",
"url" : "https://github.com/apple/swift-docc-plugin"
}
],
"manifest_display_name" : "SimpleRoulette",
"name" : "SimpleRoulette",
"path" : "/Users/admin/builder/spi-builder-workspace",
"platforms" : [
{
"name" : "ios",
"version" : "17.0"
},
{
"name" : "macos",
"version" : "14.0"
}
],
"products" : [
{
"name" : "SimpleRoulette",
"targets" : [
"SimpleRoulette"
],
"type" : {
"library" : [
"automatic"
]
}
}
],
"targets" : [
{
"c99name" : "SimpleRouletteTests",
"module_type" : "SwiftTarget",
"name" : "SimpleRouletteTests",
"path" : "Tests/SimpleRouletteTests",
"sources" : [
"Types/PartDataTests.swift",
"Types/RouletteStateTests.swift",
"Types/RouletteStyleTests.swift"
],
"target_dependencies" : [
"SimpleRoulette"
],
"type" : "test"
},
{
"c99name" : "SimpleRoulette",
"module_type" : "SwiftTarget",
"name" : "SimpleRoulette",
"path" : "Sources/SimpleRoulette",
"product_memberships" : [
"SimpleRoulette"
],
"sources" : [
"Sources/Ex/Color+Ex.swift",
"Sources/Pie/RouletteInternalView.swift",
"Sources/Pie/RouletteModel.swift",
"Sources/Pie/RoulettePart.swift",
"Sources/Pie/RouletteView.swift",
"Sources/Protocols/RouletteAnimating.swift",
"Sources/Protocols/RouletteSpeedProtocol.swift",
"Sources/Slot/SlotRouletteModel.swift",
"Sources/Slot/SlotRouletteSpeed.swift",
"Sources/Slot/SlotRouletteView.swift",
"Sources/Slot/SlotRouletteWorker.swift",
"Sources/Types/PartData.swift",
"Sources/Types/RouletteSpeed.swift",
"Sources/Types/RouletteState.swift",
"Sources/Types/RouletteStyle.swift",
"Sources/Types/RouletteWorker.swift"
],
"type" : "library"
}
],
"tools_version" : "6.0"
}
{
"workspace" : {
"name" : "spi-builder-workspace",
"schemes" : [
"SimpleRoulette"
]
}
}
Running build ...
env DEVELOPER_DIR=/Applications/Xcode-16.3.0.app xcrun xcodebuild -IDEClonedSourcePackagesDirPathOverride=$PWD/.dependencies -skipMacroValidation -skipPackagePluginValidation -derivedDataPath $PWD/.derivedData build -scheme SimpleRoulette -destination generic/platform=watchOS OTHER_SWIFT_FLAGS=-stats-output-dir .stats
Command line invocation:
/Applications/Xcode-16.3.0.app/Contents/Developer/usr/bin/xcodebuild -IDEClonedSourcePackagesDirPathOverride=/Users/admin/builder/spi-builder-workspace/.dependencies -skipMacroValidation -skipPackagePluginValidation -derivedDataPath /Users/admin/builder/spi-builder-workspace/.derivedData build -scheme SimpleRoulette -destination generic/platform=watchOS "OTHER_SWIFT_FLAGS=-stats-output-dir .stats"
Build settings from command line:
OTHER_SWIFT_FLAGS = -stats-output-dir .stats
Resolve Package Graph
Resolve Package Graph
Resolved source packages:
SymbolKit: https://github.com/swiftlang/swift-docc-symbolkit @ 1.0.0
SimpleRoulette: /Users/admin/builder/spi-builder-workspace
SwiftDocCPlugin: https://github.com/apple/swift-docc-plugin @ 1.5.0
ComputePackagePrebuildTargetDependencyGraph
Prepare packages
CreateBuildRequest
SendProjectDescription
CreateBuildOperation
ComputeTargetDependencyGraph
note: Building targets in dependency order
note: Target dependency graph (2 targets)
Target 'SimpleRoulette' in project 'SimpleRoulette'
➜ Explicit dependency on target 'SimpleRoulette' in project 'SimpleRoulette'
Target 'SimpleRoulette' in project 'SimpleRoulette' (no dependencies)
GatherProvisioningInputs
CreateBuildDescription
ExecuteExternalTool /Applications/Xcode-16.3.0.app/Contents/Developer/Toolchains/XcodeDefault.xctoolchain/usr/bin/clang -v -E -dM -isysroot /Applications/Xcode-16.3.0.app/Contents/Developer/Platforms/WatchOS.platform/Developer/SDKs/WatchOS11.4.sdk -x c -c /dev/null
ExecuteExternalTool /Applications/Xcode-16.3.0.app/Contents/Developer/Toolchains/XcodeDefault.xctoolchain/usr/bin/swiftc --version
ExecuteExternalTool /Applications/Xcode-16.3.0.app/Contents/Developer/Toolchains/XcodeDefault.xctoolchain/usr/bin/ld -version_details
Build description signature: 15308f403ea8b90e4d6be260d457e45f
Build description path: /Users/admin/builder/spi-builder-workspace/.derivedData/Build/Intermediates.noindex/XCBuildData/15308f403ea8b90e4d6be260d457e45f.xcbuilddata
CreateBuildDirectory /Users/admin/builder/spi-builder-workspace/.derivedData/Build/Products
cd /Users/admin/builder/spi-builder-workspace/.swiftpm/xcode
builtin-create-build-directory /Users/admin/builder/spi-builder-workspace/.derivedData/Build/Products
CreateBuildDirectory /Users/admin/builder/spi-builder-workspace/.derivedData/Build/Intermediates.noindex
cd /Users/admin/builder/spi-builder-workspace/.swiftpm/xcode
builtin-create-build-directory /Users/admin/builder/spi-builder-workspace/.derivedData/Build/Intermediates.noindex
ClangStatCache /Applications/Xcode-16.3.0.app/Contents/Developer/Toolchains/XcodeDefault.xctoolchain/usr/bin/clang-stat-cache /Applications/Xcode-16.3.0.app/Contents/Developer/Platforms/WatchOS.platform/Developer/SDKs/WatchOS11.4.sdk /Users/admin/builder/spi-builder-workspace/.derivedData/SDKStatCaches.noindex/watchos11.4-22T246-43efb940ff07ba2497b70ec94253f576.sdkstatcache
cd /Users/admin/builder/spi-builder-workspace/.swiftpm/xcode
/Applications/Xcode-16.3.0.app/Contents/Developer/Toolchains/XcodeDefault.xctoolchain/usr/bin/clang-stat-cache /Applications/Xcode-16.3.0.app/Contents/Developer/Platforms/WatchOS.platform/Developer/SDKs/WatchOS11.4.sdk -o /Users/admin/builder/spi-builder-workspace/.derivedData/SDKStatCaches.noindex/watchos11.4-22T246-43efb940ff07ba2497b70ec94253f576.sdkstatcache
CreateBuildDirectory /Users/admin/builder/spi-builder-workspace/.derivedData/Build/Products/Debug-watchos
cd /Users/admin/builder/spi-builder-workspace/.swiftpm/xcode
builtin-create-build-directory /Users/admin/builder/spi-builder-workspace/.derivedData/Build/Products/Debug-watchos
CreateBuildDirectory /Users/admin/builder/spi-builder-workspace/.derivedData/Build/Intermediates.noindex/EagerLinkingTBDs/Debug-watchos
cd /Users/admin/builder/spi-builder-workspace/.swiftpm/xcode
builtin-create-build-directory /Users/admin/builder/spi-builder-workspace/.derivedData/Build/Intermediates.noindex/EagerLinkingTBDs/Debug-watchos
CreateBuildDirectory /Users/admin/builder/spi-builder-workspace/.derivedData/Build/Products/Debug-watchos/PackageFrameworks
cd /Users/admin/builder/spi-builder-workspace/.swiftpm/xcode
builtin-create-build-directory /Users/admin/builder/spi-builder-workspace/.derivedData/Build/Products/Debug-watchos/PackageFrameworks
WriteAuxiliaryFile /Users/admin/builder/spi-builder-workspace/.derivedData/Build/Intermediates.noindex/SimpleRoulette.build/Debug-watchos/SimpleRoulette.build/SimpleRoulette.DependencyMetadataFileList (in target 'SimpleRoulette' from project 'SimpleRoulette')
cd /Users/admin/builder/spi-builder-workspace
write-file /Users/admin/builder/spi-builder-workspace/.derivedData/Build/Intermediates.noindex/SimpleRoulette.build/Debug-watchos/SimpleRoulette.build/SimpleRoulette.DependencyMetadataFileList
WriteAuxiliaryFile /Users/admin/builder/spi-builder-workspace/.derivedData/Build/Intermediates.noindex/SimpleRoulette.build/Debug-watchos/SimpleRoulette.build/SimpleRoulette.modulemap (in target 'SimpleRoulette' from project 'SimpleRoulette')
cd /Users/admin/builder/spi-builder-workspace
write-file /Users/admin/builder/spi-builder-workspace/.derivedData/Build/Intermediates.noindex/SimpleRoulette.build/Debug-watchos/SimpleRoulette.build/SimpleRoulette.modulemap
WriteAuxiliaryFile /Users/admin/builder/spi-builder-workspace/.derivedData/Build/Intermediates.noindex/SimpleRoulette.build/Debug-watchos/SimpleRoulette.build/SimpleRoulette.DependencyStaticMetadataFileList (in target 'SimpleRoulette' from project 'SimpleRoulette')
cd /Users/admin/builder/spi-builder-workspace
write-file /Users/admin/builder/spi-builder-workspace/.derivedData/Build/Intermediates.noindex/SimpleRoulette.build/Debug-watchos/SimpleRoulette.build/SimpleRoulette.DependencyStaticMetadataFileList
WriteAuxiliaryFile /Users/admin/builder/spi-builder-workspace/.derivedData/Build/Intermediates.noindex/SimpleRoulette.build/Debug-watchos/SimpleRoulette.build/Objects-normal/arm64_32/SimpleRoulette_const_extract_protocols.json (in target 'SimpleRoulette' from project 'SimpleRoulette')
cd /Users/admin/builder/spi-builder-workspace
write-file /Users/admin/builder/spi-builder-workspace/.derivedData/Build/Intermediates.noindex/SimpleRoulette.build/Debug-watchos/SimpleRoulette.build/Objects-normal/arm64_32/SimpleRoulette_const_extract_protocols.json
WriteAuxiliaryFile /Users/admin/builder/spi-builder-workspace/.derivedData/Build/Intermediates.noindex/SimpleRoulette.build/Debug-watchos/SimpleRoulette.build/Objects-normal/arm64_32/SimpleRoulette.SwiftFileList (in target 'SimpleRoulette' from project 'SimpleRoulette')
cd /Users/admin/builder/spi-builder-workspace
write-file /Users/admin/builder/spi-builder-workspace/.derivedData/Build/Intermediates.noindex/SimpleRoulette.build/Debug-watchos/SimpleRoulette.build/Objects-normal/arm64_32/SimpleRoulette.SwiftFileList
WriteAuxiliaryFile /Users/admin/builder/spi-builder-workspace/.derivedData/Build/Intermediates.noindex/SimpleRoulette.build/Debug-watchos/SimpleRoulette.build/Objects-normal/arm64_32/SimpleRoulette.SwiftConstValuesFileList (in target 'SimpleRoulette' from project 'SimpleRoulette')
cd /Users/admin/builder/spi-builder-workspace
write-file /Users/admin/builder/spi-builder-workspace/.derivedData/Build/Intermediates.noindex/SimpleRoulette.build/Debug-watchos/SimpleRoulette.build/Objects-normal/arm64_32/SimpleRoulette.SwiftConstValuesFileList
WriteAuxiliaryFile /Users/admin/builder/spi-builder-workspace/.derivedData/Build/Intermediates.noindex/SimpleRoulette.build/Debug-watchos/SimpleRoulette.build/Objects-normal/arm64_32/SimpleRoulette.LinkFileList (in target 'SimpleRoulette' from project 'SimpleRoulette')
cd /Users/admin/builder/spi-builder-workspace
write-file /Users/admin/builder/spi-builder-workspace/.derivedData/Build/Intermediates.noindex/SimpleRoulette.build/Debug-watchos/SimpleRoulette.build/Objects-normal/arm64_32/SimpleRoulette.LinkFileList
WriteAuxiliaryFile /Users/admin/builder/spi-builder-workspace/.derivedData/Build/Intermediates.noindex/SimpleRoulette.build/Debug-watchos/SimpleRoulette.build/Objects-normal/arm64_32/SimpleRoulette-OutputFileMap.json (in target 'SimpleRoulette' from project 'SimpleRoulette')
cd /Users/admin/builder/spi-builder-workspace
write-file /Users/admin/builder/spi-builder-workspace/.derivedData/Build/Intermediates.noindex/SimpleRoulette.build/Debug-watchos/SimpleRoulette.build/Objects-normal/arm64_32/SimpleRoulette-OutputFileMap.json
WriteAuxiliaryFile /Users/admin/builder/spi-builder-workspace/.derivedData/Build/Intermediates.noindex/SimpleRoulette.build/Debug-watchos/SimpleRoulette.build/Objects-normal/arm64/SimpleRoulette_const_extract_protocols.json (in target 'SimpleRoulette' from project 'SimpleRoulette')
cd /Users/admin/builder/spi-builder-workspace
write-file /Users/admin/builder/spi-builder-workspace/.derivedData/Build/Intermediates.noindex/SimpleRoulette.build/Debug-watchos/SimpleRoulette.build/Objects-normal/arm64/SimpleRoulette_const_extract_protocols.json
WriteAuxiliaryFile /Users/admin/builder/spi-builder-workspace/.derivedData/Build/Intermediates.noindex/SimpleRoulette.build/Debug-watchos/SimpleRoulette.build/Objects-normal/arm64/SimpleRoulette.SwiftFileList (in target 'SimpleRoulette' from project 'SimpleRoulette')
cd /Users/admin/builder/spi-builder-workspace
write-file /Users/admin/builder/spi-builder-workspace/.derivedData/Build/Intermediates.noindex/SimpleRoulette.build/Debug-watchos/SimpleRoulette.build/Objects-normal/arm64/SimpleRoulette.SwiftFileList
WriteAuxiliaryFile /Users/admin/builder/spi-builder-workspace/.derivedData/Build/Intermediates.noindex/SimpleRoulette.build/Debug-watchos/SimpleRoulette.build/Objects-normal/arm64/SimpleRoulette.SwiftConstValuesFileList (in target 'SimpleRoulette' from project 'SimpleRoulette')
cd /Users/admin/builder/spi-builder-workspace
write-file /Users/admin/builder/spi-builder-workspace/.derivedData/Build/Intermediates.noindex/SimpleRoulette.build/Debug-watchos/SimpleRoulette.build/Objects-normal/arm64/SimpleRoulette.SwiftConstValuesFileList
WriteAuxiliaryFile /Users/admin/builder/spi-builder-workspace/.derivedData/Build/Intermediates.noindex/SimpleRoulette.build/Debug-watchos/SimpleRoulette.build/Objects-normal/arm64/SimpleRoulette.LinkFileList (in target 'SimpleRoulette' from project 'SimpleRoulette')
cd /Users/admin/builder/spi-builder-workspace
write-file /Users/admin/builder/spi-builder-workspace/.derivedData/Build/Intermediates.noindex/SimpleRoulette.build/Debug-watchos/SimpleRoulette.build/Objects-normal/arm64/SimpleRoulette.LinkFileList
WriteAuxiliaryFile /Users/admin/builder/spi-builder-workspace/.derivedData/Build/Intermediates.noindex/SimpleRoulette.build/Debug-watchos/SimpleRoulette.build/Objects-normal/arm64/SimpleRoulette-OutputFileMap.json (in target 'SimpleRoulette' from project 'SimpleRoulette')
cd /Users/admin/builder/spi-builder-workspace
write-file /Users/admin/builder/spi-builder-workspace/.derivedData/Build/Intermediates.noindex/SimpleRoulette.build/Debug-watchos/SimpleRoulette.build/Objects-normal/arm64/SimpleRoulette-OutputFileMap.json
Copy /Users/admin/builder/spi-builder-workspace/.derivedData/Build/Intermediates.noindex/GeneratedModuleMaps-watchos/SimpleRoulette.modulemap /Users/admin/builder/spi-builder-workspace/.derivedData/Build/Intermediates.noindex/SimpleRoulette.build/Debug-watchos/SimpleRoulette.build/SimpleRoulette.modulemap (in target 'SimpleRoulette' from project 'SimpleRoulette')
cd /Users/admin/builder/spi-builder-workspace
builtin-copy -exclude .DS_Store -exclude CVS -exclude .svn -exclude .git -exclude .hg -resolve-src-symlinks /Users/admin/builder/spi-builder-workspace/.derivedData/Build/Intermediates.noindex/SimpleRoulette.build/Debug-watchos/SimpleRoulette.build/SimpleRoulette.modulemap /Users/admin/builder/spi-builder-workspace/.derivedData/Build/Intermediates.noindex/GeneratedModuleMaps-watchos
SwiftDriver SimpleRoulette normal arm64_32 com.apple.xcode.tools.swift.compiler (in target 'SimpleRoulette' from project 'SimpleRoulette')
cd /Users/admin/builder/spi-builder-workspace/.swiftpm/xcode
builtin-SwiftDriver -- /Applications/Xcode-16.3.0.app/Contents/Developer/Toolchains/XcodeDefault.xctoolchain/usr/bin/swiftc -module-name SimpleRoulette -Onone -enforce-exclusivity\=checked @/Users/admin/builder/spi-builder-workspace/.derivedData/Build/Intermediates.noindex/SimpleRoulette.build/Debug-watchos/SimpleRoulette.build/Objects-normal/arm64_32/SimpleRoulette.SwiftFileList -DSWIFT_PACKAGE -DDEBUG -stats-output-dir .stats -plugin-path /Applications/Xcode-16.3.0.app/Contents/Developer/Toolchains/XcodeDefault.xctoolchain/usr/lib/swift/host/plugins/testing -enable-experimental-feature DebugDescriptionMacro -sdk /Applications/Xcode-16.3.0.app/Contents/Developer/Platforms/WatchOS.platform/Developer/SDKs/WatchOS11.4.sdk -target arm64_32-apple-watchos10.0 -g -module-cache-path /Users/admin/builder/spi-builder-workspace/.derivedData/ModuleCache.noindex -Xfrontend -serialize-debugging-options -profile-coverage-mapping -profile-generate -enable-testing -index-store-path /Users/admin/builder/spi-builder-workspace/.derivedData/Index.noindex/DataStore -swift-version 6 -I /Users/admin/builder/spi-builder-workspace/.derivedData/Build/Products/Debug-watchos -I /Applications/Xcode-16.3.0.app/Contents/Developer/Platforms/WatchOS.platform/Developer/usr/lib -F /Users/admin/builder/spi-builder-workspace/.derivedData/Build/Products/Debug-watchos -F /Applications/Xcode-16.3.0.app/Contents/Developer/Platforms/WatchOS.platform/Developer/Library/Frameworks -F /Applications/Xcode-16.3.0.app/Contents/Developer/Platforms/WatchOS.platform/Developer/SDKs/WatchOS11.4.sdk/Developer/Library/Frameworks -c -j10 -enable-batch-mode -incremental -Xcc -ivfsstatcache -Xcc /Users/admin/builder/spi-builder-workspace/.derivedData/SDKStatCaches.noindex/watchos11.4-22T246-43efb940ff07ba2497b70ec94253f576.sdkstatcache -output-file-map /Users/admin/builder/spi-builder-workspace/.derivedData/Build/Intermediates.noindex/SimpleRoulette.build/Debug-watchos/SimpleRoulette.build/Objects-normal/arm64_32/SimpleRoulette-OutputFileMap.json -use-frontend-parseable-output -save-temps -no-color-diagnostics -serialize-diagnostics -emit-dependencies -emit-module -emit-module-path /Users/admin/builder/spi-builder-workspace/.derivedData/Build/Intermediates.noindex/SimpleRoulette.build/Debug-watchos/SimpleRoulette.build/Objects-normal/arm64_32/SimpleRoulette.swiftmodule -validate-clang-modules-once -clang-build-session-file /Users/admin/builder/spi-builder-workspace/.derivedData/ModuleCache.noindex/Session.modulevalidation -package-name spi_builder_workspace -Xcc -I/Users/admin/builder/spi-builder-workspace/.derivedData/Build/Intermediates.noindex/SimpleRoulette.build/Debug-watchos/SimpleRoulette.build/swift-overrides.hmap -emit-const-values -Xfrontend -const-gather-protocols-file -Xfrontend /Users/admin/builder/spi-builder-workspace/.derivedData/Build/Intermediates.noindex/SimpleRoulette.build/Debug-watchos/SimpleRoulette.build/Objects-normal/arm64_32/SimpleRoulette_const_extract_protocols.json -Xcc -I/Users/admin/builder/spi-builder-workspace/.derivedData/Build/Products/Debug-watchos/include -Xcc -I/Users/admin/builder/spi-builder-workspace/.derivedData/Build/Intermediates.noindex/SimpleRoulette.build/Debug-watchos/SimpleRoulette.build/DerivedSources-normal/arm64_32 -Xcc -I/Users/admin/builder/spi-builder-workspace/.derivedData/Build/Intermediates.noindex/SimpleRoulette.build/Debug-watchos/SimpleRoulette.build/DerivedSources/arm64_32 -Xcc -I/Users/admin/builder/spi-builder-workspace/.derivedData/Build/Intermediates.noindex/SimpleRoulette.build/Debug-watchos/SimpleRoulette.build/DerivedSources -Xcc -DSWIFT_PACKAGE -Xcc -DDEBUG\=1 -emit-objc-header -emit-objc-header-path /Users/admin/builder/spi-builder-workspace/.derivedData/Build/Intermediates.noindex/SimpleRoulette.build/Debug-watchos/SimpleRoulette.build/Objects-normal/arm64_32/SimpleRoulette-Swift.h -working-directory /Users/admin/builder/spi-builder-workspace/.swiftpm/xcode -experimental-emit-module-separately -disable-cmo
SwiftDriver SimpleRoulette normal arm64 com.apple.xcode.tools.swift.compiler (in target 'SimpleRoulette' from project 'SimpleRoulette')
cd /Users/admin/builder/spi-builder-workspace/.swiftpm/xcode
builtin-SwiftDriver -- /Applications/Xcode-16.3.0.app/Contents/Developer/Toolchains/XcodeDefault.xctoolchain/usr/bin/swiftc -module-name SimpleRoulette -Onone -enforce-exclusivity\=checked @/Users/admin/builder/spi-builder-workspace/.derivedData/Build/Intermediates.noindex/SimpleRoulette.build/Debug-watchos/SimpleRoulette.build/Objects-normal/arm64/SimpleRoulette.SwiftFileList -DSWIFT_PACKAGE -DDEBUG -stats-output-dir .stats -plugin-path /Applications/Xcode-16.3.0.app/Contents/Developer/Toolchains/XcodeDefault.xctoolchain/usr/lib/swift/host/plugins/testing -enable-experimental-feature DebugDescriptionMacro -sdk /Applications/Xcode-16.3.0.app/Contents/Developer/Platforms/WatchOS.platform/Developer/SDKs/WatchOS11.4.sdk -target arm64-apple-watchos10.0 -g -module-cache-path /Users/admin/builder/spi-builder-workspace/.derivedData/ModuleCache.noindex -Xfrontend -serialize-debugging-options -profile-coverage-mapping -profile-generate -enable-testing -index-store-path /Users/admin/builder/spi-builder-workspace/.derivedData/Index.noindex/DataStore -swift-version 6 -I /Users/admin/builder/spi-builder-workspace/.derivedData/Build/Products/Debug-watchos -I /Applications/Xcode-16.3.0.app/Contents/Developer/Platforms/WatchOS.platform/Developer/usr/lib -F /Users/admin/builder/spi-builder-workspace/.derivedData/Build/Products/Debug-watchos -F /Applications/Xcode-16.3.0.app/Contents/Developer/Platforms/WatchOS.platform/Developer/Library/Frameworks -F /Applications/Xcode-16.3.0.app/Contents/Developer/Platforms/WatchOS.platform/Developer/SDKs/WatchOS11.4.sdk/Developer/Library/Frameworks -c -j10 -enable-batch-mode -incremental -Xcc -ivfsstatcache -Xcc /Users/admin/builder/spi-builder-workspace/.derivedData/SDKStatCaches.noindex/watchos11.4-22T246-43efb940ff07ba2497b70ec94253f576.sdkstatcache -output-file-map /Users/admin/builder/spi-builder-workspace/.derivedData/Build/Intermediates.noindex/SimpleRoulette.build/Debug-watchos/SimpleRoulette.build/Objects-normal/arm64/SimpleRoulette-OutputFileMap.json -use-frontend-parseable-output -save-temps -no-color-diagnostics -serialize-diagnostics -emit-dependencies -emit-module -emit-module-path /Users/admin/builder/spi-builder-workspace/.derivedData/Build/Intermediates.noindex/SimpleRoulette.build/Debug-watchos/SimpleRoulette.build/Objects-normal/arm64/SimpleRoulette.swiftmodule -validate-clang-modules-once -clang-build-session-file /Users/admin/builder/spi-builder-workspace/.derivedData/ModuleCache.noindex/Session.modulevalidation -package-name spi_builder_workspace -Xcc -I/Users/admin/builder/spi-builder-workspace/.derivedData/Build/Intermediates.noindex/SimpleRoulette.build/Debug-watchos/SimpleRoulette.build/swift-overrides.hmap -emit-const-values -Xfrontend -const-gather-protocols-file -Xfrontend /Users/admin/builder/spi-builder-workspace/.derivedData/Build/Intermediates.noindex/SimpleRoulette.build/Debug-watchos/SimpleRoulette.build/Objects-normal/arm64/SimpleRoulette_const_extract_protocols.json -Xcc -I/Users/admin/builder/spi-builder-workspace/.derivedData/Build/Products/Debug-watchos/include -Xcc -I/Users/admin/builder/spi-builder-workspace/.derivedData/Build/Intermediates.noindex/SimpleRoulette.build/Debug-watchos/SimpleRoulette.build/DerivedSources-normal/arm64 -Xcc -I/Users/admin/builder/spi-builder-workspace/.derivedData/Build/Intermediates.noindex/SimpleRoulette.build/Debug-watchos/SimpleRoulette.build/DerivedSources/arm64 -Xcc -I/Users/admin/builder/spi-builder-workspace/.derivedData/Build/Intermediates.noindex/SimpleRoulette.build/Debug-watchos/SimpleRoulette.build/DerivedSources -Xcc -DSWIFT_PACKAGE -Xcc -DDEBUG\=1 -emit-objc-header -emit-objc-header-path /Users/admin/builder/spi-builder-workspace/.derivedData/Build/Intermediates.noindex/SimpleRoulette.build/Debug-watchos/SimpleRoulette.build/Objects-normal/arm64/SimpleRoulette-Swift.h -working-directory /Users/admin/builder/spi-builder-workspace/.swiftpm/xcode -experimental-emit-module-separately -disable-cmo
SwiftCompile normal arm64 Compiling\ Color+Ex.swift,\ RouletteInternalView.swift /Users/admin/builder/spi-builder-workspace/Sources/SimpleRoulette/Sources/Ex/Color+Ex.swift /Users/admin/builder/spi-builder-workspace/Sources/SimpleRoulette/Sources/Pie/RouletteInternalView.swift (in target 'SimpleRoulette' from project 'SimpleRoulette')
SwiftCompile normal arm64 /Users/admin/builder/spi-builder-workspace/Sources/SimpleRoulette/Sources/Ex/Color+Ex.swift (in target 'SimpleRoulette' from project 'SimpleRoulette')
cd /Users/admin/builder/spi-builder-workspace/.swiftpm/xcode
/Users/admin/builder/spi-builder-workspace/Sources/SimpleRoulette/Sources/Ex/Color+Ex.swift:20:30: error: type 'UIColor' has no member 'secondarySystemBackground'
return Color(UIColor.secondarySystemBackground)
~~~~~~~ ^~~~~~~~~~~~~~~~~~~~~~~~~
/Users/admin/builder/spi-builder-workspace/Sources/SimpleRoulette/Sources/Ex/Color+Ex.swift:28:30: error: type 'UIColor' has no member 'systemGray'
return Color(UIColor.systemGray)
~~~~~~~ ^~~~~~~~~~
SwiftCompile normal arm64 /Users/admin/builder/spi-builder-workspace/Sources/SimpleRoulette/Sources/Pie/RouletteInternalView.swift (in target 'SimpleRoulette' from project 'SimpleRoulette')
cd /Users/admin/builder/spi-builder-workspace/.swiftpm/xcode
SwiftCompile normal arm64 Compiling\ SlotRouletteWorker.swift,\ PartData.swift /Users/admin/builder/spi-builder-workspace/Sources/SimpleRoulette/Sources/Slot/SlotRouletteWorker.swift /Users/admin/builder/spi-builder-workspace/Sources/SimpleRoulette/Sources/Types/PartData.swift (in target 'SimpleRoulette' from project 'SimpleRoulette')
SwiftCompile normal arm64 /Users/admin/builder/spi-builder-workspace/Sources/SimpleRoulette/Sources/Slot/SlotRouletteWorker.swift (in target 'SimpleRoulette' from project 'SimpleRoulette')
cd /Users/admin/builder/spi-builder-workspace/.swiftpm/xcode
SwiftCompile normal arm64 /Users/admin/builder/spi-builder-workspace/Sources/SimpleRoulette/Sources/Types/PartData.swift (in target 'SimpleRoulette' from project 'SimpleRoulette')
cd /Users/admin/builder/spi-builder-workspace/.swiftpm/xcode
SwiftCompile normal arm64 Compiling\ RouletteState.swift /Users/admin/builder/spi-builder-workspace/Sources/SimpleRoulette/Sources/Types/RouletteState.swift (in target 'SimpleRoulette' from project 'SimpleRoulette')
SwiftCompile normal arm64 /Users/admin/builder/spi-builder-workspace/Sources/SimpleRoulette/Sources/Types/RouletteState.swift (in target 'SimpleRoulette' from project 'SimpleRoulette')
cd /Users/admin/builder/spi-builder-workspace/.swiftpm/xcode
SwiftCompile normal arm64 Compiling\ RouletteStyle.swift /Users/admin/builder/spi-builder-workspace/Sources/SimpleRoulette/Sources/Types/RouletteStyle.swift (in target 'SimpleRoulette' from project 'SimpleRoulette')
SwiftCompile normal arm64 /Users/admin/builder/spi-builder-workspace/Sources/SimpleRoulette/Sources/Types/RouletteStyle.swift (in target 'SimpleRoulette' from project 'SimpleRoulette')
cd /Users/admin/builder/spi-builder-workspace/.swiftpm/xcode
SwiftCompile normal arm64 Compiling\ RouletteSpeed.swift /Users/admin/builder/spi-builder-workspace/Sources/SimpleRoulette/Sources/Types/RouletteSpeed.swift (in target 'SimpleRoulette' from project 'SimpleRoulette')
SwiftCompile normal arm64 /Users/admin/builder/spi-builder-workspace/Sources/SimpleRoulette/Sources/Types/RouletteSpeed.swift (in target 'SimpleRoulette' from project 'SimpleRoulette')
cd /Users/admin/builder/spi-builder-workspace/.swiftpm/xcode
SwiftEmitModule normal arm64 Emitting\ module\ for\ SimpleRoulette (in target 'SimpleRoulette' from project 'SimpleRoulette')
EmitSwiftModule normal arm64 (in target 'SimpleRoulette' from project 'SimpleRoulette')
cd /Users/admin/builder/spi-builder-workspace/.swiftpm/xcode
SwiftEmitModule normal arm64_32 Emitting\ module\ for\ SimpleRoulette (in target 'SimpleRoulette' from project 'SimpleRoulette')
EmitSwiftModule normal arm64_32 (in target 'SimpleRoulette' from project 'SimpleRoulette')
cd /Users/admin/builder/spi-builder-workspace/.swiftpm/xcode
SwiftCompile normal arm64_32 Compiling\ RouletteStyle.swift /Users/admin/builder/spi-builder-workspace/Sources/SimpleRoulette/Sources/Types/RouletteStyle.swift (in target 'SimpleRoulette' from project 'SimpleRoulette')
SwiftCompile normal arm64_32 /Users/admin/builder/spi-builder-workspace/Sources/SimpleRoulette/Sources/Types/RouletteStyle.swift (in target 'SimpleRoulette' from project 'SimpleRoulette')
cd /Users/admin/builder/spi-builder-workspace/.swiftpm/xcode
SwiftCompile normal arm64_32 Compiling\ RouletteSpeedProtocol.swift,\ SlotRouletteModel.swift /Users/admin/builder/spi-builder-workspace/Sources/SimpleRoulette/Sources/Protocols/RouletteSpeedProtocol.swift /Users/admin/builder/spi-builder-workspace/Sources/SimpleRoulette/Sources/Slot/SlotRouletteModel.swift (in target 'SimpleRoulette' from project 'SimpleRoulette')
SwiftCompile normal arm64_32 /Users/admin/builder/spi-builder-workspace/Sources/SimpleRoulette/Sources/Protocols/RouletteSpeedProtocol.swift (in target 'SimpleRoulette' from project 'SimpleRoulette')
cd /Users/admin/builder/spi-builder-workspace/.swiftpm/xcode
SwiftCompile normal arm64_32 /Users/admin/builder/spi-builder-workspace/Sources/SimpleRoulette/Sources/Slot/SlotRouletteModel.swift (in target 'SimpleRoulette' from project 'SimpleRoulette')
cd /Users/admin/builder/spi-builder-workspace/.swiftpm/xcode
SwiftCompile normal arm64_32 Compiling\ RouletteModel.swift,\ RoulettePart.swift /Users/admin/builder/spi-builder-workspace/Sources/SimpleRoulette/Sources/Pie/RouletteModel.swift /Users/admin/builder/spi-builder-workspace/Sources/SimpleRoulette/Sources/Pie/RoulettePart.swift (in target 'SimpleRoulette' from project 'SimpleRoulette')
SwiftCompile normal arm64_32 /Users/admin/builder/spi-builder-workspace/Sources/SimpleRoulette/Sources/Pie/RouletteModel.swift (in target 'SimpleRoulette' from project 'SimpleRoulette')
cd /Users/admin/builder/spi-builder-workspace/.swiftpm/xcode
SwiftCompile normal arm64_32 /Users/admin/builder/spi-builder-workspace/Sources/SimpleRoulette/Sources/Pie/RoulettePart.swift (in target 'SimpleRoulette' from project 'SimpleRoulette')
cd /Users/admin/builder/spi-builder-workspace/.swiftpm/xcode
SwiftCompile normal arm64_32 Compiling\ SlotRouletteSpeed.swift,\ SlotRouletteView.swift /Users/admin/builder/spi-builder-workspace/Sources/SimpleRoulette/Sources/Slot/SlotRouletteSpeed.swift /Users/admin/builder/spi-builder-workspace/Sources/SimpleRoulette/Sources/Slot/SlotRouletteView.swift (in target 'SimpleRoulette' from project 'SimpleRoulette')
SwiftCompile normal arm64_32 /Users/admin/builder/spi-builder-workspace/Sources/SimpleRoulette/Sources/Slot/SlotRouletteSpeed.swift (in target 'SimpleRoulette' from project 'SimpleRoulette')
cd /Users/admin/builder/spi-builder-workspace/.swiftpm/xcode
SwiftCompile normal arm64_32 /Users/admin/builder/spi-builder-workspace/Sources/SimpleRoulette/Sources/Slot/SlotRouletteView.swift (in target 'SimpleRoulette' from project 'SimpleRoulette')
cd /Users/admin/builder/spi-builder-workspace/.swiftpm/xcode
SwiftCompile normal arm64_32 Compiling\ RouletteWorker.swift /Users/admin/builder/spi-builder-workspace/Sources/SimpleRoulette/Sources/Types/RouletteWorker.swift (in target 'SimpleRoulette' from project 'SimpleRoulette')
SwiftCompile normal arm64_32 /Users/admin/builder/spi-builder-workspace/Sources/SimpleRoulette/Sources/Types/RouletteWorker.swift (in target 'SimpleRoulette' from project 'SimpleRoulette')
cd /Users/admin/builder/spi-builder-workspace/.swiftpm/xcode
SwiftDriverJobDiscovery normal arm64_32 Emitting module for SimpleRoulette (in target 'SimpleRoulette' from project 'SimpleRoulette')
SwiftDriverJobDiscovery normal arm64 Emitting module for SimpleRoulette (in target 'SimpleRoulette' from project 'SimpleRoulette')
SwiftDriver\ Compilation\ Requirements SimpleRoulette normal arm64_32 com.apple.xcode.tools.swift.compiler (in target 'SimpleRoulette' from project 'SimpleRoulette')
cd /Users/admin/builder/spi-builder-workspace/.swiftpm/xcode
builtin-Swift-Compilation-Requirements -- /Applications/Xcode-16.3.0.app/Contents/Developer/Toolchains/XcodeDefault.xctoolchain/usr/bin/swiftc -module-name SimpleRoulette -Onone -enforce-exclusivity\=checked @/Users/admin/builder/spi-builder-workspace/.derivedData/Build/Intermediates.noindex/SimpleRoulette.build/Debug-watchos/SimpleRoulette.build/Objects-normal/arm64_32/SimpleRoulette.SwiftFileList -DSWIFT_PACKAGE -DDEBUG -stats-output-dir .stats -plugin-path /Applications/Xcode-16.3.0.app/Contents/Developer/Toolchains/XcodeDefault.xctoolchain/usr/lib/swift/host/plugins/testing -enable-experimental-feature DebugDescriptionMacro -sdk /Applications/Xcode-16.3.0.app/Contents/Developer/Platforms/WatchOS.platform/Developer/SDKs/WatchOS11.4.sdk -target arm64_32-apple-watchos10.0 -g -module-cache-path /Users/admin/builder/spi-builder-workspace/.derivedData/ModuleCache.noindex -Xfrontend -serialize-debugging-options -profile-coverage-mapping -profile-generate -enable-testing -index-store-path /Users/admin/builder/spi-builder-workspace/.derivedData/Index.noindex/DataStore -swift-version 6 -I /Users/admin/builder/spi-builder-workspace/.derivedData/Build/Products/Debug-watchos -I /Applications/Xcode-16.3.0.app/Contents/Developer/Platforms/WatchOS.platform/Developer/usr/lib -F /Users/admin/builder/spi-builder-workspace/.derivedData/Build/Products/Debug-watchos -F /Applications/Xcode-16.3.0.app/Contents/Developer/Platforms/WatchOS.platform/Developer/Library/Frameworks -F /Applications/Xcode-16.3.0.app/Contents/Developer/Platforms/WatchOS.platform/Developer/SDKs/WatchOS11.4.sdk/Developer/Library/Frameworks -c -j10 -enable-batch-mode -incremental -Xcc -ivfsstatcache -Xcc /Users/admin/builder/spi-builder-workspace/.derivedData/SDKStatCaches.noindex/watchos11.4-22T246-43efb940ff07ba2497b70ec94253f576.sdkstatcache -output-file-map /Users/admin/builder/spi-builder-workspace/.derivedData/Build/Intermediates.noindex/SimpleRoulette.build/Debug-watchos/SimpleRoulette.build/Objects-normal/arm64_32/SimpleRoulette-OutputFileMap.json -use-frontend-parseable-output -save-temps -no-color-diagnostics -serialize-diagnostics -emit-dependencies -emit-module -emit-module-path /Users/admin/builder/spi-builder-workspace/.derivedData/Build/Intermediates.noindex/SimpleRoulette.build/Debug-watchos/SimpleRoulette.build/Objects-normal/arm64_32/SimpleRoulette.swiftmodule -validate-clang-modules-once -clang-build-session-file /Users/admin/builder/spi-builder-workspace/.derivedData/ModuleCache.noindex/Session.modulevalidation -package-name spi_builder_workspace -Xcc -I/Users/admin/builder/spi-builder-workspace/.derivedData/Build/Intermediates.noindex/SimpleRoulette.build/Debug-watchos/SimpleRoulette.build/swift-overrides.hmap -emit-const-values -Xfrontend -const-gather-protocols-file -Xfrontend /Users/admin/builder/spi-builder-workspace/.derivedData/Build/Intermediates.noindex/SimpleRoulette.build/Debug-watchos/SimpleRoulette.build/Objects-normal/arm64_32/SimpleRoulette_const_extract_protocols.json -Xcc -I/Users/admin/builder/spi-builder-workspace/.derivedData/Build/Products/Debug-watchos/include -Xcc -I/Users/admin/builder/spi-builder-workspace/.derivedData/Build/Intermediates.noindex/SimpleRoulette.build/Debug-watchos/SimpleRoulette.build/DerivedSources-normal/arm64_32 -Xcc -I/Users/admin/builder/spi-builder-workspace/.derivedData/Build/Intermediates.noindex/SimpleRoulette.build/Debug-watchos/SimpleRoulette.build/DerivedSources/arm64_32 -Xcc -I/Users/admin/builder/spi-builder-workspace/.derivedData/Build/Intermediates.noindex/SimpleRoulette.build/Debug-watchos/SimpleRoulette.build/DerivedSources -Xcc -DSWIFT_PACKAGE -Xcc -DDEBUG\=1 -emit-objc-header -emit-objc-header-path /Users/admin/builder/spi-builder-workspace/.derivedData/Build/Intermediates.noindex/SimpleRoulette.build/Debug-watchos/SimpleRoulette.build/Objects-normal/arm64_32/SimpleRoulette-Swift.h -working-directory /Users/admin/builder/spi-builder-workspace/.swiftpm/xcode -experimental-emit-module-separately -disable-cmo
SwiftDriverJobDiscovery normal arm64 Compiling RouletteSpeed.swift (in target 'SimpleRoulette' from project 'SimpleRoulette')
SwiftDriver\ Compilation\ Requirements SimpleRoulette normal arm64 com.apple.xcode.tools.swift.compiler (in target 'SimpleRoulette' from project 'SimpleRoulette')
cd /Users/admin/builder/spi-builder-workspace/.swiftpm/xcode
builtin-Swift-Compilation-Requirements -- /Applications/Xcode-16.3.0.app/Contents/Developer/Toolchains/XcodeDefault.xctoolchain/usr/bin/swiftc -module-name SimpleRoulette -Onone -enforce-exclusivity\=checked @/Users/admin/builder/spi-builder-workspace/.derivedData/Build/Intermediates.noindex/SimpleRoulette.build/Debug-watchos/SimpleRoulette.build/Objects-normal/arm64/SimpleRoulette.SwiftFileList -DSWIFT_PACKAGE -DDEBUG -stats-output-dir .stats -plugin-path /Applications/Xcode-16.3.0.app/Contents/Developer/Toolchains/XcodeDefault.xctoolchain/usr/lib/swift/host/plugins/testing -enable-experimental-feature DebugDescriptionMacro -sdk /Applications/Xcode-16.3.0.app/Contents/Developer/Platforms/WatchOS.platform/Developer/SDKs/WatchOS11.4.sdk -target arm64-apple-watchos10.0 -g -module-cache-path /Users/admin/builder/spi-builder-workspace/.derivedData/ModuleCache.noindex -Xfrontend -serialize-debugging-options -profile-coverage-mapping -profile-generate -enable-testing -index-store-path /Users/admin/builder/spi-builder-workspace/.derivedData/Index.noindex/DataStore -swift-version 6 -I /Users/admin/builder/spi-builder-workspace/.derivedData/Build/Products/Debug-watchos -I /Applications/Xcode-16.3.0.app/Contents/Developer/Platforms/WatchOS.platform/Developer/usr/lib -F /Users/admin/builder/spi-builder-workspace/.derivedData/Build/Products/Debug-watchos -F /Applications/Xcode-16.3.0.app/Contents/Developer/Platforms/WatchOS.platform/Developer/Library/Frameworks -F /Applications/Xcode-16.3.0.app/Contents/Developer/Platforms/WatchOS.platform/Developer/SDKs/WatchOS11.4.sdk/Developer/Library/Frameworks -c -j10 -enable-batch-mode -incremental -Xcc -ivfsstatcache -Xcc /Users/admin/builder/spi-builder-workspace/.derivedData/SDKStatCaches.noindex/watchos11.4-22T246-43efb940ff07ba2497b70ec94253f576.sdkstatcache -output-file-map /Users/admin/builder/spi-builder-workspace/.derivedData/Build/Intermediates.noindex/SimpleRoulette.build/Debug-watchos/SimpleRoulette.build/Objects-normal/arm64/SimpleRoulette-OutputFileMap.json -use-frontend-parseable-output -save-temps -no-color-diagnostics -serialize-diagnostics -emit-dependencies -emit-module -emit-module-path /Users/admin/builder/spi-builder-workspace/.derivedData/Build/Intermediates.noindex/SimpleRoulette.build/Debug-watchos/SimpleRoulette.build/Objects-normal/arm64/SimpleRoulette.swiftmodule -validate-clang-modules-once -clang-build-session-file /Users/admin/builder/spi-builder-workspace/.derivedData/ModuleCache.noindex/Session.modulevalidation -package-name spi_builder_workspace -Xcc -I/Users/admin/builder/spi-builder-workspace/.derivedData/Build/Intermediates.noindex/SimpleRoulette.build/Debug-watchos/SimpleRoulette.build/swift-overrides.hmap -emit-const-values -Xfrontend -const-gather-protocols-file -Xfrontend /Users/admin/builder/spi-builder-workspace/.derivedData/Build/Intermediates.noindex/SimpleRoulette.build/Debug-watchos/SimpleRoulette.build/Objects-normal/arm64/SimpleRoulette_const_extract_protocols.json -Xcc -I/Users/admin/builder/spi-builder-workspace/.derivedData/Build/Products/Debug-watchos/include -Xcc -I/Users/admin/builder/spi-builder-workspace/.derivedData/Build/Intermediates.noindex/SimpleRoulette.build/Debug-watchos/SimpleRoulette.build/DerivedSources-normal/arm64 -Xcc -I/Users/admin/builder/spi-builder-workspace/.derivedData/Build/Intermediates.noindex/SimpleRoulette.build/Debug-watchos/SimpleRoulette.build/DerivedSources/arm64 -Xcc -I/Users/admin/builder/spi-builder-workspace/.derivedData/Build/Intermediates.noindex/SimpleRoulette.build/Debug-watchos/SimpleRoulette.build/DerivedSources -Xcc -DSWIFT_PACKAGE -Xcc -DDEBUG\=1 -emit-objc-header -emit-objc-header-path /Users/admin/builder/spi-builder-workspace/.derivedData/Build/Intermediates.noindex/SimpleRoulette.build/Debug-watchos/SimpleRoulette.build/Objects-normal/arm64/SimpleRoulette-Swift.h -working-directory /Users/admin/builder/spi-builder-workspace/.swiftpm/xcode -experimental-emit-module-separately -disable-cmo
SwiftCompile normal arm64_32 Compiling\ Color+Ex.swift,\ RouletteInternalView.swift /Users/admin/builder/spi-builder-workspace/Sources/SimpleRoulette/Sources/Ex/Color+Ex.swift /Users/admin/builder/spi-builder-workspace/Sources/SimpleRoulette/Sources/Pie/RouletteInternalView.swift (in target 'SimpleRoulette' from project 'SimpleRoulette')
Failed frontend command:
/Applications/Xcode-16.3.0.app/Contents/Developer/Toolchains/XcodeDefault.xctoolchain/usr/bin/swift-frontend -frontend -c -primary-file /Users/admin/builder/spi-builder-workspace/Sources/SimpleRoulette/Sources/Ex/Color+Ex.swift -primary-file /Users/admin/builder/spi-builder-workspace/Sources/SimpleRoulette/Sources/Pie/RouletteInternalView.swift /Users/admin/builder/spi-builder-workspace/Sources/SimpleRoulette/Sources/Pie/RouletteModel.swift /Users/admin/builder/spi-builder-workspace/Sources/SimpleRoulette/Sources/Pie/RoulettePart.swift /Users/admin/builder/spi-builder-workspace/Sources/SimpleRoulette/Sources/Pie/RouletteView.swift /Users/admin/builder/spi-builder-workspace/Sources/SimpleRoulette/Sources/Protocols/RouletteAnimating.swift /Users/admin/builder/spi-builder-workspace/Sources/SimpleRoulette/Sources/Protocols/RouletteSpeedProtocol.swift /Users/admin/builder/spi-builder-workspace/Sources/SimpleRoulette/Sources/Slot/SlotRouletteModel.swift /Users/admin/builder/spi-builder-workspace/Sources/SimpleRoulette/Sources/Slot/SlotRouletteSpeed.swift /Users/admin/builder/spi-builder-workspace/Sources/SimpleRoulette/Sources/Slot/SlotRouletteView.swift /Users/admin/builder/spi-builder-workspace/Sources/SimpleRoulette/Sources/Slot/SlotRouletteWorker.swift /Users/admin/builder/spi-builder-workspace/Sources/SimpleRoulette/Sources/Types/PartData.swift /Users/admin/builder/spi-builder-workspace/Sources/SimpleRoulette/Sources/Types/RouletteSpeed.swift /Users/admin/builder/spi-builder-workspace/Sources/SimpleRoulette/Sources/Types/RouletteState.swift /Users/admin/builder/spi-builder-workspace/Sources/SimpleRoulette/Sources/Types/RouletteStyle.swift /Users/admin/builder/spi-builder-workspace/Sources/SimpleRoulette/Sources/Types/RouletteWorker.swift -emit-dependencies-path /Users/admin/builder/spi-builder-workspace/.derivedData/Build/Intermediates.noindex/SimpleRoulette.build/Debug-watchos/SimpleRoulette.build/Objects-normal/arm64_32/Color+Ex.d -emit-const-values-path /Users/admin/builder/spi-builder-workspace/.derivedData/Build/Intermediates.noindex/SimpleRoulette.build/Debug-watchos/SimpleRoulette.build/Objects-normal/arm64_32/Color+Ex.swiftconstvalues -emit-reference-dependencies-path /Users/admin/builder/spi-builder-workspace/.derivedData/Build/Intermediates.noindex/SimpleRoulette.build/Debug-watchos/SimpleRoulette.build/Objects-normal/arm64_32/Color+Ex.swiftdeps -serialize-diagnostics-path /Users/admin/builder/spi-builder-workspace/.derivedData/Build/Intermediates.noindex/SimpleRoulette.build/Debug-watchos/SimpleRoulette.build/Objects-normal/arm64_32/Color+Ex.dia -emit-dependencies-path /Users/admin/builder/spi-builder-workspace/.derivedData/Build/Intermediates.noindex/SimpleRoulette.build/Debug-watchos/SimpleRoulette.build/Objects-normal/arm64_32/RouletteInternalView.d -emit-const-values-path /Users/admin/builder/spi-builder-workspace/.derivedData/Build/Intermediates.noindex/SimpleRoulette.build/Debug-watchos/SimpleRoulette.build/Objects-normal/arm64_32/RouletteInternalView.swiftconstvalues -emit-reference-dependencies-path /Users/admin/builder/spi-builder-workspace/.derivedData/Build/Intermediates.noindex/SimpleRoulette.build/Debug-watchos/SimpleRoulette.build/Objects-normal/arm64_32/RouletteInternalView.swiftdeps -serialize-diagnostics-path /Users/admin/builder/spi-builder-workspace/.derivedData/Build/Intermediates.noindex/SimpleRoulette.build/Debug-watchos/SimpleRoulette.build/Objects-normal/arm64_32/RouletteInternalView.dia -target arm64_32-apple-watchos10.0 -enable-objc-interop -sdk /Applications/Xcode-16.3.0.app/Contents/Developer/Platforms/WatchOS.platform/Developer/SDKs/WatchOS11.4.sdk -I /Users/admin/builder/spi-builder-workspace/.derivedData/Build/Products/Debug-watchos -I /Applications/Xcode-16.3.0.app/Contents/Developer/Platforms/WatchOS.platform/Developer/usr/lib -F /Users/admin/builder/spi-builder-workspace/.derivedData/Build/Products/Debug-watchos -F /Applications/Xcode-16.3.0.app/Contents/Developer/Platforms/WatchOS.platform/Developer/Library/Frameworks -F /Applications/Xcode-16.3.0.app/Contents/Developer/Platforms/WatchOS.platform/Developer/SDKs/WatchOS11.4.sdk/Developer/Library/Frameworks -no-color-diagnostics -enable-testing -g -debug-info-format\=dwarf -dwarf-version\=4 -module-cache-path /Users/admin/builder/spi-builder-workspace/.derivedData/ModuleCache.noindex -profile-generate -profile-coverage-mapping -swift-version 6 -enforce-exclusivity\=checked -stats-output-dir /Users/admin/builder/spi-builder-workspace/.swiftpm/xcode/.stats -Onone -D SWIFT_PACKAGE -D DEBUG -serialize-debugging-options -const-gather-protocols-file /Users/admin/builder/spi-builder-workspace/.derivedData/Build/Intermediates.noindex/SimpleRoulette.build/Debug-watchos/SimpleRoulette.build/Objects-normal/arm64_32/SimpleRoulette_const_extract_protocols.json -enable-experimental-feature DebugDescriptionMacro -empty-abi-descriptor -plugin-path /Applications/Xcode-16.3.0.app/Contents/Developer/Toolchains/XcodeDefault.xctoolchain/usr/lib/swift/host/plugins/testing -validate-clang-modules-once -clang-build-session-file /Users/admin/builder/spi-builder-workspace/.derivedData/ModuleCache.noindex/Session.modulevalidation -Xcc -working-directory -Xcc /Users/admin/builder/spi-builder-workspace/.swiftpm/xcode -resource-dir /Applications/Xcode-16.3.0.app/Contents/Developer/Toolchains/XcodeDefault.xctoolchain/usr/lib/swift -enable-anonymous-context-mangled-names -file-compilation-dir /Users/admin/builder/spi-builder-workspace/.swiftpm/xcode -Xcc -ivfsstatcache -Xcc /Users/admin/builder/spi-builder-workspace/.derivedData/SDKStatCaches.noindex/watchos11.4-22T246-43efb940ff07ba2497b70ec94253f576.sdkstatcache -Xcc -I/Users/admin/builder/spi-builder-workspace/.derivedData/Build/Intermediates.noindex/SimpleRoulette.build/Debug-watchos/SimpleRoulette.build/swift-overrides.hmap -Xcc -I/Users/admin/builder/spi-builder-workspace/.derivedData/Build/Products/Debug-watchos/include -Xcc -I/Users/admin/builder/spi-builder-workspace/.derivedData/Build/Intermediates.noindex/SimpleRoulette.build/Debug-watchos/SimpleRoulette.build/DerivedSources-normal/arm64_32 -Xcc -I/Users/admin/builder/spi-builder-workspace/.derivedData/Build/Intermediates.noindex/SimpleRoulette.build/Debug-watchos/SimpleRoulette.build/DerivedSources/arm64_32 -Xcc -I/Users/admin/builder/spi-builder-workspace/.derivedData/Build/Intermediates.noindex/SimpleRoulette.build/Debug-watchos/SimpleRoulette.build/DerivedSources -Xcc -DSWIFT_PACKAGE -Xcc -DDEBUG\=1 -module-name SimpleRoulette -package-name spi_builder_workspace -frontend-parseable-output -disable-clang-spi -target-sdk-version 11.4 -target-sdk-name watchos11.4 -external-plugin-path /Applications/Xcode-16.3.0.app/Contents/Developer/Platforms/WatchOS.platform/Developer/usr/lib/swift/host/plugins\#/Applications/Xcode-16.3.0.app/Contents/Developer/Platforms/WatchOS.platform/Developer/usr/bin/swift-plugin-server -external-plugin-path /Applications/Xcode-16.3.0.app/Contents/Developer/Platforms/WatchOS.platform/Developer/usr/local/lib/swift/host/plugins\#/Applications/Xcode-16.3.0.app/Contents/Developer/Platforms/WatchOS.platform/Developer/usr/bin/swift-plugin-server -in-process-plugin-server-path /Applications/Xcode-16.3.0.app/Contents/Developer/Toolchains/XcodeDefault.xctoolchain/usr/lib/swift/host/libSwiftInProcPluginServer.dylib -plugin-path /Applications/Xcode-16.3.0.app/Contents/Developer/Toolchains/XcodeDefault.xctoolchain/usr/lib/swift/host/plugins -plugin-path /Applications/Xcode-16.3.0.app/Contents/Developer/Toolchains/XcodeDefault.xctoolchain/usr/local/lib/swift/host/plugins -o /Users/admin/builder/spi-builder-workspace/.derivedData/Build/Intermediates.noindex/SimpleRoulette.build/Debug-watchos/SimpleRoulette.build/Objects-normal/arm64_32/Color+Ex.o -o /Users/admin/builder/spi-builder-workspace/.derivedData/Build/Intermediates.noindex/SimpleRoulette.build/Debug-watchos/SimpleRoulette.build/Objects-normal/arm64_32/RouletteInternalView.o -index-unit-output-path /SimpleRoulette.build/Debug-watchos/SimpleRoulette.build/Objects-normal/arm64_32/Color+Ex.o -index-unit-output-path /SimpleRoulette.build/Debug-watchos/SimpleRoulette.build/Objects-normal/arm64_32/RouletteInternalView.o -index-store-path /Users/admin/builder/spi-builder-workspace/.derivedData/Index.noindex/DataStore -index-system-modules
SwiftCompile normal arm64_32 /Users/admin/builder/spi-builder-workspace/Sources/SimpleRoulette/Sources/Ex/Color+Ex.swift (in target 'SimpleRoulette' from project 'SimpleRoulette')
cd /Users/admin/builder/spi-builder-workspace/.swiftpm/xcode
/Users/admin/builder/spi-builder-workspace/Sources/SimpleRoulette/Sources/Ex/Color+Ex.swift:20:30: error: type 'UIColor' has no member 'secondarySystemBackground'
return Color(UIColor.secondarySystemBackground)
~~~~~~~ ^~~~~~~~~~~~~~~~~~~~~~~~~
/Users/admin/builder/spi-builder-workspace/Sources/SimpleRoulette/Sources/Ex/Color+Ex.swift:28:30: error: type 'UIColor' has no member 'systemGray'
return Color(UIColor.systemGray)
~~~~~~~ ^~~~~~~~~~
SwiftCompile normal arm64_32 /Users/admin/builder/spi-builder-workspace/Sources/SimpleRoulette/Sources/Pie/RouletteInternalView.swift (in target 'SimpleRoulette' from project 'SimpleRoulette')
cd /Users/admin/builder/spi-builder-workspace/.swiftpm/xcode
SwiftMergeGeneratedHeaders /Users/admin/builder/spi-builder-workspace/.derivedData/Build/Intermediates.noindex/GeneratedModuleMaps-watchos/SimpleRoulette-Swift.h /Users/admin/builder/spi-builder-workspace/.derivedData/Build/Intermediates.noindex/SimpleRoulette.build/Debug-watchos/SimpleRoulette.build/Objects-normal/arm64/SimpleRoulette-Swift.h /Users/admin/builder/spi-builder-workspace/.derivedData/Build/Intermediates.noindex/SimpleRoulette.build/Debug-watchos/SimpleRoulette.build/Objects-normal/arm64_32/SimpleRoulette-Swift.h (in target 'SimpleRoulette' from project 'SimpleRoulette')
cd /Users/admin/builder/spi-builder-workspace
builtin-swiftHeaderTool -arch arm64 /Users/admin/builder/spi-builder-workspace/.derivedData/Build/Intermediates.noindex/SimpleRoulette.build/Debug-watchos/SimpleRoulette.build/Objects-normal/arm64/SimpleRoulette-Swift.h -arch arm64_32 /Users/admin/builder/spi-builder-workspace/.derivedData/Build/Intermediates.noindex/SimpleRoulette.build/Debug-watchos/SimpleRoulette.build/Objects-normal/arm64_32/SimpleRoulette-Swift.h -o /Users/admin/builder/spi-builder-workspace/.derivedData/Build/Intermediates.noindex/GeneratedModuleMaps-watchos/SimpleRoulette-Swift.h
** BUILD FAILED **
The following build commands failed:
SwiftCompile normal arm64 /Users/admin/builder/spi-builder-workspace/Sources/SimpleRoulette/Sources/Ex/Color+Ex.swift (in target 'SimpleRoulette' from project 'SimpleRoulette')
SwiftCompile normal arm64_32 Compiling\ Color+Ex.swift,\ RouletteInternalView.swift /Users/admin/builder/spi-builder-workspace/Sources/SimpleRoulette/Sources/Ex/Color+Ex.swift /Users/admin/builder/spi-builder-workspace/Sources/SimpleRoulette/Sources/Pie/RouletteInternalView.swift (in target 'SimpleRoulette' from project 'SimpleRoulette')
SwiftCompile normal arm64_32 /Users/admin/builder/spi-builder-workspace/Sources/SimpleRoulette/Sources/Ex/Color+Ex.swift (in target 'SimpleRoulette' from project 'SimpleRoulette')
Building workspace spi-builder-workspace with scheme SimpleRoulette
(4 failures)
Command line invocation:
/Applications/Xcode-16.3.0.app/Contents/Developer/usr/bin/xcodebuild -IDEClonedSourcePackagesDirPathOverride=/Users/admin/builder/spi-builder-workspace/.dependencies -resolvePackageDependencies
Resolve Package Graph
Resolved source packages:
SymbolKit: https://github.com/swiftlang/swift-docc-symbolkit @ 1.0.0
SimpleRoulette: /Users/admin/builder/spi-builder-workspace
SwiftDocCPlugin: https://github.com/apple/swift-docc-plugin @ 1.5.0
resolved source packages: SymbolKit, SimpleRoulette, SwiftDocCPlugin
{
"dependencies" : [
{
"identity" : "swift-docc-plugin",
"requirement" : {
"range" : [
{
"lower_bound" : "1.0.0",
"upper_bound" : "2.0.0"
}
]
},
"type" : "sourceControl",
"url" : "https://github.com/apple/swift-docc-plugin"
}
],
"manifest_display_name" : "SimpleRoulette",
"name" : "SimpleRoulette",
"path" : "/Users/admin/builder/spi-builder-workspace",
"platforms" : [
{
"name" : "ios",
"version" : "17.0"
},
{
"name" : "macos",
"version" : "14.0"
}
],
"products" : [
{
"name" : "SimpleRoulette",
"targets" : [
"SimpleRoulette"
],
"type" : {
"library" : [
"automatic"
]
}
}
],
"targets" : [
{
"c99name" : "SimpleRouletteTests",
"module_type" : "SwiftTarget",
"name" : "SimpleRouletteTests",
"path" : "Tests/SimpleRouletteTests",
"sources" : [
"Types/PartDataTests.swift",
"Types/RouletteStateTests.swift",
"Types/RouletteStyleTests.swift"
],
"target_dependencies" : [
"SimpleRoulette"
],
"type" : "test"
},
{
"c99name" : "SimpleRoulette",
"module_type" : "SwiftTarget",
"name" : "SimpleRoulette",
"path" : "Sources/SimpleRoulette",
"product_memberships" : [
"SimpleRoulette"
],
"sources" : [
"Sources/Ex/Color+Ex.swift",
"Sources/Pie/RouletteInternalView.swift",
"Sources/Pie/RouletteModel.swift",
"Sources/Pie/RoulettePart.swift",
"Sources/Pie/RouletteView.swift",
"Sources/Protocols/RouletteAnimating.swift",
"Sources/Protocols/RouletteSpeedProtocol.swift",
"Sources/Slot/SlotRouletteModel.swift",
"Sources/Slot/SlotRouletteSpeed.swift",
"Sources/Slot/SlotRouletteView.swift",
"Sources/Slot/SlotRouletteWorker.swift",
"Sources/Types/PartData.swift",
"Sources/Types/RouletteSpeed.swift",
"Sources/Types/RouletteState.swift",
"Sources/Types/RouletteStyle.swift",
"Sources/Types/RouletteWorker.swift"
],
"type" : "library"
}
],
"tools_version" : "6.0"
}
{
"workspace" : {
"name" : "spi-builder-workspace",
"schemes" : [
"SimpleRoulette"
]
}
}
Running build ...
env DEVELOPER_DIR=/Applications/Xcode-16.3.0.app xcrun xcodebuild -IDEClonedSourcePackagesDirPathOverride=$PWD/.dependencies -skipMacroValidation -skipPackagePluginValidation -derivedDataPath $PWD/.derivedData build -scheme SimpleRoulette -destination generic/platform=watchOS
Command line invocation:
/Applications/Xcode-16.3.0.app/Contents/Developer/usr/bin/xcodebuild -IDEClonedSourcePackagesDirPathOverride=/Users/admin/builder/spi-builder-workspace/.dependencies -skipMacroValidation -skipPackagePluginValidation -derivedDataPath /Users/admin/builder/spi-builder-workspace/.derivedData build -scheme SimpleRoulette -destination generic/platform=watchOS
Resolve Package Graph
Resolved source packages:
SimpleRoulette: /Users/admin/builder/spi-builder-workspace
SymbolKit: https://github.com/swiftlang/swift-docc-symbolkit @ 1.0.0
SwiftDocCPlugin: https://github.com/apple/swift-docc-plugin @ 1.5.0
ComputePackagePrebuildTargetDependencyGraph
Prepare packages
CreateBuildRequest
SendProjectDescription
CreateBuildOperation
ComputeTargetDependencyGraph
note: Building targets in dependency order
note: Target dependency graph (2 targets)
Target 'SimpleRoulette' in project 'SimpleRoulette'
➜ Explicit dependency on target 'SimpleRoulette' in project 'SimpleRoulette'
Target 'SimpleRoulette' in project 'SimpleRoulette' (no dependencies)
GatherProvisioningInputs
CreateBuildDescription
ExecuteExternalTool /Applications/Xcode-16.3.0.app/Contents/Developer/Toolchains/XcodeDefault.xctoolchain/usr/bin/clang -v -E -dM -isysroot /Applications/Xcode-16.3.0.app/Contents/Developer/Platforms/WatchOS.platform/Developer/SDKs/WatchOS11.4.sdk -x c -c /dev/null
ExecuteExternalTool /Applications/Xcode-16.3.0.app/Contents/Developer/Toolchains/XcodeDefault.xctoolchain/usr/bin/swiftc --version
ExecuteExternalTool /Applications/Xcode-16.3.0.app/Contents/Developer/Toolchains/XcodeDefault.xctoolchain/usr/bin/ld -version_details
Build description signature: 73ea91670e44687fbe590a557cc287ed
Build description path: /Users/admin/builder/spi-builder-workspace/.derivedData/Build/Intermediates.noindex/XCBuildData/73ea91670e44687fbe590a557cc287ed.xcbuilddata
ClangStatCache /Applications/Xcode-16.3.0.app/Contents/Developer/Toolchains/XcodeDefault.xctoolchain/usr/bin/clang-stat-cache /Applications/Xcode-16.3.0.app/Contents/Developer/Platforms/WatchOS.platform/Developer/SDKs/WatchOS11.4.sdk /Users/admin/builder/spi-builder-workspace/.derivedData/SDKStatCaches.noindex/watchos11.4-22T246-43efb940ff07ba2497b70ec94253f576.sdkstatcache
cd /Users/admin/builder/spi-builder-workspace/.swiftpm/xcode
/Applications/Xcode-16.3.0.app/Contents/Developer/Toolchains/XcodeDefault.xctoolchain/usr/bin/clang-stat-cache /Applications/Xcode-16.3.0.app/Contents/Developer/Platforms/WatchOS.platform/Developer/SDKs/WatchOS11.4.sdk -o /Users/admin/builder/spi-builder-workspace/.derivedData/SDKStatCaches.noindex/watchos11.4-22T246-43efb940ff07ba2497b70ec94253f576.sdkstatcache
SwiftDriver SimpleRoulette normal arm64 com.apple.xcode.tools.swift.compiler (in target 'SimpleRoulette' from project 'SimpleRoulette')
cd /Users/admin/builder/spi-builder-workspace/.swiftpm/xcode
builtin-SwiftDriver -- /Applications/Xcode-16.3.0.app/Contents/Developer/Toolchains/XcodeDefault.xctoolchain/usr/bin/swiftc -module-name SimpleRoulette -Onone -enforce-exclusivity\=checked @/Users/admin/builder/spi-builder-workspace/.derivedData/Build/Intermediates.noindex/SimpleRoulette.build/Debug-watchos/SimpleRoulette.build/Objects-normal/arm64/SimpleRoulette.SwiftFileList -DSWIFT_PACKAGE -DDEBUG -DXcode -enable-experimental-feature StrictConcurrency -plugin-path /Applications/Xcode-16.3.0.app/Contents/Developer/Toolchains/XcodeDefault.xctoolchain/usr/lib/swift/host/plugins/testing -enable-experimental-feature DebugDescriptionMacro -sdk /Applications/Xcode-16.3.0.app/Contents/Developer/Platforms/WatchOS.platform/Developer/SDKs/WatchOS11.4.sdk -target arm64-apple-watchos10.0 -g -module-cache-path /Users/admin/builder/spi-builder-workspace/.derivedData/ModuleCache.noindex -Xfrontend -serialize-debugging-options -profile-coverage-mapping -profile-generate -enable-testing -index-store-path /Users/admin/builder/spi-builder-workspace/.derivedData/Index.noindex/DataStore -swift-version 6 -I /Users/admin/builder/spi-builder-workspace/.derivedData/Build/Products/Debug-watchos -I /Applications/Xcode-16.3.0.app/Contents/Developer/Platforms/WatchOS.platform/Developer/usr/lib -F /Users/admin/builder/spi-builder-workspace/.derivedData/Build/Products/Debug-watchos -F /Applications/Xcode-16.3.0.app/Contents/Developer/Platforms/WatchOS.platform/Developer/Library/Frameworks -F /Applications/Xcode-16.3.0.app/Contents/Developer/Platforms/WatchOS.platform/Developer/SDKs/WatchOS11.4.sdk/Developer/Library/Frameworks -c -j10 -enable-batch-mode -incremental -Xcc -ivfsstatcache -Xcc /Users/admin/builder/spi-builder-workspace/.derivedData/SDKStatCaches.noindex/watchos11.4-22T246-43efb940ff07ba2497b70ec94253f576.sdkstatcache -output-file-map /Users/admin/builder/spi-builder-workspace/.derivedData/Build/Intermediates.noindex/SimpleRoulette.build/Debug-watchos/SimpleRoulette.build/Objects-normal/arm64/SimpleRoulette-OutputFileMap.json -use-frontend-parseable-output -save-temps -no-color-diagnostics -serialize-diagnostics -emit-dependencies -emit-module -emit-module-path /Users/admin/builder/spi-builder-workspace/.derivedData/Build/Intermediates.noindex/SimpleRoulette.build/Debug-watchos/SimpleRoulette.build/Objects-normal/arm64/SimpleRoulette.swiftmodule -validate-clang-modules-once -clang-build-session-file /Users/admin/builder/spi-builder-workspace/.derivedData/ModuleCache.noindex/Session.modulevalidation -package-name spi_builder_workspace -Xcc -I/Users/admin/builder/spi-builder-workspace/.derivedData/Build/Intermediates.noindex/SimpleRoulette.build/Debug-watchos/SimpleRoulette.build/swift-overrides.hmap -emit-const-values -Xfrontend -const-gather-protocols-file -Xfrontend /Users/admin/builder/spi-builder-workspace/.derivedData/Build/Intermediates.noindex/SimpleRoulette.build/Debug-watchos/SimpleRoulette.build/Objects-normal/arm64/SimpleRoulette_const_extract_protocols.json -Xcc -I/Users/admin/builder/spi-builder-workspace/.derivedData/Build/Products/Debug-watchos/include -Xcc -I/Users/admin/builder/spi-builder-workspace/.derivedData/Build/Intermediates.noindex/SimpleRoulette.build/Debug-watchos/SimpleRoulette.build/DerivedSources-normal/arm64 -Xcc -I/Users/admin/builder/spi-builder-workspace/.derivedData/Build/Intermediates.noindex/SimpleRoulette.build/Debug-watchos/SimpleRoulette.build/DerivedSources/arm64 -Xcc -I/Users/admin/builder/spi-builder-workspace/.derivedData/Build/Intermediates.noindex/SimpleRoulette.build/Debug-watchos/SimpleRoulette.build/DerivedSources -Xcc -DSWIFT_PACKAGE -Xcc -DDEBUG\=1 -emit-objc-header -emit-objc-header-path /Users/admin/builder/spi-builder-workspace/.derivedData/Build/Intermediates.noindex/SimpleRoulette.build/Debug-watchos/SimpleRoulette.build/Objects-normal/arm64/SimpleRoulette-Swift.h -working-directory /Users/admin/builder/spi-builder-workspace/.swiftpm/xcode -experimental-emit-module-separately -disable-cmo
SwiftDriver SimpleRoulette normal arm64_32 com.apple.xcode.tools.swift.compiler (in target 'SimpleRoulette' from project 'SimpleRoulette')
cd /Users/admin/builder/spi-builder-workspace/.swiftpm/xcode
builtin-SwiftDriver -- /Applications/Xcode-16.3.0.app/Contents/Developer/Toolchains/XcodeDefault.xctoolchain/usr/bin/swiftc -module-name SimpleRoulette -Onone -enforce-exclusivity\=checked @/Users/admin/builder/spi-builder-workspace/.derivedData/Build/Intermediates.noindex/SimpleRoulette.build/Debug-watchos/SimpleRoulette.build/Objects-normal/arm64_32/SimpleRoulette.SwiftFileList -DSWIFT_PACKAGE -DDEBUG -DXcode -enable-experimental-feature StrictConcurrency -plugin-path /Applications/Xcode-16.3.0.app/Contents/Developer/Toolchains/XcodeDefault.xctoolchain/usr/lib/swift/host/plugins/testing -enable-experimental-feature DebugDescriptionMacro -sdk /Applications/Xcode-16.3.0.app/Contents/Developer/Platforms/WatchOS.platform/Developer/SDKs/WatchOS11.4.sdk -target arm64_32-apple-watchos10.0 -g -module-cache-path /Users/admin/builder/spi-builder-workspace/.derivedData/ModuleCache.noindex -Xfrontend -serialize-debugging-options -profile-coverage-mapping -profile-generate -enable-testing -index-store-path /Users/admin/builder/spi-builder-workspace/.derivedData/Index.noindex/DataStore -swift-version 6 -I /Users/admin/builder/spi-builder-workspace/.derivedData/Build/Products/Debug-watchos -I /Applications/Xcode-16.3.0.app/Contents/Developer/Platforms/WatchOS.platform/Developer/usr/lib -F /Users/admin/builder/spi-builder-workspace/.derivedData/Build/Products/Debug-watchos -F /Applications/Xcode-16.3.0.app/Contents/Developer/Platforms/WatchOS.platform/Developer/Library/Frameworks -F /Applications/Xcode-16.3.0.app/Contents/Developer/Platforms/WatchOS.platform/Developer/SDKs/WatchOS11.4.sdk/Developer/Library/Frameworks -c -j10 -enable-batch-mode -incremental -Xcc -ivfsstatcache -Xcc /Users/admin/builder/spi-builder-workspace/.derivedData/SDKStatCaches.noindex/watchos11.4-22T246-43efb940ff07ba2497b70ec94253f576.sdkstatcache -output-file-map /Users/admin/builder/spi-builder-workspace/.derivedData/Build/Intermediates.noindex/SimpleRoulette.build/Debug-watchos/SimpleRoulette.build/Objects-normal/arm64_32/SimpleRoulette-OutputFileMap.json -use-frontend-parseable-output -save-temps -no-color-diagnostics -serialize-diagnostics -emit-dependencies -emit-module -emit-module-path /Users/admin/builder/spi-builder-workspace/.derivedData/Build/Intermediates.noindex/SimpleRoulette.build/Debug-watchos/SimpleRoulette.build/Objects-normal/arm64_32/SimpleRoulette.swiftmodule -validate-clang-modules-once -clang-build-session-file /Users/admin/builder/spi-builder-workspace/.derivedData/ModuleCache.noindex/Session.modulevalidation -package-name spi_builder_workspace -Xcc -I/Users/admin/builder/spi-builder-workspace/.derivedData/Build/Intermediates.noindex/SimpleRoulette.build/Debug-watchos/SimpleRoulette.build/swift-overrides.hmap -emit-const-values -Xfrontend -const-gather-protocols-file -Xfrontend /Users/admin/builder/spi-builder-workspace/.derivedData/Build/Intermediates.noindex/SimpleRoulette.build/Debug-watchos/SimpleRoulette.build/Objects-normal/arm64_32/SimpleRoulette_const_extract_protocols.json -Xcc -I/Users/admin/builder/spi-builder-workspace/.derivedData/Build/Products/Debug-watchos/include -Xcc -I/Users/admin/builder/spi-builder-workspace/.derivedData/Build/Intermediates.noindex/SimpleRoulette.build/Debug-watchos/SimpleRoulette.build/DerivedSources-normal/arm64_32 -Xcc -I/Users/admin/builder/spi-builder-workspace/.derivedData/Build/Intermediates.noindex/SimpleRoulette.build/Debug-watchos/SimpleRoulette.build/DerivedSources/arm64_32 -Xcc -I/Users/admin/builder/spi-builder-workspace/.derivedData/Build/Intermediates.noindex/SimpleRoulette.build/Debug-watchos/SimpleRoulette.build/DerivedSources -Xcc -DSWIFT_PACKAGE -Xcc -DDEBUG\=1 -emit-objc-header -emit-objc-header-path /Users/admin/builder/spi-builder-workspace/.derivedData/Build/Intermediates.noindex/SimpleRoulette.build/Debug-watchos/SimpleRoulette.build/Objects-normal/arm64_32/SimpleRoulette-Swift.h -working-directory /Users/admin/builder/spi-builder-workspace/.swiftpm/xcode -experimental-emit-module-separately -disable-cmo
SwiftCompile normal arm64 Compiling\ RouletteModel.swift,\ RoulettePart.swift /Users/admin/builder/spi-builder-workspace/Sources/SimpleRoulette/Sources/Pie/RouletteModel.swift /Users/admin/builder/spi-builder-workspace/Sources/SimpleRoulette/Sources/Pie/RoulettePart.swift (in target 'SimpleRoulette' from project 'SimpleRoulette')
SwiftCompile normal arm64 /Users/admin/builder/spi-builder-workspace/Sources/SimpleRoulette/Sources/Pie/RouletteModel.swift (in target 'SimpleRoulette' from project 'SimpleRoulette')
cd /Users/admin/builder/spi-builder-workspace/.swiftpm/xcode
SwiftCompile normal arm64 /Users/admin/builder/spi-builder-workspace/Sources/SimpleRoulette/Sources/Pie/RoulettePart.swift (in target 'SimpleRoulette' from project 'SimpleRoulette')
cd /Users/admin/builder/spi-builder-workspace/.swiftpm/xcode
SwiftCompile normal arm64 Compiling\ RouletteSpeedProtocol.swift,\ SlotRouletteModel.swift /Users/admin/builder/spi-builder-workspace/Sources/SimpleRoulette/Sources/Protocols/RouletteSpeedProtocol.swift /Users/admin/builder/spi-builder-workspace/Sources/SimpleRoulette/Sources/Slot/SlotRouletteModel.swift (in target 'SimpleRoulette' from project 'SimpleRoulette')
SwiftCompile normal arm64 /Users/admin/builder/spi-builder-workspace/Sources/SimpleRoulette/Sources/Protocols/RouletteSpeedProtocol.swift (in target 'SimpleRoulette' from project 'SimpleRoulette')
cd /Users/admin/builder/spi-builder-workspace/.swiftpm/xcode
SwiftCompile normal arm64 /Users/admin/builder/spi-builder-workspace/Sources/SimpleRoulette/Sources/Slot/SlotRouletteModel.swift (in target 'SimpleRoulette' from project 'SimpleRoulette')
cd /Users/admin/builder/spi-builder-workspace/.swiftpm/xcode
SwiftCompile normal arm64 Compiling\ RouletteState.swift /Users/admin/builder/spi-builder-workspace/Sources/SimpleRoulette/Sources/Types/RouletteState.swift (in target 'SimpleRoulette' from project 'SimpleRoulette')
SwiftCompile normal arm64 /Users/admin/builder/spi-builder-workspace/Sources/SimpleRoulette/Sources/Types/RouletteState.swift (in target 'SimpleRoulette' from project 'SimpleRoulette')
cd /Users/admin/builder/spi-builder-workspace/.swiftpm/xcode
SwiftCompile normal arm64 Compiling\ RouletteWorker.swift /Users/admin/builder/spi-builder-workspace/Sources/SimpleRoulette/Sources/Types/RouletteWorker.swift (in target 'SimpleRoulette' from project 'SimpleRoulette')
SwiftCompile normal arm64 /Users/admin/builder/spi-builder-workspace/Sources/SimpleRoulette/Sources/Types/RouletteWorker.swift (in target 'SimpleRoulette' from project 'SimpleRoulette')
cd /Users/admin/builder/spi-builder-workspace/.swiftpm/xcode
SwiftCompile normal arm64 Compiling\ RouletteView.swift,\ RouletteAnimating.swift /Users/admin/builder/spi-builder-workspace/Sources/SimpleRoulette/Sources/Pie/RouletteView.swift /Users/admin/builder/spi-builder-workspace/Sources/SimpleRoulette/Sources/Protocols/RouletteAnimating.swift (in target 'SimpleRoulette' from project 'SimpleRoulette')
SwiftCompile normal arm64 /Users/admin/builder/spi-builder-workspace/Sources/SimpleRoulette/Sources/Pie/RouletteView.swift (in target 'SimpleRoulette' from project 'SimpleRoulette')
cd /Users/admin/builder/spi-builder-workspace/.swiftpm/xcode
SwiftCompile normal arm64 /Users/admin/builder/spi-builder-workspace/Sources/SimpleRoulette/Sources/Protocols/RouletteAnimating.swift (in target 'SimpleRoulette' from project 'SimpleRoulette')
cd /Users/admin/builder/spi-builder-workspace/.swiftpm/xcode
SwiftCompile normal arm64 Compiling\ SlotRouletteWorker.swift,\ PartData.swift /Users/admin/builder/spi-builder-workspace/Sources/SimpleRoulette/Sources/Slot/SlotRouletteWorker.swift /Users/admin/builder/spi-builder-workspace/Sources/SimpleRoulette/Sources/Types/PartData.swift (in target 'SimpleRoulette' from project 'SimpleRoulette')
SwiftCompile normal arm64 /Users/admin/builder/spi-builder-workspace/Sources/SimpleRoulette/Sources/Slot/SlotRouletteWorker.swift (in target 'SimpleRoulette' from project 'SimpleRoulette')
cd /Users/admin/builder/spi-builder-workspace/.swiftpm/xcode
SwiftCompile normal arm64 /Users/admin/builder/spi-builder-workspace/Sources/SimpleRoulette/Sources/Types/PartData.swift (in target 'SimpleRoulette' from project 'SimpleRoulette')
cd /Users/admin/builder/spi-builder-workspace/.swiftpm/xcode
SwiftCompile normal arm64 Compiling\ RouletteStyle.swift /Users/admin/builder/spi-builder-workspace/Sources/SimpleRoulette/Sources/Types/RouletteStyle.swift (in target 'SimpleRoulette' from project 'SimpleRoulette')
SwiftCompile normal arm64 /Users/admin/builder/spi-builder-workspace/Sources/SimpleRoulette/Sources/Types/RouletteStyle.swift (in target 'SimpleRoulette' from project 'SimpleRoulette')
cd /Users/admin/builder/spi-builder-workspace/.swiftpm/xcode
SwiftCompile normal arm64 Compiling\ Color+Ex.swift,\ RouletteInternalView.swift /Users/admin/builder/spi-builder-workspace/Sources/SimpleRoulette/Sources/Ex/Color+Ex.swift /Users/admin/builder/spi-builder-workspace/Sources/SimpleRoulette/Sources/Pie/RouletteInternalView.swift (in target 'SimpleRoulette' from project 'SimpleRoulette')
Failed frontend command:
/Applications/Xcode-16.3.0.app/Contents/Developer/Toolchains/XcodeDefault.xctoolchain/usr/bin/swift-frontend -frontend -c -primary-file /Users/admin/builder/spi-builder-workspace/Sources/SimpleRoulette/Sources/Ex/Color+Ex.swift -primary-file /Users/admin/builder/spi-builder-workspace/Sources/SimpleRoulette/Sources/Pie/RouletteInternalView.swift /Users/admin/builder/spi-builder-workspace/Sources/SimpleRoulette/Sources/Pie/RouletteModel.swift /Users/admin/builder/spi-builder-workspace/Sources/SimpleRoulette/Sources/Pie/RoulettePart.swift /Users/admin/builder/spi-builder-workspace/Sources/SimpleRoulette/Sources/Pie/RouletteView.swift /Users/admin/builder/spi-builder-workspace/Sources/SimpleRoulette/Sources/Protocols/RouletteAnimating.swift /Users/admin/builder/spi-builder-workspace/Sources/SimpleRoulette/Sources/Protocols/RouletteSpeedProtocol.swift /Users/admin/builder/spi-builder-workspace/Sources/SimpleRoulette/Sources/Slot/SlotRouletteModel.swift /Users/admin/builder/spi-builder-workspace/Sources/SimpleRoulette/Sources/Slot/SlotRouletteSpeed.swift /Users/admin/builder/spi-builder-workspace/Sources/SimpleRoulette/Sources/Slot/SlotRouletteView.swift /Users/admin/builder/spi-builder-workspace/Sources/SimpleRoulette/Sources/Slot/SlotRouletteWorker.swift /Users/admin/builder/spi-builder-workspace/Sources/SimpleRoulette/Sources/Types/PartData.swift /Users/admin/builder/spi-builder-workspace/Sources/SimpleRoulette/Sources/Types/RouletteSpeed.swift /Users/admin/builder/spi-builder-workspace/Sources/SimpleRoulette/Sources/Types/RouletteState.swift /Users/admin/builder/spi-builder-workspace/Sources/SimpleRoulette/Sources/Types/RouletteStyle.swift /Users/admin/builder/spi-builder-workspace/Sources/SimpleRoulette/Sources/Types/RouletteWorker.swift -emit-dependencies-path /Users/admin/builder/spi-builder-workspace/.derivedData/Build/Intermediates.noindex/SimpleRoulette.build/Debug-watchos/SimpleRoulette.build/Objects-normal/arm64/Color+Ex.d -emit-const-values-path /Users/admin/builder/spi-builder-workspace/.derivedData/Build/Intermediates.noindex/SimpleRoulette.build/Debug-watchos/SimpleRoulette.build/Objects-normal/arm64/Color+Ex.swiftconstvalues -emit-reference-dependencies-path /Users/admin/builder/spi-builder-workspace/.derivedData/Build/Intermediates.noindex/SimpleRoulette.build/Debug-watchos/SimpleRoulette.build/Objects-normal/arm64/Color+Ex.swiftdeps -serialize-diagnostics-path /Users/admin/builder/spi-builder-workspace/.derivedData/Build/Intermediates.noindex/SimpleRoulette.build/Debug-watchos/SimpleRoulette.build/Objects-normal/arm64/Color+Ex.dia -emit-dependencies-path /Users/admin/builder/spi-builder-workspace/.derivedData/Build/Intermediates.noindex/SimpleRoulette.build/Debug-watchos/SimpleRoulette.build/Objects-normal/arm64/RouletteInternalView.d -emit-const-values-path /Users/admin/builder/spi-builder-workspace/.derivedData/Build/Intermediates.noindex/SimpleRoulette.build/Debug-watchos/SimpleRoulette.build/Objects-normal/arm64/RouletteInternalView.swiftconstvalues -emit-reference-dependencies-path /Users/admin/builder/spi-builder-workspace/.derivedData/Build/Intermediates.noindex/SimpleRoulette.build/Debug-watchos/SimpleRoulette.build/Objects-normal/arm64/RouletteInternalView.swiftdeps -serialize-diagnostics-path /Users/admin/builder/spi-builder-workspace/.derivedData/Build/Intermediates.noindex/SimpleRoulette.build/Debug-watchos/SimpleRoulette.build/Objects-normal/arm64/RouletteInternalView.dia -target arm64-apple-watchos10.0 -Xllvm -aarch64-use-tbi -enable-objc-interop -stack-check -sdk /Applications/Xcode-16.3.0.app/Contents/Developer/Platforms/WatchOS.platform/Developer/SDKs/WatchOS11.4.sdk -I /Users/admin/builder/spi-builder-workspace/.derivedData/Build/Products/Debug-watchos -I /Applications/Xcode-16.3.0.app/Contents/Developer/Platforms/WatchOS.platform/Developer/usr/lib -F /Users/admin/builder/spi-builder-workspace/.derivedData/Build/Products/Debug-watchos -F /Applications/Xcode-16.3.0.app/Contents/Developer/Platforms/WatchOS.platform/Developer/Library/Frameworks -F /Applications/Xcode-16.3.0.app/Contents/Developer/Platforms/WatchOS.platform/Developer/SDKs/WatchOS11.4.sdk/Developer/Library/Frameworks -no-color-diagnostics -enable-testing -g -debug-info-format\=dwarf -dwarf-version\=4 -module-cache-path /Users/admin/builder/spi-builder-workspace/.derivedData/ModuleCache.noindex -profile-generate -profile-coverage-mapping -swift-version 6 -enforce-exclusivity\=checked -Onone -D SWIFT_PACKAGE -D DEBUG -D Xcode -serialize-debugging-options -const-gather-protocols-file /Users/admin/builder/spi-builder-workspace/.derivedData/Build/Intermediates.noindex/SimpleRoulette.build/Debug-watchos/SimpleRoulette.build/Objects-normal/arm64/SimpleRoulette_const_extract_protocols.json -enable-experimental-feature StrictConcurrency -enable-experimental-feature DebugDescriptionMacro -empty-abi-descriptor -plugin-path /Applications/Xcode-16.3.0.app/Contents/Developer/Toolchains/XcodeDefault.xctoolchain/usr/lib/swift/host/plugins/testing -validate-clang-modules-once -clang-build-session-file /Users/admin/builder/spi-builder-workspace/.derivedData/ModuleCache.noindex/Session.modulevalidation -Xcc -working-directory -Xcc /Users/admin/builder/spi-builder-workspace/.swiftpm/xcode -resource-dir /Applications/Xcode-16.3.0.app/Contents/Developer/Toolchains/XcodeDefault.xctoolchain/usr/lib/swift -enable-anonymous-context-mangled-names -file-compilation-dir /Users/admin/builder/spi-builder-workspace/.swiftpm/xcode -Xcc -ivfsstatcache -Xcc /Users/admin/builder/spi-builder-workspace/.derivedData/SDKStatCaches.noindex/watchos11.4-22T246-43efb940ff07ba2497b70ec94253f576.sdkstatcache -Xcc -I/Users/admin/builder/spi-builder-workspace/.derivedData/Build/Intermediates.noindex/SimpleRoulette.build/Debug-watchos/SimpleRoulette.build/swift-overrides.hmap -Xcc -I/Users/admin/builder/spi-builder-workspace/.derivedData/Build/Products/Debug-watchos/include -Xcc -I/Users/admin/builder/spi-builder-workspace/.derivedData/Build/Intermediates.noindex/SimpleRoulette.build/Debug-watchos/SimpleRoulette.build/DerivedSources-normal/arm64 -Xcc -I/Users/admin/builder/spi-builder-workspace/.derivedData/Build/Intermediates.noindex/SimpleRoulette.build/Debug-watchos/SimpleRoulette.build/DerivedSources/arm64 -Xcc -I/Users/admin/builder/spi-builder-workspace/.derivedData/Build/Intermediates.noindex/SimpleRoulette.build/Debug-watchos/SimpleRoulette.build/DerivedSources -Xcc -DSWIFT_PACKAGE -Xcc -DDEBUG\=1 -module-name SimpleRoulette -package-name spi_builder_workspace -frontend-parseable-output -disable-clang-spi -target-sdk-version 11.4 -target-sdk-name watchos11.4 -external-plugin-path /Applications/Xcode-16.3.0.app/Contents/Developer/Platforms/WatchOS.platform/Developer/usr/lib/swift/host/plugins\#/Applications/Xcode-16.3.0.app/Contents/Developer/Platforms/WatchOS.platform/Developer/usr/bin/swift-plugin-server -external-plugin-path /Applications/Xcode-16.3.0.app/Contents/Developer/Platforms/WatchOS.platform/Developer/usr/local/lib/swift/host/plugins\#/Applications/Xcode-16.3.0.app/Contents/Developer/Platforms/WatchOS.platform/Developer/usr/bin/swift-plugin-server -in-process-plugin-server-path /Applications/Xcode-16.3.0.app/Contents/Developer/Toolchains/XcodeDefault.xctoolchain/usr/lib/swift/host/libSwiftInProcPluginServer.dylib -plugin-path /Applications/Xcode-16.3.0.app/Contents/Developer/Toolchains/XcodeDefault.xctoolchain/usr/lib/swift/host/plugins -plugin-path /Applications/Xcode-16.3.0.app/Contents/Developer/Toolchains/XcodeDefault.xctoolchain/usr/local/lib/swift/host/plugins -o /Users/admin/builder/spi-builder-workspace/.derivedData/Build/Intermediates.noindex/SimpleRoulette.build/Debug-watchos/SimpleRoulette.build/Objects-normal/arm64/Color+Ex.o -o /Users/admin/builder/spi-builder-workspace/.derivedData/Build/Intermediates.noindex/SimpleRoulette.build/Debug-watchos/SimpleRoulette.build/Objects-normal/arm64/RouletteInternalView.o -index-unit-output-path /SimpleRoulette.build/Debug-watchos/SimpleRoulette.build/Objects-normal/arm64/Color+Ex.o -index-unit-output-path /SimpleRoulette.build/Debug-watchos/SimpleRoulette.build/Objects-normal/arm64/RouletteInternalView.o -index-store-path /Users/admin/builder/spi-builder-workspace/.derivedData/Index.noindex/DataStore -index-system-modules
SwiftCompile normal arm64 /Users/admin/builder/spi-builder-workspace/Sources/SimpleRoulette/Sources/Ex/Color+Ex.swift (in target 'SimpleRoulette' from project 'SimpleRoulette')
cd /Users/admin/builder/spi-builder-workspace/.swiftpm/xcode
/Users/admin/builder/spi-builder-workspace/Sources/SimpleRoulette/Sources/Ex/Color+Ex.swift:20:30: error: type 'UIColor' has no member 'secondarySystemBackground'
return Color(UIColor.secondarySystemBackground)
~~~~~~~ ^~~~~~~~~~~~~~~~~~~~~~~~~
/Users/admin/builder/spi-builder-workspace/Sources/SimpleRoulette/Sources/Ex/Color+Ex.swift:28:30: error: type 'UIColor' has no member 'systemGray'
return Color(UIColor.systemGray)
~~~~~~~ ^~~~~~~~~~
SwiftCompile normal arm64 /Users/admin/builder/spi-builder-workspace/Sources/SimpleRoulette/Sources/Pie/RouletteInternalView.swift (in target 'SimpleRoulette' from project 'SimpleRoulette')
cd /Users/admin/builder/spi-builder-workspace/.swiftpm/xcode
SwiftCompile normal arm64 Compiling\ SlotRouletteSpeed.swift,\ SlotRouletteView.swift /Users/admin/builder/spi-builder-workspace/Sources/SimpleRoulette/Sources/Slot/SlotRouletteSpeed.swift /Users/admin/builder/spi-builder-workspace/Sources/SimpleRoulette/Sources/Slot/SlotRouletteView.swift (in target 'SimpleRoulette' from project 'SimpleRoulette')
SwiftCompile normal arm64 /Users/admin/builder/spi-builder-workspace/Sources/SimpleRoulette/Sources/Slot/SlotRouletteSpeed.swift (in target 'SimpleRoulette' from project 'SimpleRoulette')
cd /Users/admin/builder/spi-builder-workspace/.swiftpm/xcode
SwiftCompile normal arm64 /Users/admin/builder/spi-builder-workspace/Sources/SimpleRoulette/Sources/Slot/SlotRouletteView.swift (in target 'SimpleRoulette' from project 'SimpleRoulette')
cd /Users/admin/builder/spi-builder-workspace/.swiftpm/xcode
SwiftEmitModule normal arm64 Emitting\ module\ for\ SimpleRoulette (in target 'SimpleRoulette' from project 'SimpleRoulette')
EmitSwiftModule normal arm64 (in target 'SimpleRoulette' from project 'SimpleRoulette')
cd /Users/admin/builder/spi-builder-workspace/.swiftpm/xcode
SwiftEmitModule normal arm64_32 Emitting\ module\ for\ SimpleRoulette (in target 'SimpleRoulette' from project 'SimpleRoulette')
EmitSwiftModule normal arm64_32 (in target 'SimpleRoulette' from project 'SimpleRoulette')
cd /Users/admin/builder/spi-builder-workspace/.swiftpm/xcode
SwiftDriverJobDiscovery normal arm64 Compiling RouletteState.swift (in target 'SimpleRoulette' from project 'SimpleRoulette')
SwiftCompile normal arm64_32 Compiling\ RouletteWorker.swift /Users/admin/builder/spi-builder-workspace/Sources/SimpleRoulette/Sources/Types/RouletteWorker.swift (in target 'SimpleRoulette' from project 'SimpleRoulette')
SwiftDriverJobDiscovery normal arm64 Compiling RouletteWorker.swift (in target 'SimpleRoulette' from project 'SimpleRoulette')
SwiftCompile normal arm64_32 Compiling\ RouletteView.swift,\ RouletteAnimating.swift /Users/admin/builder/spi-builder-workspace/Sources/SimpleRoulette/Sources/Pie/RouletteView.swift /Users/admin/builder/spi-builder-workspace/Sources/SimpleRoulette/Sources/Protocols/RouletteAnimating.swift (in target 'SimpleRoulette' from project 'SimpleRoulette')
SwiftDriverJobDiscovery normal arm64 Compiling RouletteStyle.swift (in target 'SimpleRoulette' from project 'SimpleRoulette')
SwiftCompile normal arm64_32 Compiling\ SlotRouletteWorker.swift,\ PartData.swift /Users/admin/builder/spi-builder-workspace/Sources/SimpleRoulette/Sources/Slot/SlotRouletteWorker.swift /Users/admin/builder/spi-builder-workspace/Sources/SimpleRoulette/Sources/Types/PartData.swift (in target 'SimpleRoulette' from project 'SimpleRoulette')
SwiftDriverJobDiscovery normal arm64 Compiling RouletteView.swift, RouletteAnimating.swift (in target 'SimpleRoulette' from project 'SimpleRoulette')
SwiftCompile normal arm64_32 Compiling\ RouletteModel.swift,\ RoulettePart.swift /Users/admin/builder/spi-builder-workspace/Sources/SimpleRoulette/Sources/Pie/RouletteModel.swift /Users/admin/builder/spi-builder-workspace/Sources/SimpleRoulette/Sources/Pie/RoulettePart.swift (in target 'SimpleRoulette' from project 'SimpleRoulette')
Command SwiftCompile failed with a nonzero exit code
** BUILD FAILED **
The following build commands failed:
SwiftCompile normal arm64 Compiling\ Color+Ex.swift,\ RouletteInternalView.swift /Users/admin/builder/spi-builder-workspace/Sources/SimpleRoulette/Sources/Ex/Color+Ex.swift /Users/admin/builder/spi-builder-workspace/Sources/SimpleRoulette/Sources/Pie/RouletteInternalView.swift (in target 'SimpleRoulette' from project 'SimpleRoulette')
SwiftCompile normal arm64 /Users/admin/builder/spi-builder-workspace/Sources/SimpleRoulette/Sources/Ex/Color+Ex.swift (in target 'SimpleRoulette' from project 'SimpleRoulette')
SwiftCompile normal arm64_32 Compiling\ RouletteModel.swift,\ RoulettePart.swift /Users/admin/builder/spi-builder-workspace/Sources/SimpleRoulette/Sources/Pie/RouletteModel.swift /Users/admin/builder/spi-builder-workspace/Sources/SimpleRoulette/Sources/Pie/RoulettePart.swift (in target 'SimpleRoulette' from project 'SimpleRoulette')
Building workspace spi-builder-workspace with scheme SimpleRoulette
(4 failures)
BUILD FAILURE 6.1 watchOS