Build Information
Failed to build AppRuntimeKit, reference main (e77e0b), with Swift 6.1 for watchOS using Xcode 16.3 on 17 Jul 2026 23:53:15 UTC.
Build Command
env DEVELOPER_DIR=/Applications/Xcode-16.3.0.app xcrun xcodebuild -IDEClonedSourcePackagesDirPathOverride=$PWD/.dependencies -skipMacroValidation -skipPackagePluginValidation -derivedDataPath $PWD/.derivedData build -scheme AppRuntimeKit-Package -destination generic/platform=watchOSBuild Log
========================================
RunAll
========================================
Builder version: undefined version: run 'make version' to update
Interrupt handler set up.
========================================
Checkout
========================================
Clone URL: https://github.com/naviapps/app-runtime-kit.git
Reference: main
Initialized empty Git repository in /Users/admin/builder/spi-builder-workspace/.git/
From https://github.com/naviapps/app-runtime-kit
* branch main -> FETCH_HEAD
* [new branch] main -> origin/main
HEAD is now at e77e0b6 Prepare AppRuntimeKit 0.2.0 (#2)
Cloned https://github.com/naviapps/app-runtime-kit.git
Revision (git rev-parse @):
e77e0b6f0412d12edde5a1ec1c255563ec5113ce
SPI manifest file found: $PWD/.spi.yml
SUCCESS checkout https://github.com/naviapps/app-runtime-kit.git at main
========================================
Build
========================================
Selected platform: watchOS
Swift version: 6.1
Building package at path: $PWD
https://github.com/naviapps/app-runtime-kit.git
https://github.com/naviapps/app-runtime-kit.git
{
"dependencies" : [
],
"manifest_display_name" : "AppRuntimeKit",
"name" : "AppRuntimeKit",
"path" : "/Users/admin/builder/spi-builder-workspace",
"platforms" : [
{
"name" : "macos",
"version" : "14.0"
}
],
"products" : [
{
"name" : "AppRuntimeKit",
"targets" : [
"AppRuntimeKit"
],
"type" : {
"library" : [
"automatic"
]
}
},
{
"name" : "AppRuntimeKitAppKit",
"targets" : [
"AppRuntimeKitAppKit"
],
"type" : {
"library" : [
"automatic"
]
}
}
],
"targets" : [
{
"c99name" : "AppRuntimeKitTests",
"module_type" : "SwiftTarget",
"name" : "AppRuntimeKitTests",
"path" : "Tests/AppRuntimeKitTests",
"sources" : [
"AppRuntimeKitPublicAPITests.swift",
"Application/ApplicationProcessSnapshotTests.swift",
"Runtime/ApplicationRequestResultTests.swift",
"Runtime/ApplicationRuntimeEventTests.swift",
"Support/ApplicationProcessSnapshotTestSupport.swift",
"Support/ConformanceAssertions.swift"
],
"target_dependencies" : [
"AppRuntimeKit"
],
"type" : "test"
},
{
"c99name" : "AppRuntimeKitAppKitTests",
"module_type" : "SwiftTarget",
"name" : "AppRuntimeKitAppKitTests",
"path" : "Tests/AppRuntimeKitAppKitTests",
"sources" : [
"AppRuntimeKitAppKitPublicAPITests.swift",
"AppRuntimeKitAppKitSourceBoundaryTests.swift",
"Application/ApplicationBundleIdentifierInputTests.swift",
"DuplicateActivation/ApplicationDuplicateActivationCoordinatorTests.swift",
"Runtime/ApplicationRuntimeActivationTests.swift",
"Runtime/ApplicationRuntimeDependenciesTests.swift",
"Runtime/ApplicationRuntimeEventWaitTests.swift",
"Runtime/ApplicationRuntimeEventsTests.swift",
"Runtime/ApplicationRuntimeOpeningTests.swift",
"Runtime/ApplicationRuntimeOpeningValidationTests.swift",
"Runtime/ApplicationRuntimeQueryTests.swift",
"Runtime/ApplicationRuntimeTerminationTests.swift",
"Support/ApplicationDuplicateActivationTestSupport.swift",
"Support/ApplicationRuntimeEventSourceTestSupport.swift",
"Support/ApplicationRuntimeFactoryTestSupport.swift",
"Support/ApplicationRuntimeOpeningAssertions.swift",
"Support/ApplicationRuntimeOpeningFactories.swift",
"Support/ApplicationRuntimeOpeningRequestRecorders.swift",
"Support/ApplicationRuntimeOpeningTemporaryFixtures.swift",
"Support/ApplicationRuntimeRunningApplicationAssertions.swift",
"Support/ApplicationRuntimeSnapshotTestSupport.swift",
"Support/AsyncStreamTestSupport.swift",
"Support/ConformanceAssertions.swift",
"Support/FakeRuntimeRunningApplication.swift",
"Support/FakeRuntimeRunningApplicationAssertions.swift",
"Support/PackageFileTestSupport.swift"
],
"target_dependencies" : [
"AppRuntimeKit",
"AppRuntimeKitAppKit"
],
"type" : "test"
},
{
"c99name" : "AppRuntimeKitAppKit",
"module_type" : "SwiftTarget",
"name" : "AppRuntimeKitAppKit",
"path" : "Sources/AppRuntimeKitAppKit",
"product_memberships" : [
"AppRuntimeKitAppKit"
],
"sources" : [
"Application/ApplicationBundleIdentifierInput.swift",
"Application/ApplicationProcessSnapshot+AppKit.swift",
"DuplicateActivation/ApplicationDuplicateActivationCoordinator.swift",
"DuplicateActivation/ApplicationDuplicateActivationCoordinatorDependencies.swift",
"Runtime/ApplicationProcessSnapshot+RunningApplication.swift",
"Runtime/ApplicationRuntime+Activation.swift",
"Runtime/ApplicationRuntime+Events.swift",
"Runtime/ApplicationRuntime+Lookup.swift",
"Runtime/ApplicationRuntime+Opening.swift",
"Runtime/ApplicationRuntime+Queries.swift",
"Runtime/ApplicationRuntime+Termination.swift",
"Runtime/ApplicationRuntime.swift",
"Runtime/ApplicationRuntimeDependencies.swift",
"Runtime/ApplicationRuntimeEventSource.swift",
"Runtime/ApplicationRuntimeRunningApplication.swift"
],
"target_dependencies" : [
"AppRuntimeKit"
],
"type" : "library"
},
{
"c99name" : "AppRuntimeKit",
"module_type" : "SwiftTarget",
"name" : "AppRuntimeKit",
"path" : "Sources/AppRuntimeKit",
"product_memberships" : [
"AppRuntimeKit",
"AppRuntimeKitAppKit"
],
"sources" : [
"Application/ApplicationProcessSnapshot.swift",
"Runtime/ApplicationOpeningError.swift",
"Runtime/ApplicationRequestResult.swift",
"Runtime/ApplicationRuntimeEvent.swift",
"Runtime/ApplicationRuntimeRequestError.swift",
"Runtime/ApplicationTerminationMode.swift"
],
"type" : "library"
}
],
"tools_version" : "6.0"
}
Command line invocation:
/Applications/Xcode-16.3.0.app/Contents/Developer/usr/bin/xcodebuild -IDEClonedSourcePackagesDirPathOverride=/Users/admin/builder/spi-builder-workspace/.dependencies -resolvePackageDependencies
Resolve Package Graph
Resolve Package Graph
Resolved source packages:
AppRuntimeKit: /Users/admin/builder/spi-builder-workspace
resolved source packages: AppRuntimeKit
{
"dependencies" : [
],
"manifest_display_name" : "AppRuntimeKit",
"name" : "AppRuntimeKit",
"path" : "/Users/admin/builder/spi-builder-workspace",
"platforms" : [
{
"name" : "macos",
"version" : "14.0"
}
],
"products" : [
{
"name" : "AppRuntimeKit",
"targets" : [
"AppRuntimeKit"
],
"type" : {
"library" : [
"automatic"
]
}
},
{
"name" : "AppRuntimeKitAppKit",
"targets" : [
"AppRuntimeKitAppKit"
],
"type" : {
"library" : [
"automatic"
]
}
}
],
"targets" : [
{
"c99name" : "AppRuntimeKitTests",
"module_type" : "SwiftTarget",
"name" : "AppRuntimeKitTests",
"path" : "Tests/AppRuntimeKitTests",
"sources" : [
"AppRuntimeKitPublicAPITests.swift",
"Application/ApplicationProcessSnapshotTests.swift",
"Runtime/ApplicationRequestResultTests.swift",
"Runtime/ApplicationRuntimeEventTests.swift",
"Support/ApplicationProcessSnapshotTestSupport.swift",
"Support/ConformanceAssertions.swift"
],
"target_dependencies" : [
"AppRuntimeKit"
],
"type" : "test"
},
{
"c99name" : "AppRuntimeKitAppKitTests",
"module_type" : "SwiftTarget",
"name" : "AppRuntimeKitAppKitTests",
"path" : "Tests/AppRuntimeKitAppKitTests",
"sources" : [
"AppRuntimeKitAppKitPublicAPITests.swift",
"AppRuntimeKitAppKitSourceBoundaryTests.swift",
"Application/ApplicationBundleIdentifierInputTests.swift",
"DuplicateActivation/ApplicationDuplicateActivationCoordinatorTests.swift",
"Runtime/ApplicationRuntimeActivationTests.swift",
"Runtime/ApplicationRuntimeDependenciesTests.swift",
"Runtime/ApplicationRuntimeEventWaitTests.swift",
"Runtime/ApplicationRuntimeEventsTests.swift",
"Runtime/ApplicationRuntimeOpeningTests.swift",
"Runtime/ApplicationRuntimeOpeningValidationTests.swift",
"Runtime/ApplicationRuntimeQueryTests.swift",
"Runtime/ApplicationRuntimeTerminationTests.swift",
"Support/ApplicationDuplicateActivationTestSupport.swift",
"Support/ApplicationRuntimeEventSourceTestSupport.swift",
"Support/ApplicationRuntimeFactoryTestSupport.swift",
"Support/ApplicationRuntimeOpeningAssertions.swift",
"Support/ApplicationRuntimeOpeningFactories.swift",
"Support/ApplicationRuntimeOpeningRequestRecorders.swift",
"Support/ApplicationRuntimeOpeningTemporaryFixtures.swift",
"Support/ApplicationRuntimeRunningApplicationAssertions.swift",
"Support/ApplicationRuntimeSnapshotTestSupport.swift",
"Support/AsyncStreamTestSupport.swift",
"Support/ConformanceAssertions.swift",
"Support/FakeRuntimeRunningApplication.swift",
"Support/FakeRuntimeRunningApplicationAssertions.swift",
"Support/PackageFileTestSupport.swift"
],
"target_dependencies" : [
"AppRuntimeKit",
"AppRuntimeKitAppKit"
],
"type" : "test"
},
{
"c99name" : "AppRuntimeKitAppKit",
"module_type" : "SwiftTarget",
"name" : "AppRuntimeKitAppKit",
"path" : "Sources/AppRuntimeKitAppKit",
"product_memberships" : [
"AppRuntimeKitAppKit"
],
"sources" : [
"Application/ApplicationBundleIdentifierInput.swift",
"Application/ApplicationProcessSnapshot+AppKit.swift",
"DuplicateActivation/ApplicationDuplicateActivationCoordinator.swift",
"DuplicateActivation/ApplicationDuplicateActivationCoordinatorDependencies.swift",
"Runtime/ApplicationProcessSnapshot+RunningApplication.swift",
"Runtime/ApplicationRuntime+Activation.swift",
"Runtime/ApplicationRuntime+Events.swift",
"Runtime/ApplicationRuntime+Lookup.swift",
"Runtime/ApplicationRuntime+Opening.swift",
"Runtime/ApplicationRuntime+Queries.swift",
"Runtime/ApplicationRuntime+Termination.swift",
"Runtime/ApplicationRuntime.swift",
"Runtime/ApplicationRuntimeDependencies.swift",
"Runtime/ApplicationRuntimeEventSource.swift",
"Runtime/ApplicationRuntimeRunningApplication.swift"
],
"target_dependencies" : [
"AppRuntimeKit"
],
"type" : "library"
},
{
"c99name" : "AppRuntimeKit",
"module_type" : "SwiftTarget",
"name" : "AppRuntimeKit",
"path" : "Sources/AppRuntimeKit",
"product_memberships" : [
"AppRuntimeKit",
"AppRuntimeKitAppKit"
],
"sources" : [
"Application/ApplicationProcessSnapshot.swift",
"Runtime/ApplicationOpeningError.swift",
"Runtime/ApplicationRequestResult.swift",
"Runtime/ApplicationRuntimeEvent.swift",
"Runtime/ApplicationRuntimeRequestError.swift",
"Runtime/ApplicationTerminationMode.swift"
],
"type" : "library"
}
],
"tools_version" : "6.0"
}
{
"workspace" : {
"name" : "spi-builder-workspace",
"schemes" : [
"AppRuntimeKit",
"AppRuntimeKit-Package",
"AppRuntimeKitAppKit"
]
}
}
Running build ...
env DEVELOPER_DIR=/Applications/Xcode-16.3.0.app xcrun xcodebuild -IDEClonedSourcePackagesDirPathOverride=$PWD/.dependencies -skipMacroValidation -skipPackagePluginValidation -derivedDataPath $PWD/.derivedData build -scheme AppRuntimeKit-Package -destination generic/platform=watchOS OTHER_SWIFT_FLAGS=-stats-output-dir .stats
Command line invocation:
/Applications/Xcode-16.3.0.app/Contents/Developer/usr/bin/xcodebuild -IDEClonedSourcePackagesDirPathOverride=/Users/admin/builder/spi-builder-workspace/.dependencies -skipMacroValidation -skipPackagePluginValidation -derivedDataPath /Users/admin/builder/spi-builder-workspace/.derivedData build -scheme AppRuntimeKit-Package -destination generic/platform=watchOS "OTHER_SWIFT_FLAGS=-stats-output-dir .stats"
Build settings from command line:
OTHER_SWIFT_FLAGS = -stats-output-dir .stats
Resolve Package Graph
Resolved source packages:
AppRuntimeKit: /Users/admin/builder/spi-builder-workspace
ComputePackagePrebuildTargetDependencyGraph
Prepare packages
CreateBuildRequest
SendProjectDescription
CreateBuildOperation
ComputeTargetDependencyGraph
note: Building targets in dependency order
note: Target dependency graph (4 targets)
Target 'AppRuntimeKitAppKit' in project 'AppRuntimeKit'
➜ Explicit dependency on target 'AppRuntimeKitAppKit' in project 'AppRuntimeKit'
➜ Explicit dependency on target 'AppRuntimeKit' in project 'AppRuntimeKit'
Target 'AppRuntimeKitAppKit' in project 'AppRuntimeKit'
➜ Explicit dependency on target 'AppRuntimeKit' in project 'AppRuntimeKit'
Target 'AppRuntimeKit' in project 'AppRuntimeKit'
➜ Explicit dependency on target 'AppRuntimeKit' in project 'AppRuntimeKit'
Target 'AppRuntimeKit' in project 'AppRuntimeKit' (no dependencies)
GatherProvisioningInputs
CreateBuildDescription
ExecuteExternalTool /Applications/Xcode-16.3.0.app/Contents/Developer/Toolchains/XcodeDefault.xctoolchain/usr/bin/clang -v -E -dM -isysroot /Applications/Xcode-16.3.0.app/Contents/Developer/Platforms/WatchOS.platform/Developer/SDKs/WatchOS11.4.sdk -x c -c /dev/null
ExecuteExternalTool /Applications/Xcode-16.3.0.app/Contents/Developer/Toolchains/XcodeDefault.xctoolchain/usr/bin/swiftc --version
ExecuteExternalTool /Applications/Xcode-16.3.0.app/Contents/Developer/Toolchains/XcodeDefault.xctoolchain/usr/bin/ld -version_details
ReadFileContents /Applications/Xcode-16.3.0.app/Contents/Developer/Toolchains/XcodeDefault.xctoolchain/usr/share/docc/features.json
Build description signature: 22171384c4ecca72e62f11f87130c6c8
Build description path: /Users/admin/builder/spi-builder-workspace/.derivedData/Build/Intermediates.noindex/XCBuildData/22171384c4ecca72e62f11f87130c6c8.xcbuilddata
ClangStatCache /Applications/Xcode-16.3.0.app/Contents/Developer/Toolchains/XcodeDefault.xctoolchain/usr/bin/clang-stat-cache /Applications/Xcode-16.3.0.app/Contents/Developer/Platforms/WatchOS.platform/Developer/SDKs/WatchOS11.4.sdk /Users/admin/builder/spi-builder-workspace/.derivedData/SDKStatCaches.noindex/watchos11.4-22T246-43efb940ff07ba2497b70ec94253f576.sdkstatcache
cd /Users/admin/builder/spi-builder-workspace/.swiftpm/xcode
/Applications/Xcode-16.3.0.app/Contents/Developer/Toolchains/XcodeDefault.xctoolchain/usr/bin/clang-stat-cache /Applications/Xcode-16.3.0.app/Contents/Developer/Platforms/WatchOS.platform/Developer/SDKs/WatchOS11.4.sdk -o /Users/admin/builder/spi-builder-workspace/.derivedData/SDKStatCaches.noindex/watchos11.4-22T246-43efb940ff07ba2497b70ec94253f576.sdkstatcache
CreateBuildDirectory /Users/admin/builder/spi-builder-workspace/.derivedData/Build/Products
cd /Users/admin/builder/spi-builder-workspace/.swiftpm/xcode
builtin-create-build-directory /Users/admin/builder/spi-builder-workspace/.derivedData/Build/Products
CreateBuildDirectory /Users/admin/builder/spi-builder-workspace/.derivedData/Build/Intermediates.noindex
cd /Users/admin/builder/spi-builder-workspace/.swiftpm/xcode
builtin-create-build-directory /Users/admin/builder/spi-builder-workspace/.derivedData/Build/Intermediates.noindex
CreateBuildDirectory /Users/admin/builder/spi-builder-workspace/.derivedData/Build/Products/Debug-watchos
cd /Users/admin/builder/spi-builder-workspace/.swiftpm/xcode
builtin-create-build-directory /Users/admin/builder/spi-builder-workspace/.derivedData/Build/Products/Debug-watchos
CreateBuildDirectory /Users/admin/builder/spi-builder-workspace/.derivedData/Build/Intermediates.noindex/EagerLinkingTBDs/Debug-watchos
cd /Users/admin/builder/spi-builder-workspace/.swiftpm/xcode
builtin-create-build-directory /Users/admin/builder/spi-builder-workspace/.derivedData/Build/Intermediates.noindex/EagerLinkingTBDs/Debug-watchos
CreateBuildDirectory /Users/admin/builder/spi-builder-workspace/.derivedData/Build/Products/Debug-watchos/PackageFrameworks
cd /Users/admin/builder/spi-builder-workspace/.swiftpm/xcode
builtin-create-build-directory /Users/admin/builder/spi-builder-workspace/.derivedData/Build/Products/Debug-watchos/PackageFrameworks
WriteAuxiliaryFile /Users/admin/builder/spi-builder-workspace/.derivedData/Build/Intermediates.noindex/AppRuntimeKit.build/Debug-watchos/AppRuntimeKitAppKit.build/Objects-normal/arm64_32/AppRuntimeKitAppKit_const_extract_protocols.json (in target 'AppRuntimeKitAppKit' from project 'AppRuntimeKit')
cd /Users/admin/builder/spi-builder-workspace
write-file /Users/admin/builder/spi-builder-workspace/.derivedData/Build/Intermediates.noindex/AppRuntimeKit.build/Debug-watchos/AppRuntimeKitAppKit.build/Objects-normal/arm64_32/AppRuntimeKitAppKit_const_extract_protocols.json
WriteAuxiliaryFile /Users/admin/builder/spi-builder-workspace/.derivedData/Build/Intermediates.noindex/AppRuntimeKit.build/Debug-watchos/AppRuntimeKitAppKit.build/Objects-normal/armv7k/AppRuntimeKitAppKit.LinkFileList (in target 'AppRuntimeKitAppKit' from project 'AppRuntimeKit')
cd /Users/admin/builder/spi-builder-workspace
write-file /Users/admin/builder/spi-builder-workspace/.derivedData/Build/Intermediates.noindex/AppRuntimeKit.build/Debug-watchos/AppRuntimeKitAppKit.build/Objects-normal/armv7k/AppRuntimeKitAppKit.LinkFileList
WriteAuxiliaryFile /Users/admin/builder/spi-builder-workspace/.derivedData/Build/Intermediates.noindex/AppRuntimeKit.build/Debug-watchos/AppRuntimeKitAppKit.build/Objects-normal/arm64_32/AppRuntimeKitAppKit.LinkFileList (in target 'AppRuntimeKitAppKit' from project 'AppRuntimeKit')
cd /Users/admin/builder/spi-builder-workspace
write-file /Users/admin/builder/spi-builder-workspace/.derivedData/Build/Intermediates.noindex/AppRuntimeKit.build/Debug-watchos/AppRuntimeKitAppKit.build/Objects-normal/arm64_32/AppRuntimeKitAppKit.LinkFileList
WriteAuxiliaryFile /Users/admin/builder/spi-builder-workspace/.derivedData/Build/Intermediates.noindex/AppRuntimeKit.build/Debug-watchos/AppRuntimeKitAppKit.build/Objects-normal/armv7k/AppRuntimeKitAppKit.SwiftFileList (in target 'AppRuntimeKitAppKit' from project 'AppRuntimeKit')
cd /Users/admin/builder/spi-builder-workspace
write-file /Users/admin/builder/spi-builder-workspace/.derivedData/Build/Intermediates.noindex/AppRuntimeKit.build/Debug-watchos/AppRuntimeKitAppKit.build/Objects-normal/armv7k/AppRuntimeKitAppKit.SwiftFileList
WriteAuxiliaryFile /Users/admin/builder/spi-builder-workspace/.derivedData/Build/Intermediates.noindex/AppRuntimeKit.build/Debug-watchos/AppRuntimeKitAppKit.build/Objects-normal/armv7k/AppRuntimeKitAppKit.SwiftConstValuesFileList (in target 'AppRuntimeKitAppKit' from project 'AppRuntimeKit')
cd /Users/admin/builder/spi-builder-workspace
write-file /Users/admin/builder/spi-builder-workspace/.derivedData/Build/Intermediates.noindex/AppRuntimeKit.build/Debug-watchos/AppRuntimeKitAppKit.build/Objects-normal/armv7k/AppRuntimeKitAppKit.SwiftConstValuesFileList
WriteAuxiliaryFile /Users/admin/builder/spi-builder-workspace/.derivedData/Build/Intermediates.noindex/AppRuntimeKit.build/Debug-watchos/AppRuntimeKitAppKit.build/Objects-normal/arm64_32/AppRuntimeKitAppKit.SwiftConstValuesFileList (in target 'AppRuntimeKitAppKit' from project 'AppRuntimeKit')
cd /Users/admin/builder/spi-builder-workspace
write-file /Users/admin/builder/spi-builder-workspace/.derivedData/Build/Intermediates.noindex/AppRuntimeKit.build/Debug-watchos/AppRuntimeKitAppKit.build/Objects-normal/arm64_32/AppRuntimeKitAppKit.SwiftConstValuesFileList
WriteAuxiliaryFile /Users/admin/builder/spi-builder-workspace/.derivedData/Build/Intermediates.noindex/AppRuntimeKit.build/Debug-watchos/AppRuntimeKitAppKit.build/Objects-normal/armv7k/AppRuntimeKitAppKit-OutputFileMap.json (in target 'AppRuntimeKitAppKit' from project 'AppRuntimeKit')
cd /Users/admin/builder/spi-builder-workspace
write-file /Users/admin/builder/spi-builder-workspace/.derivedData/Build/Intermediates.noindex/AppRuntimeKit.build/Debug-watchos/AppRuntimeKitAppKit.build/Objects-normal/armv7k/AppRuntimeKitAppKit-OutputFileMap.json
WriteAuxiliaryFile /Users/admin/builder/spi-builder-workspace/.derivedData/Build/Intermediates.noindex/AppRuntimeKit.build/Debug-watchos/AppRuntimeKitAppKit.build/Objects-normal/armv7k/AppRuntimeKitAppKit_const_extract_protocols.json (in target 'AppRuntimeKitAppKit' from project 'AppRuntimeKit')
cd /Users/admin/builder/spi-builder-workspace
write-file /Users/admin/builder/spi-builder-workspace/.derivedData/Build/Intermediates.noindex/AppRuntimeKit.build/Debug-watchos/AppRuntimeKitAppKit.build/Objects-normal/armv7k/AppRuntimeKitAppKit_const_extract_protocols.json
WriteAuxiliaryFile /Users/admin/builder/spi-builder-workspace/.derivedData/Build/Intermediates.noindex/AppRuntimeKit.build/Debug-watchos/AppRuntimeKitAppKit.build/Objects-normal/arm64_32/AppRuntimeKitAppKit.SwiftFileList (in target 'AppRuntimeKitAppKit' from project 'AppRuntimeKit')
cd /Users/admin/builder/spi-builder-workspace
write-file /Users/admin/builder/spi-builder-workspace/.derivedData/Build/Intermediates.noindex/AppRuntimeKit.build/Debug-watchos/AppRuntimeKitAppKit.build/Objects-normal/arm64_32/AppRuntimeKitAppKit.SwiftFileList
WriteAuxiliaryFile /Users/admin/builder/spi-builder-workspace/.derivedData/Build/Intermediates.noindex/AppRuntimeKit.build/Debug-watchos/AppRuntimeKitAppKit.build/Objects-normal/arm64_32/AppRuntimeKitAppKit-OutputFileMap.json (in target 'AppRuntimeKitAppKit' from project 'AppRuntimeKit')
cd /Users/admin/builder/spi-builder-workspace
write-file /Users/admin/builder/spi-builder-workspace/.derivedData/Build/Intermediates.noindex/AppRuntimeKit.build/Debug-watchos/AppRuntimeKitAppKit.build/Objects-normal/arm64_32/AppRuntimeKitAppKit-OutputFileMap.json
WriteAuxiliaryFile /Users/admin/builder/spi-builder-workspace/.derivedData/Build/Intermediates.noindex/AppRuntimeKit.build/Debug-watchos/AppRuntimeKitAppKit.build/AppRuntimeKitAppKit.modulemap (in target 'AppRuntimeKitAppKit' from project 'AppRuntimeKit')
cd /Users/admin/builder/spi-builder-workspace
write-file /Users/admin/builder/spi-builder-workspace/.derivedData/Build/Intermediates.noindex/AppRuntimeKit.build/Debug-watchos/AppRuntimeKitAppKit.build/AppRuntimeKitAppKit.modulemap
WriteAuxiliaryFile /Users/admin/builder/spi-builder-workspace/.derivedData/Build/Intermediates.noindex/AppRuntimeKit.build/Debug-watchos/AppRuntimeKitAppKit.build/Objects-normal/arm64/AppRuntimeKitAppKit.SwiftConstValuesFileList (in target 'AppRuntimeKitAppKit' from project 'AppRuntimeKit')
cd /Users/admin/builder/spi-builder-workspace
write-file /Users/admin/builder/spi-builder-workspace/.derivedData/Build/Intermediates.noindex/AppRuntimeKit.build/Debug-watchos/AppRuntimeKitAppKit.build/Objects-normal/arm64/AppRuntimeKitAppKit.SwiftConstValuesFileList
WriteAuxiliaryFile /Users/admin/builder/spi-builder-workspace/.derivedData/Build/Intermediates.noindex/AppRuntimeKit.build/Debug-watchos/AppRuntimeKitAppKit.build/Objects-normal/arm64/AppRuntimeKitAppKit.SwiftFileList (in target 'AppRuntimeKitAppKit' from project 'AppRuntimeKit')
cd /Users/admin/builder/spi-builder-workspace
write-file /Users/admin/builder/spi-builder-workspace/.derivedData/Build/Intermediates.noindex/AppRuntimeKit.build/Debug-watchos/AppRuntimeKitAppKit.build/Objects-normal/arm64/AppRuntimeKitAppKit.SwiftFileList
WriteAuxiliaryFile /Users/admin/builder/spi-builder-workspace/.derivedData/Build/Intermediates.noindex/AppRuntimeKit.build/Debug-watchos/AppRuntimeKitAppKit.build/AppRuntimeKitAppKit.DependencyStaticMetadataFileList (in target 'AppRuntimeKitAppKit' from project 'AppRuntimeKit')
cd /Users/admin/builder/spi-builder-workspace
write-file /Users/admin/builder/spi-builder-workspace/.derivedData/Build/Intermediates.noindex/AppRuntimeKit.build/Debug-watchos/AppRuntimeKitAppKit.build/AppRuntimeKitAppKit.DependencyStaticMetadataFileList
WriteAuxiliaryFile /Users/admin/builder/spi-builder-workspace/.derivedData/Build/Intermediates.noindex/AppRuntimeKit.build/Debug-watchos/AppRuntimeKitAppKit.build/AppRuntimeKitAppKit.DependencyMetadataFileList (in target 'AppRuntimeKitAppKit' from project 'AppRuntimeKit')
cd /Users/admin/builder/spi-builder-workspace
write-file /Users/admin/builder/spi-builder-workspace/.derivedData/Build/Intermediates.noindex/AppRuntimeKit.build/Debug-watchos/AppRuntimeKitAppKit.build/AppRuntimeKitAppKit.DependencyMetadataFileList
WriteAuxiliaryFile /Users/admin/builder/spi-builder-workspace/.derivedData/Build/Intermediates.noindex/AppRuntimeKit.build/Debug-watchos/AppRuntimeKitAppKit.build/Objects-normal/arm64/AppRuntimeKitAppKit-OutputFileMap.json (in target 'AppRuntimeKitAppKit' from project 'AppRuntimeKit')
cd /Users/admin/builder/spi-builder-workspace
write-file /Users/admin/builder/spi-builder-workspace/.derivedData/Build/Intermediates.noindex/AppRuntimeKit.build/Debug-watchos/AppRuntimeKitAppKit.build/Objects-normal/arm64/AppRuntimeKitAppKit-OutputFileMap.json
WriteAuxiliaryFile /Users/admin/builder/spi-builder-workspace/.derivedData/Build/Intermediates.noindex/AppRuntimeKit.build/Debug-watchos/AppRuntimeKitAppKit.build/Objects-normal/arm64/AppRuntimeKitAppKit_const_extract_protocols.json (in target 'AppRuntimeKitAppKit' from project 'AppRuntimeKit')
cd /Users/admin/builder/spi-builder-workspace
write-file /Users/admin/builder/spi-builder-workspace/.derivedData/Build/Intermediates.noindex/AppRuntimeKit.build/Debug-watchos/AppRuntimeKitAppKit.build/Objects-normal/arm64/AppRuntimeKitAppKit_const_extract_protocols.json
WriteAuxiliaryFile /Users/admin/builder/spi-builder-workspace/.derivedData/Build/Intermediates.noindex/AppRuntimeKit.build/Debug-watchos/AppRuntimeKitAppKit.build/Objects-normal/arm64/AppRuntimeKitAppKit.LinkFileList (in target 'AppRuntimeKitAppKit' from project 'AppRuntimeKit')
cd /Users/admin/builder/spi-builder-workspace
write-file /Users/admin/builder/spi-builder-workspace/.derivedData/Build/Intermediates.noindex/AppRuntimeKit.build/Debug-watchos/AppRuntimeKitAppKit.build/Objects-normal/arm64/AppRuntimeKitAppKit.LinkFileList
WriteAuxiliaryFile /Users/admin/builder/spi-builder-workspace/.derivedData/Build/Intermediates.noindex/AppRuntimeKit.build/Debug-watchos/AppRuntimeKit.build/Objects-normal/armv7k/AppRuntimeKit_const_extract_protocols.json (in target 'AppRuntimeKit' from project 'AppRuntimeKit')
cd /Users/admin/builder/spi-builder-workspace
write-file /Users/admin/builder/spi-builder-workspace/.derivedData/Build/Intermediates.noindex/AppRuntimeKit.build/Debug-watchos/AppRuntimeKit.build/Objects-normal/armv7k/AppRuntimeKit_const_extract_protocols.json
WriteAuxiliaryFile /Users/admin/builder/spi-builder-workspace/.derivedData/Build/Intermediates.noindex/AppRuntimeKit.build/Debug-watchos/AppRuntimeKit.build/Objects-normal/armv7k/AppRuntimeKit.SwiftFileList (in target 'AppRuntimeKit' from project 'AppRuntimeKit')
cd /Users/admin/builder/spi-builder-workspace
write-file /Users/admin/builder/spi-builder-workspace/.derivedData/Build/Intermediates.noindex/AppRuntimeKit.build/Debug-watchos/AppRuntimeKit.build/Objects-normal/armv7k/AppRuntimeKit.SwiftFileList
WriteAuxiliaryFile /Users/admin/builder/spi-builder-workspace/.derivedData/Build/Intermediates.noindex/AppRuntimeKit.build/Debug-watchos/AppRuntimeKit.build/Objects-normal/armv7k/AppRuntimeKit.SwiftConstValuesFileList (in target 'AppRuntimeKit' from project 'AppRuntimeKit')
cd /Users/admin/builder/spi-builder-workspace
write-file /Users/admin/builder/spi-builder-workspace/.derivedData/Build/Intermediates.noindex/AppRuntimeKit.build/Debug-watchos/AppRuntimeKit.build/Objects-normal/armv7k/AppRuntimeKit.SwiftConstValuesFileList
WriteAuxiliaryFile /Users/admin/builder/spi-builder-workspace/.derivedData/Build/Intermediates.noindex/AppRuntimeKit.build/Debug-watchos/AppRuntimeKit.build/Objects-normal/armv7k/AppRuntimeKit.LinkFileList (in target 'AppRuntimeKit' from project 'AppRuntimeKit')
cd /Users/admin/builder/spi-builder-workspace
write-file /Users/admin/builder/spi-builder-workspace/.derivedData/Build/Intermediates.noindex/AppRuntimeKit.build/Debug-watchos/AppRuntimeKit.build/Objects-normal/armv7k/AppRuntimeKit.LinkFileList
Copy /Users/admin/builder/spi-builder-workspace/.derivedData/Build/Intermediates.noindex/GeneratedModuleMaps-watchos/AppRuntimeKitAppKit.modulemap /Users/admin/builder/spi-builder-workspace/.derivedData/Build/Intermediates.noindex/AppRuntimeKit.build/Debug-watchos/AppRuntimeKitAppKit.build/AppRuntimeKitAppKit.modulemap (in target 'AppRuntimeKitAppKit' from project 'AppRuntimeKit')
cd /Users/admin/builder/spi-builder-workspace
builtin-copy -exclude .DS_Store -exclude CVS -exclude .svn -exclude .git -exclude .hg -resolve-src-symlinks /Users/admin/builder/spi-builder-workspace/.derivedData/Build/Intermediates.noindex/AppRuntimeKit.build/Debug-watchos/AppRuntimeKitAppKit.build/AppRuntimeKitAppKit.modulemap /Users/admin/builder/spi-builder-workspace/.derivedData/Build/Intermediates.noindex/GeneratedModuleMaps-watchos
WriteAuxiliaryFile /Users/admin/builder/spi-builder-workspace/.derivedData/Build/Intermediates.noindex/AppRuntimeKit.build/Debug-watchos/AppRuntimeKit.build/Objects-normal/armv7k/AppRuntimeKit-OutputFileMap.json (in target 'AppRuntimeKit' from project 'AppRuntimeKit')
cd /Users/admin/builder/spi-builder-workspace
write-file /Users/admin/builder/spi-builder-workspace/.derivedData/Build/Intermediates.noindex/AppRuntimeKit.build/Debug-watchos/AppRuntimeKit.build/Objects-normal/armv7k/AppRuntimeKit-OutputFileMap.json
WriteAuxiliaryFile /Users/admin/builder/spi-builder-workspace/.derivedData/Build/Intermediates.noindex/AppRuntimeKit.build/Debug-watchos/AppRuntimeKit.build/Objects-normal/arm64_32/AppRuntimeKit_const_extract_protocols.json (in target 'AppRuntimeKit' from project 'AppRuntimeKit')
cd /Users/admin/builder/spi-builder-workspace
write-file /Users/admin/builder/spi-builder-workspace/.derivedData/Build/Intermediates.noindex/AppRuntimeKit.build/Debug-watchos/AppRuntimeKit.build/Objects-normal/arm64_32/AppRuntimeKit_const_extract_protocols.json
WriteAuxiliaryFile /Users/admin/builder/spi-builder-workspace/.derivedData/Build/Intermediates.noindex/AppRuntimeKit.build/Debug-watchos/AppRuntimeKit.build/Objects-normal/arm64_32/AppRuntimeKit.SwiftFileList (in target 'AppRuntimeKit' from project 'AppRuntimeKit')
cd /Users/admin/builder/spi-builder-workspace
write-file /Users/admin/builder/spi-builder-workspace/.derivedData/Build/Intermediates.noindex/AppRuntimeKit.build/Debug-watchos/AppRuntimeKit.build/Objects-normal/arm64_32/AppRuntimeKit.SwiftFileList
WriteAuxiliaryFile /Users/admin/builder/spi-builder-workspace/.derivedData/Build/Intermediates.noindex/AppRuntimeKit.build/Debug-watchos/AppRuntimeKit.build/Objects-normal/arm64_32/AppRuntimeKit.SwiftConstValuesFileList (in target 'AppRuntimeKit' from project 'AppRuntimeKit')
cd /Users/admin/builder/spi-builder-workspace
write-file /Users/admin/builder/spi-builder-workspace/.derivedData/Build/Intermediates.noindex/AppRuntimeKit.build/Debug-watchos/AppRuntimeKit.build/Objects-normal/arm64_32/AppRuntimeKit.SwiftConstValuesFileList
WriteAuxiliaryFile /Users/admin/builder/spi-builder-workspace/.derivedData/Build/Intermediates.noindex/AppRuntimeKit.build/Debug-watchos/AppRuntimeKit.build/Objects-normal/arm64_32/AppRuntimeKit.LinkFileList (in target 'AppRuntimeKit' from project 'AppRuntimeKit')
cd /Users/admin/builder/spi-builder-workspace
write-file /Users/admin/builder/spi-builder-workspace/.derivedData/Build/Intermediates.noindex/AppRuntimeKit.build/Debug-watchos/AppRuntimeKit.build/Objects-normal/arm64_32/AppRuntimeKit.LinkFileList
WriteAuxiliaryFile /Users/admin/builder/spi-builder-workspace/.derivedData/Build/Intermediates.noindex/AppRuntimeKit.build/Debug-watchos/AppRuntimeKit.build/Objects-normal/arm64_32/AppRuntimeKit-OutputFileMap.json (in target 'AppRuntimeKit' from project 'AppRuntimeKit')
cd /Users/admin/builder/spi-builder-workspace
write-file /Users/admin/builder/spi-builder-workspace/.derivedData/Build/Intermediates.noindex/AppRuntimeKit.build/Debug-watchos/AppRuntimeKit.build/Objects-normal/arm64_32/AppRuntimeKit-OutputFileMap.json
WriteAuxiliaryFile /Users/admin/builder/spi-builder-workspace/.derivedData/Build/Intermediates.noindex/AppRuntimeKit.build/Debug-watchos/AppRuntimeKit.build/Objects-normal/arm64/AppRuntimeKit_const_extract_protocols.json (in target 'AppRuntimeKit' from project 'AppRuntimeKit')
cd /Users/admin/builder/spi-builder-workspace
write-file /Users/admin/builder/spi-builder-workspace/.derivedData/Build/Intermediates.noindex/AppRuntimeKit.build/Debug-watchos/AppRuntimeKit.build/Objects-normal/arm64/AppRuntimeKit_const_extract_protocols.json
WriteAuxiliaryFile /Users/admin/builder/spi-builder-workspace/.derivedData/Build/Intermediates.noindex/AppRuntimeKit.build/Debug-watchos/AppRuntimeKit.build/Objects-normal/arm64/AppRuntimeKit.SwiftFileList (in target 'AppRuntimeKit' from project 'AppRuntimeKit')
cd /Users/admin/builder/spi-builder-workspace
write-file /Users/admin/builder/spi-builder-workspace/.derivedData/Build/Intermediates.noindex/AppRuntimeKit.build/Debug-watchos/AppRuntimeKit.build/Objects-normal/arm64/AppRuntimeKit.SwiftFileList
WriteAuxiliaryFile /Users/admin/builder/spi-builder-workspace/.derivedData/Build/Intermediates.noindex/AppRuntimeKit.build/Debug-watchos/AppRuntimeKit.build/Objects-normal/arm64/AppRuntimeKit.SwiftConstValuesFileList (in target 'AppRuntimeKit' from project 'AppRuntimeKit')
cd /Users/admin/builder/spi-builder-workspace
write-file /Users/admin/builder/spi-builder-workspace/.derivedData/Build/Intermediates.noindex/AppRuntimeKit.build/Debug-watchos/AppRuntimeKit.build/Objects-normal/arm64/AppRuntimeKit.SwiftConstValuesFileList
WriteAuxiliaryFile /Users/admin/builder/spi-builder-workspace/.derivedData/Build/Intermediates.noindex/AppRuntimeKit.build/Debug-watchos/AppRuntimeKit.build/Objects-normal/arm64/AppRuntimeKit.LinkFileList (in target 'AppRuntimeKit' from project 'AppRuntimeKit')
cd /Users/admin/builder/spi-builder-workspace
write-file /Users/admin/builder/spi-builder-workspace/.derivedData/Build/Intermediates.noindex/AppRuntimeKit.build/Debug-watchos/AppRuntimeKit.build/Objects-normal/arm64/AppRuntimeKit.LinkFileList
WriteAuxiliaryFile /Users/admin/builder/spi-builder-workspace/.derivedData/Build/Intermediates.noindex/AppRuntimeKit.build/Debug-watchos/AppRuntimeKit.build/Objects-normal/arm64/AppRuntimeKit-OutputFileMap.json (in target 'AppRuntimeKit' from project 'AppRuntimeKit')
cd /Users/admin/builder/spi-builder-workspace
write-file /Users/admin/builder/spi-builder-workspace/.derivedData/Build/Intermediates.noindex/AppRuntimeKit.build/Debug-watchos/AppRuntimeKit.build/Objects-normal/arm64/AppRuntimeKit-OutputFileMap.json
WriteAuxiliaryFile /Users/admin/builder/spi-builder-workspace/.derivedData/Build/Intermediates.noindex/AppRuntimeKit.build/Debug-watchos/AppRuntimeKit.build/AppRuntimeKit.modulemap (in target 'AppRuntimeKit' from project 'AppRuntimeKit')
cd /Users/admin/builder/spi-builder-workspace
write-file /Users/admin/builder/spi-builder-workspace/.derivedData/Build/Intermediates.noindex/AppRuntimeKit.build/Debug-watchos/AppRuntimeKit.build/AppRuntimeKit.modulemap
WriteAuxiliaryFile /Users/admin/builder/spi-builder-workspace/.derivedData/Build/Intermediates.noindex/AppRuntimeKit.build/Debug-watchos/AppRuntimeKit.build/AppRuntimeKit.DependencyStaticMetadataFileList (in target 'AppRuntimeKit' from project 'AppRuntimeKit')
cd /Users/admin/builder/spi-builder-workspace
write-file /Users/admin/builder/spi-builder-workspace/.derivedData/Build/Intermediates.noindex/AppRuntimeKit.build/Debug-watchos/AppRuntimeKit.build/AppRuntimeKit.DependencyStaticMetadataFileList
WriteAuxiliaryFile /Users/admin/builder/spi-builder-workspace/.derivedData/Build/Intermediates.noindex/AppRuntimeKit.build/Debug-watchos/AppRuntimeKit.build/AppRuntimeKit.DependencyMetadataFileList (in target 'AppRuntimeKit' from project 'AppRuntimeKit')
cd /Users/admin/builder/spi-builder-workspace
write-file /Users/admin/builder/spi-builder-workspace/.derivedData/Build/Intermediates.noindex/AppRuntimeKit.build/Debug-watchos/AppRuntimeKit.build/AppRuntimeKit.DependencyMetadataFileList
Copy /Users/admin/builder/spi-builder-workspace/.derivedData/Build/Intermediates.noindex/GeneratedModuleMaps-watchos/AppRuntimeKit.modulemap /Users/admin/builder/spi-builder-workspace/.derivedData/Build/Intermediates.noindex/AppRuntimeKit.build/Debug-watchos/AppRuntimeKit.build/AppRuntimeKit.modulemap (in target 'AppRuntimeKit' from project 'AppRuntimeKit')
cd /Users/admin/builder/spi-builder-workspace
builtin-copy -exclude .DS_Store -exclude CVS -exclude .svn -exclude .git -exclude .hg -resolve-src-symlinks /Users/admin/builder/spi-builder-workspace/.derivedData/Build/Intermediates.noindex/AppRuntimeKit.build/Debug-watchos/AppRuntimeKit.build/AppRuntimeKit.modulemap /Users/admin/builder/spi-builder-workspace/.derivedData/Build/Intermediates.noindex/GeneratedModuleMaps-watchos
SwiftDriver AppRuntimeKit normal arm64 com.apple.xcode.tools.swift.compiler (in target 'AppRuntimeKit' from project 'AppRuntimeKit')
cd /Users/admin/builder/spi-builder-workspace/.swiftpm/xcode
builtin-SwiftDriver -- /Applications/Xcode-16.3.0.app/Contents/Developer/Toolchains/XcodeDefault.xctoolchain/usr/bin/swiftc -module-name AppRuntimeKit -Onone -enforce-exclusivity\=checked @/Users/admin/builder/spi-builder-workspace/.derivedData/Build/Intermediates.noindex/AppRuntimeKit.build/Debug-watchos/AppRuntimeKit.build/Objects-normal/arm64/AppRuntimeKit.SwiftFileList -DSWIFT_PACKAGE -DDEBUG -stats-output-dir .stats -plugin-path /Applications/Xcode-16.3.0.app/Contents/Developer/Toolchains/XcodeDefault.xctoolchain/usr/lib/swift/host/plugins/testing -enable-experimental-feature DebugDescriptionMacro -sdk /Applications/Xcode-16.3.0.app/Contents/Developer/Platforms/WatchOS.platform/Developer/SDKs/WatchOS11.4.sdk -target arm64-apple-watchos5.0 -g -module-cache-path /Users/admin/builder/spi-builder-workspace/.derivedData/ModuleCache.noindex -Xfrontend -serialize-debugging-options -profile-coverage-mapping -profile-generate -enable-testing -index-store-path /Users/admin/builder/spi-builder-workspace/.derivedData/Index.noindex/DataStore -swift-version 6 -I /Users/admin/builder/spi-builder-workspace/.derivedData/Build/Products/Debug-watchos -I /Applications/Xcode-16.3.0.app/Contents/Developer/Platforms/WatchOS.platform/Developer/usr/lib -F /Users/admin/builder/spi-builder-workspace/.derivedData/Build/Products/Debug-watchos -F /Applications/Xcode-16.3.0.app/Contents/Developer/Platforms/WatchOS.platform/Developer/Library/Frameworks -F /Applications/Xcode-16.3.0.app/Contents/Developer/Platforms/WatchOS.platform/Developer/SDKs/WatchOS11.4.sdk/Developer/Library/Frameworks -c -j10 -enable-batch-mode -incremental -Xcc -ivfsstatcache -Xcc /Users/admin/builder/spi-builder-workspace/.derivedData/SDKStatCaches.noindex/watchos11.4-22T246-43efb940ff07ba2497b70ec94253f576.sdkstatcache -output-file-map /Users/admin/builder/spi-builder-workspace/.derivedData/Build/Intermediates.noindex/AppRuntimeKit.build/Debug-watchos/AppRuntimeKit.build/Objects-normal/arm64/AppRuntimeKit-OutputFileMap.json -use-frontend-parseable-output -save-temps -no-color-diagnostics -serialize-diagnostics -emit-dependencies -emit-module -emit-module-path /Users/admin/builder/spi-builder-workspace/.derivedData/Build/Intermediates.noindex/AppRuntimeKit.build/Debug-watchos/AppRuntimeKit.build/Objects-normal/arm64/AppRuntimeKit.swiftmodule -validate-clang-modules-once -clang-build-session-file /Users/admin/builder/spi-builder-workspace/.derivedData/ModuleCache.noindex/Session.modulevalidation -package-name spi_builder_workspace -Xcc -I/Users/admin/builder/spi-builder-workspace/.derivedData/Build/Intermediates.noindex/AppRuntimeKit.build/Debug-watchos/AppRuntimeKit.build/swift-overrides.hmap -emit-const-values -Xfrontend -const-gather-protocols-file -Xfrontend /Users/admin/builder/spi-builder-workspace/.derivedData/Build/Intermediates.noindex/AppRuntimeKit.build/Debug-watchos/AppRuntimeKit.build/Objects-normal/arm64/AppRuntimeKit_const_extract_protocols.json -Xcc -I/Users/admin/builder/spi-builder-workspace/.derivedData/Build/Products/Debug-watchos/include -Xcc -I/Users/admin/builder/spi-builder-workspace/.derivedData/Build/Intermediates.noindex/AppRuntimeKit.build/Debug-watchos/AppRuntimeKit.build/DerivedSources-normal/arm64 -Xcc -I/Users/admin/builder/spi-builder-workspace/.derivedData/Build/Intermediates.noindex/AppRuntimeKit.build/Debug-watchos/AppRuntimeKit.build/DerivedSources/arm64 -Xcc -I/Users/admin/builder/spi-builder-workspace/.derivedData/Build/Intermediates.noindex/AppRuntimeKit.build/Debug-watchos/AppRuntimeKit.build/DerivedSources -Xcc -DSWIFT_PACKAGE -Xcc -DDEBUG\=1 -emit-objc-header -emit-objc-header-path /Users/admin/builder/spi-builder-workspace/.derivedData/Build/Intermediates.noindex/AppRuntimeKit.build/Debug-watchos/AppRuntimeKit.build/Objects-normal/arm64/AppRuntimeKit-Swift.h -working-directory /Users/admin/builder/spi-builder-workspace/.swiftpm/xcode -experimental-emit-module-separately -disable-cmo
SwiftDriver AppRuntimeKit normal arm64_32 com.apple.xcode.tools.swift.compiler (in target 'AppRuntimeKit' from project 'AppRuntimeKit')
cd /Users/admin/builder/spi-builder-workspace/.swiftpm/xcode
builtin-SwiftDriver -- /Applications/Xcode-16.3.0.app/Contents/Developer/Toolchains/XcodeDefault.xctoolchain/usr/bin/swiftc -module-name AppRuntimeKit -Onone -enforce-exclusivity\=checked @/Users/admin/builder/spi-builder-workspace/.derivedData/Build/Intermediates.noindex/AppRuntimeKit.build/Debug-watchos/AppRuntimeKit.build/Objects-normal/arm64_32/AppRuntimeKit.SwiftFileList -DSWIFT_PACKAGE -DDEBUG -stats-output-dir .stats -plugin-path /Applications/Xcode-16.3.0.app/Contents/Developer/Toolchains/XcodeDefault.xctoolchain/usr/lib/swift/host/plugins/testing -enable-experimental-feature DebugDescriptionMacro -sdk /Applications/Xcode-16.3.0.app/Contents/Developer/Platforms/WatchOS.platform/Developer/SDKs/WatchOS11.4.sdk -target arm64_32-apple-watchos5.0 -g -module-cache-path /Users/admin/builder/spi-builder-workspace/.derivedData/ModuleCache.noindex -Xfrontend -serialize-debugging-options -profile-coverage-mapping -profile-generate -enable-testing -index-store-path /Users/admin/builder/spi-builder-workspace/.derivedData/Index.noindex/DataStore -swift-version 6 -I /Users/admin/builder/spi-builder-workspace/.derivedData/Build/Products/Debug-watchos -I /Applications/Xcode-16.3.0.app/Contents/Developer/Platforms/WatchOS.platform/Developer/usr/lib -F /Users/admin/builder/spi-builder-workspace/.derivedData/Build/Products/Debug-watchos -F /Applications/Xcode-16.3.0.app/Contents/Developer/Platforms/WatchOS.platform/Developer/Library/Frameworks -F /Applications/Xcode-16.3.0.app/Contents/Developer/Platforms/WatchOS.platform/Developer/SDKs/WatchOS11.4.sdk/Developer/Library/Frameworks -c -j10 -enable-batch-mode -incremental -Xcc -ivfsstatcache -Xcc /Users/admin/builder/spi-builder-workspace/.derivedData/SDKStatCaches.noindex/watchos11.4-22T246-43efb940ff07ba2497b70ec94253f576.sdkstatcache -output-file-map /Users/admin/builder/spi-builder-workspace/.derivedData/Build/Intermediates.noindex/AppRuntimeKit.build/Debug-watchos/AppRuntimeKit.build/Objects-normal/arm64_32/AppRuntimeKit-OutputFileMap.json -use-frontend-parseable-output -save-temps -no-color-diagnostics -serialize-diagnostics -emit-dependencies -emit-module -emit-module-path /Users/admin/builder/spi-builder-workspace/.derivedData/Build/Intermediates.noindex/AppRuntimeKit.build/Debug-watchos/AppRuntimeKit.build/Objects-normal/arm64_32/AppRuntimeKit.swiftmodule -validate-clang-modules-once -clang-build-session-file /Users/admin/builder/spi-builder-workspace/.derivedData/ModuleCache.noindex/Session.modulevalidation -package-name spi_builder_workspace -Xcc -I/Users/admin/builder/spi-builder-workspace/.derivedData/Build/Intermediates.noindex/AppRuntimeKit.build/Debug-watchos/AppRuntimeKit.build/swift-overrides.hmap -emit-const-values -Xfrontend -const-gather-protocols-file -Xfrontend /Users/admin/builder/spi-builder-workspace/.derivedData/Build/Intermediates.noindex/AppRuntimeKit.build/Debug-watchos/AppRuntimeKit.build/Objects-normal/arm64_32/AppRuntimeKit_const_extract_protocols.json -Xcc -I/Users/admin/builder/spi-builder-workspace/.derivedData/Build/Products/Debug-watchos/include -Xcc -I/Users/admin/builder/spi-builder-workspace/.derivedData/Build/Intermediates.noindex/AppRuntimeKit.build/Debug-watchos/AppRuntimeKit.build/DerivedSources-normal/arm64_32 -Xcc -I/Users/admin/builder/spi-builder-workspace/.derivedData/Build/Intermediates.noindex/AppRuntimeKit.build/Debug-watchos/AppRuntimeKit.build/DerivedSources/arm64_32 -Xcc -I/Users/admin/builder/spi-builder-workspace/.derivedData/Build/Intermediates.noindex/AppRuntimeKit.build/Debug-watchos/AppRuntimeKit.build/DerivedSources -Xcc -DSWIFT_PACKAGE -Xcc -DDEBUG\=1 -emit-objc-header -emit-objc-header-path /Users/admin/builder/spi-builder-workspace/.derivedData/Build/Intermediates.noindex/AppRuntimeKit.build/Debug-watchos/AppRuntimeKit.build/Objects-normal/arm64_32/AppRuntimeKit-Swift.h -working-directory /Users/admin/builder/spi-builder-workspace/.swiftpm/xcode -experimental-emit-module-separately -disable-cmo
SwiftDriver AppRuntimeKit normal armv7k com.apple.xcode.tools.swift.compiler (in target 'AppRuntimeKit' from project 'AppRuntimeKit')
cd /Users/admin/builder/spi-builder-workspace/.swiftpm/xcode
builtin-SwiftDriver -- /Applications/Xcode-16.3.0.app/Contents/Developer/Toolchains/XcodeDefault.xctoolchain/usr/bin/swiftc -module-name AppRuntimeKit -Onone -enforce-exclusivity\=checked @/Users/admin/builder/spi-builder-workspace/.derivedData/Build/Intermediates.noindex/AppRuntimeKit.build/Debug-watchos/AppRuntimeKit.build/Objects-normal/armv7k/AppRuntimeKit.SwiftFileList -DSWIFT_PACKAGE -DDEBUG -stats-output-dir .stats -plugin-path /Applications/Xcode-16.3.0.app/Contents/Developer/Toolchains/XcodeDefault.xctoolchain/usr/lib/swift/host/plugins/testing -enable-experimental-feature DebugDescriptionMacro -sdk /Applications/Xcode-16.3.0.app/Contents/Developer/Platforms/WatchOS.platform/Developer/SDKs/WatchOS11.4.sdk -target armv7k-apple-watchos5.0 -g -module-cache-path /Users/admin/builder/spi-builder-workspace/.derivedData/ModuleCache.noindex -Xfrontend -serialize-debugging-options -profile-coverage-mapping -profile-generate -enable-testing -index-store-path /Users/admin/builder/spi-builder-workspace/.derivedData/Index.noindex/DataStore -swift-version 6 -I /Users/admin/builder/spi-builder-workspace/.derivedData/Build/Products/Debug-watchos -I /Applications/Xcode-16.3.0.app/Contents/Developer/Platforms/WatchOS.platform/Developer/usr/lib -F /Users/admin/builder/spi-builder-workspace/.derivedData/Build/Products/Debug-watchos -F /Applications/Xcode-16.3.0.app/Contents/Developer/Platforms/WatchOS.platform/Developer/Library/Frameworks -F /Applications/Xcode-16.3.0.app/Contents/Developer/Platforms/WatchOS.platform/Developer/SDKs/WatchOS11.4.sdk/Developer/Library/Frameworks -c -j10 -enable-batch-mode -incremental -Xcc -ivfsstatcache -Xcc /Users/admin/builder/spi-builder-workspace/.derivedData/SDKStatCaches.noindex/watchos11.4-22T246-43efb940ff07ba2497b70ec94253f576.sdkstatcache -output-file-map /Users/admin/builder/spi-builder-workspace/.derivedData/Build/Intermediates.noindex/AppRuntimeKit.build/Debug-watchos/AppRuntimeKit.build/Objects-normal/armv7k/AppRuntimeKit-OutputFileMap.json -use-frontend-parseable-output -save-temps -no-color-diagnostics -serialize-diagnostics -emit-dependencies -emit-module -emit-module-path /Users/admin/builder/spi-builder-workspace/.derivedData/Build/Intermediates.noindex/AppRuntimeKit.build/Debug-watchos/AppRuntimeKit.build/Objects-normal/armv7k/AppRuntimeKit.swiftmodule -validate-clang-modules-once -clang-build-session-file /Users/admin/builder/spi-builder-workspace/.derivedData/ModuleCache.noindex/Session.modulevalidation -package-name spi_builder_workspace -Xcc -I/Users/admin/builder/spi-builder-workspace/.derivedData/Build/Intermediates.noindex/AppRuntimeKit.build/Debug-watchos/AppRuntimeKit.build/swift-overrides.hmap -emit-const-values -Xfrontend -const-gather-protocols-file -Xfrontend /Users/admin/builder/spi-builder-workspace/.derivedData/Build/Intermediates.noindex/AppRuntimeKit.build/Debug-watchos/AppRuntimeKit.build/Objects-normal/armv7k/AppRuntimeKit_const_extract_protocols.json -Xcc -I/Users/admin/builder/spi-builder-workspace/.derivedData/Build/Products/Debug-watchos/include -Xcc -I/Users/admin/builder/spi-builder-workspace/.derivedData/Build/Intermediates.noindex/AppRuntimeKit.build/Debug-watchos/AppRuntimeKit.build/DerivedSources-normal/armv7k -Xcc -I/Users/admin/builder/spi-builder-workspace/.derivedData/Build/Intermediates.noindex/AppRuntimeKit.build/Debug-watchos/AppRuntimeKit.build/DerivedSources/armv7k -Xcc -I/Users/admin/builder/spi-builder-workspace/.derivedData/Build/Intermediates.noindex/AppRuntimeKit.build/Debug-watchos/AppRuntimeKit.build/DerivedSources -Xcc -DSWIFT_PACKAGE -Xcc -DDEBUG\=1 -emit-objc-header -emit-objc-header-path /Users/admin/builder/spi-builder-workspace/.derivedData/Build/Intermediates.noindex/AppRuntimeKit.build/Debug-watchos/AppRuntimeKit.build/Objects-normal/armv7k/AppRuntimeKit-Swift.h -working-directory /Users/admin/builder/spi-builder-workspace/.swiftpm/xcode -experimental-emit-module-separately -disable-cmo
SwiftEmitModule normal arm64_32 Emitting\ module\ for\ AppRuntimeKit (in target 'AppRuntimeKit' from project 'AppRuntimeKit')
EmitSwiftModule normal arm64_32 (in target 'AppRuntimeKit' from project 'AppRuntimeKit')
cd /Users/admin/builder/spi-builder-workspace/.swiftpm/xcode
SwiftCompile normal arm64_32 Compiling\ ApplicationRuntimeEvent.swift /Users/admin/builder/spi-builder-workspace/Sources/AppRuntimeKit/Runtime/ApplicationRuntimeEvent.swift (in target 'AppRuntimeKit' from project 'AppRuntimeKit')
SwiftCompile normal arm64_32 /Users/admin/builder/spi-builder-workspace/Sources/AppRuntimeKit/Runtime/ApplicationRuntimeEvent.swift (in target 'AppRuntimeKit' from project 'AppRuntimeKit')
cd /Users/admin/builder/spi-builder-workspace/.swiftpm/xcode
SwiftCompile normal arm64_32 Compiling\ ApplicationRequestResult.swift /Users/admin/builder/spi-builder-workspace/Sources/AppRuntimeKit/Runtime/ApplicationRequestResult.swift (in target 'AppRuntimeKit' from project 'AppRuntimeKit')
SwiftCompile normal arm64_32 /Users/admin/builder/spi-builder-workspace/Sources/AppRuntimeKit/Runtime/ApplicationRequestResult.swift (in target 'AppRuntimeKit' from project 'AppRuntimeKit')
cd /Users/admin/builder/spi-builder-workspace/.swiftpm/xcode
SwiftCompile normal arm64_32 Compiling\ ApplicationOpeningError.swift /Users/admin/builder/spi-builder-workspace/Sources/AppRuntimeKit/Runtime/ApplicationOpeningError.swift (in target 'AppRuntimeKit' from project 'AppRuntimeKit')
SwiftCompile normal arm64_32 /Users/admin/builder/spi-builder-workspace/Sources/AppRuntimeKit/Runtime/ApplicationOpeningError.swift (in target 'AppRuntimeKit' from project 'AppRuntimeKit')
cd /Users/admin/builder/spi-builder-workspace/.swiftpm/xcode
SwiftCompile normal arm64_32 Compiling\ ApplicationProcessSnapshot.swift /Users/admin/builder/spi-builder-workspace/Sources/AppRuntimeKit/Application/ApplicationProcessSnapshot.swift (in target 'AppRuntimeKit' from project 'AppRuntimeKit')
SwiftCompile normal arm64_32 /Users/admin/builder/spi-builder-workspace/Sources/AppRuntimeKit/Application/ApplicationProcessSnapshot.swift (in target 'AppRuntimeKit' from project 'AppRuntimeKit')
cd /Users/admin/builder/spi-builder-workspace/.swiftpm/xcode
SwiftCompile normal arm64_32 Compiling\ ApplicationTerminationMode.swift /Users/admin/builder/spi-builder-workspace/Sources/AppRuntimeKit/Runtime/ApplicationTerminationMode.swift (in target 'AppRuntimeKit' from project 'AppRuntimeKit')
SwiftCompile normal arm64_32 /Users/admin/builder/spi-builder-workspace/Sources/AppRuntimeKit/Runtime/ApplicationTerminationMode.swift (in target 'AppRuntimeKit' from project 'AppRuntimeKit')
cd /Users/admin/builder/spi-builder-workspace/.swiftpm/xcode
SwiftCompile normal arm64_32 Compiling\ ApplicationRuntimeRequestError.swift /Users/admin/builder/spi-builder-workspace/Sources/AppRuntimeKit/Runtime/ApplicationRuntimeRequestError.swift (in target 'AppRuntimeKit' from project 'AppRuntimeKit')
SwiftCompile normal arm64_32 /Users/admin/builder/spi-builder-workspace/Sources/AppRuntimeKit/Runtime/ApplicationRuntimeRequestError.swift (in target 'AppRuntimeKit' from project 'AppRuntimeKit')
cd /Users/admin/builder/spi-builder-workspace/.swiftpm/xcode
SwiftEmitModule normal armv7k Emitting\ module\ for\ AppRuntimeKit (in target 'AppRuntimeKit' from project 'AppRuntimeKit')
EmitSwiftModule normal armv7k (in target 'AppRuntimeKit' from project 'AppRuntimeKit')
cd /Users/admin/builder/spi-builder-workspace/.swiftpm/xcode
SwiftEmitModule normal arm64 Emitting\ module\ for\ AppRuntimeKit (in target 'AppRuntimeKit' from project 'AppRuntimeKit')
EmitSwiftModule normal arm64 (in target 'AppRuntimeKit' from project 'AppRuntimeKit')
cd /Users/admin/builder/spi-builder-workspace/.swiftpm/xcode
SwiftCompile normal armv7k Compiling\ ApplicationProcessSnapshot.swift /Users/admin/builder/spi-builder-workspace/Sources/AppRuntimeKit/Application/ApplicationProcessSnapshot.swift (in target 'AppRuntimeKit' from project 'AppRuntimeKit')
SwiftCompile normal armv7k /Users/admin/builder/spi-builder-workspace/Sources/AppRuntimeKit/Application/ApplicationProcessSnapshot.swift (in target 'AppRuntimeKit' from project 'AppRuntimeKit')
cd /Users/admin/builder/spi-builder-workspace/.swiftpm/xcode
SwiftCompile normal armv7k Compiling\ ApplicationRequestResult.swift /Users/admin/builder/spi-builder-workspace/Sources/AppRuntimeKit/Runtime/ApplicationRequestResult.swift (in target 'AppRuntimeKit' from project 'AppRuntimeKit')
SwiftCompile normal armv7k /Users/admin/builder/spi-builder-workspace/Sources/AppRuntimeKit/Runtime/ApplicationRequestResult.swift (in target 'AppRuntimeKit' from project 'AppRuntimeKit')
cd /Users/admin/builder/spi-builder-workspace/.swiftpm/xcode
SwiftCompile normal armv7k Compiling\ ApplicationOpeningError.swift /Users/admin/builder/spi-builder-workspace/Sources/AppRuntimeKit/Runtime/ApplicationOpeningError.swift (in target 'AppRuntimeKit' from project 'AppRuntimeKit')
SwiftCompile normal armv7k /Users/admin/builder/spi-builder-workspace/Sources/AppRuntimeKit/Runtime/ApplicationOpeningError.swift (in target 'AppRuntimeKit' from project 'AppRuntimeKit')
cd /Users/admin/builder/spi-builder-workspace/.swiftpm/xcode
SwiftCompile normal arm64 Compiling\ ApplicationProcessSnapshot.swift /Users/admin/builder/spi-builder-workspace/Sources/AppRuntimeKit/Application/ApplicationProcessSnapshot.swift (in target 'AppRuntimeKit' from project 'AppRuntimeKit')
SwiftCompile normal arm64 /Users/admin/builder/spi-builder-workspace/Sources/AppRuntimeKit/Application/ApplicationProcessSnapshot.swift (in target 'AppRuntimeKit' from project 'AppRuntimeKit')
cd /Users/admin/builder/spi-builder-workspace/.swiftpm/xcode
SwiftDriverJobDiscovery normal arm64 Emitting module for AppRuntimeKit (in target 'AppRuntimeKit' from project 'AppRuntimeKit')
SwiftDriverJobDiscovery normal armv7k Emitting module for AppRuntimeKit (in target 'AppRuntimeKit' from project 'AppRuntimeKit')
SwiftDriverJobDiscovery normal arm64_32 Emitting module for AppRuntimeKit (in target 'AppRuntimeKit' from project 'AppRuntimeKit')
SwiftDriver\ Compilation\ Requirements AppRuntimeKit normal armv7k com.apple.xcode.tools.swift.compiler (in target 'AppRuntimeKit' from project 'AppRuntimeKit')
cd /Users/admin/builder/spi-builder-workspace/.swiftpm/xcode
builtin-Swift-Compilation-Requirements -- /Applications/Xcode-16.3.0.app/Contents/Developer/Toolchains/XcodeDefault.xctoolchain/usr/bin/swiftc -module-name AppRuntimeKit -Onone -enforce-exclusivity\=checked @/Users/admin/builder/spi-builder-workspace/.derivedData/Build/Intermediates.noindex/AppRuntimeKit.build/Debug-watchos/AppRuntimeKit.build/Objects-normal/armv7k/AppRuntimeKit.SwiftFileList -DSWIFT_PACKAGE -DDEBUG -stats-output-dir .stats -plugin-path /Applications/Xcode-16.3.0.app/Contents/Developer/Toolchains/XcodeDefault.xctoolchain/usr/lib/swift/host/plugins/testing -enable-experimental-feature DebugDescriptionMacro -sdk /Applications/Xcode-16.3.0.app/Contents/Developer/Platforms/WatchOS.platform/Developer/SDKs/WatchOS11.4.sdk -target armv7k-apple-watchos5.0 -g -module-cache-path /Users/admin/builder/spi-builder-workspace/.derivedData/ModuleCache.noindex -Xfrontend -serialize-debugging-options -profile-coverage-mapping -profile-generate -enable-testing -index-store-path /Users/admin/builder/spi-builder-workspace/.derivedData/Index.noindex/DataStore -swift-version 6 -I /Users/admin/builder/spi-builder-workspace/.derivedData/Build/Products/Debug-watchos -I /Applications/Xcode-16.3.0.app/Contents/Developer/Platforms/WatchOS.platform/Developer/usr/lib -F /Users/admin/builder/spi-builder-workspace/.derivedData/Build/Products/Debug-watchos -F /Applications/Xcode-16.3.0.app/Contents/Developer/Platforms/WatchOS.platform/Developer/Library/Frameworks -F /Applications/Xcode-16.3.0.app/Contents/Developer/Platforms/WatchOS.platform/Developer/SDKs/WatchOS11.4.sdk/Developer/Library/Frameworks -c -j10 -enable-batch-mode -incremental -Xcc -ivfsstatcache -Xcc /Users/admin/builder/spi-builder-workspace/.derivedData/SDKStatCaches.noindex/watchos11.4-22T246-43efb940ff07ba2497b70ec94253f576.sdkstatcache -output-file-map /Users/admin/builder/spi-builder-workspace/.derivedData/Build/Intermediates.noindex/AppRuntimeKit.build/Debug-watchos/AppRuntimeKit.build/Objects-normal/armv7k/AppRuntimeKit-OutputFileMap.json -use-frontend-parseable-output -save-temps -no-color-diagnostics -serialize-diagnostics -emit-dependencies -emit-module -emit-module-path /Users/admin/builder/spi-builder-workspace/.derivedData/Build/Intermediates.noindex/AppRuntimeKit.build/Debug-watchos/AppRuntimeKit.build/Objects-normal/armv7k/AppRuntimeKit.swiftmodule -validate-clang-modules-once -clang-build-session-file /Users/admin/builder/spi-builder-workspace/.derivedData/ModuleCache.noindex/Session.modulevalidation -package-name spi_builder_workspace -Xcc -I/Users/admin/builder/spi-builder-workspace/.derivedData/Build/Intermediates.noindex/AppRuntimeKit.build/Debug-watchos/AppRuntimeKit.build/swift-overrides.hmap -emit-const-values -Xfrontend -const-gather-protocols-file -Xfrontend /Users/admin/builder/spi-builder-workspace/.derivedData/Build/Intermediates.noindex/AppRuntimeKit.build/Debug-watchos/AppRuntimeKit.build/Objects-normal/armv7k/AppRuntimeKit_const_extract_protocols.json -Xcc -I/Users/admin/builder/spi-builder-workspace/.derivedData/Build/Products/Debug-watchos/include -Xcc -I/Users/admin/builder/spi-builder-workspace/.derivedData/Build/Intermediates.noindex/AppRuntimeKit.build/Debug-watchos/AppRuntimeKit.build/DerivedSources-normal/armv7k -Xcc -I/Users/admin/builder/spi-builder-workspace/.derivedData/Build/Intermediates.noindex/AppRuntimeKit.build/Debug-watchos/AppRuntimeKit.build/DerivedSources/armv7k -Xcc -I/Users/admin/builder/spi-builder-workspace/.derivedData/Build/Intermediates.noindex/AppRuntimeKit.build/Debug-watchos/AppRuntimeKit.build/DerivedSources -Xcc -DSWIFT_PACKAGE -Xcc -DDEBUG\=1 -emit-objc-header -emit-objc-header-path /Users/admin/builder/spi-builder-workspace/.derivedData/Build/Intermediates.noindex/AppRuntimeKit.build/Debug-watchos/AppRuntimeKit.build/Objects-normal/armv7k/AppRuntimeKit-Swift.h -working-directory /Users/admin/builder/spi-builder-workspace/.swiftpm/xcode -experimental-emit-module-separately -disable-cmo
SwiftDriverJobDiscovery normal arm64_32 Compiling ApplicationRuntimeEvent.swift (in target 'AppRuntimeKit' from project 'AppRuntimeKit')
SwiftDriver\ Compilation\ Requirements AppRuntimeKit normal arm64_32 com.apple.xcode.tools.swift.compiler (in target 'AppRuntimeKit' from project 'AppRuntimeKit')
cd /Users/admin/builder/spi-builder-workspace/.swiftpm/xcode
builtin-Swift-Compilation-Requirements -- /Applications/Xcode-16.3.0.app/Contents/Developer/Toolchains/XcodeDefault.xctoolchain/usr/bin/swiftc -module-name AppRuntimeKit -Onone -enforce-exclusivity\=checked @/Users/admin/builder/spi-builder-workspace/.derivedData/Build/Intermediates.noindex/AppRuntimeKit.build/Debug-watchos/AppRuntimeKit.build/Objects-normal/arm64_32/AppRuntimeKit.SwiftFileList -DSWIFT_PACKAGE -DDEBUG -stats-output-dir .stats -plugin-path /Applications/Xcode-16.3.0.app/Contents/Developer/Toolchains/XcodeDefault.xctoolchain/usr/lib/swift/host/plugins/testing -enable-experimental-feature DebugDescriptionMacro -sdk /Applications/Xcode-16.3.0.app/Contents/Developer/Platforms/WatchOS.platform/Developer/SDKs/WatchOS11.4.sdk -target arm64_32-apple-watchos5.0 -g -module-cache-path /Users/admin/builder/spi-builder-workspace/.derivedData/ModuleCache.noindex -Xfrontend -serialize-debugging-options -profile-coverage-mapping -profile-generate -enable-testing -index-store-path /Users/admin/builder/spi-builder-workspace/.derivedData/Index.noindex/DataStore -swift-version 6 -I /Users/admin/builder/spi-builder-workspace/.derivedData/Build/Products/Debug-watchos -I /Applications/Xcode-16.3.0.app/Contents/Developer/Platforms/WatchOS.platform/Developer/usr/lib -F /Users/admin/builder/spi-builder-workspace/.derivedData/Build/Products/Debug-watchos -F /Applications/Xcode-16.3.0.app/Contents/Developer/Platforms/WatchOS.platform/Developer/Library/Frameworks -F /Applications/Xcode-16.3.0.app/Contents/Developer/Platforms/WatchOS.platform/Developer/SDKs/WatchOS11.4.sdk/Developer/Library/Frameworks -c -j10 -enable-batch-mode -incremental -Xcc -ivfsstatcache -Xcc /Users/admin/builder/spi-builder-workspace/.derivedData/SDKStatCaches.noindex/watchos11.4-22T246-43efb940ff07ba2497b70ec94253f576.sdkstatcache -output-file-map /Users/admin/builder/spi-builder-workspace/.derivedData/Build/Intermediates.noindex/AppRuntimeKit.build/Debug-watchos/AppRuntimeKit.build/Objects-normal/arm64_32/AppRuntimeKit-OutputFileMap.json -use-frontend-parseable-output -save-temps -no-color-diagnostics -serialize-diagnostics -emit-dependencies -emit-module -emit-module-path /Users/admin/builder/spi-builder-workspace/.derivedData/Build/Intermediates.noindex/AppRuntimeKit.build/Debug-watchos/AppRuntimeKit.build/Objects-normal/arm64_32/AppRuntimeKit.swiftmodule -validate-clang-modules-once -clang-build-session-file /Users/admin/builder/spi-builder-workspace/.derivedData/ModuleCache.noindex/Session.modulevalidation -package-name spi_builder_workspace -Xcc -I/Users/admin/builder/spi-builder-workspace/.derivedData/Build/Intermediates.noindex/AppRuntimeKit.build/Debug-watchos/AppRuntimeKit.build/swift-overrides.hmap -emit-const-values -Xfrontend -const-gather-protocols-file -Xfrontend /Users/admin/builder/spi-builder-workspace/.derivedData/Build/Intermediates.noindex/AppRuntimeKit.build/Debug-watchos/AppRuntimeKit.build/Objects-normal/arm64_32/AppRuntimeKit_const_extract_protocols.json -Xcc -I/Users/admin/builder/spi-builder-workspace/.derivedData/Build/Products/Debug-watchos/include -Xcc -I/Users/admin/builder/spi-builder-workspace/.derivedData/Build/Intermediates.noindex/AppRuntimeKit.build/Debug-watchos/AppRuntimeKit.build/DerivedSources-normal/arm64_32 -Xcc -I/Users/admin/builder/spi-builder-workspace/.derivedData/Build/Intermediates.noindex/AppRuntimeKit.build/Debug-watchos/AppRuntimeKit.build/DerivedSources/arm64_32 -Xcc -I/Users/admin/builder/spi-builder-workspace/.derivedData/Build/Intermediates.noindex/AppRuntimeKit.build/Debug-watchos/AppRuntimeKit.build/DerivedSources -Xcc -DSWIFT_PACKAGE -Xcc -DDEBUG\=1 -emit-objc-header -emit-objc-header-path /Users/admin/builder/spi-builder-workspace/.derivedData/Build/Intermediates.noindex/AppRuntimeKit.build/Debug-watchos/AppRuntimeKit.build/Objects-normal/arm64_32/AppRuntimeKit-Swift.h -working-directory /Users/admin/builder/spi-builder-workspace/.swiftpm/xcode -experimental-emit-module-separately -disable-cmo
SwiftDriver\ Compilation\ Requirements AppRuntimeKit normal arm64 com.apple.xcode.tools.swift.compiler (in target 'AppRuntimeKit' from project 'AppRuntimeKit')
cd /Users/admin/builder/spi-builder-workspace/.swiftpm/xcode
builtin-Swift-Compilation-Requirements -- /Applications/Xcode-16.3.0.app/Contents/Developer/Toolchains/XcodeDefault.xctoolchain/usr/bin/swiftc -module-name AppRuntimeKit -Onone -enforce-exclusivity\=checked @/Users/admin/builder/spi-builder-workspace/.derivedData/Build/Intermediates.noindex/AppRuntimeKit.build/Debug-watchos/AppRuntimeKit.build/Objects-normal/arm64/AppRuntimeKit.SwiftFileList -DSWIFT_PACKAGE -DDEBUG -stats-output-dir .stats -plugin-path /Applications/Xcode-16.3.0.app/Contents/Developer/Toolchains/XcodeDefault.xctoolchain/usr/lib/swift/host/plugins/testing -enable-experimental-feature DebugDescriptionMacro -sdk /Applications/Xcode-16.3.0.app/Contents/Developer/Platforms/WatchOS.platform/Developer/SDKs/WatchOS11.4.sdk -target arm64-apple-watchos5.0 -g -module-cache-path /Users/admin/builder/spi-builder-workspace/.derivedData/ModuleCache.noindex -Xfrontend -serialize-debugging-options -profile-coverage-mapping -profile-generate -enable-testing -index-store-path /Users/admin/builder/spi-builder-workspace/.derivedData/Index.noindex/DataStore -swift-version 6 -I /Users/admin/builder/spi-builder-workspace/.derivedData/Build/Products/Debug-watchos -I /Applications/Xcode-16.3.0.app/Contents/Developer/Platforms/WatchOS.platform/Developer/usr/lib -F /Users/admin/builder/spi-builder-workspace/.derivedData/Build/Products/Debug-watchos -F /Applications/Xcode-16.3.0.app/Contents/Developer/Platforms/WatchOS.platform/Developer/Library/Frameworks -F /Applications/Xcode-16.3.0.app/Contents/Developer/Platforms/WatchOS.platform/Developer/SDKs/WatchOS11.4.sdk/Developer/Library/Frameworks -c -j10 -enable-batch-mode -incremental -Xcc -ivfsstatcache -Xcc /Users/admin/builder/spi-builder-workspace/.derivedData/SDKStatCaches.noindex/watchos11.4-22T246-43efb940ff07ba2497b70ec94253f576.sdkstatcache -output-file-map /Users/admin/builder/spi-builder-workspace/.derivedData/Build/Intermediates.noindex/AppRuntimeKit.build/Debug-watchos/AppRuntimeKit.build/Objects-normal/arm64/AppRuntimeKit-OutputFileMap.json -use-frontend-parseable-output -save-temps -no-color-diagnostics -serialize-diagnostics -emit-dependencies -emit-module -emit-module-path /Users/admin/builder/spi-builder-workspace/.derivedData/Build/Intermediates.noindex/AppRuntimeKit.build/Debug-watchos/AppRuntimeKit.build/Objects-normal/arm64/AppRuntimeKit.swiftmodule -validate-clang-modules-once -clang-build-session-file /Users/admin/builder/spi-builder-workspace/.derivedData/ModuleCache.noindex/Session.modulevalidation -package-name spi_builder_workspace -Xcc -I/Users/admin/builder/spi-builder-workspace/.derivedData/Build/Intermediates.noindex/AppRuntimeKit.build/Debug-watchos/AppRuntimeKit.build/swift-overrides.hmap -emit-const-values -Xfrontend -const-gather-protocols-file -Xfrontend /Users/admin/builder/spi-builder-workspace/.derivedData/Build/Intermediates.noindex/AppRuntimeKit.build/Debug-watchos/AppRuntimeKit.build/Objects-normal/arm64/AppRuntimeKit_const_extract_protocols.json -Xcc -I/Users/admin/builder/spi-builder-workspace/.derivedData/Build/Products/Debug-watchos/include -Xcc -I/Users/admin/builder/spi-builder-workspace/.derivedData/Build/Intermediates.noindex/AppRuntimeKit.build/Debug-watchos/AppRuntimeKit.build/DerivedSources-normal/arm64 -Xcc -I/Users/admin/builder/spi-builder-workspace/.derivedData/Build/Intermediates.noindex/AppRuntimeKit.build/Debug-watchos/AppRuntimeKit.build/DerivedSources/arm64 -Xcc -I/Users/admin/builder/spi-builder-workspace/.derivedData/Build/Intermediates.noindex/AppRuntimeKit.build/Debug-watchos/AppRuntimeKit.build/DerivedSources -Xcc -DSWIFT_PACKAGE -Xcc -DDEBUG\=1 -emit-objc-header -emit-objc-header-path /Users/admin/builder/spi-builder-workspace/.derivedData/Build/Intermediates.noindex/AppRuntimeKit.build/Debug-watchos/AppRuntimeKit.build/Objects-normal/arm64/AppRuntimeKit-Swift.h -working-directory /Users/admin/builder/spi-builder-workspace/.swiftpm/xcode -experimental-emit-module-separately -disable-cmo
Copy /Users/admin/builder/spi-builder-workspace/.derivedData/Build/Products/Debug-watchos/AppRuntimeKit.swiftmodule/armv7k-apple-watchos.swiftmodule /Users/admin/builder/spi-builder-workspace/.derivedData/Build/Intermediates.noindex/AppRuntimeKit.build/Debug-watchos/AppRuntimeKit.build/Objects-normal/armv7k/AppRuntimeKit.swiftmodule (in target 'AppRuntimeKit' from project 'AppRuntimeKit')
cd /Users/admin/builder/spi-builder-workspace
builtin-copy -exclude .DS_Store -exclude CVS -exclude .svn -exclude .git -exclude .hg -resolve-src-symlinks -rename /Users/admin/builder/spi-builder-workspace/.derivedData/Build/Intermediates.noindex/AppRuntimeKit.build/Debug-watchos/AppRuntimeKit.build/Objects-normal/armv7k/AppRuntimeKit.swiftmodule /Users/admin/builder/spi-builder-workspace/.derivedData/Build/Products/Debug-watchos/AppRuntimeKit.swiftmodule/armv7k-apple-watchos.swiftmodule
Copy /Users/admin/builder/spi-builder-workspace/.derivedData/Build/Products/Debug-watchos/AppRuntimeKit.swiftmodule/armv7k-apple-watchos.swiftdoc /Users/admin/builder/spi-builder-workspace/.derivedData/Build/Intermediates.noindex/AppRuntimeKit.build/Debug-watchos/AppRuntimeKit.build/Objects-normal/armv7k/AppRuntimeKit.swiftdoc (in target 'AppRuntimeKit' from project 'AppRuntimeKit')
cd /Users/admin/builder/spi-builder-workspace
builtin-copy -exclude .DS_Store -exclude CVS -exclude .svn -exclude .git -exclude .hg -resolve-src-symlinks -rename /Users/admin/builder/spi-builder-workspace/.derivedData/Build/Intermediates.noindex/AppRuntimeKit.build/Debug-watchos/AppRuntimeKit.build/Objects-normal/armv7k/AppRuntimeKit.swiftdoc /Users/admin/builder/spi-builder-workspace/.derivedData/Build/Products/Debug-watchos/AppRuntimeKit.swiftmodule/armv7k-apple-watchos.swiftdoc
SwiftDriverJobDiscovery normal arm64_32 Compiling ApplicationTerminationMode.swift (in target 'AppRuntimeKit' from project 'AppRuntimeKit')
Copy /Users/admin/builder/spi-builder-workspace/.derivedData/Build/Products/Debug-watchos/AppRuntimeKit.swiftmodule/armv7k-apple-watchos.abi.json /Users/admin/builder/spi-builder-workspace/.derivedData/Build/Intermediates.noindex/AppRuntimeKit.build/Debug-watchos/AppRuntimeKit.build/Objects-normal/armv7k/AppRuntimeKit.abi.json (in target 'AppRuntimeKit' from project 'AppRuntimeKit')
cd /Users/admin/builder/spi-builder-workspace
builtin-copy -exclude .DS_Store -exclude CVS -exclude .svn -exclude .git -exclude .hg -resolve-src-symlinks -rename /Users/admin/builder/spi-builder-workspace/.derivedData/Build/Intermediates.noindex/AppRuntimeKit.build/Debug-watchos/AppRuntimeKit.build/Objects-normal/armv7k/AppRuntimeKit.abi.json /Users/admin/builder/spi-builder-workspace/.derivedData/Build/Products/Debug-watchos/AppRuntimeKit.swiftmodule/armv7k-apple-watchos.abi.json
SwiftDriverJobDiscovery normal arm64_32 Compiling ApplicationRuntimeRequestError.swift (in target 'AppRuntimeKit' from project 'AppRuntimeKit')
Copy /Users/admin/builder/spi-builder-workspace/.derivedData/Build/Products/Debug-watchos/AppRuntimeKit.swiftmodule/arm64_32-apple-watchos.swiftmodule /Users/admin/builder/spi-builder-workspace/.derivedData/Build/Intermediates.noindex/AppRuntimeKit.build/Debug-watchos/AppRuntimeKit.build/Objects-normal/arm64_32/AppRuntimeKit.swiftmodule (in target 'AppRuntimeKit' from project 'AppRuntimeKit')
cd /Users/admin/builder/spi-builder-workspace
builtin-copy -exclude .DS_Store -exclude CVS -exclude .svn -exclude .git -exclude .hg -resolve-src-symlinks -rename /Users/admin/builder/spi-builder-workspace/.derivedData/Build/Intermediates.noindex/AppRuntimeKit.build/Debug-watchos/AppRuntimeKit.build/Objects-normal/arm64_32/AppRuntimeKit.swiftmodule /Users/admin/builder/spi-builder-workspace/.derivedData/Build/Products/Debug-watchos/AppRuntimeKit.swiftmodule/arm64_32-apple-watchos.swiftmodule
Copy /Users/admin/builder/spi-builder-workspace/.derivedData/Build/Products/Debug-watchos/AppRuntimeKit.swiftmodule/arm64_32-apple-watchos.swiftdoc /Users/admin/builder/spi-builder-workspace/.derivedData/Build/Intermediates.noindex/AppRuntimeKit.build/Debug-watchos/AppRuntimeKit.build/Objects-normal/arm64_32/AppRuntimeKit.swiftdoc (in target 'AppRuntimeKit' from project 'AppRuntimeKit')
cd /Users/admin/builder/spi-builder-workspace
builtin-copy -exclude .DS_Store -exclude CVS -exclude .svn -exclude .git -exclude .hg -resolve-src-symlinks -rename /Users/admin/builder/spi-builder-workspace/.derivedData/Build/Intermediates.noindex/AppRuntimeKit.build/Debug-watchos/AppRuntimeKit.build/Objects-normal/arm64_32/AppRuntimeKit.swiftdoc /Users/admin/builder/spi-builder-workspace/.derivedData/Build/Products/Debug-watchos/AppRuntimeKit.swiftmodule/arm64_32-apple-watchos.swiftdoc
Copy /Users/admin/builder/spi-builder-workspace/.derivedData/Build/Products/Debug-watchos/AppRuntimeKit.swiftmodule/arm64_32-apple-watchos.abi.json /Users/admin/builder/spi-builder-workspace/.derivedData/Build/Intermediates.noindex/AppRuntimeKit.build/Debug-watchos/AppRuntimeKit.build/Objects-normal/arm64_32/AppRuntimeKit.abi.json (in target 'AppRuntimeKit' from project 'AppRuntimeKit')
cd /Users/admin/builder/spi-builder-workspace
builtin-copy -exclude .DS_Store -exclude CVS -exclude .svn -exclude .git -exclude .hg -resolve-src-symlinks -rename /Users/admin/builder/spi-builder-workspace/.derivedData/Build/Intermediates.noindex/AppRuntimeKit.build/Debug-watchos/AppRuntimeKit.build/Objects-normal/arm64_32/AppRuntimeKit.abi.json /Users/admin/builder/spi-builder-workspace/.derivedData/Build/Products/Debug-watchos/AppRuntimeKit.swiftmodule/arm64_32-apple-watchos.abi.json
SwiftMergeGeneratedHeaders /Users/admin/builder/spi-builder-workspace/.derivedData/Build/Intermediates.noindex/GeneratedModuleMaps-watchos/AppRuntimeKit-Swift.h /Users/admin/builder/spi-builder-workspace/.derivedData/Build/Intermediates.noindex/AppRuntimeKit.build/Debug-watchos/AppRuntimeKit.build/Objects-normal/arm64/AppRuntimeKit-Swift.h /Users/admin/builder/spi-builder-workspace/.derivedData/Build/Intermediates.noindex/AppRuntimeKit.build/Debug-watchos/AppRuntimeKit.build/Objects-normal/arm64_32/AppRuntimeKit-Swift.h /Users/admin/builder/spi-builder-workspace/.derivedData/Build/Intermediates.noindex/AppRuntimeKit.build/Debug-watchos/AppRuntimeKit.build/Objects-normal/armv7k/AppRuntimeKit-Swift.h (in target 'AppRuntimeKit' from project 'AppRuntimeKit')
cd /Users/admin/builder/spi-builder-workspace
builtin-swiftHeaderTool -arch arm64 /Users/admin/builder/spi-builder-workspace/.derivedData/Build/Intermediates.noindex/AppRuntimeKit.build/Debug-watchos/AppRuntimeKit.build/Objects-normal/arm64/AppRuntimeKit-Swift.h -arch arm64_32 /Users/admin/builder/spi-builder-workspace/.derivedData/Build/Intermediates.noindex/AppRuntimeKit.build/Debug-watchos/AppRuntimeKit.build/Objects-normal/arm64_32/AppRuntimeKit-Swift.h -arch armv7k /Users/admin/builder/spi-builder-workspace/.derivedData/Build/Intermediates.noindex/AppRuntimeKit.build/Debug-watchos/AppRuntimeKit.build/Objects-normal/armv7k/AppRuntimeKit-Swift.h -o /Users/admin/builder/spi-builder-workspace/.derivedData/Build/Intermediates.noindex/GeneratedModuleMaps-watchos/AppRuntimeKit-Swift.h
Copy /Users/admin/builder/spi-builder-workspace/.derivedData/Build/Products/Debug-watchos/AppRuntimeKit.swiftmodule/Project/armv7k-apple-watchos.swiftsourceinfo /Users/admin/builder/spi-builder-workspace/.derivedData/Build/Intermediates.noindex/AppRuntimeKit.build/Debug-watchos/AppRuntimeKit.build/Objects-normal/armv7k/AppRuntimeKit.swiftsourceinfo (in target 'AppRuntimeKit' from project 'AppRuntimeKit')
cd /Users/admin/builder/spi-builder-workspace
builtin-copy -exclude .DS_Store -exclude CVS -exclude .svn -exclude .git -exclude .hg -resolve-src-symlinks -rename /Users/admin/builder/spi-builder-workspace/.derivedData/Build/Intermediates.noindex/AppRuntimeKit.build/Debug-watchos/AppRuntimeKit.build/Objects-normal/armv7k/AppRuntimeKit.swiftsourceinfo /Users/admin/builder/spi-builder-workspace/.derivedData/Build/Products/Debug-watchos/AppRuntimeKit.swiftmodule/Project/armv7k-apple-watchos.swiftsourceinfo
Copy /Users/admin/builder/spi-builder-workspace/.derivedData/Build/Products/Debug-watchos/AppRuntimeKit.swiftmodule/arm64-apple-watchos.swiftmodule /Users/admin/builder/spi-builder-workspace/.derivedData/Build/Intermediates.noindex/AppRuntimeKit.build/Debug-watchos/AppRuntimeKit.build/Objects-normal/arm64/AppRuntimeKit.swiftmodule (in target 'AppRuntimeKit' from project 'AppRuntimeKit')
cd /Users/admin/builder/spi-builder-workspace
builtin-copy -exclude .DS_Store -exclude CVS -exclude .svn -exclude .git -exclude .hg -resolve-src-symlinks -rename /Users/admin/builder/spi-builder-workspace/.derivedData/Build/Intermediates.noindex/AppRuntimeKit.build/Debug-watchos/AppRuntimeKit.build/Objects-normal/arm64/AppRuntimeKit.swiftmodule /Users/admin/builder/spi-builder-workspace/.derivedData/Build/Products/Debug-watchos/AppRuntimeKit.swiftmodule/arm64-apple-watchos.swiftmodule
Copy /Users/admin/builder/spi-builder-workspace/.derivedData/Build/Products/Debug-watchos/AppRuntimeKit.swiftmodule/arm64-apple-watchos.swiftdoc /Users/admin/builder/spi-builder-workspace/.derivedData/Build/Intermediates.noindex/AppRuntimeKit.build/Debug-watchos/AppRuntimeKit.build/Objects-normal/arm64/AppRuntimeKit.swiftdoc (in target 'AppRuntimeKit' from project 'AppRuntimeKit')
cd /Users/admin/builder/spi-builder-workspace
builtin-copy -exclude .DS_Store -exclude CVS -exclude .svn -exclude .git -exclude .hg -resolve-src-symlinks -rename /Users/admin/builder/spi-builder-workspace/.derivedData/Build/Intermediates.noindex/AppRuntimeKit.build/Debug-watchos/AppRuntimeKit.build/Objects-normal/arm64/AppRuntimeKit.swiftdoc /Users/admin/builder/spi-builder-workspace/.derivedData/Build/Products/Debug-watchos/AppRuntimeKit.swiftmodule/arm64-apple-watchos.swiftdoc
Copy /Users/admin/builder/spi-builder-workspace/.derivedData/Build/Products/Debug-watchos/AppRuntimeKit.swiftmodule/arm64-apple-watchos.abi.json /Users/admin/builder/spi-builder-workspace/.derivedData/Build/Intermediates.noindex/AppRuntimeKit.build/Debug-watchos/AppRuntimeKit.build/Objects-normal/arm64/AppRuntimeKit.abi.json (in target 'AppRuntimeKit' from project 'AppRuntimeKit')
cd /Users/admin/builder/spi-builder-workspace
builtin-copy -exclude .DS_Store -exclude CVS -exclude .svn -exclude .git -exclude .hg -resolve-src-symlinks -rename /Users/admin/builder/spi-builder-workspace/.derivedData/Build/Intermediates.noindex/AppRuntimeKit.build/Debug-watchos/AppRuntimeKit.build/Objects-normal/arm64/AppRuntimeKit.abi.json /Users/admin/builder/spi-builder-workspace/.derivedData/Build/Products/Debug-watchos/AppRuntimeKit.swiftmodule/arm64-apple-watchos.abi.json
Copy /Users/admin/builder/spi-builder-workspace/.derivedData/Build/Products/Debug-watchos/AppRuntimeKit.swiftmodule/Project/arm64_32-apple-watchos.swiftsourceinfo /Users/admin/builder/spi-builder-workspace/.derivedData/Build/Intermediates.noindex/AppRuntimeKit.build/Debug-watchos/AppRuntimeKit.build/Objects-normal/arm64_32/AppRuntimeKit.swiftsourceinfo (in target 'AppRuntimeKit' from project 'AppRuntimeKit')
cd /Users/admin/builder/spi-builder-workspace
builtin-copy -exclude .DS_Store -exclude CVS -exclude .svn -exclude .git -exclude .hg -resolve-src-symlinks -rename /Users/admin/builder/spi-builder-workspace/.derivedData/Build/Intermediates.noindex/AppRuntimeKit.build/Debug-watchos/AppRuntimeKit.build/Objects-normal/arm64_32/AppRuntimeKit.swiftsourceinfo /Users/admin/builder/spi-builder-workspace/.derivedData/Build/Products/Debug-watchos/AppRuntimeKit.swiftmodule/Project/arm64_32-apple-watchos.swiftsourceinfo
Copy /Users/admin/builder/spi-builder-workspace/.derivedData/Build/Products/Debug-watchos/AppRuntimeKit.swiftmodule/Project/arm64-apple-watchos.swiftsourceinfo /Users/admin/builder/spi-builder-workspace/.derivedData/Build/Intermediates.noindex/AppRuntimeKit.build/Debug-watchos/AppRuntimeKit.build/Objects-normal/arm64/AppRuntimeKit.swiftsourceinfo (in target 'AppRuntimeKit' from project 'AppRuntimeKit')
cd /Users/admin/builder/spi-builder-workspace
builtin-copy -exclude .DS_Store -exclude CVS -exclude .svn -exclude .git -exclude .hg -resolve-src-symlinks -rename /Users/admin/builder/spi-builder-workspace/.derivedData/Build/Intermediates.noindex/AppRuntimeKit.build/Debug-watchos/AppRuntimeKit.build/Objects-normal/arm64/AppRuntimeKit.swiftsourceinfo /Users/admin/builder/spi-builder-workspace/.derivedData/Build/Products/Debug-watchos/AppRuntimeKit.swiftmodule/Project/arm64-apple-watchos.swiftsourceinfo
SwiftCompile normal armv7k Compiling\ ApplicationTerminationMode.swift /Users/admin/builder/spi-builder-workspace/Sources/AppRuntimeKit/Runtime/ApplicationTerminationMode.swift (in target 'AppRuntimeKit' from project 'AppRuntimeKit')
SwiftCompile normal armv7k /Users/admin/builder/spi-builder-workspace/Sources/AppRuntimeKit/Runtime/ApplicationTerminationMode.swift (in target 'AppRuntimeKit' from project 'AppRuntimeKit')
cd /Users/admin/builder/spi-builder-workspace/.swiftpm/xcode
SwiftCompile normal arm64 Compiling\ ApplicationOpeningError.swift /Users/admin/builder/spi-builder-workspace/Sources/AppRuntimeKit/Runtime/ApplicationOpeningError.swift (in target 'AppRuntimeKit' from project 'AppRuntimeKit')
SwiftCompile normal arm64 /Users/admin/builder/spi-builder-workspace/Sources/AppRuntimeKit/Runtime/ApplicationOpeningError.swift (in target 'AppRuntimeKit' from project 'AppRuntimeKit')
cd /Users/admin/builder/spi-builder-workspace/.swiftpm/xcode
SwiftCompile normal arm64 Compiling\ ApplicationRuntimeRequestError.swift /Users/admin/builder/spi-builder-workspace/Sources/AppRuntimeKit/Runtime/ApplicationRuntimeRequestError.swift (in target 'AppRuntimeKit' from project 'AppRuntimeKit')
SwiftCompile normal arm64 /Users/admin/builder/spi-builder-workspace/Sources/AppRuntimeKit/Runtime/ApplicationRuntimeRequestError.swift (in target 'AppRuntimeKit' from project 'AppRuntimeKit')
cd /Users/admin/builder/spi-builder-workspace/.swiftpm/xcode
SwiftCompile normal arm64 Compiling\ ApplicationRequestResult.swift /Users/admin/builder/spi-builder-workspace/Sources/AppRuntimeKit/Runtime/ApplicationRequestResult.swift (in target 'AppRuntimeKit' from project 'AppRuntimeKit')
SwiftCompile normal arm64 /Users/admin/builder/spi-builder-workspace/Sources/AppRuntimeKit/Runtime/ApplicationRequestResult.swift (in target 'AppRuntimeKit' from project 'AppRuntimeKit')
cd /Users/admin/builder/spi-builder-workspace/.swiftpm/xcode
SwiftDriverJobDiscovery normal arm64_32 Compiling ApplicationOpeningError.swift (in target 'AppRuntimeKit' from project 'AppRuntimeKit')
SwiftCompile normal armv7k Compiling\ ApplicationRuntimeRequestError.swift /Users/admin/builder/spi-builder-workspace/Sources/AppRuntimeKit/Runtime/ApplicationRuntimeRequestError.swift (in target 'AppRuntimeKit' from project 'AppRuntimeKit')
SwiftCompile normal armv7k /Users/admin/builder/spi-builder-workspace/Sources/AppRuntimeKit/Runtime/ApplicationRuntimeRequestError.swift (in target 'AppRuntimeKit' from project 'AppRuntimeKit')
cd /Users/admin/builder/spi-builder-workspace/.swiftpm/xcode
SwiftDriverJobDiscovery normal armv7k Compiling ApplicationTerminationMode.swift (in target 'AppRuntimeKit' from project 'AppRuntimeKit')
SwiftCompile normal arm64 Compiling\ ApplicationRuntimeEvent.swift /Users/admin/builder/spi-builder-workspace/Sources/AppRuntimeKit/Runtime/ApplicationRuntimeEvent.swift (in target 'AppRuntimeKit' from project 'AppRuntimeKit')
SwiftCompile normal arm64 /Users/admin/builder/spi-builder-workspace/Sources/AppRuntimeKit/Runtime/ApplicationRuntimeEvent.swift (in target 'AppRuntimeKit' from project 'AppRuntimeKit')
cd /Users/admin/builder/spi-builder-workspace/.swiftpm/xcode
SwiftDriverJobDiscovery normal arm64 Compiling ApplicationRequestResult.swift (in target 'AppRuntimeKit' from project 'AppRuntimeKit')
SwiftCompile normal arm64 Compiling\ ApplicationTerminationMode.swift /Users/admin/builder/spi-builder-workspace/Sources/AppRuntimeKit/Runtime/ApplicationTerminationMode.swift (in target 'AppRuntimeKit' from project 'AppRuntimeKit')
SwiftCompile normal arm64 /Users/admin/builder/spi-builder-workspace/Sources/AppRuntimeKit/Runtime/ApplicationTerminationMode.swift (in target 'AppRuntimeKit' from project 'AppRuntimeKit')
cd /Users/admin/builder/spi-builder-workspace/.swiftpm/xcode
SwiftDriverJobDiscovery normal armv7k Compiling ApplicationRequestResult.swift (in target 'AppRuntimeKit' from project 'AppRuntimeKit')
SwiftCompile normal armv7k Compiling\ ApplicationRuntimeEvent.swift /Users/admin/builder/spi-builder-workspace/Sources/AppRuntimeKit/Runtime/ApplicationRuntimeEvent.swift (in target 'AppRuntimeKit' from project 'AppRuntimeKit')
SwiftCompile normal armv7k /Users/admin/builder/spi-builder-workspace/Sources/AppRuntimeKit/Runtime/ApplicationRuntimeEvent.swift (in target 'AppRuntimeKit' from project 'AppRuntimeKit')
cd /Users/admin/builder/spi-builder-workspace/.swiftpm/xcode
SwiftDriverJobDiscovery normal armv7k Compiling ApplicationOpeningError.swift (in target 'AppRuntimeKit' from project 'AppRuntimeKit')
SwiftDriverJobDiscovery normal arm64_32 Compiling ApplicationRequestResult.swift (in target 'AppRuntimeKit' from project 'AppRuntimeKit')
SwiftDriver AppRuntimeKitAppKit normal armv7k com.apple.xcode.tools.swift.compiler (in target 'AppRuntimeKitAppKit' from project 'AppRuntimeKit')
cd /Users/admin/builder/spi-builder-workspace/.swiftpm/xcode
builtin-SwiftDriver -- /Applications/Xcode-16.3.0.app/Contents/Developer/Toolchains/XcodeDefault.xctoolchain/usr/bin/swiftc -module-name AppRuntimeKitAppKit -Onone -enforce-exclusivity\=checked @/Users/admin/builder/spi-builder-workspace/.derivedData/Build/Intermediates.noindex/AppRuntimeKit.build/Debug-watchos/AppRuntimeKitAppKit.build/Objects-normal/armv7k/AppRuntimeKitAppKit.SwiftFileList -DSWIFT_PACKAGE -DDEBUG -stats-output-dir .stats -plugin-path /Applications/Xcode-16.3.0.app/Contents/Developer/Toolchains/XcodeDefault.xctoolchain/usr/lib/swift/host/plugins/testing -enable-experimental-feature DebugDescriptionMacro -sdk /Applications/Xcode-16.3.0.app/Contents/Developer/Platforms/WatchOS.platform/Developer/SDKs/WatchOS11.4.sdk -target armv7k-apple-watchos5.0 -g -module-cache-path /Users/admin/builder/spi-builder-workspace/.derivedData/ModuleCache.noindex -Xfrontend -serialize-debugging-options -profile-coverage-mapping -profile-generate -enable-testing -index-store-path /Users/admin/builder/spi-builder-workspace/.derivedData/Index.noindex/DataStore -swift-version 6 -I /Users/admin/builder/spi-builder-workspace/.derivedData/Build/Products/Debug-watchos -I /Applications/Xcode-16.3.0.app/Contents/Developer/Platforms/WatchOS.platform/Developer/usr/lib -F /Users/admin/builder/spi-builder-workspace/.derivedData/Build/Products/Debug-watchos/PackageFrameworks -F /Users/admin/builder/spi-builder-workspace/.derivedData/Build/Products/Debug-watchos -F /Applications/Xcode-16.3.0.app/Contents/Developer/Platforms/WatchOS.platform/Developer/Library/Frameworks -F /Applications/Xcode-16.3.0.app/Contents/Developer/Platforms/WatchOS.platform/Developer/SDKs/WatchOS11.4.sdk/Developer/Library/Frameworks -c -j10 -enable-batch-mode -incremental -Xcc -ivfsstatcache -Xcc /Users/admin/builder/spi-builder-workspace/.derivedData/SDKStatCaches.noindex/watchos11.4-22T246-43efb940ff07ba2497b70ec94253f576.sdkstatcache -output-file-map /Users/admin/builder/spi-builder-workspace/.derivedData/Build/Intermediates.noindex/AppRuntimeKit.build/Debug-watchos/AppRuntimeKitAppKit.build/Objects-normal/armv7k/AppRuntimeKitAppKit-OutputFileMap.json -use-frontend-parseable-output -save-temps -no-color-diagnostics -serialize-diagnostics -emit-dependencies -emit-module -emit-module-path /Users/admin/builder/spi-builder-workspace/.derivedData/Build/Intermediates.noindex/AppRuntimeKit.build/Debug-watchos/AppRuntimeKitAppKit.build/Objects-normal/armv7k/AppRuntimeKitAppKit.swiftmodule -validate-clang-modules-once -clang-build-session-file /Users/admin/builder/spi-builder-workspace/.derivedData/ModuleCache.noindex/Session.modulevalidation -package-name spi_builder_workspace -Xcc -I/Users/admin/builder/spi-builder-workspace/.derivedData/Build/Intermediates.noindex/AppRuntimeKit.build/Debug-watchos/AppRuntimeKitAppKit.build/swift-overrides.hmap -emit-const-values -Xfrontend -const-gather-protocols-file -Xfrontend /Users/admin/builder/spi-builder-workspace/.derivedData/Build/Intermediates.noindex/AppRuntimeKit.build/Debug-watchos/AppRuntimeKitAppKit.build/Objects-normal/armv7k/AppRuntimeKitAppKit_const_extract_protocols.json -Xcc -I/Users/admin/builder/spi-builder-workspace/.derivedData/Build/Products/Debug-watchos/include -Xcc -I/Users/admin/builder/spi-builder-workspace/.derivedData/Build/Intermediates.noindex/AppRuntimeKit.build/Debug-watchos/AppRuntimeKitAppKit.build/DerivedSources-normal/armv7k -Xcc -I/Users/admin/builder/spi-builder-workspace/.derivedData/Build/Intermediates.noindex/AppRuntimeKit.build/Debug-watchos/AppRuntimeKitAppKit.build/DerivedSources/armv7k -Xcc -I/Users/admin/builder/spi-builder-workspace/.derivedData/Build/Intermediates.noindex/AppRuntimeKit.build/Debug-watchos/AppRuntimeKitAppKit.build/DerivedSources -Xcc -DSWIFT_PACKAGE -Xcc -DDEBUG\=1 -emit-objc-header -emit-objc-header-path /Users/admin/builder/spi-builder-workspace/.derivedData/Build/Intermediates.noindex/AppRuntimeKit.build/Debug-watchos/AppRuntimeKitAppKit.build/Objects-normal/armv7k/AppRuntimeKitAppKit-Swift.h -working-directory /Users/admin/builder/spi-builder-workspace/.swiftpm/xcode -experimental-emit-module-separately -disable-cmo
SwiftDriver AppRuntimeKitAppKit normal arm64 com.apple.xcode.tools.swift.compiler (in target 'AppRuntimeKitAppKit' from project 'AppRuntimeKit')
cd /Users/admin/builder/spi-builder-workspace/.swiftpm/xcode
builtin-SwiftDriver -- /Applications/Xcode-16.3.0.app/Contents/Developer/Toolchains/XcodeDefault.xctoolchain/usr/bin/swiftc -module-name AppRuntimeKitAppKit -Onone -enforce-exclusivity\=checked @/Users/admin/builder/spi-builder-workspace/.derivedData/Build/Intermediates.noindex/AppRuntimeKit.build/Debug-watchos/AppRuntimeKitAppKit.build/Objects-normal/arm64/AppRuntimeKitAppKit.SwiftFileList -DSWIFT_PACKAGE -DDEBUG -stats-output-dir .stats -plugin-path /Applications/Xcode-16.3.0.app/Contents/Developer/Toolchains/XcodeDefault.xctoolchain/usr/lib/swift/host/plugins/testing -enable-experimental-feature DebugDescriptionMacro -sdk /Applications/Xcode-16.3.0.app/Contents/Developer/Platforms/WatchOS.platform/Developer/SDKs/WatchOS11.4.sdk -target arm64-apple-watchos5.0 -g -module-cache-path /Users/admin/builder/spi-builder-workspace/.derivedData/ModuleCache.noindex -Xfrontend -serialize-debugging-options -profile-coverage-mapping -profile-generate -enable-testing -index-store-path /Users/admin/builder/spi-builder-workspace/.derivedData/Index.noindex/DataStore -swift-version 6 -I /Users/admin/builder/spi-builder-workspace/.derivedData/Build/Products/Debug-watchos -I /Applications/Xcode-16.3.0.app/Contents/Developer/Platforms/WatchOS.platform/Developer/usr/lib -F /Users/admin/builder/spi-builder-workspace/.derivedData/Build/Products/Debug-watchos/PackageFrameworks -F /Users/admin/builder/spi-builder-workspace/.derivedData/Build/Products/Debug-watchos -F /Applications/Xcode-16.3.0.app/Contents/Developer/Platforms/WatchOS.platform/Developer/Library/Frameworks -F /Applications/Xcode-16.3.0.app/Contents/Developer/Platforms/WatchOS.platform/Developer/SDKs/WatchOS11.4.sdk/Developer/Library/Frameworks -c -j10 -enable-batch-mode -incremental -Xcc -ivfsstatcache -Xcc /Users/admin/builder/spi-builder-workspace/.derivedData/SDKStatCaches.noindex/watchos11.4-22T246-43efb940ff07ba2497b70ec94253f576.sdkstatcache -output-file-map /Users/admin/builder/spi-builder-workspace/.derivedData/Build/Intermediates.noindex/AppRuntimeKit.build/Debug-watchos/AppRuntimeKitAppKit.build/Objects-normal/arm64/AppRuntimeKitAppKit-OutputFileMap.json -use-frontend-parseable-output -save-temps -no-color-diagnostics -serialize-diagnostics -emit-dependencies -emit-module -emit-module-path /Users/admin/builder/spi-builder-workspace/.derivedData/Build/Intermediates.noindex/AppRuntimeKit.build/Debug-watchos/AppRuntimeKitAppKit.build/Objects-normal/arm64/AppRuntimeKitAppKit.swiftmodule -validate-clang-modules-once -clang-build-session-file /Users/admin/builder/spi-builder-workspace/.derivedData/ModuleCache.noindex/Session.modulevalidation -package-name spi_builder_workspace -Xcc -I/Users/admin/builder/spi-builder-workspace/.derivedData/Build/Intermediates.noindex/AppRuntimeKit.build/Debug-watchos/AppRuntimeKitAppKit.build/swift-overrides.hmap -emit-const-values -Xfrontend -const-gather-protocols-file -Xfrontend /Users/admin/builder/spi-builder-workspace/.derivedData/Build/Intermediates.noindex/AppRuntimeKit.build/Debug-watchos/AppRuntimeKitAppKit.build/Objects-normal/arm64/AppRuntimeKitAppKit_const_extract_protocols.json -Xcc -I/Users/admin/builder/spi-builder-workspace/.derivedData/Build/Products/Debug-watchos/include -Xcc -I/Users/admin/builder/spi-builder-workspace/.derivedData/Build/Intermediates.noindex/AppRuntimeKit.build/Debug-watchos/AppRuntimeKitAppKit.build/DerivedSources-normal/arm64 -Xcc -I/Users/admin/builder/spi-builder-workspace/.derivedData/Build/Intermediates.noindex/AppRuntimeKit.build/Debug-watchos/AppRuntimeKitAppKit.build/DerivedSources/arm64 -Xcc -I/Users/admin/builder/spi-builder-workspace/.derivedData/Build/Intermediates.noindex/AppRuntimeKit.build/Debug-watchos/AppRuntimeKitAppKit.build/DerivedSources -Xcc -DSWIFT_PACKAGE -Xcc -DDEBUG\=1 -emit-objc-header -emit-objc-header-path /Users/admin/builder/spi-builder-workspace/.derivedData/Build/Intermediates.noindex/AppRuntimeKit.build/Debug-watchos/AppRuntimeKitAppKit.build/Objects-normal/arm64/AppRuntimeKitAppKit-Swift.h -working-directory /Users/admin/builder/spi-builder-workspace/.swiftpm/xcode -experimental-emit-module-separately -disable-cmo
SwiftDriverJobDiscovery normal arm64 Compiling ApplicationRuntimeRequestError.swift (in target 'AppRuntimeKit' from project 'AppRuntimeKit')
SwiftDriver AppRuntimeKitAppKit normal arm64_32 com.apple.xcode.tools.swift.compiler (in target 'AppRuntimeKitAppKit' from project 'AppRuntimeKit')
cd /Users/admin/builder/spi-builder-workspace/.swiftpm/xcode
builtin-SwiftDriver -- /Applications/Xcode-16.3.0.app/Contents/Developer/Toolchains/XcodeDefault.xctoolchain/usr/bin/swiftc -module-name AppRuntimeKitAppKit -Onone -enforce-exclusivity\=checked @/Users/admin/builder/spi-builder-workspace/.derivedData/Build/Intermediates.noindex/AppRuntimeKit.build/Debug-watchos/AppRuntimeKitAppKit.build/Objects-normal/arm64_32/AppRuntimeKitAppKit.SwiftFileList -DSWIFT_PACKAGE -DDEBUG -stats-output-dir .stats -plugin-path /Applications/Xcode-16.3.0.app/Contents/Developer/Toolchains/XcodeDefault.xctoolchain/usr/lib/swift/host/plugins/testing -enable-experimental-feature DebugDescriptionMacro -sdk /Applications/Xcode-16.3.0.app/Contents/Developer/Platforms/WatchOS.platform/Developer/SDKs/WatchOS11.4.sdk -target arm64_32-apple-watchos5.0 -g -module-cache-path /Users/admin/builder/spi-builder-workspace/.derivedData/ModuleCache.noindex -Xfrontend -serialize-debugging-options -profile-coverage-mapping -profile-generate -enable-testing -index-store-path /Users/admin/builder/spi-builder-workspace/.derivedData/Index.noindex/DataStore -swift-version 6 -I /Users/admin/builder/spi-builder-workspace/.derivedData/Build/Products/Debug-watchos -I /Applications/Xcode-16.3.0.app/Contents/Developer/Platforms/WatchOS.platform/Developer/usr/lib -F /Users/admin/builder/spi-builder-workspace/.derivedData/Build/Products/Debug-watchos/PackageFrameworks -F /Users/admin/builder/spi-builder-workspace/.derivedData/Build/Products/Debug-watchos -F /Applications/Xcode-16.3.0.app/Contents/Developer/Platforms/WatchOS.platform/Developer/Library/Frameworks -F /Applications/Xcode-16.3.0.app/Contents/Developer/Platforms/WatchOS.platform/Developer/SDKs/WatchOS11.4.sdk/Developer/Library/Frameworks -c -j10 -enable-batch-mode -incremental -Xcc -ivfsstatcache -Xcc /Users/admin/builder/spi-builder-workspace/.derivedData/SDKStatCaches.noindex/watchos11.4-22T246-43efb940ff07ba2497b70ec94253f576.sdkstatcache -output-file-map /Users/admin/builder/spi-builder-workspace/.derivedData/Build/Intermediates.noindex/AppRuntimeKit.build/Debug-watchos/AppRuntimeKitAppKit.build/Objects-normal/arm64_32/AppRuntimeKitAppKit-OutputFileMap.json -use-frontend-parseable-output -save-temps -no-color-diagnostics -serialize-diagnostics -emit-dependencies -emit-module -emit-module-path /Users/admin/builder/spi-builder-workspace/.derivedData/Build/Intermediates.noindex/AppRuntimeKit.build/Debug-watchos/AppRuntimeKitAppKit.build/Objects-normal/arm64_32/AppRuntimeKitAppKit.swiftmodule -validate-clang-modules-once -clang-build-session-file /Users/admin/builder/spi-builder-workspace/.derivedData/ModuleCache.noindex/Session.modulevalidation -package-name spi_builder_workspace -Xcc -I/Users/admin/builder/spi-builder-workspace/.derivedData/Build/Intermediates.noindex/AppRuntimeKit.build/Debug-watchos/AppRuntimeKitAppKit.build/swift-overrides.hmap -emit-const-values -Xfrontend -const-gather-protocols-file -Xfrontend /Users/admin/builder/spi-builder-workspace/.derivedData/Build/Intermediates.noindex/AppRuntimeKit.build/Debug-watchos/AppRuntimeKitAppKit.build/Objects-normal/arm64_32/AppRuntimeKitAppKit_const_extract_protocols.json -Xcc -I/Users/admin/builder/spi-builder-workspace/.derivedData/Build/Products/Debug-watchos/include -Xcc -I/Users/admin/builder/spi-builder-workspace/.derivedData/Build/Intermediates.noindex/AppRuntimeKit.build/Debug-watchos/AppRuntimeKitAppKit.build/DerivedSources-normal/arm64_32 -Xcc -I/Users/admin/builder/spi-builder-workspace/.derivedData/Build/Intermediates.noindex/AppRuntimeKit.build/Debug-watchos/AppRuntimeKitAppKit.build/DerivedSources/arm64_32 -Xcc -I/Users/admin/builder/spi-builder-workspace/.derivedData/Build/Intermediates.noindex/AppRuntimeKit.build/Debug-watchos/AppRuntimeKitAppKit.build/DerivedSources -Xcc -DSWIFT_PACKAGE -Xcc -DDEBUG\=1 -emit-objc-header -emit-objc-header-path /Users/admin/builder/spi-builder-workspace/.derivedData/Build/Intermediates.noindex/AppRuntimeKit.build/Debug-watchos/AppRuntimeKitAppKit.build/Objects-normal/arm64_32/AppRuntimeKitAppKit-Swift.h -working-directory /Users/admin/builder/spi-builder-workspace/.swiftpm/xcode -experimental-emit-module-separately -disable-cmo
SwiftDriverJobDiscovery normal arm64 Compiling ApplicationOpeningError.swift (in target 'AppRuntimeKit' from project 'AppRuntimeKit')
SwiftEmitModule normal armv7k Emitting\ module\ for\ AppRuntimeKitAppKit (in target 'AppRuntimeKitAppKit' from project 'AppRuntimeKit')
EmitSwiftModule normal armv7k (in target 'AppRuntimeKitAppKit' from project 'AppRuntimeKit')
cd /Users/admin/builder/spi-builder-workspace/.swiftpm/xcode
SwiftCompile normal armv7k Compiling\ ApplicationDuplicateActivationCoordinator.swift,\ ApplicationDuplicateActivationCoordinatorDependencies.swift /Users/admin/builder/spi-builder-workspace/Sources/AppRuntimeKitAppKit/DuplicateActivation/ApplicationDuplicateActivationCoordinator.swift /Users/admin/builder/spi-builder-workspace/Sources/AppRuntimeKitAppKit/DuplicateActivation/ApplicationDuplicateActivationCoordinatorDependencies.swift (in target 'AppRuntimeKitAppKit' from project 'AppRuntimeKit')
SwiftCompile normal armv7k /Users/admin/builder/spi-builder-workspace/Sources/AppRuntimeKitAppKit/DuplicateActivation/ApplicationDuplicateActivationCoordinator.swift (in target 'AppRuntimeKitAppKit' from project 'AppRuntimeKit')
cd /Users/admin/builder/spi-builder-workspace/.swiftpm/xcode
SwiftCompile normal armv7k /Users/admin/builder/spi-builder-workspace/Sources/AppRuntimeKitAppKit/DuplicateActivation/ApplicationDuplicateActivationCoordinatorDependencies.swift (in target 'AppRuntimeKitAppKit' from project 'AppRuntimeKit')
cd /Users/admin/builder/spi-builder-workspace/.swiftpm/xcode
SwiftEmitModule normal arm64 Emitting\ module\ for\ AppRuntimeKitAppKit (in target 'AppRuntimeKitAppKit' from project 'AppRuntimeKit')
EmitSwiftModule normal arm64 (in target 'AppRuntimeKitAppKit' from project 'AppRuntimeKit')
cd /Users/admin/builder/spi-builder-workspace/.swiftpm/xcode
SwiftEmitModule normal arm64_32 Emitting\ module\ for\ AppRuntimeKitAppKit (in target 'AppRuntimeKitAppKit' from project 'AppRuntimeKit')
EmitSwiftModule normal arm64_32 (in target 'AppRuntimeKitAppKit' from project 'AppRuntimeKit')
cd /Users/admin/builder/spi-builder-workspace/.swiftpm/xcode
SwiftDriverJobDiscovery normal armv7k Compiling ApplicationRuntimeRequestError.swift (in target 'AppRuntimeKit' from project 'AppRuntimeKit')
SwiftCompile normal armv7k Compiling\ ApplicationRuntimeDependencies.swift /Users/admin/builder/spi-builder-workspace/Sources/AppRuntimeKitAppKit/Runtime/ApplicationRuntimeDependencies.swift (in target 'AppRuntimeKitAppKit' from project 'AppRuntimeKit')
SwiftCompile normal armv7k /Users/admin/builder/spi-builder-workspace/Sources/AppRuntimeKitAppKit/Runtime/ApplicationRuntimeDependencies.swift (in target 'AppRuntimeKitAppKit' from project 'AppRuntimeKit')
cd /Users/admin/builder/spi-builder-workspace/.swiftpm/xcode
SwiftDriverJobDiscovery normal arm64 Compiling ApplicationTerminationMode.swift (in target 'AppRuntimeKit' from project 'AppRuntimeKit')
SwiftCompile normal arm64_32 Compiling\ ApplicationRuntime.swift /Users/admin/builder/spi-builder-workspace/Sources/AppRuntimeKitAppKit/Runtime/ApplicationRuntime.swift (in target 'AppRuntimeKitAppKit' from project 'AppRuntimeKit')
SwiftCompile normal arm64_32 /Users/admin/builder/spi-builder-workspace/Sources/AppRuntimeKitAppKit/Runtime/ApplicationRuntime.swift (in target 'AppRuntimeKitAppKit' from project 'AppRuntimeKit')
cd /Users/admin/builder/spi-builder-workspace/.swiftpm/xcode
SwiftDriverJobDiscovery normal arm64 Compiling ApplicationRuntimeEvent.swift (in target 'AppRuntimeKit' from project 'AppRuntimeKit')
SwiftCompile normal arm64 Compiling\ ApplicationRuntimeDependencies.swift /Users/admin/builder/spi-builder-workspace/Sources/AppRuntimeKitAppKit/Runtime/ApplicationRuntimeDependencies.swift (in target 'AppRuntimeKitAppKit' from project 'AppRuntimeKit')
SwiftCompile normal arm64 /Users/admin/builder/spi-builder-workspace/Sources/AppRuntimeKitAppKit/Runtime/ApplicationRuntimeDependencies.swift (in target 'AppRuntimeKitAppKit' from project 'AppRuntimeKit')
cd /Users/admin/builder/spi-builder-workspace/.swiftpm/xcode
SwiftDriverJobDiscovery normal armv7k Compiling ApplicationRuntimeEvent.swift (in target 'AppRuntimeKit' from project 'AppRuntimeKit')
SwiftCompile normal arm64 Compiling\ ApplicationRuntimeRunningApplication.swift /Users/admin/builder/spi-builder-workspace/Sources/AppRuntimeKitAppKit/Runtime/ApplicationRuntimeRunningApplication.swift (in target 'AppRuntimeKitAppKit' from project 'AppRuntimeKit')
SwiftCompile normal arm64 /Users/admin/builder/spi-builder-workspace/Sources/AppRuntimeKitAppKit/Runtime/ApplicationRuntimeRunningApplication.swift (in target 'AppRuntimeKitAppKit' from project 'AppRuntimeKit')
cd /Users/admin/builder/spi-builder-workspace/.swiftpm/xcode
SwiftDriverJobDiscovery normal armv7k Compiling ApplicationProcessSnapshot.swift (in target 'AppRuntimeKit' from project 'AppRuntimeKit')
SwiftCompile normal arm64 Compiling\ ApplicationRuntime.swift /Users/admin/builder/spi-builder-workspace/Sources/AppRuntimeKitAppKit/Runtime/ApplicationRuntime.swift (in target 'AppRuntimeKitAppKit' from project 'AppRuntimeKit')
Failed frontend command:
/Applications/Xcode-16.3.0.app/Contents/Developer/Toolchains/XcodeDefault.xctoolchain/usr/bin/swift-frontend -frontend -c /Users/admin/builder/spi-builder-workspace/Sources/AppRuntimeKitAppKit/Application/ApplicationBundleIdentifierInput.swift /Users/admin/builder/spi-builder-workspace/Sources/AppRuntimeKitAppKit/Application/ApplicationProcessSnapshot+AppKit.swift /Users/admin/builder/spi-builder-workspace/Sources/AppRuntimeKitAppKit/DuplicateActivation/ApplicationDuplicateActivationCoordinator.swift /Users/admin/builder/spi-builder-workspace/Sources/AppRuntimeKitAppKit/DuplicateActivation/ApplicationDuplicateActivationCoordinatorDependencies.swift /Users/admin/builder/spi-builder-workspace/Sources/AppRuntimeKitAppKit/Runtime/ApplicationProcessSnapshot+RunningApplication.swift /Users/admin/builder/spi-builder-workspace/Sources/AppRuntimeKitAppKit/Runtime/ApplicationRuntime+Activation.swift /Users/admin/builder/spi-builder-workspace/Sources/AppRuntimeKitAppKit/Runtime/ApplicationRuntime+Events.swift /Users/admin/builder/spi-builder-workspace/Sources/AppRuntimeKitAppKit/Runtime/ApplicationRuntime+Lookup.swift /Users/admin/builder/spi-builder-workspace/Sources/AppRuntimeKitAppKit/Runtime/ApplicationRuntime+Opening.swift /Users/admin/builder/spi-builder-workspace/Sources/AppRuntimeKitAppKit/Runtime/ApplicationRuntime+Queries.swift /Users/admin/builder/spi-builder-workspace/Sources/AppRuntimeKitAppKit/Runtime/ApplicationRuntime+Termination.swift -primary-file /Users/admin/builder/spi-builder-workspace/Sources/AppRuntimeKitAppKit/Runtime/ApplicationRuntime.swift /Users/admin/builder/spi-builder-workspace/Sources/AppRuntimeKitAppKit/Runtime/ApplicationRuntimeDependencies.swift /Users/admin/builder/spi-builder-workspace/Sources/AppRuntimeKitAppKit/Runtime/ApplicationRuntimeEventSource.swift /Users/admin/builder/spi-builder-workspace/Sources/AppRuntimeKitAppKit/Runtime/ApplicationRuntimeRunningApplication.swift -emit-dependencies-path /Users/admin/builder/spi-builder-workspace/.derivedData/Build/Intermediates.noindex/AppRuntimeKit.build/Debug-watchos/AppRuntimeKitAppKit.build/Objects-normal/arm64/ApplicationRuntime.d -emit-const-values-path /Users/admin/builder/spi-builder-workspace/.derivedData/Build/Intermediates.noindex/AppRuntimeKit.build/Debug-watchos/AppRuntimeKitAppKit.build/Objects-normal/arm64/ApplicationRuntime.swiftconstvalues -emit-reference-dependencies-path /Users/admin/builder/spi-builder-workspace/.derivedData/Build/Intermediates.noindex/AppRuntimeKit.build/Debug-watchos/AppRuntimeKitAppKit.build/Objects-normal/arm64/ApplicationRuntime.swiftdeps -serialize-diagnostics-path /Users/admin/builder/spi-builder-workspace/.derivedData/Build/Intermediates.noindex/AppRuntimeKit.build/Debug-watchos/AppRuntimeKitAppKit.build/Objects-normal/arm64/ApplicationRuntime.dia -target arm64-apple-watchos5.0 -Xllvm -aarch64-use-tbi -enable-objc-interop -sdk /Applications/Xcode-16.3.0.app/Contents/Developer/Platforms/WatchOS.platform/Developer/SDKs/WatchOS11.4.sdk -I /Users/admin/builder/spi-builder-workspace/.derivedData/Build/Products/Debug-watchos -I /Applications/Xcode-16.3.0.app/Contents/Developer/Platforms/WatchOS.platform/Developer/usr/lib -F /Users/admin/builder/spi-builder-workspace/.derivedData/Build/Products/Debug-watchos/PackageFrameworks -F /Users/admin/builder/spi-builder-workspace/.derivedData/Build/Products/Debug-watchos -F /Applications/Xcode-16.3.0.app/Contents/Developer/Platforms/WatchOS.platform/Developer/Library/Frameworks -F /Applications/Xcode-16.3.0.app/Contents/Developer/Platforms/WatchOS.platform/Developer/SDKs/WatchOS11.4.sdk/Developer/Library/Frameworks -no-color-diagnostics -enable-testing -g -debug-info-format\=dwarf -dwarf-version\=4 -module-cache-path /Users/admin/builder/spi-builder-workspace/.derivedData/ModuleCache.noindex -profile-generate -profile-coverage-mapping -swift-version 6 -enforce-exclusivity\=checked -stats-output-dir /Users/admin/builder/spi-builder-workspace/.swiftpm/xcode/.stats -Onone -D SWIFT_PACKAGE -D DEBUG -serialize-debugging-options -const-gather-protocols-file /Users/admin/builder/spi-builder-workspace/.derivedData/Build/Intermediates.noindex/AppRuntimeKit.build/Debug-watchos/AppRuntimeKitAppKit.build/Objects-normal/arm64/AppRuntimeKitAppKit_const_extract_protocols.json -enable-experimental-feature DebugDescriptionMacro -empty-abi-descriptor -plugin-path /Applications/Xcode-16.3.0.app/Contents/Developer/Toolchains/XcodeDefault.xctoolchain/usr/lib/swift/host/plugins/testing -validate-clang-modules-once -clang-build-session-file /Users/admin/builder/spi-builder-workspace/.derivedData/ModuleCache.noindex/Session.modulevalidation -Xcc -working-directory -Xcc /Users/admin/builder/spi-builder-workspace/.swiftpm/xcode -resource-dir /Applications/Xcode-16.3.0.app/Contents/Developer/Toolchains/XcodeDefault.xctoolchain/usr/lib/swift -enable-anonymous-context-mangled-names -file-compilation-dir /Users/admin/builder/spi-builder-workspace/.swiftpm/xcode -Xcc -ivfsstatcache -Xcc /Users/admin/builder/spi-builder-workspace/.derivedData/SDKStatCaches.noindex/watchos11.4-22T246-43efb940ff07ba2497b70ec94253f576.sdkstatcache -Xcc -I/Users/admin/builder/spi-builder-workspace/.derivedData/Build/Intermediates.noindex/AppRuntimeKit.build/Debug-watchos/AppRuntimeKitAppKit.build/swift-overrides.hmap -Xcc -I/Users/admin/builder/spi-builder-workspace/.derivedData/Build/Products/Debug-watchos/include -Xcc -I/Users/admin/builder/spi-builder-workspace/.derivedData/Build/Intermediates.noindex/AppRuntimeKit.build/Debug-watchos/AppRuntimeKitAppKit.build/DerivedSources-normal/arm64 -Xcc -I/Users/admin/builder/spi-builder-workspace/.derivedData/Build/Intermediates.noindex/AppRuntimeKit.build/Debug-watchos/AppRuntimeKitAppKit.build/DerivedSources/arm64 -Xcc -I/Users/admin/builder/spi-builder-workspace/.derivedData/Build/Intermediates.noindex/AppRuntimeKit.build/Debug-watchos/AppRuntimeKitAppKit.build/DerivedSources -Xcc -DSWIFT_PACKAGE -Xcc -DDEBUG\=1 -module-name AppRuntimeKitAppKit -package-name spi_builder_workspace -frontend-parseable-output -disable-clang-spi -target-sdk-version 11.4 -target-sdk-name watchos11.4 -external-plugin-path /Applications/Xcode-16.3.0.app/Contents/Developer/Platforms/WatchOS.platform/Developer/usr/lib/swift/host/plugins\#/Applications/Xcode-16.3.0.app/Contents/Developer/Platforms/WatchOS.platform/Developer/usr/bin/swift-plugin-server -external-plugin-path /Applications/Xcode-16.3.0.app/Contents/Developer/Platforms/WatchOS.platform/Developer/usr/local/lib/swift/host/plugins\#/Applications/Xcode-16.3.0.app/Contents/Developer/Platforms/WatchOS.platform/Developer/usr/bin/swift-plugin-server -in-process-plugin-server-path /Applications/Xcode-16.3.0.app/Contents/Developer/Toolchains/XcodeDefault.xctoolchain/usr/lib/swift/host/libSwiftInProcPluginServer.dylib -plugin-path /Applications/Xcode-16.3.0.app/Contents/Developer/Toolchains/XcodeDefault.xctoolchain/usr/lib/swift/host/plugins -plugin-path /Applications/Xcode-16.3.0.app/Contents/Developer/Toolchains/XcodeDefault.xctoolchain/usr/local/lib/swift/host/plugins -o /Users/admin/builder/spi-builder-workspace/.derivedData/Build/Intermediates.noindex/AppRuntimeKit.build/Debug-watchos/AppRuntimeKitAppKit.build/Objects-normal/arm64/ApplicationRuntime.o -index-unit-output-path /AppRuntimeKit.build/Debug-watchos/AppRuntimeKitAppKit.build/Objects-normal/arm64/ApplicationRuntime.o -index-store-path /Users/admin/builder/spi-builder-workspace/.derivedData/Index.noindex/DataStore -index-system-modules
SwiftCompile normal arm64 /Users/admin/builder/spi-builder-workspace/Sources/AppRuntimeKitAppKit/Runtime/ApplicationRuntime.swift (in target 'AppRuntimeKitAppKit' from project 'AppRuntimeKit')
cd /Users/admin/builder/spi-builder-workspace/.swiftpm/xcode
/Users/admin/builder/spi-builder-workspace/Sources/AppRuntimeKitAppKit/Application/ApplicationProcessSnapshot+AppKit.swift:1:8: error: no such module 'AppKit'
import AppKit
^
SwiftDriverJobDiscovery normal arm64 Compiling ApplicationProcessSnapshot.swift (in target 'AppRuntimeKit' from project 'AppRuntimeKit')
SwiftCompile normal arm64 Compiling\ ApplicationRuntime+Opening.swift,\ ApplicationRuntime+Queries.swift /Users/admin/builder/spi-builder-workspace/Sources/AppRuntimeKitAppKit/Runtime/ApplicationRuntime+Opening.swift /Users/admin/builder/spi-builder-workspace/Sources/AppRuntimeKitAppKit/Runtime/ApplicationRuntime+Queries.swift (in target 'AppRuntimeKitAppKit' from project 'AppRuntimeKit')
SwiftCompile normal arm64 /Users/admin/builder/spi-builder-workspace/Sources/AppRuntimeKitAppKit/Runtime/ApplicationRuntime+Opening.swift (in target 'AppRuntimeKitAppKit' from project 'AppRuntimeKit')
cd /Users/admin/builder/spi-builder-workspace/.swiftpm/xcode
SwiftCompile normal arm64 /Users/admin/builder/spi-builder-workspace/Sources/AppRuntimeKitAppKit/Runtime/ApplicationRuntime+Queries.swift (in target 'AppRuntimeKitAppKit' from project 'AppRuntimeKit')
cd /Users/admin/builder/spi-builder-workspace/.swiftpm/xcode
SwiftDriverJobDiscovery normal arm64_32 Compiling ApplicationProcessSnapshot.swift (in target 'AppRuntimeKit' from project 'AppRuntimeKit')
SwiftCompile normal armv7k Compiling\ ApplicationBundleIdentifierInput.swift,\ ApplicationProcessSnapshot+AppKit.swift /Users/admin/builder/spi-builder-workspace/Sources/AppRuntimeKitAppKit/Application/ApplicationBundleIdentifierInput.swift /Users/admin/builder/spi-builder-workspace/Sources/AppRuntimeKitAppKit/Application/ApplicationProcessSnapshot+AppKit.swift (in target 'AppRuntimeKitAppKit' from project 'AppRuntimeKit')
Command SwiftCompile failed with a nonzero exit code
** BUILD FAILED **
The following build commands failed:
SwiftCompile normal arm64 Compiling\ ApplicationRuntime.swift /Users/admin/builder/spi-builder-workspace/Sources/AppRuntimeKitAppKit/Runtime/ApplicationRuntime.swift (in target 'AppRuntimeKitAppKit' from project 'AppRuntimeKit')
SwiftCompile normal arm64 /Users/admin/builder/spi-builder-workspace/Sources/AppRuntimeKitAppKit/Runtime/ApplicationRuntime.swift (in target 'AppRuntimeKitAppKit' from project 'AppRuntimeKit')
SwiftCompile normal armv7k Compiling\ ApplicationBundleIdentifierInput.swift,\ ApplicationProcessSnapshot+AppKit.swift /Users/admin/builder/spi-builder-workspace/Sources/AppRuntimeKitAppKit/Application/ApplicationBundleIdentifierInput.swift /Users/admin/builder/spi-builder-workspace/Sources/AppRuntimeKitAppKit/Application/ApplicationProcessSnapshot+AppKit.swift (in target 'AppRuntimeKitAppKit' from project 'AppRuntimeKit')
Building workspace spi-builder-workspace with scheme AppRuntimeKit-Package
(4 failures)
Command line invocation:
/Applications/Xcode-16.3.0.app/Contents/Developer/usr/bin/xcodebuild -IDEClonedSourcePackagesDirPathOverride=/Users/admin/builder/spi-builder-workspace/.dependencies -resolvePackageDependencies
Resolve Package Graph
Resolved source packages:
AppRuntimeKit: /Users/admin/builder/spi-builder-workspace
resolved source packages: AppRuntimeKit
{
"dependencies" : [
],
"manifest_display_name" : "AppRuntimeKit",
"name" : "AppRuntimeKit",
"path" : "/Users/admin/builder/spi-builder-workspace",
"platforms" : [
{
"name" : "macos",
"version" : "14.0"
}
],
"products" : [
{
"name" : "AppRuntimeKit",
"targets" : [
"AppRuntimeKit"
],
"type" : {
"library" : [
"automatic"
]
}
},
{
"name" : "AppRuntimeKitAppKit",
"targets" : [
"AppRuntimeKitAppKit"
],
"type" : {
"library" : [
"automatic"
]
}
}
],
"targets" : [
{
"c99name" : "AppRuntimeKitTests",
"module_type" : "SwiftTarget",
"name" : "AppRuntimeKitTests",
"path" : "Tests/AppRuntimeKitTests",
"sources" : [
"AppRuntimeKitPublicAPITests.swift",
"Application/ApplicationProcessSnapshotTests.swift",
"Runtime/ApplicationRequestResultTests.swift",
"Runtime/ApplicationRuntimeEventTests.swift",
"Support/ApplicationProcessSnapshotTestSupport.swift",
"Support/ConformanceAssertions.swift"
],
"target_dependencies" : [
"AppRuntimeKit"
],
"type" : "test"
},
{
"c99name" : "AppRuntimeKitAppKitTests",
"module_type" : "SwiftTarget",
"name" : "AppRuntimeKitAppKitTests",
"path" : "Tests/AppRuntimeKitAppKitTests",
"sources" : [
"AppRuntimeKitAppKitPublicAPITests.swift",
"AppRuntimeKitAppKitSourceBoundaryTests.swift",
"Application/ApplicationBundleIdentifierInputTests.swift",
"DuplicateActivation/ApplicationDuplicateActivationCoordinatorTests.swift",
"Runtime/ApplicationRuntimeActivationTests.swift",
"Runtime/ApplicationRuntimeDependenciesTests.swift",
"Runtime/ApplicationRuntimeEventWaitTests.swift",
"Runtime/ApplicationRuntimeEventsTests.swift",
"Runtime/ApplicationRuntimeOpeningTests.swift",
"Runtime/ApplicationRuntimeOpeningValidationTests.swift",
"Runtime/ApplicationRuntimeQueryTests.swift",
"Runtime/ApplicationRuntimeTerminationTests.swift",
"Support/ApplicationDuplicateActivationTestSupport.swift",
"Support/ApplicationRuntimeEventSourceTestSupport.swift",
"Support/ApplicationRuntimeFactoryTestSupport.swift",
"Support/ApplicationRuntimeOpeningAssertions.swift",
"Support/ApplicationRuntimeOpeningFactories.swift",
"Support/ApplicationRuntimeOpeningRequestRecorders.swift",
"Support/ApplicationRuntimeOpeningTemporaryFixtures.swift",
"Support/ApplicationRuntimeRunningApplicationAssertions.swift",
"Support/ApplicationRuntimeSnapshotTestSupport.swift",
"Support/AsyncStreamTestSupport.swift",
"Support/ConformanceAssertions.swift",
"Support/FakeRuntimeRunningApplication.swift",
"Support/FakeRuntimeRunningApplicationAssertions.swift",
"Support/PackageFileTestSupport.swift"
],
"target_dependencies" : [
"AppRuntimeKit",
"AppRuntimeKitAppKit"
],
"type" : "test"
},
{
"c99name" : "AppRuntimeKitAppKit",
"module_type" : "SwiftTarget",
"name" : "AppRuntimeKitAppKit",
"path" : "Sources/AppRuntimeKitAppKit",
"product_memberships" : [
"AppRuntimeKitAppKit"
],
"sources" : [
"Application/ApplicationBundleIdentifierInput.swift",
"Application/ApplicationProcessSnapshot+AppKit.swift",
"DuplicateActivation/ApplicationDuplicateActivationCoordinator.swift",
"DuplicateActivation/ApplicationDuplicateActivationCoordinatorDependencies.swift",
"Runtime/ApplicationProcessSnapshot+RunningApplication.swift",
"Runtime/ApplicationRuntime+Activation.swift",
"Runtime/ApplicationRuntime+Events.swift",
"Runtime/ApplicationRuntime+Lookup.swift",
"Runtime/ApplicationRuntime+Opening.swift",
"Runtime/ApplicationRuntime+Queries.swift",
"Runtime/ApplicationRuntime+Termination.swift",
"Runtime/ApplicationRuntime.swift",
"Runtime/ApplicationRuntimeDependencies.swift",
"Runtime/ApplicationRuntimeEventSource.swift",
"Runtime/ApplicationRuntimeRunningApplication.swift"
],
"target_dependencies" : [
"AppRuntimeKit"
],
"type" : "library"
},
{
"c99name" : "AppRuntimeKit",
"module_type" : "SwiftTarget",
"name" : "AppRuntimeKit",
"path" : "Sources/AppRuntimeKit",
"product_memberships" : [
"AppRuntimeKit",
"AppRuntimeKitAppKit"
],
"sources" : [
"Application/ApplicationProcessSnapshot.swift",
"Runtime/ApplicationOpeningError.swift",
"Runtime/ApplicationRequestResult.swift",
"Runtime/ApplicationRuntimeEvent.swift",
"Runtime/ApplicationRuntimeRequestError.swift",
"Runtime/ApplicationTerminationMode.swift"
],
"type" : "library"
}
],
"tools_version" : "6.0"
}
{
"workspace" : {
"name" : "spi-builder-workspace",
"schemes" : [
"AppRuntimeKit",
"AppRuntimeKit-Package",
"AppRuntimeKitAppKit"
]
}
}
Running build ...
env DEVELOPER_DIR=/Applications/Xcode-16.3.0.app xcrun xcodebuild -IDEClonedSourcePackagesDirPathOverride=$PWD/.dependencies -skipMacroValidation -skipPackagePluginValidation -derivedDataPath $PWD/.derivedData build -scheme AppRuntimeKit-Package -destination generic/platform=watchOS
Command line invocation:
/Applications/Xcode-16.3.0.app/Contents/Developer/usr/bin/xcodebuild -IDEClonedSourcePackagesDirPathOverride=/Users/admin/builder/spi-builder-workspace/.dependencies -skipMacroValidation -skipPackagePluginValidation -derivedDataPath /Users/admin/builder/spi-builder-workspace/.derivedData build -scheme AppRuntimeKit-Package -destination generic/platform=watchOS
Resolve Package Graph
Resolved source packages:
AppRuntimeKit: /Users/admin/builder/spi-builder-workspace
ComputePackagePrebuildTargetDependencyGraph
Prepare packages
CreateBuildRequest
SendProjectDescription
CreateBuildOperation
ComputeTargetDependencyGraph
note: Building targets in dependency order
note: Target dependency graph (4 targets)
Target 'AppRuntimeKitAppKit' in project 'AppRuntimeKit'
➜ Explicit dependency on target 'AppRuntimeKitAppKit' in project 'AppRuntimeKit'
➜ Explicit dependency on target 'AppRuntimeKit' in project 'AppRuntimeKit'
Target 'AppRuntimeKitAppKit' in project 'AppRuntimeKit'
➜ Explicit dependency on target 'AppRuntimeKit' in project 'AppRuntimeKit'
Target 'AppRuntimeKit' in project 'AppRuntimeKit'
➜ Explicit dependency on target 'AppRuntimeKit' in project 'AppRuntimeKit'
Target 'AppRuntimeKit' in project 'AppRuntimeKit' (no dependencies)
GatherProvisioningInputs
CreateBuildDescription
ExecuteExternalTool /Applications/Xcode-16.3.0.app/Contents/Developer/Toolchains/XcodeDefault.xctoolchain/usr/bin/clang -v -E -dM -isysroot /Applications/Xcode-16.3.0.app/Contents/Developer/Platforms/WatchOS.platform/Developer/SDKs/WatchOS11.4.sdk -x c -c /dev/null
ExecuteExternalTool /Applications/Xcode-16.3.0.app/Contents/Developer/Toolchains/XcodeDefault.xctoolchain/usr/bin/swiftc --version
ExecuteExternalTool /Applications/Xcode-16.3.0.app/Contents/Developer/Toolchains/XcodeDefault.xctoolchain/usr/bin/ld -version_details
ReadFileContents /Applications/Xcode-16.3.0.app/Contents/Developer/Toolchains/XcodeDefault.xctoolchain/usr/share/docc/features.json
Build description signature: b6999e1f5fe8785365fefc6b9649cc95
Build description path: /Users/admin/builder/spi-builder-workspace/.derivedData/Build/Intermediates.noindex/XCBuildData/b6999e1f5fe8785365fefc6b9649cc95.xcbuilddata
ClangStatCache /Applications/Xcode-16.3.0.app/Contents/Developer/Toolchains/XcodeDefault.xctoolchain/usr/bin/clang-stat-cache /Applications/Xcode-16.3.0.app/Contents/Developer/Platforms/WatchOS.platform/Developer/SDKs/WatchOS11.4.sdk /Users/admin/builder/spi-builder-workspace/.derivedData/SDKStatCaches.noindex/watchos11.4-22T246-43efb940ff07ba2497b70ec94253f576.sdkstatcache
cd /Users/admin/builder/spi-builder-workspace/.swiftpm/xcode
/Applications/Xcode-16.3.0.app/Contents/Developer/Toolchains/XcodeDefault.xctoolchain/usr/bin/clang-stat-cache /Applications/Xcode-16.3.0.app/Contents/Developer/Platforms/WatchOS.platform/Developer/SDKs/WatchOS11.4.sdk -o /Users/admin/builder/spi-builder-workspace/.derivedData/SDKStatCaches.noindex/watchos11.4-22T246-43efb940ff07ba2497b70ec94253f576.sdkstatcache
SwiftDriver AppRuntimeKit normal arm64 com.apple.xcode.tools.swift.compiler (in target 'AppRuntimeKit' from project 'AppRuntimeKit')
cd /Users/admin/builder/spi-builder-workspace/.swiftpm/xcode
builtin-SwiftDriver -- /Applications/Xcode-16.3.0.app/Contents/Developer/Toolchains/XcodeDefault.xctoolchain/usr/bin/swiftc -module-name AppRuntimeKit -Onone -enforce-exclusivity\=checked @/Users/admin/builder/spi-builder-workspace/.derivedData/Build/Intermediates.noindex/AppRuntimeKit.build/Debug-watchos/AppRuntimeKit.build/Objects-normal/arm64/AppRuntimeKit.SwiftFileList -DSWIFT_PACKAGE -DDEBUG -DXcode -plugin-path /Applications/Xcode-16.3.0.app/Contents/Developer/Toolchains/XcodeDefault.xctoolchain/usr/lib/swift/host/plugins/testing -enable-experimental-feature DebugDescriptionMacro -sdk /Applications/Xcode-16.3.0.app/Contents/Developer/Platforms/WatchOS.platform/Developer/SDKs/WatchOS11.4.sdk -target arm64-apple-watchos5.0 -g -module-cache-path /Users/admin/builder/spi-builder-workspace/.derivedData/ModuleCache.noindex -Xfrontend -serialize-debugging-options -profile-coverage-mapping -profile-generate -enable-testing -index-store-path /Users/admin/builder/spi-builder-workspace/.derivedData/Index.noindex/DataStore -swift-version 6 -I /Users/admin/builder/spi-builder-workspace/.derivedData/Build/Products/Debug-watchos -I /Applications/Xcode-16.3.0.app/Contents/Developer/Platforms/WatchOS.platform/Developer/usr/lib -F /Users/admin/builder/spi-builder-workspace/.derivedData/Build/Products/Debug-watchos -F /Applications/Xcode-16.3.0.app/Contents/Developer/Platforms/WatchOS.platform/Developer/Library/Frameworks -F /Applications/Xcode-16.3.0.app/Contents/Developer/Platforms/WatchOS.platform/Developer/SDKs/WatchOS11.4.sdk/Developer/Library/Frameworks -c -j10 -enable-batch-mode -incremental -Xcc -ivfsstatcache -Xcc /Users/admin/builder/spi-builder-workspace/.derivedData/SDKStatCaches.noindex/watchos11.4-22T246-43efb940ff07ba2497b70ec94253f576.sdkstatcache -output-file-map /Users/admin/builder/spi-builder-workspace/.derivedData/Build/Intermediates.noindex/AppRuntimeKit.build/Debug-watchos/AppRuntimeKit.build/Objects-normal/arm64/AppRuntimeKit-OutputFileMap.json -use-frontend-parseable-output -save-temps -no-color-diagnostics -serialize-diagnostics -emit-dependencies -emit-module -emit-module-path /Users/admin/builder/spi-builder-workspace/.derivedData/Build/Intermediates.noindex/AppRuntimeKit.build/Debug-watchos/AppRuntimeKit.build/Objects-normal/arm64/AppRuntimeKit.swiftmodule -validate-clang-modules-once -clang-build-session-file /Users/admin/builder/spi-builder-workspace/.derivedData/ModuleCache.noindex/Session.modulevalidation -package-name spi_builder_workspace -Xcc -I/Users/admin/builder/spi-builder-workspace/.derivedData/Build/Intermediates.noindex/AppRuntimeKit.build/Debug-watchos/AppRuntimeKit.build/swift-overrides.hmap -emit-const-values -Xfrontend -const-gather-protocols-file -Xfrontend /Users/admin/builder/spi-builder-workspace/.derivedData/Build/Intermediates.noindex/AppRuntimeKit.build/Debug-watchos/AppRuntimeKit.build/Objects-normal/arm64/AppRuntimeKit_const_extract_protocols.json -Xcc -I/Users/admin/builder/spi-builder-workspace/.derivedData/Build/Products/Debug-watchos/include -Xcc -I/Users/admin/builder/spi-builder-workspace/.derivedData/Build/Intermediates.noindex/AppRuntimeKit.build/Debug-watchos/AppRuntimeKit.build/DerivedSources-normal/arm64 -Xcc -I/Users/admin/builder/spi-builder-workspace/.derivedData/Build/Intermediates.noindex/AppRuntimeKit.build/Debug-watchos/AppRuntimeKit.build/DerivedSources/arm64 -Xcc -I/Users/admin/builder/spi-builder-workspace/.derivedData/Build/Intermediates.noindex/AppRuntimeKit.build/Debug-watchos/AppRuntimeKit.build/DerivedSources -Xcc -DSWIFT_PACKAGE -Xcc -DDEBUG\=1 -emit-objc-header -emit-objc-header-path /Users/admin/builder/spi-builder-workspace/.derivedData/Build/Intermediates.noindex/AppRuntimeKit.build/Debug-watchos/AppRuntimeKit.build/Objects-normal/arm64/AppRuntimeKit-Swift.h -working-directory /Users/admin/builder/spi-builder-workspace/.swiftpm/xcode -experimental-emit-module-separately -disable-cmo
SwiftDriver AppRuntimeKit normal arm64_32 com.apple.xcode.tools.swift.compiler (in target 'AppRuntimeKit' from project 'AppRuntimeKit')
cd /Users/admin/builder/spi-builder-workspace/.swiftpm/xcode
builtin-SwiftDriver -- /Applications/Xcode-16.3.0.app/Contents/Developer/Toolchains/XcodeDefault.xctoolchain/usr/bin/swiftc -module-name AppRuntimeKit -Onone -enforce-exclusivity\=checked @/Users/admin/builder/spi-builder-workspace/.derivedData/Build/Intermediates.noindex/AppRuntimeKit.build/Debug-watchos/AppRuntimeKit.build/Objects-normal/arm64_32/AppRuntimeKit.SwiftFileList -DSWIFT_PACKAGE -DDEBUG -DXcode -plugin-path /Applications/Xcode-16.3.0.app/Contents/Developer/Toolchains/XcodeDefault.xctoolchain/usr/lib/swift/host/plugins/testing -enable-experimental-feature DebugDescriptionMacro -sdk /Applications/Xcode-16.3.0.app/Contents/Developer/Platforms/WatchOS.platform/Developer/SDKs/WatchOS11.4.sdk -target arm64_32-apple-watchos5.0 -g -module-cache-path /Users/admin/builder/spi-builder-workspace/.derivedData/ModuleCache.noindex -Xfrontend -serialize-debugging-options -profile-coverage-mapping -profile-generate -enable-testing -index-store-path /Users/admin/builder/spi-builder-workspace/.derivedData/Index.noindex/DataStore -swift-version 6 -I /Users/admin/builder/spi-builder-workspace/.derivedData/Build/Products/Debug-watchos -I /Applications/Xcode-16.3.0.app/Contents/Developer/Platforms/WatchOS.platform/Developer/usr/lib -F /Users/admin/builder/spi-builder-workspace/.derivedData/Build/Products/Debug-watchos -F /Applications/Xcode-16.3.0.app/Contents/Developer/Platforms/WatchOS.platform/Developer/Library/Frameworks -F /Applications/Xcode-16.3.0.app/Contents/Developer/Platforms/WatchOS.platform/Developer/SDKs/WatchOS11.4.sdk/Developer/Library/Frameworks -c -j10 -enable-batch-mode -incremental -Xcc -ivfsstatcache -Xcc /Users/admin/builder/spi-builder-workspace/.derivedData/SDKStatCaches.noindex/watchos11.4-22T246-43efb940ff07ba2497b70ec94253f576.sdkstatcache -output-file-map /Users/admin/builder/spi-builder-workspace/.derivedData/Build/Intermediates.noindex/AppRuntimeKit.build/Debug-watchos/AppRuntimeKit.build/Objects-normal/arm64_32/AppRuntimeKit-OutputFileMap.json -use-frontend-parseable-output -save-temps -no-color-diagnostics -serialize-diagnostics -emit-dependencies -emit-module -emit-module-path /Users/admin/builder/spi-builder-workspace/.derivedData/Build/Intermediates.noindex/AppRuntimeKit.build/Debug-watchos/AppRuntimeKit.build/Objects-normal/arm64_32/AppRuntimeKit.swiftmodule -validate-clang-modules-once -clang-build-session-file /Users/admin/builder/spi-builder-workspace/.derivedData/ModuleCache.noindex/Session.modulevalidation -package-name spi_builder_workspace -Xcc -I/Users/admin/builder/spi-builder-workspace/.derivedData/Build/Intermediates.noindex/AppRuntimeKit.build/Debug-watchos/AppRuntimeKit.build/swift-overrides.hmap -emit-const-values -Xfrontend -const-gather-protocols-file -Xfrontend /Users/admin/builder/spi-builder-workspace/.derivedData/Build/Intermediates.noindex/AppRuntimeKit.build/Debug-watchos/AppRuntimeKit.build/Objects-normal/arm64_32/AppRuntimeKit_const_extract_protocols.json -Xcc -I/Users/admin/builder/spi-builder-workspace/.derivedData/Build/Products/Debug-watchos/include -Xcc -I/Users/admin/builder/spi-builder-workspace/.derivedData/Build/Intermediates.noindex/AppRuntimeKit.build/Debug-watchos/AppRuntimeKit.build/DerivedSources-normal/arm64_32 -Xcc -I/Users/admin/builder/spi-builder-workspace/.derivedData/Build/Intermediates.noindex/AppRuntimeKit.build/Debug-watchos/AppRuntimeKit.build/DerivedSources/arm64_32 -Xcc -I/Users/admin/builder/spi-builder-workspace/.derivedData/Build/Intermediates.noindex/AppRuntimeKit.build/Debug-watchos/AppRuntimeKit.build/DerivedSources -Xcc -DSWIFT_PACKAGE -Xcc -DDEBUG\=1 -emit-objc-header -emit-objc-header-path /Users/admin/builder/spi-builder-workspace/.derivedData/Build/Intermediates.noindex/AppRuntimeKit.build/Debug-watchos/AppRuntimeKit.build/Objects-normal/arm64_32/AppRuntimeKit-Swift.h -working-directory /Users/admin/builder/spi-builder-workspace/.swiftpm/xcode -experimental-emit-module-separately -disable-cmo
SwiftDriver AppRuntimeKit normal armv7k com.apple.xcode.tools.swift.compiler (in target 'AppRuntimeKit' from project 'AppRuntimeKit')
cd /Users/admin/builder/spi-builder-workspace/.swiftpm/xcode
builtin-SwiftDriver -- /Applications/Xcode-16.3.0.app/Contents/Developer/Toolchains/XcodeDefault.xctoolchain/usr/bin/swiftc -module-name AppRuntimeKit -Onone -enforce-exclusivity\=checked @/Users/admin/builder/spi-builder-workspace/.derivedData/Build/Intermediates.noindex/AppRuntimeKit.build/Debug-watchos/AppRuntimeKit.build/Objects-normal/armv7k/AppRuntimeKit.SwiftFileList -DSWIFT_PACKAGE -DDEBUG -DXcode -plugin-path /Applications/Xcode-16.3.0.app/Contents/Developer/Toolchains/XcodeDefault.xctoolchain/usr/lib/swift/host/plugins/testing -enable-experimental-feature DebugDescriptionMacro -sdk /Applications/Xcode-16.3.0.app/Contents/Developer/Platforms/WatchOS.platform/Developer/SDKs/WatchOS11.4.sdk -target armv7k-apple-watchos5.0 -g -module-cache-path /Users/admin/builder/spi-builder-workspace/.derivedData/ModuleCache.noindex -Xfrontend -serialize-debugging-options -profile-coverage-mapping -profile-generate -enable-testing -index-store-path /Users/admin/builder/spi-builder-workspace/.derivedData/Index.noindex/DataStore -swift-version 6 -I /Users/admin/builder/spi-builder-workspace/.derivedData/Build/Products/Debug-watchos -I /Applications/Xcode-16.3.0.app/Contents/Developer/Platforms/WatchOS.platform/Developer/usr/lib -F /Users/admin/builder/spi-builder-workspace/.derivedData/Build/Products/Debug-watchos -F /Applications/Xcode-16.3.0.app/Contents/Developer/Platforms/WatchOS.platform/Developer/Library/Frameworks -F /Applications/Xcode-16.3.0.app/Contents/Developer/Platforms/WatchOS.platform/Developer/SDKs/WatchOS11.4.sdk/Developer/Library/Frameworks -c -j10 -enable-batch-mode -incremental -Xcc -ivfsstatcache -Xcc /Users/admin/builder/spi-builder-workspace/.derivedData/SDKStatCaches.noindex/watchos11.4-22T246-43efb940ff07ba2497b70ec94253f576.sdkstatcache -output-file-map /Users/admin/builder/spi-builder-workspace/.derivedData/Build/Intermediates.noindex/AppRuntimeKit.build/Debug-watchos/AppRuntimeKit.build/Objects-normal/armv7k/AppRuntimeKit-OutputFileMap.json -use-frontend-parseable-output -save-temps -no-color-diagnostics -serialize-diagnostics -emit-dependencies -emit-module -emit-module-path /Users/admin/builder/spi-builder-workspace/.derivedData/Build/Intermediates.noindex/AppRuntimeKit.build/Debug-watchos/AppRuntimeKit.build/Objects-normal/armv7k/AppRuntimeKit.swiftmodule -validate-clang-modules-once -clang-build-session-file /Users/admin/builder/spi-builder-workspace/.derivedData/ModuleCache.noindex/Session.modulevalidation -package-name spi_builder_workspace -Xcc -I/Users/admin/builder/spi-builder-workspace/.derivedData/Build/Intermediates.noindex/AppRuntimeKit.build/Debug-watchos/AppRuntimeKit.build/swift-overrides.hmap -emit-const-values -Xfrontend -const-gather-protocols-file -Xfrontend /Users/admin/builder/spi-builder-workspace/.derivedData/Build/Intermediates.noindex/AppRuntimeKit.build/Debug-watchos/AppRuntimeKit.build/Objects-normal/armv7k/AppRuntimeKit_const_extract_protocols.json -Xcc -I/Users/admin/builder/spi-builder-workspace/.derivedData/Build/Products/Debug-watchos/include -Xcc -I/Users/admin/builder/spi-builder-workspace/.derivedData/Build/Intermediates.noindex/AppRuntimeKit.build/Debug-watchos/AppRuntimeKit.build/DerivedSources-normal/armv7k -Xcc -I/Users/admin/builder/spi-builder-workspace/.derivedData/Build/Intermediates.noindex/AppRuntimeKit.build/Debug-watchos/AppRuntimeKit.build/DerivedSources/armv7k -Xcc -I/Users/admin/builder/spi-builder-workspace/.derivedData/Build/Intermediates.noindex/AppRuntimeKit.build/Debug-watchos/AppRuntimeKit.build/DerivedSources -Xcc -DSWIFT_PACKAGE -Xcc -DDEBUG\=1 -emit-objc-header -emit-objc-header-path /Users/admin/builder/spi-builder-workspace/.derivedData/Build/Intermediates.noindex/AppRuntimeKit.build/Debug-watchos/AppRuntimeKit.build/Objects-normal/armv7k/AppRuntimeKit-Swift.h -working-directory /Users/admin/builder/spi-builder-workspace/.swiftpm/xcode -experimental-emit-module-separately -disable-cmo
SwiftEmitModule normal arm64 Emitting\ module\ for\ AppRuntimeKit (in target 'AppRuntimeKit' from project 'AppRuntimeKit')
EmitSwiftModule normal arm64 (in target 'AppRuntimeKit' from project 'AppRuntimeKit')
cd /Users/admin/builder/spi-builder-workspace/.swiftpm/xcode
SwiftEmitModule normal armv7k Emitting\ module\ for\ AppRuntimeKit (in target 'AppRuntimeKit' from project 'AppRuntimeKit')
EmitSwiftModule normal armv7k (in target 'AppRuntimeKit' from project 'AppRuntimeKit')
cd /Users/admin/builder/spi-builder-workspace/.swiftpm/xcode
SwiftCompile normal arm64_32 Compiling\ ApplicationRuntimeRequestError.swift /Users/admin/builder/spi-builder-workspace/Sources/AppRuntimeKit/Runtime/ApplicationRuntimeRequestError.swift (in target 'AppRuntimeKit' from project 'AppRuntimeKit')
SwiftCompile normal arm64_32 /Users/admin/builder/spi-builder-workspace/Sources/AppRuntimeKit/Runtime/ApplicationRuntimeRequestError.swift (in target 'AppRuntimeKit' from project 'AppRuntimeKit')
cd /Users/admin/builder/spi-builder-workspace/.swiftpm/xcode
SwiftEmitModule normal arm64_32 Emitting\ module\ for\ AppRuntimeKit (in target 'AppRuntimeKit' from project 'AppRuntimeKit')
EmitSwiftModule normal arm64_32 (in target 'AppRuntimeKit' from project 'AppRuntimeKit')
cd /Users/admin/builder/spi-builder-workspace/.swiftpm/xcode
SwiftCompile normal armv7k Compiling\ ApplicationOpeningError.swift /Users/admin/builder/spi-builder-workspace/Sources/AppRuntimeKit/Runtime/ApplicationOpeningError.swift (in target 'AppRuntimeKit' from project 'AppRuntimeKit')
SwiftCompile normal armv7k /Users/admin/builder/spi-builder-workspace/Sources/AppRuntimeKit/Runtime/ApplicationOpeningError.swift (in target 'AppRuntimeKit' from project 'AppRuntimeKit')
cd /Users/admin/builder/spi-builder-workspace/.swiftpm/xcode
SwiftCompile normal arm64 Compiling\ ApplicationProcessSnapshot.swift /Users/admin/builder/spi-builder-workspace/Sources/AppRuntimeKit/Application/ApplicationProcessSnapshot.swift (in target 'AppRuntimeKit' from project 'AppRuntimeKit')
SwiftCompile normal arm64 /Users/admin/builder/spi-builder-workspace/Sources/AppRuntimeKit/Application/ApplicationProcessSnapshot.swift (in target 'AppRuntimeKit' from project 'AppRuntimeKit')
cd /Users/admin/builder/spi-builder-workspace/.swiftpm/xcode
SwiftCompile normal arm64 Compiling\ ApplicationRequestResult.swift /Users/admin/builder/spi-builder-workspace/Sources/AppRuntimeKit/Runtime/ApplicationRequestResult.swift (in target 'AppRuntimeKit' from project 'AppRuntimeKit')
SwiftCompile normal arm64 /Users/admin/builder/spi-builder-workspace/Sources/AppRuntimeKit/Runtime/ApplicationRequestResult.swift (in target 'AppRuntimeKit' from project 'AppRuntimeKit')
cd /Users/admin/builder/spi-builder-workspace/.swiftpm/xcode
SwiftCompile normal armv7k Compiling\ ApplicationTerminationMode.swift /Users/admin/builder/spi-builder-workspace/Sources/AppRuntimeKit/Runtime/ApplicationTerminationMode.swift (in target 'AppRuntimeKit' from project 'AppRuntimeKit')
SwiftCompile normal armv7k /Users/admin/builder/spi-builder-workspace/Sources/AppRuntimeKit/Runtime/ApplicationTerminationMode.swift (in target 'AppRuntimeKit' from project 'AppRuntimeKit')
cd /Users/admin/builder/spi-builder-workspace/.swiftpm/xcode
SwiftCompile normal arm64 Compiling\ ApplicationTerminationMode.swift /Users/admin/builder/spi-builder-workspace/Sources/AppRuntimeKit/Runtime/ApplicationTerminationMode.swift (in target 'AppRuntimeKit' from project 'AppRuntimeKit')
SwiftCompile normal arm64 /Users/admin/builder/spi-builder-workspace/Sources/AppRuntimeKit/Runtime/ApplicationTerminationMode.swift (in target 'AppRuntimeKit' from project 'AppRuntimeKit')
cd /Users/admin/builder/spi-builder-workspace/.swiftpm/xcode
SwiftCompile normal arm64_32 Compiling\ ApplicationRuntimeEvent.swift /Users/admin/builder/spi-builder-workspace/Sources/AppRuntimeKit/Runtime/ApplicationRuntimeEvent.swift (in target 'AppRuntimeKit' from project 'AppRuntimeKit')
SwiftCompile normal arm64_32 /Users/admin/builder/spi-builder-workspace/Sources/AppRuntimeKit/Runtime/ApplicationRuntimeEvent.swift (in target 'AppRuntimeKit' from project 'AppRuntimeKit')
cd /Users/admin/builder/spi-builder-workspace/.swiftpm/xcode
SwiftCompile normal arm64 Compiling\ ApplicationOpeningError.swift /Users/admin/builder/spi-builder-workspace/Sources/AppRuntimeKit/Runtime/ApplicationOpeningError.swift (in target 'AppRuntimeKit' from project 'AppRuntimeKit')
SwiftCompile normal arm64 /Users/admin/builder/spi-builder-workspace/Sources/AppRuntimeKit/Runtime/ApplicationOpeningError.swift (in target 'AppRuntimeKit' from project 'AppRuntimeKit')
cd /Users/admin/builder/spi-builder-workspace/.swiftpm/xcode
SwiftDriverJobDiscovery normal arm64 Emitting module for AppRuntimeKit (in target 'AppRuntimeKit' from project 'AppRuntimeKit')
SwiftDriver\ Compilation\ Requirements AppRuntimeKit normal arm64 com.apple.xcode.tools.swift.compiler (in target 'AppRuntimeKit' from project 'AppRuntimeKit')
cd /Users/admin/builder/spi-builder-workspace/.swiftpm/xcode
builtin-Swift-Compilation-Requirements -- /Applications/Xcode-16.3.0.app/Contents/Developer/Toolchains/XcodeDefault.xctoolchain/usr/bin/swiftc -module-name AppRuntimeKit -Onone -enforce-exclusivity\=checked @/Users/admin/builder/spi-builder-workspace/.derivedData/Build/Intermediates.noindex/AppRuntimeKit.build/Debug-watchos/AppRuntimeKit.build/Objects-normal/arm64/AppRuntimeKit.SwiftFileList -DSWIFT_PACKAGE -DDEBUG -DXcode -plugin-path /Applications/Xcode-16.3.0.app/Contents/Developer/Toolchains/XcodeDefault.xctoolchain/usr/lib/swift/host/plugins/testing -enable-experimental-feature DebugDescriptionMacro -sdk /Applications/Xcode-16.3.0.app/Contents/Developer/Platforms/WatchOS.platform/Developer/SDKs/WatchOS11.4.sdk -target arm64-apple-watchos5.0 -g -module-cache-path /Users/admin/builder/spi-builder-workspace/.derivedData/ModuleCache.noindex -Xfrontend -serialize-debugging-options -profile-coverage-mapping -profile-generate -enable-testing -index-store-path /Users/admin/builder/spi-builder-workspace/.derivedData/Index.noindex/DataStore -swift-version 6 -I /Users/admin/builder/spi-builder-workspace/.derivedData/Build/Products/Debug-watchos -I /Applications/Xcode-16.3.0.app/Contents/Developer/Platforms/WatchOS.platform/Developer/usr/lib -F /Users/admin/builder/spi-builder-workspace/.derivedData/Build/Products/Debug-watchos -F /Applications/Xcode-16.3.0.app/Contents/Developer/Platforms/WatchOS.platform/Developer/Library/Frameworks -F /Applications/Xcode-16.3.0.app/Contents/Developer/Platforms/WatchOS.platform/Developer/SDKs/WatchOS11.4.sdk/Developer/Library/Frameworks -c -j10 -enable-batch-mode -incremental -Xcc -ivfsstatcache -Xcc /Users/admin/builder/spi-builder-workspace/.derivedData/SDKStatCaches.noindex/watchos11.4-22T246-43efb940ff07ba2497b70ec94253f576.sdkstatcache -output-file-map /Users/admin/builder/spi-builder-workspace/.derivedData/Build/Intermediates.noindex/AppRuntimeKit.build/Debug-watchos/AppRuntimeKit.build/Objects-normal/arm64/AppRuntimeKit-OutputFileMap.json -use-frontend-parseable-output -save-temps -no-color-diagnostics -serialize-diagnostics -emit-dependencies -emit-module -emit-module-path /Users/admin/builder/spi-builder-workspace/.derivedData/Build/Intermediates.noindex/AppRuntimeKit.build/Debug-watchos/AppRuntimeKit.build/Objects-normal/arm64/AppRuntimeKit.swiftmodule -validate-clang-modules-once -clang-build-session-file /Users/admin/builder/spi-builder-workspace/.derivedData/ModuleCache.noindex/Session.modulevalidation -package-name spi_builder_workspace -Xcc -I/Users/admin/builder/spi-builder-workspace/.derivedData/Build/Intermediates.noindex/AppRuntimeKit.build/Debug-watchos/AppRuntimeKit.build/swift-overrides.hmap -emit-const-values -Xfrontend -const-gather-protocols-file -Xfrontend /Users/admin/builder/spi-builder-workspace/.derivedData/Build/Intermediates.noindex/AppRuntimeKit.build/Debug-watchos/AppRuntimeKit.build/Objects-normal/arm64/AppRuntimeKit_const_extract_protocols.json -Xcc -I/Users/admin/builder/spi-builder-workspace/.derivedData/Build/Products/Debug-watchos/include -Xcc -I/Users/admin/builder/spi-builder-workspace/.derivedData/Build/Intermediates.noindex/AppRuntimeKit.build/Debug-watchos/AppRuntimeKit.build/DerivedSources-normal/arm64 -Xcc -I/Users/admin/builder/spi-builder-workspace/.derivedData/Build/Intermediates.noindex/AppRuntimeKit.build/Debug-watchos/AppRuntimeKit.build/DerivedSources/arm64 -Xcc -I/Users/admin/builder/spi-builder-workspace/.derivedData/Build/Intermediates.noindex/AppRuntimeKit.build/Debug-watchos/AppRuntimeKit.build/DerivedSources -Xcc -DSWIFT_PACKAGE -Xcc -DDEBUG\=1 -emit-objc-header -emit-objc-header-path /Users/admin/builder/spi-builder-workspace/.derivedData/Build/Intermediates.noindex/AppRuntimeKit.build/Debug-watchos/AppRuntimeKit.build/Objects-normal/arm64/AppRuntimeKit-Swift.h -working-directory /Users/admin/builder/spi-builder-workspace/.swiftpm/xcode -experimental-emit-module-separately -disable-cmo
SwiftDriverJobDiscovery normal arm64_32 Emitting module for AppRuntimeKit (in target 'AppRuntimeKit' from project 'AppRuntimeKit')
SwiftDriver\ Compilation\ Requirements AppRuntimeKit normal arm64_32 com.apple.xcode.tools.swift.compiler (in target 'AppRuntimeKit' from project 'AppRuntimeKit')
cd /Users/admin/builder/spi-builder-workspace/.swiftpm/xcode
builtin-Swift-Compilation-Requirements -- /Applications/Xcode-16.3.0.app/Contents/Developer/Toolchains/XcodeDefault.xctoolchain/usr/bin/swiftc -module-name AppRuntimeKit -Onone -enforce-exclusivity\=checked @/Users/admin/builder/spi-builder-workspace/.derivedData/Build/Intermediates.noindex/AppRuntimeKit.build/Debug-watchos/AppRuntimeKit.build/Objects-normal/arm64_32/AppRuntimeKit.SwiftFileList -DSWIFT_PACKAGE -DDEBUG -DXcode -plugin-path /Applications/Xcode-16.3.0.app/Contents/Developer/Toolchains/XcodeDefault.xctoolchain/usr/lib/swift/host/plugins/testing -enable-experimental-feature DebugDescriptionMacro -sdk /Applications/Xcode-16.3.0.app/Contents/Developer/Platforms/WatchOS.platform/Developer/SDKs/WatchOS11.4.sdk -target arm64_32-apple-watchos5.0 -g -module-cache-path /Users/admin/builder/spi-builder-workspace/.derivedData/ModuleCache.noindex -Xfrontend -serialize-debugging-options -profile-coverage-mapping -profile-generate -enable-testing -index-store-path /Users/admin/builder/spi-builder-workspace/.derivedData/Index.noindex/DataStore -swift-version 6 -I /Users/admin/builder/spi-builder-workspace/.derivedData/Build/Products/Debug-watchos -I /Applications/Xcode-16.3.0.app/Contents/Developer/Platforms/WatchOS.platform/Developer/usr/lib -F /Users/admin/builder/spi-builder-workspace/.derivedData/Build/Products/Debug-watchos -F /Applications/Xcode-16.3.0.app/Contents/Developer/Platforms/WatchOS.platform/Developer/Library/Frameworks -F /Applications/Xcode-16.3.0.app/Contents/Developer/Platforms/WatchOS.platform/Developer/SDKs/WatchOS11.4.sdk/Developer/Library/Frameworks -c -j10 -enable-batch-mode -incremental -Xcc -ivfsstatcache -Xcc /Users/admin/builder/spi-builder-workspace/.derivedData/SDKStatCaches.noindex/watchos11.4-22T246-43efb940ff07ba2497b70ec94253f576.sdkstatcache -output-file-map /Users/admin/builder/spi-builder-workspace/.derivedData/Build/Intermediates.noindex/AppRuntimeKit.build/Debug-watchos/AppRuntimeKit.build/Objects-normal/arm64_32/AppRuntimeKit-OutputFileMap.json -use-frontend-parseable-output -save-temps -no-color-diagnostics -serialize-diagnostics -emit-dependencies -emit-module -emit-module-path /Users/admin/builder/spi-builder-workspace/.derivedData/Build/Intermediates.noindex/AppRuntimeKit.build/Debug-watchos/AppRuntimeKit.build/Objects-normal/arm64_32/AppRuntimeKit.swiftmodule -validate-clang-modules-once -clang-build-session-file /Users/admin/builder/spi-builder-workspace/.derivedData/ModuleCache.noindex/Session.modulevalidation -package-name spi_builder_workspace -Xcc -I/Users/admin/builder/spi-builder-workspace/.derivedData/Build/Intermediates.noindex/AppRuntimeKit.build/Debug-watchos/AppRuntimeKit.build/swift-overrides.hmap -emit-const-values -Xfrontend -const-gather-protocols-file -Xfrontend /Users/admin/builder/spi-builder-workspace/.derivedData/Build/Intermediates.noindex/AppRuntimeKit.build/Debug-watchos/AppRuntimeKit.build/Objects-normal/arm64_32/AppRuntimeKit_const_extract_protocols.json -Xcc -I/Users/admin/builder/spi-builder-workspace/.derivedData/Build/Products/Debug-watchos/include -Xcc -I/Users/admin/builder/spi-builder-workspace/.derivedData/Build/Intermediates.noindex/AppRuntimeKit.build/Debug-watchos/AppRuntimeKit.build/DerivedSources-normal/arm64_32 -Xcc -I/Users/admin/builder/spi-builder-workspace/.derivedData/Build/Intermediates.noindex/AppRuntimeKit.build/Debug-watchos/AppRuntimeKit.build/DerivedSources/arm64_32 -Xcc -I/Users/admin/builder/spi-builder-workspace/.derivedData/Build/Intermediates.noindex/AppRuntimeKit.build/Debug-watchos/AppRuntimeKit.build/DerivedSources -Xcc -DSWIFT_PACKAGE -Xcc -DDEBUG\=1 -emit-objc-header -emit-objc-header-path /Users/admin/builder/spi-builder-workspace/.derivedData/Build/Intermediates.noindex/AppRuntimeKit.build/Debug-watchos/AppRuntimeKit.build/Objects-normal/arm64_32/AppRuntimeKit-Swift.h -working-directory /Users/admin/builder/spi-builder-workspace/.swiftpm/xcode -experimental-emit-module-separately -disable-cmo
SwiftCompile normal armv7k Compiling\ ApplicationRuntimeRequestError.swift /Users/admin/builder/spi-builder-workspace/Sources/AppRuntimeKit/Runtime/ApplicationRuntimeRequestError.swift (in target 'AppRuntimeKit' from project 'AppRuntimeKit')
SwiftCompile normal armv7k /Users/admin/builder/spi-builder-workspace/Sources/AppRuntimeKit/Runtime/ApplicationRuntimeRequestError.swift (in target 'AppRuntimeKit' from project 'AppRuntimeKit')
cd /Users/admin/builder/spi-builder-workspace/.swiftpm/xcode
Copy /Users/admin/builder/spi-builder-workspace/.derivedData/Build/Products/Debug-watchos/AppRuntimeKit.swiftmodule/arm64_32-apple-watchos.abi.json /Users/admin/builder/spi-builder-workspace/.derivedData/Build/Intermediates.noindex/AppRuntimeKit.build/Debug-watchos/AppRuntimeKit.build/Objects-normal/arm64_32/AppRuntimeKit.abi.json (in target 'AppRuntimeKit' from project 'AppRuntimeKit')
cd /Users/admin/builder/spi-builder-workspace
builtin-copy -exclude .DS_Store -exclude CVS -exclude .svn -exclude .git -exclude .hg -resolve-src-symlinks -rename /Users/admin/builder/spi-builder-workspace/.derivedData/Build/Intermediates.noindex/AppRuntimeKit.build/Debug-watchos/AppRuntimeKit.build/Objects-normal/arm64_32/AppRuntimeKit.abi.json /Users/admin/builder/spi-builder-workspace/.derivedData/Build/Products/Debug-watchos/AppRuntimeKit.swiftmodule/arm64_32-apple-watchos.abi.json
SwiftDriverJobDiscovery normal arm64_32 Compiling ApplicationRuntimeRequestError.swift (in target 'AppRuntimeKit' from project 'AppRuntimeKit')
Copy /Users/admin/builder/spi-builder-workspace/.derivedData/Build/Products/Debug-watchos/AppRuntimeKit.swiftmodule/arm64-apple-watchos.abi.json /Users/admin/builder/spi-builder-workspace/.derivedData/Build/Intermediates.noindex/AppRuntimeKit.build/Debug-watchos/AppRuntimeKit.build/Objects-normal/arm64/AppRuntimeKit.abi.json (in target 'AppRuntimeKit' from project 'AppRuntimeKit')
cd /Users/admin/builder/spi-builder-workspace
builtin-copy -exclude .DS_Store -exclude CVS -exclude .svn -exclude .git -exclude .hg -resolve-src-symlinks -rename /Users/admin/builder/spi-builder-workspace/.derivedData/Build/Intermediates.noindex/AppRuntimeKit.build/Debug-watchos/AppRuntimeKit.build/Objects-normal/arm64/AppRuntimeKit.abi.json /Users/admin/builder/spi-builder-workspace/.derivedData/Build/Products/Debug-watchos/AppRuntimeKit.swiftmodule/arm64-apple-watchos.abi.json
SwiftDriverJobDiscovery normal arm64 Compiling ApplicationProcessSnapshot.swift (in target 'AppRuntimeKit' from project 'AppRuntimeKit')
SwiftCompile normal arm64 Compiling\ ApplicationRuntimeEvent.swift /Users/admin/builder/spi-builder-workspace/Sources/AppRuntimeKit/Runtime/ApplicationRuntimeEvent.swift (in target 'AppRuntimeKit' from project 'AppRuntimeKit')
SwiftCompile normal arm64 /Users/admin/builder/spi-builder-workspace/Sources/AppRuntimeKit/Runtime/ApplicationRuntimeEvent.swift (in target 'AppRuntimeKit' from project 'AppRuntimeKit')
cd /Users/admin/builder/spi-builder-workspace/.swiftpm/xcode
SwiftCompile normal arm64_32 Compiling\ ApplicationProcessSnapshot.swift /Users/admin/builder/spi-builder-workspace/Sources/AppRuntimeKit/Application/ApplicationProcessSnapshot.swift (in target 'AppRuntimeKit' from project 'AppRuntimeKit')
SwiftCompile normal arm64_32 /Users/admin/builder/spi-builder-workspace/Sources/AppRuntimeKit/Application/ApplicationProcessSnapshot.swift (in target 'AppRuntimeKit' from project 'AppRuntimeKit')
cd /Users/admin/builder/spi-builder-workspace/.swiftpm/xcode
SwiftCompile normal arm64_32 Compiling\ ApplicationRequestResult.swift /Users/admin/builder/spi-builder-workspace/Sources/AppRuntimeKit/Runtime/ApplicationRequestResult.swift (in target 'AppRuntimeKit' from project 'AppRuntimeKit')
SwiftCompile normal arm64_32 /Users/admin/builder/spi-builder-workspace/Sources/AppRuntimeKit/Runtime/ApplicationRequestResult.swift (in target 'AppRuntimeKit' from project 'AppRuntimeKit')
cd /Users/admin/builder/spi-builder-workspace/.swiftpm/xcode
SwiftDriverJobDiscovery normal armv7k Compiling ApplicationOpeningError.swift (in target 'AppRuntimeKit' from project 'AppRuntimeKit')
SwiftCompile normal armv7k Compiling\ ApplicationRequestResult.swift /Users/admin/builder/spi-builder-workspace/Sources/AppRuntimeKit/Runtime/ApplicationRequestResult.swift (in target 'AppRuntimeKit' from project 'AppRuntimeKit')
SwiftCompile normal armv7k /Users/admin/builder/spi-builder-workspace/Sources/AppRuntimeKit/Runtime/ApplicationRequestResult.swift (in target 'AppRuntimeKit' from project 'AppRuntimeKit')
cd /Users/admin/builder/spi-builder-workspace/.swiftpm/xcode
SwiftDriverJobDiscovery normal arm64 Compiling ApplicationRequestResult.swift (in target 'AppRuntimeKit' from project 'AppRuntimeKit')
SwiftCompile normal armv7k Compiling\ ApplicationProcessSnapshot.swift /Users/admin/builder/spi-builder-workspace/Sources/AppRuntimeKit/Application/ApplicationProcessSnapshot.swift (in target 'AppRuntimeKit' from project 'AppRuntimeKit')
SwiftCompile normal armv7k /Users/admin/builder/spi-builder-workspace/Sources/AppRuntimeKit/Application/ApplicationProcessSnapshot.swift (in target 'AppRuntimeKit' from project 'AppRuntimeKit')
cd /Users/admin/builder/spi-builder-workspace/.swiftpm/xcode
SwiftCompile normal armv7k Compiling\ ApplicationRuntimeEvent.swift /Users/admin/builder/spi-builder-workspace/Sources/AppRuntimeKit/Runtime/ApplicationRuntimeEvent.swift (in target 'AppRuntimeKit' from project 'AppRuntimeKit')
SwiftCompile normal armv7k /Users/admin/builder/spi-builder-workspace/Sources/AppRuntimeKit/Runtime/ApplicationRuntimeEvent.swift (in target 'AppRuntimeKit' from project 'AppRuntimeKit')
cd /Users/admin/builder/spi-builder-workspace/.swiftpm/xcode
SwiftDriverJobDiscovery normal armv7k Emitting module for AppRuntimeKit (in target 'AppRuntimeKit' from project 'AppRuntimeKit')
SwiftDriverJobDiscovery normal arm64 Compiling ApplicationTerminationMode.swift (in target 'AppRuntimeKit' from project 'AppRuntimeKit')
SwiftDriver\ Compilation\ Requirements AppRuntimeKit normal armv7k com.apple.xcode.tools.swift.compiler (in target 'AppRuntimeKit' from project 'AppRuntimeKit')
cd /Users/admin/builder/spi-builder-workspace/.swiftpm/xcode
builtin-Swift-Compilation-Requirements -- /Applications/Xcode-16.3.0.app/Contents/Developer/Toolchains/XcodeDefault.xctoolchain/usr/bin/swiftc -module-name AppRuntimeKit -Onone -enforce-exclusivity\=checked @/Users/admin/builder/spi-builder-workspace/.derivedData/Build/Intermediates.noindex/AppRuntimeKit.build/Debug-watchos/AppRuntimeKit.build/Objects-normal/armv7k/AppRuntimeKit.SwiftFileList -DSWIFT_PACKAGE -DDEBUG -DXcode -plugin-path /Applications/Xcode-16.3.0.app/Contents/Developer/Toolchains/XcodeDefault.xctoolchain/usr/lib/swift/host/plugins/testing -enable-experimental-feature DebugDescriptionMacro -sdk /Applications/Xcode-16.3.0.app/Contents/Developer/Platforms/WatchOS.platform/Developer/SDKs/WatchOS11.4.sdk -target armv7k-apple-watchos5.0 -g -module-cache-path /Users/admin/builder/spi-builder-workspace/.derivedData/ModuleCache.noindex -Xfrontend -serialize-debugging-options -profile-coverage-mapping -profile-generate -enable-testing -index-store-path /Users/admin/builder/spi-builder-workspace/.derivedData/Index.noindex/DataStore -swift-version 6 -I /Users/admin/builder/spi-builder-workspace/.derivedData/Build/Products/Debug-watchos -I /Applications/Xcode-16.3.0.app/Contents/Developer/Platforms/WatchOS.platform/Developer/usr/lib -F /Users/admin/builder/spi-builder-workspace/.derivedData/Build/Products/Debug-watchos -F /Applications/Xcode-16.3.0.app/Contents/Developer/Platforms/WatchOS.platform/Developer/Library/Frameworks -F /Applications/Xcode-16.3.0.app/Contents/Developer/Platforms/WatchOS.platform/Developer/SDKs/WatchOS11.4.sdk/Developer/Library/Frameworks -c -j10 -enable-batch-mode -incremental -Xcc -ivfsstatcache -Xcc /Users/admin/builder/spi-builder-workspace/.derivedData/SDKStatCaches.noindex/watchos11.4-22T246-43efb940ff07ba2497b70ec94253f576.sdkstatcache -output-file-map /Users/admin/builder/spi-builder-workspace/.derivedData/Build/Intermediates.noindex/AppRuntimeKit.build/Debug-watchos/AppRuntimeKit.build/Objects-normal/armv7k/AppRuntimeKit-OutputFileMap.json -use-frontend-parseable-output -save-temps -no-color-diagnostics -serialize-diagnostics -emit-dependencies -emit-module -emit-module-path /Users/admin/builder/spi-builder-workspace/.derivedData/Build/Intermediates.noindex/AppRuntimeKit.build/Debug-watchos/AppRuntimeKit.build/Objects-normal/armv7k/AppRuntimeKit.swiftmodule -validate-clang-modules-once -clang-build-session-file /Users/admin/builder/spi-builder-workspace/.derivedData/ModuleCache.noindex/Session.modulevalidation -package-name spi_builder_workspace -Xcc -I/Users/admin/builder/spi-builder-workspace/.derivedData/Build/Intermediates.noindex/AppRuntimeKit.build/Debug-watchos/AppRuntimeKit.build/swift-overrides.hmap -emit-const-values -Xfrontend -const-gather-protocols-file -Xfrontend /Users/admin/builder/spi-builder-workspace/.derivedData/Build/Intermediates.noindex/AppRuntimeKit.build/Debug-watchos/AppRuntimeKit.build/Objects-normal/armv7k/AppRuntimeKit_const_extract_protocols.json -Xcc -I/Users/admin/builder/spi-builder-workspace/.derivedData/Build/Products/Debug-watchos/include -Xcc -I/Users/admin/builder/spi-builder-workspace/.derivedData/Build/Intermediates.noindex/AppRuntimeKit.build/Debug-watchos/AppRuntimeKit.build/DerivedSources-normal/armv7k -Xcc -I/Users/admin/builder/spi-builder-workspace/.derivedData/Build/Intermediates.noindex/AppRuntimeKit.build/Debug-watchos/AppRuntimeKit.build/DerivedSources/armv7k -Xcc -I/Users/admin/builder/spi-builder-workspace/.derivedData/Build/Intermediates.noindex/AppRuntimeKit.build/Debug-watchos/AppRuntimeKit.build/DerivedSources -Xcc -DSWIFT_PACKAGE -Xcc -DDEBUG\=1 -emit-objc-header -emit-objc-header-path /Users/admin/builder/spi-builder-workspace/.derivedData/Build/Intermediates.noindex/AppRuntimeKit.build/Debug-watchos/AppRuntimeKit.build/Objects-normal/armv7k/AppRuntimeKit-Swift.h -working-directory /Users/admin/builder/spi-builder-workspace/.swiftpm/xcode -experimental-emit-module-separately -disable-cmo
SwiftDriverJobDiscovery normal armv7k Compiling ApplicationTerminationMode.swift (in target 'AppRuntimeKit' from project 'AppRuntimeKit')
SwiftCompile normal arm64_32 Compiling\ ApplicationTerminationMode.swift /Users/admin/builder/spi-builder-workspace/Sources/AppRuntimeKit/Runtime/ApplicationTerminationMode.swift (in target 'AppRuntimeKit' from project 'AppRuntimeKit')
SwiftCompile normal arm64_32 /Users/admin/builder/spi-builder-workspace/Sources/AppRuntimeKit/Runtime/ApplicationTerminationMode.swift (in target 'AppRuntimeKit' from project 'AppRuntimeKit')
cd /Users/admin/builder/spi-builder-workspace/.swiftpm/xcode
Copy /Users/admin/builder/spi-builder-workspace/.derivedData/Build/Products/Debug-watchos/AppRuntimeKit.swiftmodule/armv7k-apple-watchos.abi.json /Users/admin/builder/spi-builder-workspace/.derivedData/Build/Intermediates.noindex/AppRuntimeKit.build/Debug-watchos/AppRuntimeKit.build/Objects-normal/armv7k/AppRuntimeKit.abi.json (in target 'AppRuntimeKit' from project 'AppRuntimeKit')
cd /Users/admin/builder/spi-builder-workspace
builtin-copy -exclude .DS_Store -exclude CVS -exclude .svn -exclude .git -exclude .hg -resolve-src-symlinks -rename /Users/admin/builder/spi-builder-workspace/.derivedData/Build/Intermediates.noindex/AppRuntimeKit.build/Debug-watchos/AppRuntimeKit.build/Objects-normal/armv7k/AppRuntimeKit.abi.json /Users/admin/builder/spi-builder-workspace/.derivedData/Build/Products/Debug-watchos/AppRuntimeKit.swiftmodule/armv7k-apple-watchos.abi.json
SwiftDriverJobDiscovery normal arm64_32 Compiling ApplicationRuntimeEvent.swift (in target 'AppRuntimeKit' from project 'AppRuntimeKit')
SwiftCompile normal arm64 Compiling\ ApplicationRuntimeRequestError.swift /Users/admin/builder/spi-builder-workspace/Sources/AppRuntimeKit/Runtime/ApplicationRuntimeRequestError.swift (in target 'AppRuntimeKit' from project 'AppRuntimeKit')
SwiftCompile normal arm64 /Users/admin/builder/spi-builder-workspace/Sources/AppRuntimeKit/Runtime/ApplicationRuntimeRequestError.swift (in target 'AppRuntimeKit' from project 'AppRuntimeKit')
cd /Users/admin/builder/spi-builder-workspace/.swiftpm/xcode
SwiftCompile normal arm64_32 Compiling\ ApplicationOpeningError.swift /Users/admin/builder/spi-builder-workspace/Sources/AppRuntimeKit/Runtime/ApplicationOpeningError.swift (in target 'AppRuntimeKit' from project 'AppRuntimeKit')
SwiftCompile normal arm64_32 /Users/admin/builder/spi-builder-workspace/Sources/AppRuntimeKit/Runtime/ApplicationOpeningError.swift (in target 'AppRuntimeKit' from project 'AppRuntimeKit')
cd /Users/admin/builder/spi-builder-workspace/.swiftpm/xcode
SwiftDriverJobDiscovery normal arm64 Compiling ApplicationOpeningError.swift (in target 'AppRuntimeKit' from project 'AppRuntimeKit')
SwiftDriverJobDiscovery normal armv7k Compiling ApplicationRuntimeRequestError.swift (in target 'AppRuntimeKit' from project 'AppRuntimeKit')
SwiftDriver AppRuntimeKitAppKit normal arm64 com.apple.xcode.tools.swift.compiler (in target 'AppRuntimeKitAppKit' from project 'AppRuntimeKit')
cd /Users/admin/builder/spi-builder-workspace/.swiftpm/xcode
builtin-SwiftDriver -- /Applications/Xcode-16.3.0.app/Contents/Developer/Toolchains/XcodeDefault.xctoolchain/usr/bin/swiftc -module-name AppRuntimeKitAppKit -Onone -enforce-exclusivity\=checked @/Users/admin/builder/spi-builder-workspace/.derivedData/Build/Intermediates.noindex/AppRuntimeKit.build/Debug-watchos/AppRuntimeKitAppKit.build/Objects-normal/arm64/AppRuntimeKitAppKit.SwiftFileList -DSWIFT_PACKAGE -DDEBUG -DXcode -plugin-path /Applications/Xcode-16.3.0.app/Contents/Developer/Toolchains/XcodeDefault.xctoolchain/usr/lib/swift/host/plugins/testing -enable-experimental-feature DebugDescriptionMacro -sdk /Applications/Xcode-16.3.0.app/Contents/Developer/Platforms/WatchOS.platform/Developer/SDKs/WatchOS11.4.sdk -target arm64-apple-watchos5.0 -g -module-cache-path /Users/admin/builder/spi-builder-workspace/.derivedData/ModuleCache.noindex -Xfrontend -serialize-debugging-options -profile-coverage-mapping -profile-generate -enable-testing -index-store-path /Users/admin/builder/spi-builder-workspace/.derivedData/Index.noindex/DataStore -swift-version 6 -I /Users/admin/builder/spi-builder-workspace/.derivedData/Build/Products/Debug-watchos -I /Applications/Xcode-16.3.0.app/Contents/Developer/Platforms/WatchOS.platform/Developer/usr/lib -F /Users/admin/builder/spi-builder-workspace/.derivedData/Build/Products/Debug-watchos/PackageFrameworks -F /Users/admin/builder/spi-builder-workspace/.derivedData/Build/Products/Debug-watchos -F /Applications/Xcode-16.3.0.app/Contents/Developer/Platforms/WatchOS.platform/Developer/Library/Frameworks -F /Applications/Xcode-16.3.0.app/Contents/Developer/Platforms/WatchOS.platform/Developer/SDKs/WatchOS11.4.sdk/Developer/Library/Frameworks -c -j10 -enable-batch-mode -incremental -Xcc -ivfsstatcache -Xcc /Users/admin/builder/spi-builder-workspace/.derivedData/SDKStatCaches.noindex/watchos11.4-22T246-43efb940ff07ba2497b70ec94253f576.sdkstatcache -output-file-map /Users/admin/builder/spi-builder-workspace/.derivedData/Build/Intermediates.noindex/AppRuntimeKit.build/Debug-watchos/AppRuntimeKitAppKit.build/Objects-normal/arm64/AppRuntimeKitAppKit-OutputFileMap.json -use-frontend-parseable-output -save-temps -no-color-diagnostics -serialize-diagnostics -emit-dependencies -emit-module -emit-module-path /Users/admin/builder/spi-builder-workspace/.derivedData/Build/Intermediates.noindex/AppRuntimeKit.build/Debug-watchos/AppRuntimeKitAppKit.build/Objects-normal/arm64/AppRuntimeKitAppKit.swiftmodule -validate-clang-modules-once -clang-build-session-file /Users/admin/builder/spi-builder-workspace/.derivedData/ModuleCache.noindex/Session.modulevalidation -package-name spi_builder_workspace -Xcc -I/Users/admin/builder/spi-builder-workspace/.derivedData/Build/Intermediates.noindex/AppRuntimeKit.build/Debug-watchos/AppRuntimeKitAppKit.build/swift-overrides.hmap -emit-const-values -Xfrontend -const-gather-protocols-file -Xfrontend /Users/admin/builder/spi-builder-workspace/.derivedData/Build/Intermediates.noindex/AppRuntimeKit.build/Debug-watchos/AppRuntimeKitAppKit.build/Objects-normal/arm64/AppRuntimeKitAppKit_const_extract_protocols.json -Xcc -I/Users/admin/builder/spi-builder-workspace/.derivedData/Build/Products/Debug-watchos/include -Xcc -I/Users/admin/builder/spi-builder-workspace/.derivedData/Build/Intermediates.noindex/AppRuntimeKit.build/Debug-watchos/AppRuntimeKitAppKit.build/DerivedSources-normal/arm64 -Xcc -I/Users/admin/builder/spi-builder-workspace/.derivedData/Build/Intermediates.noindex/AppRuntimeKit.build/Debug-watchos/AppRuntimeKitAppKit.build/DerivedSources/arm64 -Xcc -I/Users/admin/builder/spi-builder-workspace/.derivedData/Build/Intermediates.noindex/AppRuntimeKit.build/Debug-watchos/AppRuntimeKitAppKit.build/DerivedSources -Xcc -DSWIFT_PACKAGE -Xcc -DDEBUG\=1 -emit-objc-header -emit-objc-header-path /Users/admin/builder/spi-builder-workspace/.derivedData/Build/Intermediates.noindex/AppRuntimeKit.build/Debug-watchos/AppRuntimeKitAppKit.build/Objects-normal/arm64/AppRuntimeKitAppKit-Swift.h -working-directory /Users/admin/builder/spi-builder-workspace/.swiftpm/xcode -experimental-emit-module-separately -disable-cmo
SwiftDriver AppRuntimeKitAppKit normal armv7k com.apple.xcode.tools.swift.compiler (in target 'AppRuntimeKitAppKit' from project 'AppRuntimeKit')
cd /Users/admin/builder/spi-builder-workspace/.swiftpm/xcode
builtin-SwiftDriver -- /Applications/Xcode-16.3.0.app/Contents/Developer/Toolchains/XcodeDefault.xctoolchain/usr/bin/swiftc -module-name AppRuntimeKitAppKit -Onone -enforce-exclusivity\=checked @/Users/admin/builder/spi-builder-workspace/.derivedData/Build/Intermediates.noindex/AppRuntimeKit.build/Debug-watchos/AppRuntimeKitAppKit.build/Objects-normal/armv7k/AppRuntimeKitAppKit.SwiftFileList -DSWIFT_PACKAGE -DDEBUG -DXcode -plugin-path /Applications/Xcode-16.3.0.app/Contents/Developer/Toolchains/XcodeDefault.xctoolchain/usr/lib/swift/host/plugins/testing -enable-experimental-feature DebugDescriptionMacro -sdk /Applications/Xcode-16.3.0.app/Contents/Developer/Platforms/WatchOS.platform/Developer/SDKs/WatchOS11.4.sdk -target armv7k-apple-watchos5.0 -g -module-cache-path /Users/admin/builder/spi-builder-workspace/.derivedData/ModuleCache.noindex -Xfrontend -serialize-debugging-options -profile-coverage-mapping -profile-generate -enable-testing -index-store-path /Users/admin/builder/spi-builder-workspace/.derivedData/Index.noindex/DataStore -swift-version 6 -I /Users/admin/builder/spi-builder-workspace/.derivedData/Build/Products/Debug-watchos -I /Applications/Xcode-16.3.0.app/Contents/Developer/Platforms/WatchOS.platform/Developer/usr/lib -F /Users/admin/builder/spi-builder-workspace/.derivedData/Build/Products/Debug-watchos/PackageFrameworks -F /Users/admin/builder/spi-builder-workspace/.derivedData/Build/Products/Debug-watchos -F /Applications/Xcode-16.3.0.app/Contents/Developer/Platforms/WatchOS.platform/Developer/Library/Frameworks -F /Applications/Xcode-16.3.0.app/Contents/Developer/Platforms/WatchOS.platform/Developer/SDKs/WatchOS11.4.sdk/Developer/Library/Frameworks -c -j10 -enable-batch-mode -incremental -Xcc -ivfsstatcache -Xcc /Users/admin/builder/spi-builder-workspace/.derivedData/SDKStatCaches.noindex/watchos11.4-22T246-43efb940ff07ba2497b70ec94253f576.sdkstatcache -output-file-map /Users/admin/builder/spi-builder-workspace/.derivedData/Build/Intermediates.noindex/AppRuntimeKit.build/Debug-watchos/AppRuntimeKitAppKit.build/Objects-normal/armv7k/AppRuntimeKitAppKit-OutputFileMap.json -use-frontend-parseable-output -save-temps -no-color-diagnostics -serialize-diagnostics -emit-dependencies -emit-module -emit-module-path /Users/admin/builder/spi-builder-workspace/.derivedData/Build/Intermediates.noindex/AppRuntimeKit.build/Debug-watchos/AppRuntimeKitAppKit.build/Objects-normal/armv7k/AppRuntimeKitAppKit.swiftmodule -validate-clang-modules-once -clang-build-session-file /Users/admin/builder/spi-builder-workspace/.derivedData/ModuleCache.noindex/Session.modulevalidation -package-name spi_builder_workspace -Xcc -I/Users/admin/builder/spi-builder-workspace/.derivedData/Build/Intermediates.noindex/AppRuntimeKit.build/Debug-watchos/AppRuntimeKitAppKit.build/swift-overrides.hmap -emit-const-values -Xfrontend -const-gather-protocols-file -Xfrontend /Users/admin/builder/spi-builder-workspace/.derivedData/Build/Intermediates.noindex/AppRuntimeKit.build/Debug-watchos/AppRuntimeKitAppKit.build/Objects-normal/armv7k/AppRuntimeKitAppKit_const_extract_protocols.json -Xcc -I/Users/admin/builder/spi-builder-workspace/.derivedData/Build/Products/Debug-watchos/include -Xcc -I/Users/admin/builder/spi-builder-workspace/.derivedData/Build/Intermediates.noindex/AppRuntimeKit.build/Debug-watchos/AppRuntimeKitAppKit.build/DerivedSources-normal/armv7k -Xcc -I/Users/admin/builder/spi-builder-workspace/.derivedData/Build/Intermediates.noindex/AppRuntimeKit.build/Debug-watchos/AppRuntimeKitAppKit.build/DerivedSources/armv7k -Xcc -I/Users/admin/builder/spi-builder-workspace/.derivedData/Build/Intermediates.noindex/AppRuntimeKit.build/Debug-watchos/AppRuntimeKitAppKit.build/DerivedSources -Xcc -DSWIFT_PACKAGE -Xcc -DDEBUG\=1 -emit-objc-header -emit-objc-header-path /Users/admin/builder/spi-builder-workspace/.derivedData/Build/Intermediates.noindex/AppRuntimeKit.build/Debug-watchos/AppRuntimeKitAppKit.build/Objects-normal/armv7k/AppRuntimeKitAppKit-Swift.h -working-directory /Users/admin/builder/spi-builder-workspace/.swiftpm/xcode -experimental-emit-module-separately -disable-cmo
SwiftDriver AppRuntimeKitAppKit normal arm64_32 com.apple.xcode.tools.swift.compiler (in target 'AppRuntimeKitAppKit' from project 'AppRuntimeKit')
cd /Users/admin/builder/spi-builder-workspace/.swiftpm/xcode
builtin-SwiftDriver -- /Applications/Xcode-16.3.0.app/Contents/Developer/Toolchains/XcodeDefault.xctoolchain/usr/bin/swiftc -module-name AppRuntimeKitAppKit -Onone -enforce-exclusivity\=checked @/Users/admin/builder/spi-builder-workspace/.derivedData/Build/Intermediates.noindex/AppRuntimeKit.build/Debug-watchos/AppRuntimeKitAppKit.build/Objects-normal/arm64_32/AppRuntimeKitAppKit.SwiftFileList -DSWIFT_PACKAGE -DDEBUG -DXcode -plugin-path /Applications/Xcode-16.3.0.app/Contents/Developer/Toolchains/XcodeDefault.xctoolchain/usr/lib/swift/host/plugins/testing -enable-experimental-feature DebugDescriptionMacro -sdk /Applications/Xcode-16.3.0.app/Contents/Developer/Platforms/WatchOS.platform/Developer/SDKs/WatchOS11.4.sdk -target arm64_32-apple-watchos5.0 -g -module-cache-path /Users/admin/builder/spi-builder-workspace/.derivedData/ModuleCache.noindex -Xfrontend -serialize-debugging-options -profile-coverage-mapping -profile-generate -enable-testing -index-store-path /Users/admin/builder/spi-builder-workspace/.derivedData/Index.noindex/DataStore -swift-version 6 -I /Users/admin/builder/spi-builder-workspace/.derivedData/Build/Products/Debug-watchos -I /Applications/Xcode-16.3.0.app/Contents/Developer/Platforms/WatchOS.platform/Developer/usr/lib -F /Users/admin/builder/spi-builder-workspace/.derivedData/Build/Products/Debug-watchos/PackageFrameworks -F /Users/admin/builder/spi-builder-workspace/.derivedData/Build/Products/Debug-watchos -F /Applications/Xcode-16.3.0.app/Contents/Developer/Platforms/WatchOS.platform/Developer/Library/Frameworks -F /Applications/Xcode-16.3.0.app/Contents/Developer/Platforms/WatchOS.platform/Developer/SDKs/WatchOS11.4.sdk/Developer/Library/Frameworks -c -j10 -enable-batch-mode -incremental -Xcc -ivfsstatcache -Xcc /Users/admin/builder/spi-builder-workspace/.derivedData/SDKStatCaches.noindex/watchos11.4-22T246-43efb940ff07ba2497b70ec94253f576.sdkstatcache -output-file-map /Users/admin/builder/spi-builder-workspace/.derivedData/Build/Intermediates.noindex/AppRuntimeKit.build/Debug-watchos/AppRuntimeKitAppKit.build/Objects-normal/arm64_32/AppRuntimeKitAppKit-OutputFileMap.json -use-frontend-parseable-output -save-temps -no-color-diagnostics -serialize-diagnostics -emit-dependencies -emit-module -emit-module-path /Users/admin/builder/spi-builder-workspace/.derivedData/Build/Intermediates.noindex/AppRuntimeKit.build/Debug-watchos/AppRuntimeKitAppKit.build/Objects-normal/arm64_32/AppRuntimeKitAppKit.swiftmodule -validate-clang-modules-once -clang-build-session-file /Users/admin/builder/spi-builder-workspace/.derivedData/ModuleCache.noindex/Session.modulevalidation -package-name spi_builder_workspace -Xcc -I/Users/admin/builder/spi-builder-workspace/.derivedData/Build/Intermediates.noindex/AppRuntimeKit.build/Debug-watchos/AppRuntimeKitAppKit.build/swift-overrides.hmap -emit-const-values -Xfrontend -const-gather-protocols-file -Xfrontend /Users/admin/builder/spi-builder-workspace/.derivedData/Build/Intermediates.noindex/AppRuntimeKit.build/Debug-watchos/AppRuntimeKitAppKit.build/Objects-normal/arm64_32/AppRuntimeKitAppKit_const_extract_protocols.json -Xcc -I/Users/admin/builder/spi-builder-workspace/.derivedData/Build/Products/Debug-watchos/include -Xcc -I/Users/admin/builder/spi-builder-workspace/.derivedData/Build/Intermediates.noindex/AppRuntimeKit.build/Debug-watchos/AppRuntimeKitAppKit.build/DerivedSources-normal/arm64_32 -Xcc -I/Users/admin/builder/spi-builder-workspace/.derivedData/Build/Intermediates.noindex/AppRuntimeKit.build/Debug-watchos/AppRuntimeKitAppKit.build/DerivedSources/arm64_32 -Xcc -I/Users/admin/builder/spi-builder-workspace/.derivedData/Build/Intermediates.noindex/AppRuntimeKit.build/Debug-watchos/AppRuntimeKitAppKit.build/DerivedSources -Xcc -DSWIFT_PACKAGE -Xcc -DDEBUG\=1 -emit-objc-header -emit-objc-header-path /Users/admin/builder/spi-builder-workspace/.derivedData/Build/Intermediates.noindex/AppRuntimeKit.build/Debug-watchos/AppRuntimeKitAppKit.build/Objects-normal/arm64_32/AppRuntimeKitAppKit-Swift.h -working-directory /Users/admin/builder/spi-builder-workspace/.swiftpm/xcode -experimental-emit-module-separately -disable-cmo
SwiftDriverJobDiscovery normal armv7k Compiling ApplicationRequestResult.swift (in target 'AppRuntimeKit' from project 'AppRuntimeKit')
SwiftEmitModule normal arm64 Emitting\ module\ for\ AppRuntimeKitAppKit (in target 'AppRuntimeKitAppKit' from project 'AppRuntimeKit')
EmitSwiftModule normal arm64 (in target 'AppRuntimeKitAppKit' from project 'AppRuntimeKit')
cd /Users/admin/builder/spi-builder-workspace/.swiftpm/xcode
SwiftDriverJobDiscovery normal arm64 Compiling ApplicationRuntimeEvent.swift (in target 'AppRuntimeKit' from project 'AppRuntimeKit')
SwiftCompile normal arm64 Compiling\ ApplicationRuntimeDependencies.swift /Users/admin/builder/spi-builder-workspace/Sources/AppRuntimeKitAppKit/Runtime/ApplicationRuntimeDependencies.swift (in target 'AppRuntimeKitAppKit' from project 'AppRuntimeKit')
SwiftCompile normal arm64 /Users/admin/builder/spi-builder-workspace/Sources/AppRuntimeKitAppKit/Runtime/ApplicationRuntimeDependencies.swift (in target 'AppRuntimeKitAppKit' from project 'AppRuntimeKit')
cd /Users/admin/builder/spi-builder-workspace/.swiftpm/xcode
SwiftDriverJobDiscovery normal arm64_32 Compiling ApplicationRequestResult.swift (in target 'AppRuntimeKit' from project 'AppRuntimeKit')
SwiftCompile normal arm64 Compiling\ ApplicationRuntime.swift /Users/admin/builder/spi-builder-workspace/Sources/AppRuntimeKitAppKit/Runtime/ApplicationRuntime.swift (in target 'AppRuntimeKitAppKit' from project 'AppRuntimeKit')
Failed frontend command:
/Applications/Xcode-16.3.0.app/Contents/Developer/Toolchains/XcodeDefault.xctoolchain/usr/bin/swift-frontend -frontend -c /Users/admin/builder/spi-builder-workspace/Sources/AppRuntimeKitAppKit/Application/ApplicationBundleIdentifierInput.swift /Users/admin/builder/spi-builder-workspace/Sources/AppRuntimeKitAppKit/Application/ApplicationProcessSnapshot+AppKit.swift /Users/admin/builder/spi-builder-workspace/Sources/AppRuntimeKitAppKit/DuplicateActivation/ApplicationDuplicateActivationCoordinator.swift /Users/admin/builder/spi-builder-workspace/Sources/AppRuntimeKitAppKit/DuplicateActivation/ApplicationDuplicateActivationCoordinatorDependencies.swift /Users/admin/builder/spi-builder-workspace/Sources/AppRuntimeKitAppKit/Runtime/ApplicationProcessSnapshot+RunningApplication.swift /Users/admin/builder/spi-builder-workspace/Sources/AppRuntimeKitAppKit/Runtime/ApplicationRuntime+Activation.swift /Users/admin/builder/spi-builder-workspace/Sources/AppRuntimeKitAppKit/Runtime/ApplicationRuntime+Events.swift /Users/admin/builder/spi-builder-workspace/Sources/AppRuntimeKitAppKit/Runtime/ApplicationRuntime+Lookup.swift /Users/admin/builder/spi-builder-workspace/Sources/AppRuntimeKitAppKit/Runtime/ApplicationRuntime+Opening.swift /Users/admin/builder/spi-builder-workspace/Sources/AppRuntimeKitAppKit/Runtime/ApplicationRuntime+Queries.swift /Users/admin/builder/spi-builder-workspace/Sources/AppRuntimeKitAppKit/Runtime/ApplicationRuntime+Termination.swift -primary-file /Users/admin/builder/spi-builder-workspace/Sources/AppRuntimeKitAppKit/Runtime/ApplicationRuntime.swift /Users/admin/builder/spi-builder-workspace/Sources/AppRuntimeKitAppKit/Runtime/ApplicationRuntimeDependencies.swift /Users/admin/builder/spi-builder-workspace/Sources/AppRuntimeKitAppKit/Runtime/ApplicationRuntimeEventSource.swift /Users/admin/builder/spi-builder-workspace/Sources/AppRuntimeKitAppKit/Runtime/ApplicationRuntimeRunningApplication.swift -emit-dependencies-path /Users/admin/builder/spi-builder-workspace/.derivedData/Build/Intermediates.noindex/AppRuntimeKit.build/Debug-watchos/AppRuntimeKitAppKit.build/Objects-normal/arm64/ApplicationRuntime.d -emit-const-values-path /Users/admin/builder/spi-builder-workspace/.derivedData/Build/Intermediates.noindex/AppRuntimeKit.build/Debug-watchos/AppRuntimeKitAppKit.build/Objects-normal/arm64/ApplicationRuntime.swiftconstvalues -emit-reference-dependencies-path /Users/admin/builder/spi-builder-workspace/.derivedData/Build/Intermediates.noindex/AppRuntimeKit.build/Debug-watchos/AppRuntimeKitAppKit.build/Objects-normal/arm64/ApplicationRuntime.swiftdeps -serialize-diagnostics-path /Users/admin/builder/spi-builder-workspace/.derivedData/Build/Intermediates.noindex/AppRuntimeKit.build/Debug-watchos/AppRuntimeKitAppKit.build/Objects-normal/arm64/ApplicationRuntime.dia -target arm64-apple-watchos5.0 -Xllvm -aarch64-use-tbi -enable-objc-interop -sdk /Applications/Xcode-16.3.0.app/Contents/Developer/Platforms/WatchOS.platform/Developer/SDKs/WatchOS11.4.sdk -I /Users/admin/builder/spi-builder-workspace/.derivedData/Build/Products/Debug-watchos -I /Applications/Xcode-16.3.0.app/Contents/Developer/Platforms/WatchOS.platform/Developer/usr/lib -F /Users/admin/builder/spi-builder-workspace/.derivedData/Build/Products/Debug-watchos/PackageFrameworks -F /Users/admin/builder/spi-builder-workspace/.derivedData/Build/Products/Debug-watchos -F /Applications/Xcode-16.3.0.app/Contents/Developer/Platforms/WatchOS.platform/Developer/Library/Frameworks -F /Applications/Xcode-16.3.0.app/Contents/Developer/Platforms/WatchOS.platform/Developer/SDKs/WatchOS11.4.sdk/Developer/Library/Frameworks -no-color-diagnostics -enable-testing -g -debug-info-format\=dwarf -dwarf-version\=4 -module-cache-path /Users/admin/builder/spi-builder-workspace/.derivedData/ModuleCache.noindex -profile-generate -profile-coverage-mapping -swift-version 6 -enforce-exclusivity\=checked -Onone -D SWIFT_PACKAGE -D DEBUG -D Xcode -serialize-debugging-options -const-gather-protocols-file /Users/admin/builder/spi-builder-workspace/.derivedData/Build/Intermediates.noindex/AppRuntimeKit.build/Debug-watchos/AppRuntimeKitAppKit.build/Objects-normal/arm64/AppRuntimeKitAppKit_const_extract_protocols.json -enable-experimental-feature DebugDescriptionMacro -empty-abi-descriptor -plugin-path /Applications/Xcode-16.3.0.app/Contents/Developer/Toolchains/XcodeDefault.xctoolchain/usr/lib/swift/host/plugins/testing -validate-clang-modules-once -clang-build-session-file /Users/admin/builder/spi-builder-workspace/.derivedData/ModuleCache.noindex/Session.modulevalidation -Xcc -working-directory -Xcc /Users/admin/builder/spi-builder-workspace/.swiftpm/xcode -resource-dir /Applications/Xcode-16.3.0.app/Contents/Developer/Toolchains/XcodeDefault.xctoolchain/usr/lib/swift -enable-anonymous-context-mangled-names -file-compilation-dir /Users/admin/builder/spi-builder-workspace/.swiftpm/xcode -Xcc -ivfsstatcache -Xcc /Users/admin/builder/spi-builder-workspace/.derivedData/SDKStatCaches.noindex/watchos11.4-22T246-43efb940ff07ba2497b70ec94253f576.sdkstatcache -Xcc -I/Users/admin/builder/spi-builder-workspace/.derivedData/Build/Intermediates.noindex/AppRuntimeKit.build/Debug-watchos/AppRuntimeKitAppKit.build/swift-overrides.hmap -Xcc -I/Users/admin/builder/spi-builder-workspace/.derivedData/Build/Products/Debug-watchos/include -Xcc -I/Users/admin/builder/spi-builder-workspace/.derivedData/Build/Intermediates.noindex/AppRuntimeKit.build/Debug-watchos/AppRuntimeKitAppKit.build/DerivedSources-normal/arm64 -Xcc -I/Users/admin/builder/spi-builder-workspace/.derivedData/Build/Intermediates.noindex/AppRuntimeKit.build/Debug-watchos/AppRuntimeKitAppKit.build/DerivedSources/arm64 -Xcc -I/Users/admin/builder/spi-builder-workspace/.derivedData/Build/Intermediates.noindex/AppRuntimeKit.build/Debug-watchos/AppRuntimeKitAppKit.build/DerivedSources -Xcc -DSWIFT_PACKAGE -Xcc -DDEBUG\=1 -module-name AppRuntimeKitAppKit -package-name spi_builder_workspace -frontend-parseable-output -disable-clang-spi -target-sdk-version 11.4 -target-sdk-name watchos11.4 -external-plugin-path /Applications/Xcode-16.3.0.app/Contents/Developer/Platforms/WatchOS.platform/Developer/usr/lib/swift/host/plugins\#/Applications/Xcode-16.3.0.app/Contents/Developer/Platforms/WatchOS.platform/Developer/usr/bin/swift-plugin-server -external-plugin-path /Applications/Xcode-16.3.0.app/Contents/Developer/Platforms/WatchOS.platform/Developer/usr/local/lib/swift/host/plugins\#/Applications/Xcode-16.3.0.app/Contents/Developer/Platforms/WatchOS.platform/Developer/usr/bin/swift-plugin-server -in-process-plugin-server-path /Applications/Xcode-16.3.0.app/Contents/Developer/Toolchains/XcodeDefault.xctoolchain/usr/lib/swift/host/libSwiftInProcPluginServer.dylib -plugin-path /Applications/Xcode-16.3.0.app/Contents/Developer/Toolchains/XcodeDefault.xctoolchain/usr/lib/swift/host/plugins -plugin-path /Applications/Xcode-16.3.0.app/Contents/Developer/Toolchains/XcodeDefault.xctoolchain/usr/local/lib/swift/host/plugins -o /Users/admin/builder/spi-builder-workspace/.derivedData/Build/Intermediates.noindex/AppRuntimeKit.build/Debug-watchos/AppRuntimeKitAppKit.build/Objects-normal/arm64/ApplicationRuntime.o -index-unit-output-path /AppRuntimeKit.build/Debug-watchos/AppRuntimeKitAppKit.build/Objects-normal/arm64/ApplicationRuntime.o -index-store-path /Users/admin/builder/spi-builder-workspace/.derivedData/Index.noindex/DataStore -index-system-modules
SwiftCompile normal arm64 /Users/admin/builder/spi-builder-workspace/Sources/AppRuntimeKitAppKit/Runtime/ApplicationRuntime.swift (in target 'AppRuntimeKitAppKit' from project 'AppRuntimeKit')
cd /Users/admin/builder/spi-builder-workspace/.swiftpm/xcode
/Users/admin/builder/spi-builder-workspace/Sources/AppRuntimeKitAppKit/Application/ApplicationProcessSnapshot+AppKit.swift:1:8: error: no such module 'AppKit'
import AppKit
^
SwiftDriverJobDiscovery normal arm64_32 Compiling ApplicationProcessSnapshot.swift (in target 'AppRuntimeKit' from project 'AppRuntimeKit')
SwiftCompile normal arm64 Compiling\ ApplicationRuntime+Opening.swift,\ ApplicationRuntime+Queries.swift /Users/admin/builder/spi-builder-workspace/Sources/AppRuntimeKitAppKit/Runtime/ApplicationRuntime+Opening.swift /Users/admin/builder/spi-builder-workspace/Sources/AppRuntimeKitAppKit/Runtime/ApplicationRuntime+Queries.swift (in target 'AppRuntimeKitAppKit' from project 'AppRuntimeKit')
SwiftCompile normal arm64 /Users/admin/builder/spi-builder-workspace/Sources/AppRuntimeKitAppKit/Runtime/ApplicationRuntime+Opening.swift (in target 'AppRuntimeKitAppKit' from project 'AppRuntimeKit')
cd /Users/admin/builder/spi-builder-workspace/.swiftpm/xcode
SwiftCompile normal arm64 /Users/admin/builder/spi-builder-workspace/Sources/AppRuntimeKitAppKit/Runtime/ApplicationRuntime+Queries.swift (in target 'AppRuntimeKitAppKit' from project 'AppRuntimeKit')
cd /Users/admin/builder/spi-builder-workspace/.swiftpm/xcode
SwiftDriverJobDiscovery normal arm64_32 Compiling ApplicationTerminationMode.swift (in target 'AppRuntimeKit' from project 'AppRuntimeKit')
SwiftCompile normal arm64 Compiling\ ApplicationDuplicateActivationCoordinator.swift,\ ApplicationDuplicateActivationCoordinatorDependencies.swift /Users/admin/builder/spi-builder-workspace/Sources/AppRuntimeKitAppKit/DuplicateActivation/ApplicationDuplicateActivationCoordinator.swift /Users/admin/builder/spi-builder-workspace/Sources/AppRuntimeKitAppKit/DuplicateActivation/ApplicationDuplicateActivationCoordinatorDependencies.swift (in target 'AppRuntimeKitAppKit' from project 'AppRuntimeKit')
SwiftCompile normal arm64 /Users/admin/builder/spi-builder-workspace/Sources/AppRuntimeKitAppKit/DuplicateActivation/ApplicationDuplicateActivationCoordinator.swift (in target 'AppRuntimeKitAppKit' from project 'AppRuntimeKit')
cd /Users/admin/builder/spi-builder-workspace/.swiftpm/xcode
SwiftCompile normal arm64 /Users/admin/builder/spi-builder-workspace/Sources/AppRuntimeKitAppKit/DuplicateActivation/ApplicationDuplicateActivationCoordinatorDependencies.swift (in target 'AppRuntimeKitAppKit' from project 'AppRuntimeKit')
cd /Users/admin/builder/spi-builder-workspace/.swiftpm/xcode
SwiftDriverJobDiscovery normal armv7k Compiling ApplicationProcessSnapshot.swift (in target 'AppRuntimeKit' from project 'AppRuntimeKit')
SwiftCompile normal arm64 Compiling\ ApplicationRuntime+Events.swift,\ ApplicationRuntime+Lookup.swift /Users/admin/builder/spi-builder-workspace/Sources/AppRuntimeKitAppKit/Runtime/ApplicationRuntime+Events.swift /Users/admin/builder/spi-builder-workspace/Sources/AppRuntimeKitAppKit/Runtime/ApplicationRuntime+Lookup.swift (in target 'AppRuntimeKitAppKit' from project 'AppRuntimeKit')
SwiftCompile normal arm64 /Users/admin/builder/spi-builder-workspace/Sources/AppRuntimeKitAppKit/Runtime/ApplicationRuntime+Events.swift (in target 'AppRuntimeKitAppKit' from project 'AppRuntimeKit')
cd /Users/admin/builder/spi-builder-workspace/.swiftpm/xcode
SwiftCompile normal arm64 /Users/admin/builder/spi-builder-workspace/Sources/AppRuntimeKitAppKit/Runtime/ApplicationRuntime+Lookup.swift (in target 'AppRuntimeKitAppKit' from project 'AppRuntimeKit')
cd /Users/admin/builder/spi-builder-workspace/.swiftpm/xcode
SwiftDriverJobDiscovery normal armv7k Compiling ApplicationRuntimeEvent.swift (in target 'AppRuntimeKit' from project 'AppRuntimeKit')
SwiftCompile normal arm64 Compiling\ ApplicationRuntimeEventSource.swift /Users/admin/builder/spi-builder-workspace/Sources/AppRuntimeKitAppKit/Runtime/ApplicationRuntimeEventSource.swift (in target 'AppRuntimeKitAppKit' from project 'AppRuntimeKit')
SwiftCompile normal arm64 /Users/admin/builder/spi-builder-workspace/Sources/AppRuntimeKitAppKit/Runtime/ApplicationRuntimeEventSource.swift (in target 'AppRuntimeKitAppKit' from project 'AppRuntimeKit')
cd /Users/admin/builder/spi-builder-workspace/.swiftpm/xcode
SwiftCompile normal arm64 Compiling\ ApplicationRuntime+Termination.swift /Users/admin/builder/spi-builder-workspace/Sources/AppRuntimeKitAppKit/Runtime/ApplicationRuntime+Termination.swift (in target 'AppRuntimeKitAppKit' from project 'AppRuntimeKit')
SwiftCompile normal arm64 /Users/admin/builder/spi-builder-workspace/Sources/AppRuntimeKitAppKit/Runtime/ApplicationRuntime+Termination.swift (in target 'AppRuntimeKitAppKit' from project 'AppRuntimeKit')
cd /Users/admin/builder/spi-builder-workspace/.swiftpm/xcode
SwiftCompile normal arm64 Compiling\ ApplicationProcessSnapshot+RunningApplication.swift,\ ApplicationRuntime+Activation.swift /Users/admin/builder/spi-builder-workspace/Sources/AppRuntimeKitAppKit/Runtime/ApplicationProcessSnapshot+RunningApplication.swift /Users/admin/builder/spi-builder-workspace/Sources/AppRuntimeKitAppKit/Runtime/ApplicationRuntime+Activation.swift (in target 'AppRuntimeKitAppKit' from project 'AppRuntimeKit')
SwiftCompile normal arm64 /Users/admin/builder/spi-builder-workspace/Sources/AppRuntimeKitAppKit/Runtime/ApplicationProcessSnapshot+RunningApplication.swift (in target 'AppRuntimeKitAppKit' from project 'AppRuntimeKit')
cd /Users/admin/builder/spi-builder-workspace/.swiftpm/xcode
SwiftCompile normal arm64 /Users/admin/builder/spi-builder-workspace/Sources/AppRuntimeKitAppKit/Runtime/ApplicationRuntime+Activation.swift (in target 'AppRuntimeKitAppKit' from project 'AppRuntimeKit')
cd /Users/admin/builder/spi-builder-workspace/.swiftpm/xcode
SwiftDriverJobDiscovery normal arm64 Compiling ApplicationRuntimeRequestError.swift (in target 'AppRuntimeKit' from project 'AppRuntimeKit')
SwiftEmitModule normal armv7k Emitting\ module\ for\ AppRuntimeKitAppKit (in target 'AppRuntimeKitAppKit' from project 'AppRuntimeKit')
EmitSwiftModule normal armv7k (in target 'AppRuntimeKitAppKit' from project 'AppRuntimeKit')
cd /Users/admin/builder/spi-builder-workspace/.swiftpm/xcode
SwiftDriverJobDiscovery normal arm64_32 Compiling ApplicationOpeningError.swift (in target 'AppRuntimeKit' from project 'AppRuntimeKit')
SwiftEmitModule normal arm64_32 Emitting\ module\ for\ AppRuntimeKitAppKit (in target 'AppRuntimeKitAppKit' from project 'AppRuntimeKit')
Command SwiftEmitModule failed with a nonzero exit code
** BUILD FAILED **
The following build commands failed:
SwiftCompile normal arm64 Compiling\ ApplicationRuntime.swift /Users/admin/builder/spi-builder-workspace/Sources/AppRuntimeKitAppKit/Runtime/ApplicationRuntime.swift (in target 'AppRuntimeKitAppKit' from project 'AppRuntimeKit')
SwiftCompile normal arm64 /Users/admin/builder/spi-builder-workspace/Sources/AppRuntimeKitAppKit/Runtime/ApplicationRuntime.swift (in target 'AppRuntimeKitAppKit' from project 'AppRuntimeKit')
SwiftEmitModule normal arm64_32 Emitting\ module\ for\ AppRuntimeKitAppKit (in target 'AppRuntimeKitAppKit' from project 'AppRuntimeKit')
Building workspace spi-builder-workspace with scheme AppRuntimeKit-Package
(4 failures)
BUILD FAILURE 6.1 watchOS