The Swift Package Index logo.Swift Package Index

Build Information

Failed to build Spidra, reference 1.0.0 (24bacd), with Swift 6.4 for Wasm on 25 Sep 2026 01:46:08 UTC.

Build Command

bash -c docker run --pull=always --rm -v "checkouts-53886770-2":/host -w "$PWD" -e JAVA_HOME="/root/.sdkman/candidates/java/current" -e SPI_BUILD="1" -e SPI_PROCESSING="1" registry.gitlab.com/saguaro1/spi-images:wasm-6.4-latest swift build --swift-sdk swift-6.4.x-DEVELOPMENT-SNAPSHOT-2026-09-04-a_wasm 2>&1

Build Log

========================================
RunAll
========================================
Builder version: 5.1.0
Interrupt handler set up.
========================================
Checkout
========================================
Clone URL: https://github.com/spidra-io/spidra-swift.git
Reference: 1.0.0
Initialized empty Git repository in /host/spi-builder-workspace/.git/
hint: Using 'master' as the name for the initial branch. This default branch name
hint: is subject to change. To configure the initial branch name to use in all
hint: of your new repositories, which will suppress this warning, call:
hint:
hint: 	git config --global init.defaultBranch <name>
hint:
hint: Names commonly chosen instead of 'master' are 'main', 'trunk' and
hint: 'development'. The just-created branch can be renamed via this command:
hint:
hint: 	git branch -m <name>
From https://github.com/spidra-io/spidra-swift
 * tag               1.0.0      -> FETCH_HEAD
HEAD is now at 24bacd2 Initialize Spidra Swift SDK with full API models and resources mapping
Cloned https://github.com/spidra-io/spidra-swift.git
Revision (git rev-parse @):
24bacd2557e7422c6b379b650aad4aded3f7fa3d
SUCCESS checkout https://github.com/spidra-io/spidra-swift.git at 1.0.0
========================================
Build
========================================
Selected platform:         wasm
Swift version:             6.4
Building package at path:  $PWD
https://github.com/spidra-io/spidra-swift.git
Running build ...
bash -c docker run --pull=always --rm -v "checkouts-53886770-2":/host -w "$PWD" -e JAVA_HOME="/root/.sdkman/candidates/java/current" -e SPI_BUILD="1" -e SPI_PROCESSING="1" registry.gitlab.com/saguaro1/spi-images:wasm-6.4-latest swift build --swift-sdk swift-6.4.x-DEVELOPMENT-SNAPSHOT-2026-09-04-a_wasm 2>&1
wasm-6.4-latest: Pulling from saguaro1/spi-images
Digest: sha256:4328fdb43c680d205c1d6761b1e3267aa38277eefdda9ddfb17b6a0f1a77857a
Status: Image is up to date for registry.gitlab.com/saguaro1/spi-images:wasm-6.4-latest
Building for debugging...
[Pre-planning 1 / 66]
[Planning deferred tasks]
[18 / 27] Spidra
error: SwiftCompile normal wasm32 failed with a nonzero exit code. Command line:     cd /host

/host/spi-builder-workspace/Sources/Spidra/HTTPClient.swift:5:26: error: 'URLSession' is unavailable: This type has moved to the FoundationNetworking module. Import that module to use it.
  3 | public class HttpClient {
  4 |     private let config: SpidraConfig
  5 |     private let session: URLSession
    |                          `- error: 'URLSession' is unavailable: This type has moved to the FoundationNetworking module. Import that module to use it.
  6 |     private let encoder: JSONEncoder
  7 |     private let decoder: JSONDecoder
Foundation.URLSession:2:18: note: 'URLSession' has been explicitly marked unavailable here
1 | @available(*, unavailable, message: "This type has moved to the FoundationNetworking module. Import that module to use it.")
2 | public typealias URLSession = AnyObject
  |                  `- note: 'URLSession' has been explicitly marked unavailable here
/host/spi-builder-workspace/Sources/Spidra/HTTPClient.swift:9:48: error: 'URLSession' is unavailable: This type has moved to the FoundationNetworking module. Import that module to use it.
  7 |     private let decoder: JSONDecoder
  8 |
  9 |     public init(config: SpidraConfig, session: URLSession = .shared) {
    |                                                `- error: 'URLSession' is unavailable: This type has moved to the FoundationNetworking module. Import that module to use it.
 10 |         self.config = config
 11 |         self.session = session
Foundation.URLSession:2:18: note: 'URLSession' has been explicitly marked unavailable here
1 | @available(*, unavailable, message: "This type has moved to the FoundationNetworking module. Import that module to use it.")
2 | public typealias URLSession = AnyObject
  |                  `- note: 'URLSession' has been explicitly marked unavailable here
/host/spi-builder-workspace/Sources/Spidra/HTTPClient.swift:9:62: error: value of type '_' expected to be instance of class or class-constrained type
  7 |     private let decoder: JSONDecoder
  8 |
  9 |     public init(config: SpidraConfig, session: URLSession = .shared) {
    |                                                              `- error: value of type '_' expected to be instance of class or class-constrained type
 10 |         self.config = config
 11 |         self.session = session
/host/spi-builder-workspace/Sources/Spidra/HTTPClient.swift:9:62: error: type 'URLSession' (aka 'AnyObject') has no member 'shared'
  7 |     private let decoder: JSONDecoder
  8 |
  9 |     public init(config: SpidraConfig, session: URLSession = .shared) {
    |                                                              `- error: type 'URLSession' (aka 'AnyObject') has no member 'shared'
 10 |         self.config = config
 11 |         self.session = session
/host/spi-builder-workspace/Sources/Spidra/HTTPClient.swift:34:104: error: cannot find type 'URLRequest' in scope
 32 |     }
 33 |
 34 |     private func createRequest<T: Codable>(endpoint: String, method: String, body: T? = nil) throws -> URLRequest {
    |                                                                                                        `- error: cannot find type 'URLRequest' in scope
 35 |         guard let url = URL(string: config.baseUrl + endpoint) else {
 36 |             throw SpidraError.networkError(URLError(.badURL))
/host/spi-builder-workspace/Sources/Spidra/HTTPClient.swift:51:76: error: cannot find type 'URLRequest' in scope
 49 |     }
 50 |
 51 |     private func createRequest(endpoint: String, method: String) throws -> URLRequest {
    |                                                                            `- error: cannot find type 'URLRequest' in scope
 52 |         guard let url = URL(string: config.baseUrl + endpoint) else {
 53 |             throw SpidraError.networkError(URLError(.badURL))
/host/spi-builder-workspace/Sources/Spidra/HTTPClient.swift:64:47: error: cannot find type 'URLRequest' in scope
 62 |     }
 63 |
 64 |     private func execute<U: Codable>(request: URLRequest) async throws -> U {
    |                                               `- error: cannot find type 'URLRequest' in scope
 65 |         let (data, response) = try await session.data(for: request)
 66 |
Failed frontend command:
/usr/bin/swift-frontend -frontend -emit-module -experimental-skip-non-inlinable-function-bodies-without-types /host/spi-builder-workspace/Sources/Spidra/HTTPClient.swift /host/spi-builder-workspace/Sources/Spidra/Resources/BatchResource.swift /host/spi-builder-workspace/Sources/Spidra/Resources/CrawlResource.swift /host/spi-builder-workspace/Sources/Spidra/Resources/LogsResource.swift /host/spi-builder-workspace/Sources/Spidra/Resources/ScrapeResource.swift /host/spi-builder-workspace/Sources/Spidra/Resources/UsageResource.swift /host/spi-builder-workspace/Sources/Spidra/SpidraClient.swift /host/spi-builder-workspace/Sources/Spidra/Types/AnyCodable.swift /host/spi-builder-workspace/Sources/Spidra/Types/Batch.swift /host/spi-builder-workspace/Sources/Spidra/Types/Core.swift /host/spi-builder-workspace/Sources/Spidra/Types/Crawl.swift /host/spi-builder-workspace/Sources/Spidra/Types/Logs.swift /host/spi-builder-workspace/Sources/Spidra/Types/Scrape.swift /host/spi-builder-workspace/Sources/Spidra/Types/SpidraError.swift /host/spi-builder-workspace/Sources/Spidra/Types/Usage.swift -target wasm32-unknown-wasip1 -disable-objc-interop -sdk /root/.swiftpm/swift-sdks/swift-6.4.x-DEVELOPMENT-SNAPSHOT-2026-09-04-a_wasm.artifactbundle/swift-6.4.x-DEVELOPMENT-SNAPSHOT-2026-09-04-a_wasm/wasm32-unknown-wasip1/WASI.sdk -sysroot /root/.swiftpm/swift-sdks/swift-6.4.x-DEVELOPMENT-SNAPSHOT-2026-09-04-a_wasm.artifactbundle/swift-6.4.x-DEVELOPMENT-SNAPSHOT-2026-09-04-a_wasm/wasm32-unknown-wasip1/WASI.sdk -I /host/spi-builder-workspace/.build/out/Products/Debug-webassembly-wasm32 -module-cache-path /host/spi-builder-workspace/.build/out/ModuleCache.noindex -color-diagnostics -Xcc -fcolor-diagnostics -enable-testing -g -debug-info-format\=dwarf -dwarf-version\=4 -swift-version 5 -Onone -D SWIFT_PACKAGE -D DEBUG -D SWIFT_MODULE_RESOURCE_BUNDLE_UNAVAILABLE -D Xcode -serialize-debugging-options -enable-experimental-feature DebugDescriptionMacro -empty-abi-descriptor -external-plugin-path /usr/lib/swift/host/plugins/testing\#/usr/bin/swift-plugin-server -validate-clang-modules-once -clang-build-session-file /host/spi-builder-workspace/.build/out/ModuleCache.noindex/Session.modulevalidation -Xcc -working-directory -Xcc /host -resource-dir /root/.swiftpm/swift-sdks/swift-6.4.x-DEVELOPMENT-SNAPSHOT-2026-09-04-a_wasm.artifactbundle/swift-6.4.x-DEVELOPMENT-SNAPSHOT-2026-09-04-a_wasm/wasm32-unknown-wasip1/swift.xctoolchain/usr/lib/swift_static -use-static-resource-dir -enable-anonymous-context-mangled-names -file-compilation-dir /host -Xcc -resource-dir -Xcc /root/.swiftpm/swift-sdks/swift-6.4.x-DEVELOPMENT-SNAPSHOT-2026-09-04-a_wasm.artifactbundle/swift-6.4.x-DEVELOPMENT-SNAPSHOT-2026-09-04-a_wasm/wasm32-unknown-wasip1/swift.xctoolchain/usr/lib/swift_static/clang -Xcc -D_LIBCPP_HARDENING_MODE\=_LIBCPP_HARDENING_MODE_DEBUG -Xcc -fmodules-prune-interval\=86400 -Xcc -fmodules-prune-after\=345600 -Xcc -I/host/spi-builder-workspace/.build/out/Products/Debug-webassembly-wasm32/include -Xcc -I/host/spi-builder-workspace/.build/out/Intermediates.noindex/Spidra.build/Debug-webassembly-wasm32/Spidra-t.build/DerivedSources-normal/wasm32 -Xcc -I/host/spi-builder-workspace/.build/out/Intermediates.noindex/Spidra.build/Debug-webassembly-wasm32/Spidra-t.build/DerivedSources/wasm32 -Xcc -I/host/spi-builder-workspace/.build/out/Intermediates.noindex/Spidra.build/Debug-webassembly-wasm32/Spidra-t.build/DerivedSources -Xcc -DSWIFT_PACKAGE -Xcc -DDEBUG\=1 -no-auto-bridging-header-chaining -module-name Spidra -package-name spi_builder_workspace -const-gather-protocols-file /host/spi-builder-workspace/.build/out/Intermediates.noindex/Spidra.build/Debug-webassembly-wasm32/Spidra-t.build/Objects-normal/wasm32/Spidra_const_extract_protocols.json -in-process-plugin-server-path /usr/lib/swift/host/libSwiftInProcPluginServer.so -plugin-path /usr/lib/swift/host/plugins -plugin-path /usr/local/lib/swift/host/plugins -emit-module-doc-path /host/spi-builder-workspace/.build/out/Intermediates.noindex/Spidra.build/Debug-webassembly-wasm32/Spidra-t.build/Objects-normal/wasm32/Modules/Spidra.swiftdoc -emit-module-source-info-path /host/spi-builder-workspace/.build/out/Intermediates.noindex/Spidra.build/Debug-webassembly-wasm32/Spidra-t.build/Objects-normal/wasm32/Modules/Spidra.swiftsourceinfo -emit-objc-header-path /host/spi-builder-workspace/.build/out/Intermediates.noindex/Spidra.build/Debug-webassembly-wasm32/Spidra-t.build/Objects-normal/wasm32/Spidra-Swift.h -serialize-diagnostics-path /host/spi-builder-workspace/.build/out/Intermediates.noindex/Spidra.build/Debug-webassembly-wasm32/Spidra-t.build/Objects-normal/wasm32/Spidra-primary-emit-module.dia -emit-dependencies-path /host/spi-builder-workspace/.build/out/Intermediates.noindex/Spidra.build/Debug-webassembly-wasm32/Spidra-t.build/Objects-normal/wasm32/Spidra-primary-emit-module.d -parse-as-library -o /host/spi-builder-workspace/.build/out/Intermediates.noindex/Spidra.build/Debug-webassembly-wasm32/Spidra-t.build/Objects-normal/wasm32/Modules/Spidra.swiftmodule
error: Build failed
BUILD FAILURE 6.4 wasm