Build Information
Failed to build WWSVGImageView, reference main (54162e), with Swift 6.4 for macOS (Xcode) using Xcode 27.0 on 23 Sep 2026 23:39:24 UTC.
Build Command
env DEVELOPER_DIR=/Applications/Xcode-27.0.0-Release.Candidate.app xcrun xcodebuild -IDEClonedSourcePackagesDirPathOverride=$PWD/.dependencies -skipMacroValidation -skipPackagePluginValidation -derivedDataPath $PWD/.derivedData build -scheme WWSVGImageView -destination platform=macOS,arch=arm64Build Log
========================================
RunAll
========================================
Builder version: 5.1.0
Interrupt handler set up.
========================================
Checkout
========================================
Clone URL: https://github.com/William-Weng/WWSVGImageView.git
Reference: main
Initialized empty Git repository in /Users/admin/builder/spi-builder-workspace/.git/
From https://github.com/William-Weng/WWSVGImageView
* branch main -> FETCH_HEAD
* [new branch] main -> origin/main
HEAD is now at 54162ea - update ReadMe
Cloned https://github.com/William-Weng/WWSVGImageView.git
Revision (git rev-parse @):
54162ea956fe1da0071281217cc16866d22581ab
SUCCESS checkout https://github.com/William-Weng/WWSVGImageView.git at main
========================================
Build
========================================
Selected platform: macosXcodebuild
Swift version: 6.4
Building package at path: $PWD
https://github.com/William-Weng/WWSVGImageView.git
Command line invocation:
/Applications/Xcode-27.0.0-Release.Candidate.app/Contents/Developer/usr/bin/xcodebuild -IDEClonedSourcePackagesDirPathOverride=/Users/admin/builder/spi-builder-workspace/.dependencies -resolvePackageDependencies
Resolve Package Graph
Resolve Package Graph
Resolved source packages:
WWSVGImageView: /Users/admin/builder/spi-builder-workspace
resolved source packages: WWSVGImageView
2026-09-23 19:38:28.939 xcodebuild[529:3040] [MT] IDERunDestination: Supported platforms for the buildables in the current scheme is empty.
{
"dependencies" : [
],
"manifest_display_name" : "WWSVGImageView",
"name" : "WWSVGImageView",
"path" : "/Users/admin/builder/spi-builder-workspace",
"platforms" : [
{
"name" : "ios",
"version" : "16.0"
}
],
"products" : [
{
"name" : "WWSVGImageView",
"targets" : [
"WWSVGImageView"
],
"type" : {
"library" : [
"automatic"
]
}
}
],
"swift_languages_versions" : [
"5"
],
"targets" : [
{
"c99name" : "WWSVGImageView",
"module_type" : "SwiftTarget",
"name" : "WWSVGImageView",
"path" : "Sources/WWSVGImageView",
"product_memberships" : [
"WWSVGImageView"
],
"resources" : [
{
"path" : "/Users/admin/builder/spi-builder-workspace/Sources/WWSVGImageView/Privacy",
"rule" : {
"copy" : {
}
}
}
],
"sources" : [
"SwiftUI/WWSVGImage.swift",
"Utility/Constant.swift",
"Utility/Extension.swift",
"Utility/Model.swift",
"WWSVGImageView.swift"
],
"type" : "library"
}
],
"tools_version" : "5.7"
}
{
"workspace" : {
"name" : "WWSVGImageView",
"schemes" : [
"WWSVGImageView"
]
}
}
2026-09-23 19:39:10.562 xcodebuild[653:4190] [MT] IDERunDestination: Supported platforms for the buildables in the current scheme is empty.
Running build ...
env DEVELOPER_DIR=/Applications/Xcode-27.0.0-Release.Candidate.app xcrun xcodebuild -IDEClonedSourcePackagesDirPathOverride=$PWD/.dependencies -skipMacroValidation -skipPackagePluginValidation -derivedDataPath $PWD/.derivedData build -scheme WWSVGImageView -destination platform=macOS,arch=arm64
Command line invocation:
/Applications/Xcode-27.0.0-Release.Candidate.app/Contents/Developer/usr/bin/xcodebuild -IDEClonedSourcePackagesDirPathOverride=/Users/admin/builder/spi-builder-workspace/.dependencies -skipMacroValidation -skipPackagePluginValidation -derivedDataPath /Users/admin/builder/spi-builder-workspace/.derivedData build -scheme WWSVGImageView -destination platform=macOS,arch=arm64
Resolve Package Graph
Resolved source packages:
WWSVGImageView: /Users/admin/builder/spi-builder-workspace
ComputePackagePrebuildTargetDependencyGraph
Prepare packages
CreateBuildRequest
SendProjectDescription
CreateBuildOperation
ComputeTargetDependencyGraph
note: Building targets in dependency order
note: Target dependency graph (3 targets)
Target 'WWSVGImageView-product' in project 'WWSVGImageView'
➜ Explicit dependency on target 'WWSVGImageView' in project 'WWSVGImageView'
➜ Explicit dependency on target 'WWSVGImageView_WWSVGImageView' in project 'WWSVGImageView'
Target 'WWSVGImageView' in project 'WWSVGImageView'
➜ Explicit dependency on target 'WWSVGImageView_WWSVGImageView' in project 'WWSVGImageView'
Target 'WWSVGImageView_WWSVGImageView' in project 'WWSVGImageView' (no dependencies)
GatherProvisioningInputs
CreateBuildDescription
ExecuteExternalTool /Applications/Xcode-27.0.0-Release.Candidate.app/Contents/Developer/Toolchains/XcodeDefault.xctoolchain/usr/bin/clang -v -E -dM -isysroot /Applications/Xcode-27.0.0-Release.Candidate.app/Contents/Developer/Platforms/MacOSX.platform/Developer/SDKs/MacOSX27.0.sdk -x c -c /dev/null
ExecuteExternalTool /Applications/Xcode-27.0.0-Release.Candidate.app/Contents/Developer/Toolchains/XcodeDefault.xctoolchain/usr/bin/swiftc --version
ExecuteExternalTool /Applications/Xcode-27.0.0-Release.Candidate.app/Contents/Developer/Toolchains/XcodeDefault.xctoolchain/usr/bin/ld -version_details
Build description signature: ad0814a09291b1a6eb43528d982d61cb
Build description path: /Users/admin/builder/spi-builder-workspace/.derivedData/Build/Intermediates.noindex/XCBuildData/ad0814a09291b1a6eb43528d982d61cb.xcbuilddata
CreateBuildDirectory /Users/admin/builder/spi-builder-workspace/.derivedData/ModuleCache.noindex
cd /Users/admin/builder/spi-builder-workspace/.swiftpm/xcode
builtin-create-build-directory /Users/admin/builder/spi-builder-workspace/.derivedData/ModuleCache.noindex
CreateBuildDirectory /Users/admin/builder/spi-builder-workspace/.derivedData/SDKExplicitPrecompiledModules
cd /Users/admin/builder/spi-builder-workspace/.swiftpm/xcode
builtin-create-build-directory /Users/admin/builder/spi-builder-workspace/.derivedData/SDKExplicitPrecompiledModules
CreateBuildDirectory /Users/admin/builder/spi-builder-workspace/.derivedData/Build/Intermediates.noindex
cd /Users/admin/builder/spi-builder-workspace/.swiftpm/xcode
builtin-create-build-directory /Users/admin/builder/spi-builder-workspace/.derivedData/Build/Intermediates.noindex
CreateBuildDirectory /Users/admin/builder/spi-builder-workspace/.derivedData/CompilationCache.noindex
cd /Users/admin/builder/spi-builder-workspace/.swiftpm/xcode
builtin-create-build-directory /Users/admin/builder/spi-builder-workspace/.derivedData/CompilationCache.noindex
CreateBuildDirectory /Users/admin/builder/spi-builder-workspace/.derivedData/Build/Products
cd /Users/admin/builder/spi-builder-workspace/.swiftpm/xcode
builtin-create-build-directory /Users/admin/builder/spi-builder-workspace/.derivedData/Build/Products
ClangStatCache /Applications/Xcode-27.0.0-Release.Candidate.app/Contents/Developer/Toolchains/XcodeDefault.xctoolchain/usr/bin/clang-stat-cache /Applications/Xcode-27.0.0-Release.Candidate.app/Contents/Developer/Platforms/MacOSX.platform/Developer/SDKs/MacOSX27.0.sdk /Users/admin/builder/spi-builder-workspace/.derivedData/SDKStatCaches.noindex/macosx27.0-26A425-e829b21a6f8c9b70876ba0858053c0446a22442a12e9d48fe1a705f55a1adfc4.sdkstatcache
cd /Users/admin/builder/spi-builder-workspace/.swiftpm/xcode
/Applications/Xcode-27.0.0-Release.Candidate.app/Contents/Developer/Toolchains/XcodeDefault.xctoolchain/usr/bin/clang-stat-cache /Applications/Xcode-27.0.0-Release.Candidate.app/Contents/Developer/Platforms/MacOSX.platform/Developer/SDKs/MacOSX27.0.sdk -o /Users/admin/builder/spi-builder-workspace/.derivedData/SDKStatCaches.noindex/macosx27.0-26A425-e829b21a6f8c9b70876ba0858053c0446a22442a12e9d48fe1a705f55a1adfc4.sdkstatcache
CreateBuildDirectory /Users/admin/builder/spi-builder-workspace/.derivedData/Build/Intermediates.noindex/SwiftExplicitPrecompiledModules
cd /Users/admin/builder/spi-builder-workspace/.swiftpm/xcode
builtin-create-build-directory /Users/admin/builder/spi-builder-workspace/.derivedData/Build/Intermediates.noindex/SwiftExplicitPrecompiledModules
CreateBuildDirectory /Users/admin/builder/spi-builder-workspace/.derivedData/Build/Intermediates.noindex/PrecompiledHeaders
cd /Users/admin/builder/spi-builder-workspace/.swiftpm/xcode
builtin-create-build-directory /Users/admin/builder/spi-builder-workspace/.derivedData/Build/Intermediates.noindex/PrecompiledHeaders
CreateBuildDirectory /Users/admin/builder/spi-builder-workspace/.derivedData/Build/Intermediates.noindex/ExplicitPrecompiledModules
cd /Users/admin/builder/spi-builder-workspace/.swiftpm/xcode
builtin-create-build-directory /Users/admin/builder/spi-builder-workspace/.derivedData/Build/Intermediates.noindex/ExplicitPrecompiledModules
CreateBuildDirectory /Users/admin/builder/spi-builder-workspace/.derivedData/Build/Intermediates.noindex/EagerLinkingTBDs/Debug
cd /Users/admin/builder/spi-builder-workspace/.swiftpm/xcode
builtin-create-build-directory /Users/admin/builder/spi-builder-workspace/.derivedData/Build/Intermediates.noindex/EagerLinkingTBDs/Debug
CreateBuildDirectory /Users/admin/builder/spi-builder-workspace/.derivedData/Build/Products/Debug
cd /Users/admin/builder/spi-builder-workspace/.swiftpm/xcode
builtin-create-build-directory /Users/admin/builder/spi-builder-workspace/.derivedData/Build/Products/Debug
CreateBuildDirectory /Users/admin/builder/spi-builder-workspace/.derivedData/Build/Products/Debug/PackageFrameworks
cd /Users/admin/builder/spi-builder-workspace/.swiftpm/xcode
builtin-create-build-directory /Users/admin/builder/spi-builder-workspace/.derivedData/Build/Products/Debug/PackageFrameworks
WriteAuxiliaryFile /Users/admin/builder/spi-builder-workspace/.derivedData/Build/Intermediates.noindex/WWSVGImageView.build/Debug/WWSVGImageView-t.build/WWSVGImageView.DependencyStaticMetadataFileList (in target 'WWSVGImageView' from project 'WWSVGImageView')
cd /Users/admin/builder/spi-builder-workspace
write-file /Users/admin/builder/spi-builder-workspace/.derivedData/Build/Intermediates.noindex/WWSVGImageView.build/Debug/WWSVGImageView-t.build/WWSVGImageView.DependencyStaticMetadataFileList
WriteAuxiliaryFile /Users/admin/builder/spi-builder-workspace/.derivedData/Build/Intermediates.noindex/WWSVGImageView.build/Debug/WWSVGImageView-t.build/WWSVGImageView.modulemap (in target 'WWSVGImageView' from project 'WWSVGImageView')
cd /Users/admin/builder/spi-builder-workspace
write-file /Users/admin/builder/spi-builder-workspace/.derivedData/Build/Intermediates.noindex/WWSVGImageView.build/Debug/WWSVGImageView-t.build/WWSVGImageView.modulemap
WriteAuxiliaryFile /Users/admin/builder/spi-builder-workspace/.derivedData/Build/Intermediates.noindex/WWSVGImageView.build/Debug/WWSVGImageView_WWSVGImageView-b.build/WWSVGImageView_WWSVGImageView.DependencyMetadataFileList (in target 'WWSVGImageView_WWSVGImageView' from project 'WWSVGImageView')
cd /Users/admin/builder/spi-builder-workspace
write-file /Users/admin/builder/spi-builder-workspace/.derivedData/Build/Intermediates.noindex/WWSVGImageView.build/Debug/WWSVGImageView_WWSVGImageView-b.build/WWSVGImageView_WWSVGImageView.DependencyMetadataFileList
WriteAuxiliaryFile /Users/admin/builder/spi-builder-workspace/.derivedData/Build/Intermediates.noindex/WWSVGImageView.build/Debug/WWSVGImageView_WWSVGImageView-b.build/WWSVGImageView_WWSVGImageView.DependencyStaticMetadataFileList (in target 'WWSVGImageView_WWSVGImageView' from project 'WWSVGImageView')
cd /Users/admin/builder/spi-builder-workspace
write-file /Users/admin/builder/spi-builder-workspace/.derivedData/Build/Intermediates.noindex/WWSVGImageView.build/Debug/WWSVGImageView_WWSVGImageView-b.build/WWSVGImageView_WWSVGImageView.DependencyStaticMetadataFileList
WriteAuxiliaryFile /Users/admin/builder/spi-builder-workspace/.derivedData/Build/Intermediates.noindex/WWSVGImageView.build/Debug/WWSVGImageView_WWSVGImageView-b.build/empty-WWSVGImageView_WWSVGImageView.plist (in target 'WWSVGImageView_WWSVGImageView' from project 'WWSVGImageView')
cd /Users/admin/builder/spi-builder-workspace
write-file /Users/admin/builder/spi-builder-workspace/.derivedData/Build/Intermediates.noindex/WWSVGImageView.build/Debug/WWSVGImageView_WWSVGImageView-b.build/empty-WWSVGImageView_WWSVGImageView.plist
WriteAuxiliaryFile /Users/admin/builder/spi-builder-workspace/.derivedData/Build/Intermediates.noindex/WWSVGImageView.build/Debug/WWSVGImageView-t.build/WWSVGImageView.DependencyMetadataFileList (in target 'WWSVGImageView' from project 'WWSVGImageView')
cd /Users/admin/builder/spi-builder-workspace
write-file /Users/admin/builder/spi-builder-workspace/.derivedData/Build/Intermediates.noindex/WWSVGImageView.build/Debug/WWSVGImageView-t.build/WWSVGImageView.DependencyMetadataFileList
MkDir /Users/admin/builder/spi-builder-workspace/.derivedData/Build/Products/Debug/WWSVGImageView_WWSVGImageView.bundle/Contents/Resources (in target 'WWSVGImageView_WWSVGImageView' from project 'WWSVGImageView')
cd /Users/admin/builder/spi-builder-workspace
/bin/mkdir -p /Users/admin/builder/spi-builder-workspace/.derivedData/Build/Products/Debug/WWSVGImageView_WWSVGImageView.bundle/Contents/Resources
WriteAuxiliaryFile /Users/admin/builder/spi-builder-workspace/.derivedData/Build/Intermediates.noindex/WWSVGImageView.build/Debug/WWSVGImageView-t.build/Objects-normal/arm64/WWSVGImageView_const_extract_protocols.json (in target 'WWSVGImageView' from project 'WWSVGImageView')
cd /Users/admin/builder/spi-builder-workspace
write-file /Users/admin/builder/spi-builder-workspace/.derivedData/Build/Intermediates.noindex/WWSVGImageView.build/Debug/WWSVGImageView-t.build/Objects-normal/arm64/WWSVGImageView_const_extract_protocols.json
WriteAuxiliaryFile /Users/admin/builder/spi-builder-workspace/.derivedData/Build/Intermediates.noindex/WWSVGImageView.build/Debug/WWSVGImageView-t.build/Objects-normal/arm64/WWSVGImageView.SwiftFileList (in target 'WWSVGImageView' from project 'WWSVGImageView')
cd /Users/admin/builder/spi-builder-workspace
write-file /Users/admin/builder/spi-builder-workspace/.derivedData/Build/Intermediates.noindex/WWSVGImageView.build/Debug/WWSVGImageView-t.build/Objects-normal/arm64/WWSVGImageView.SwiftFileList
WriteAuxiliaryFile /Users/admin/builder/spi-builder-workspace/.derivedData/Build/Intermediates.noindex/WWSVGImageView.build/Debug/WWSVGImageView-t.build/Objects-normal/arm64/WWSVGImageView.SwiftConstValuesFileList (in target 'WWSVGImageView' from project 'WWSVGImageView')
cd /Users/admin/builder/spi-builder-workspace
write-file /Users/admin/builder/spi-builder-workspace/.derivedData/Build/Intermediates.noindex/WWSVGImageView.build/Debug/WWSVGImageView-t.build/Objects-normal/arm64/WWSVGImageView.SwiftConstValuesFileList
WriteAuxiliaryFile /Users/admin/builder/spi-builder-workspace/.derivedData/Build/Intermediates.noindex/WWSVGImageView.build/Debug/WWSVGImageView-t.build/Objects-normal/arm64/WWSVGImageView.LinkFileList (in target 'WWSVGImageView' from project 'WWSVGImageView')
cd /Users/admin/builder/spi-builder-workspace
write-file /Users/admin/builder/spi-builder-workspace/.derivedData/Build/Intermediates.noindex/WWSVGImageView.build/Debug/WWSVGImageView-t.build/Objects-normal/arm64/WWSVGImageView.LinkFileList
WriteAuxiliaryFile /Users/admin/builder/spi-builder-workspace/.derivedData/Build/Intermediates.noindex/WWSVGImageView.build/Debug/WWSVGImageView-t.build/Objects-normal/arm64/WWSVGImageView-OutputFileMap.json (in target 'WWSVGImageView' from project 'WWSVGImageView')
cd /Users/admin/builder/spi-builder-workspace
write-file /Users/admin/builder/spi-builder-workspace/.derivedData/Build/Intermediates.noindex/WWSVGImageView.build/Debug/WWSVGImageView-t.build/Objects-normal/arm64/WWSVGImageView-OutputFileMap.json
MkDir /Users/admin/builder/spi-builder-workspace/.derivedData/Build/Products/Debug/WWSVGImageView_WWSVGImageView.bundle/Contents (in target 'WWSVGImageView_WWSVGImageView' from project 'WWSVGImageView')
cd /Users/admin/builder/spi-builder-workspace
/bin/mkdir -p /Users/admin/builder/spi-builder-workspace/.derivedData/Build/Products/Debug/WWSVGImageView_WWSVGImageView.bundle/Contents
WriteAuxiliaryFile /Users/admin/builder/spi-builder-workspace/.derivedData/Build/Intermediates.noindex/WWSVGImageView.build/Debug/WWSVGImageView-t.build/DerivedSources/resource_bundle_accessor.swift (in target 'WWSVGImageView' from project 'WWSVGImageView')
cd /Users/admin/builder/spi-builder-workspace
write-file /Users/admin/builder/spi-builder-workspace/.derivedData/Build/Intermediates.noindex/WWSVGImageView.build/Debug/WWSVGImageView-t.build/DerivedSources/resource_bundle_accessor.swift
Copy /Users/admin/builder/spi-builder-workspace/.derivedData/Build/Intermediates.noindex/GeneratedModuleMaps/WWSVGImageView.modulemap /Users/admin/builder/spi-builder-workspace/.derivedData/Build/Intermediates.noindex/WWSVGImageView.build/Debug/WWSVGImageView-t.build/WWSVGImageView.modulemap (in target 'WWSVGImageView' from project 'WWSVGImageView')
cd /Users/admin/builder/spi-builder-workspace
builtin-copy -exclude .DS_Store -exclude CVS -exclude .svn -exclude .git -exclude .hg -resolve-src-symlinks /Users/admin/builder/spi-builder-workspace/.derivedData/Build/Intermediates.noindex/WWSVGImageView.build/Debug/WWSVGImageView-t.build/WWSVGImageView.modulemap /Users/admin/builder/spi-builder-workspace/.derivedData/Build/Intermediates.noindex/GeneratedModuleMaps
MkDir /Users/admin/builder/spi-builder-workspace/.derivedData/Build/Products/Debug/WWSVGImageView_WWSVGImageView.bundle (in target 'WWSVGImageView_WWSVGImageView' from project 'WWSVGImageView')
cd /Users/admin/builder/spi-builder-workspace
/bin/mkdir -p /Users/admin/builder/spi-builder-workspace/.derivedData/Build/Products/Debug/WWSVGImageView_WWSVGImageView.bundle
CpResource /Users/admin/builder/spi-builder-workspace/.derivedData/Build/Products/Debug/WWSVGImageView_WWSVGImageView.bundle/Contents/Resources/Privacy /Users/admin/builder/spi-builder-workspace/Sources/WWSVGImageView/Privacy (in target 'WWSVGImageView_WWSVGImageView' from project 'WWSVGImageView')
cd /Users/admin/builder/spi-builder-workspace
builtin-copy -exclude .DS_Store -exclude CVS -exclude .svn -exclude .git -exclude .hg -resolve-src-symlinks /Users/admin/builder/spi-builder-workspace/Sources/WWSVGImageView/Privacy /Users/admin/builder/spi-builder-workspace/.derivedData/Build/Products/Debug/WWSVGImageView_WWSVGImageView.bundle/Contents/Resources
ProcessInfoPlistFile /Users/admin/builder/spi-builder-workspace/.derivedData/Build/Products/Debug/WWSVGImageView_WWSVGImageView.bundle/Contents/Info.plist /Users/admin/builder/spi-builder-workspace/.derivedData/Build/Intermediates.noindex/WWSVGImageView.build/Debug/WWSVGImageView_WWSVGImageView-b.build/empty-WWSVGImageView_WWSVGImageView.plist (in target 'WWSVGImageView_WWSVGImageView' from project 'WWSVGImageView')
cd /Users/admin/builder/spi-builder-workspace
builtin-infoPlistUtility /Users/admin/builder/spi-builder-workspace/.derivedData/Build/Intermediates.noindex/WWSVGImageView.build/Debug/WWSVGImageView_WWSVGImageView-b.build/empty-WWSVGImageView_WWSVGImageView.plist -producttype com.apple.product-type.bundle -expandbuildsettings -platform macosx -o /Users/admin/builder/spi-builder-workspace/.derivedData/Build/Products/Debug/WWSVGImageView_WWSVGImageView.bundle/Contents/Info.plist
RegisterExecutionPolicyException /Users/admin/builder/spi-builder-workspace/.derivedData/Build/Products/Debug/WWSVGImageView_WWSVGImageView.bundle (in target 'WWSVGImageView_WWSVGImageView' from project 'WWSVGImageView')
cd /Users/admin/builder/spi-builder-workspace
builtin-RegisterExecutionPolicyException /Users/admin/builder/spi-builder-workspace/.derivedData/Build/Products/Debug/WWSVGImageView_WWSVGImageView.bundle
Touch /Users/admin/builder/spi-builder-workspace/.derivedData/Build/Products/Debug/WWSVGImageView_WWSVGImageView.bundle (in target 'WWSVGImageView_WWSVGImageView' from project 'WWSVGImageView')
cd /Users/admin/builder/spi-builder-workspace
/usr/bin/touch -c /Users/admin/builder/spi-builder-workspace/.derivedData/Build/Products/Debug/WWSVGImageView_WWSVGImageView.bundle
SwiftDriver WWSVGImageView normal arm64 com.apple.xcode.tools.swift.compiler (in target 'WWSVGImageView' from project 'WWSVGImageView')
cd /Users/admin/builder/spi-builder-workspace/.swiftpm/xcode
builtin-SwiftDriver -- /Applications/Xcode-27.0.0-Release.Candidate.app/Contents/Developer/Toolchains/XcodeDefault.xctoolchain/usr/bin/swiftc -parse-as-library -module-name WWSVGImageView -Onone @/Users/admin/builder/spi-builder-workspace/.derivedData/Build/Intermediates.noindex/WWSVGImageView.build/Debug/WWSVGImageView-t.build/Objects-normal/arm64/WWSVGImageView.SwiftFileList -DSWIFT_PACKAGE -DDEBUG -DSWIFT_MODULE_RESOURCE_BUNDLE_AVAILABLE -DXcode -plugin-path /Applications/Xcode-27.0.0-Release.Candidate.app/Contents/Developer/Toolchains/XcodeDefault.xctoolchain/usr/lib/swift/host/plugins/testing -enable-experimental-feature DebugDescriptionMacro -sdk /Applications/Xcode-27.0.0-Release.Candidate.app/Contents/Developer/Platforms/MacOSX.platform/Developer/SDKs/MacOSX27.0.sdk -target arm64-apple-macos12.0 -g -module-cache-path /Users/admin/builder/spi-builder-workspace/.derivedData/ModuleCache.noindex -Xfrontend -serialize-debugging-options -enable-testing -index-store-path /Users/admin/builder/spi-builder-workspace/.derivedData/Index.noindex/DataStore -Xcc -D_LIBCPP_HARDENING_MODE\=_LIBCPP_HARDENING_MODE_DEBUG -swift-version 5 -I /Users/admin/builder/spi-builder-workspace/.derivedData/Build/Products/Debug -Isystem /Applications/Xcode-27.0.0-Release.Candidate.app/Contents/Developer/Platforms/MacOSX.platform/Developer/usr/lib -F /Users/admin/builder/spi-builder-workspace/.derivedData/Build/Products/Debug -F /Applications/Xcode-27.0.0-Release.Candidate.app/Contents/Developer/Platforms/MacOSX.platform/Developer/Library/Frameworks -c -j10 -enable-batch-mode -incremental -Xcc -ivfsstatcache -Xcc /Users/admin/builder/spi-builder-workspace/.derivedData/SDKStatCaches.noindex/macosx27.0-26A425-e829b21a6f8c9b70876ba0858053c0446a22442a12e9d48fe1a705f55a1adfc4.sdkstatcache -output-file-map /Users/admin/builder/spi-builder-workspace/.derivedData/Build/Intermediates.noindex/WWSVGImageView.build/Debug/WWSVGImageView-t.build/Objects-normal/arm64/WWSVGImageView-OutputFileMap.json -save-temps -no-color-diagnostics -explicit-module-build -module-cache-path /Users/admin/builder/spi-builder-workspace/.derivedData/Build/Intermediates.noindex/SwiftExplicitPrecompiledModules -clang-scanner-module-cache-path /Users/admin/builder/spi-builder-workspace/.derivedData/ModuleCache.noindex -sdk-module-cache-path /Users/admin/builder/spi-builder-workspace/.derivedData/SDKExplicitPrecompiledModules -emit-dependencies -emit-module -emit-module-path /Users/admin/builder/spi-builder-workspace/.derivedData/Build/Intermediates.noindex/WWSVGImageView.build/Debug/WWSVGImageView-t.build/Objects-normal/arm64/WWSVGImageView.swiftmodule -serialize-diagnostics -dependency-scan-serialize-diagnostics-path /Users/admin/builder/spi-builder-workspace/.derivedData/Build/Intermediates.noindex/WWSVGImageView.build/Debug/WWSVGImageView-t.build/Objects-normal/arm64/WWSVGImageView-dependency-scan.dia -validate-clang-modules-once -clang-build-session-file /Users/admin/builder/spi-builder-workspace/.derivedData/ModuleCache.noindex/Session.modulevalidation -Xcc -fmodules-prune-interval\=86400 -Xcc -fmodules-prune-after\=345600 -emit-const-values -const-gather-protocols-list /Users/admin/builder/spi-builder-workspace/.derivedData/Build/Intermediates.noindex/WWSVGImageView.build/Debug/WWSVGImageView-t.build/Objects-normal/arm64/WWSVGImageView_const_extract_protocols.json -Xcc -I/Users/admin/builder/spi-builder-workspace/.derivedData/Build/Products/Debug/include -Xcc -I/Users/admin/builder/spi-builder-workspace/.derivedData/Build/Intermediates.noindex/WWSVGImageView.build/Debug/WWSVGImageView-t.build/DerivedSources-normal/arm64 -Xcc -I/Users/admin/builder/spi-builder-workspace/.derivedData/Build/Intermediates.noindex/WWSVGImageView.build/Debug/WWSVGImageView-t.build/DerivedSources/arm64 -Xcc -I/Users/admin/builder/spi-builder-workspace/.derivedData/Build/Intermediates.noindex/WWSVGImageView.build/Debug/WWSVGImageView-t.build/DerivedSources -Xcc -DSWIFT_PACKAGE -Xcc -DDEBUG\=1 -emit-objc-header -emit-objc-header-path /Users/admin/builder/spi-builder-workspace/.derivedData/Build/Intermediates.noindex/WWSVGImageView.build/Debug/WWSVGImageView-t.build/Objects-normal/arm64/WWSVGImageView-Swift.h -working-directory /Users/admin/builder/spi-builder-workspace/.swiftpm/xcode -experimental-emit-module-separately -disable-cmo
SwiftExplicitDependencyGeneratePcm arm64 /Users/admin/builder/spi-builder-workspace/.derivedData/SDKExplicitPrecompiledModules/SwiftShims-C4V0DQ62WSTCYBYGILXXGQNO3.pcm
SwiftExplicitDependencyGeneratePcm arm64 /Users/admin/builder/spi-builder-workspace/.derivedData/SDKExplicitPrecompiledModules/ptrcheck-DHLCBWKPNUZOYTPJ1J3QVTCXK.pcm
SwiftExplicitDependencyGeneratePcm arm64 /Users/admin/builder/spi-builder-workspace/.derivedData/SDKExplicitPrecompiledModules/_SwiftConcurrencyShims-BLUUWKI6AGMD7TJ4RGYS7DP6T.pcm
SwiftExplicitDependencyGeneratePcm arm64 /Users/admin/builder/spi-builder-workspace/.derivedData/SDKExplicitPrecompiledModules/_Builtin_stddef-3GI9GOKXSW3QCTFOI1USFLDZO.pcm
SwiftExplicitDependencyGeneratePcm arm64 /Users/admin/builder/spi-builder-workspace/.derivedData/SDKExplicitPrecompiledModules/_Builtin_stdbool-KYV2HKP8IKLKMKQS9DGA2GUQ.pcm
SwiftExplicitDependencyGeneratePcm arm64 /Users/admin/builder/spi-builder-workspace/.derivedData/SDKExplicitPrecompiledModules/_Builtin_stdarg-7CFWA9OSW5N24E7PG4ZOCF1VH.pcm
SwiftExplicitDependencyGeneratePcm arm64 /Users/admin/builder/spi-builder-workspace/.derivedData/SDKExplicitPrecompiledModules/DeveloperToolsSupport-13SNQ6N57G3DOS3KQA7V91OE7.pcm
SwiftExplicitDependencyGeneratePcm arm64 /Users/admin/builder/spi-builder-workspace/.derivedData/SDKExplicitPrecompiledModules/_AvailabilityInternal-CJTV5E7EL3MWRA437DUFPBVN2.pcm
SwiftExplicitDependencyGeneratePcm arm64 /Users/admin/builder/spi-builder-workspace/.derivedData/SDKExplicitPrecompiledModules/_Builtin_float-105CRCDRP90FQCQO5ZX1LHV7H.pcm
SwiftExplicitDependencyGeneratePcm arm64 /Users/admin/builder/spi-builder-workspace/.derivedData/SDKExplicitPrecompiledModules/ptrauth-2W92ZJRLNJU99RJUQGGJG3OC3.pcm
SwiftExplicitDependencyGeneratePcm arm64 /Users/admin/builder/spi-builder-workspace/.derivedData/SDKExplicitPrecompiledModules/_DarwinFoundation1-7PRJIG163YE9KSKYA3BS35ZZP.pcm
SwiftExplicitDependencyGeneratePcm arm64 /Users/admin/builder/spi-builder-workspace/.derivedData/SDKExplicitPrecompiledModules/_Builtin_limits-AXGUGXBFPC0I7QDLJFB0K341Y.pcm
SwiftExplicitDependencyGeneratePcm arm64 /Users/admin/builder/spi-builder-workspace/.derivedData/SDKExplicitPrecompiledModules/_DarwinFoundation2-94WUUGE4H5R03OWXE0QFZX1DN.pcm
SwiftExplicitDependencyGeneratePcm arm64 /Users/admin/builder/spi-builder-workspace/.derivedData/SDKExplicitPrecompiledModules/sys_types-F4RNCN6UR5R5OWTLTOUM7TN3E.pcm
SwiftExplicitDependencyGeneratePcm arm64 /Users/admin/builder/spi-builder-workspace/.derivedData/SDKExplicitPrecompiledModules/_Builtin_stdint-22CBBOK8BNSF0UELDCAXSHGB.pcm
SwiftExplicitDependencyGeneratePcm arm64 /Users/admin/builder/spi-builder-workspace/.derivedData/SDKExplicitPrecompiledModules/_Builtin_tgmath-52XE6HC8DWOG6S7B5QAI046D1.pcm
SwiftExplicitDependencyGeneratePcm arm64 /Users/admin/builder/spi-builder-workspace/.derivedData/SDKExplicitPrecompiledModules/string_h-10WPXBF3YFYMX5HUAW06LSABR.pcm
SwiftExplicitDependencyGeneratePcm arm64 /Users/admin/builder/spi-builder-workspace/.derivedData/SDKExplicitPrecompiledModules/libDER-5RCYOD0PCUUY2UGMBNE9LI8N9.pcm
SwiftExplicitDependencyGeneratePcm arm64 /Users/admin/builder/spi-builder-workspace/.derivedData/SDKExplicitPrecompiledModules/_DarwinFoundation3-32PO5Q4RCB6WXH5VFO3HA3AVS.pcm
SwiftExplicitDependencyGeneratePcm arm64 /Users/admin/builder/spi-builder-workspace/.derivedData/SDKExplicitPrecompiledModules/_Builtin_stdatomic-8LN7S35C6I48KJOCW7VPXX04X.pcm
SwiftExplicitDependencyGeneratePcm arm64 /Users/admin/builder/spi-builder-workspace/.derivedData/SDKExplicitPrecompiledModules/_Builtin_intrinsics-4O6R03GTH5FLWSHEUBP0Z3GZ2.pcm
SwiftExplicitDependencyGeneratePcm arm64 /Users/admin/builder/spi-builder-workspace/.derivedData/SDKExplicitPrecompiledModules/_Builtin_inttypes-1U6AP9A8AJ4G9WD98E9RHLGTJ.pcm
SwiftExplicitDependencyGeneratePcm arm64 /Users/admin/builder/spi-builder-workspace/.derivedData/SDKExplicitPrecompiledModules/Darwin-1RAAWNGKQM8YGHV0YJNNN5YDY.pcm
SwiftExplicitDependencyGeneratePcm arm64 /Users/admin/builder/spi-builder-workspace/.derivedData/SDKExplicitPrecompiledModules/simd-A9TKR8OE9APRJ1RNS7F0OBY4Q.pcm
SwiftExplicitDependencyGeneratePcm arm64 /Users/admin/builder/spi-builder-workspace/.derivedData/SDKExplicitPrecompiledModules/MachO-AWTJ65TFR7TMST2NUE6ZCC1SL.pcm
SwiftExplicitDependencyGeneratePcm arm64 /Users/admin/builder/spi-builder-workspace/.derivedData/SDKExplicitPrecompiledModules/libkern-22MDXN9G35RPO3OLKX9B2PN16.pcm
SwiftExplicitDependencyGeneratePcm arm64 /Users/admin/builder/spi-builder-workspace/.derivedData/SDKExplicitPrecompiledModules/launch-2XAORMJNLLVS0OVKC1M0752GY.pcm
SwiftExplicitDependencyGeneratePcm arm64 /Users/admin/builder/spi-builder-workspace/.derivedData/SDKExplicitPrecompiledModules/CUPS-45MNISAOHSEBD6VQA5G0MXN9H.pcm
SwiftExplicitDependencyGeneratePcm arm64 /Users/admin/builder/spi-builder-workspace/.derivedData/SDKExplicitPrecompiledModules/ObjectiveC-B89IQP2TC4CFSWOUMTUZRI1VZ.pcm
SwiftExplicitDependencyGeneratePcm arm64 /Users/admin/builder/spi-builder-workspace/.derivedData/SDKExplicitPrecompiledModules/Spatial-2JNOU2HNJ0Q174XCFCD0GCOUQ.pcm
SwiftExplicitDependencyGeneratePcm arm64 /Users/admin/builder/spi-builder-workspace/.derivedData/SDKExplicitPrecompiledModules/os_object-3KLCCI03OX6OQTLJ92KQH2KIO.pcm
SwiftExplicitDependencyGeneratePcm arm64 /Users/admin/builder/spi-builder-workspace/.derivedData/SDKExplicitPrecompiledModules/os_workgroup-10SJ5M8R2OB4BG1TPFL9SZMKV.pcm
SwiftExplicitDependencyGeneratePcm arm64 /Users/admin/builder/spi-builder-workspace/.derivedData/SDKExplicitPrecompiledModules/Dispatch-NAMWF9KN29KC7Z5OS3TTTAE8.pcm
SwiftExplicitDependencyGeneratePcm arm64 /Users/admin/builder/spi-builder-workspace/.derivedData/SDKExplicitPrecompiledModules/XPC-E1MSAZG4ZNL24S2WK6K6Y7GWW.pcm
SwiftExplicitDependencyGeneratePcm arm64 /Users/admin/builder/spi-builder-workspace/.derivedData/SDKExplicitPrecompiledModules/dnssd-5V92N9LLMCLZ0RRCJ1W0WH553.pcm
SwiftExplicitDependencyGeneratePcm arm64 /Users/admin/builder/spi-builder-workspace/.derivedData/SDKExplicitPrecompiledModules/CoreFoundation-4ZIITQ30SOGUQE8KJAB99ZV0Q.pcm
SwiftExplicitDependencyGeneratePcm arm64 /Users/admin/builder/spi-builder-workspace/.derivedData/SDKExplicitPrecompiledModules/os-BYOEVK2GEMB4Q8WWHGZGREA00.pcm
SwiftExplicitDependencyGeneratePcm arm64 /Users/admin/builder/spi-builder-workspace/.derivedData/SDKExplicitPrecompiledModules/IOKit-6H3X691EDBH124EYTC2PEOP5T.pcm
SwiftExplicitDependencyGeneratePcm arm64 /Users/admin/builder/spi-builder-workspace/.derivedData/SDKExplicitPrecompiledModules/Security-ESPJ7FP0YAY1EL3VXBGY9MCZ8.pcm
SwiftExplicitDependencyGeneratePcm arm64 /Users/admin/builder/spi-builder-workspace/.derivedData/SDKExplicitPrecompiledModules/CFNetwork-CVHS5CT20191MFYXQIEDWSRGJ.pcm
SwiftExplicitDependencyGeneratePcm arm64 /Users/admin/builder/spi-builder-workspace/.derivedData/SDKExplicitPrecompiledModules/ColorSync-BBCIZDDQ6O3QECFAWJQ6RU4ZJ.pcm
SwiftExplicitDependencyGeneratePcm arm64 /Users/admin/builder/spi-builder-workspace/.derivedData/SDKExplicitPrecompiledModules/CoreAudioTypes-EEH2XZ47XX4YM3FOOISUYVRQE.pcm
SwiftExplicitDependencyGeneratePcm arm64 /Users/admin/builder/spi-builder-workspace/.derivedData/SDKExplicitPrecompiledModules/DiskArbitration-ZNZZU7T0SYELB0DAR56WQF0R.pcm
SwiftExplicitDependencyGeneratePcm arm64 /Users/admin/builder/spi-builder-workspace/.derivedData/SDKExplicitPrecompiledModules/CoreGraphics-5TRMNDB7ZP6FFMRNSZCWEOZMD.pcm
SwiftExplicitDependencyGeneratePcm arm64 /Users/admin/builder/spi-builder-workspace/.derivedData/SDKExplicitPrecompiledModules/CoreServices-CGCGY0FOMEQGSNMO3HQSC09XU.pcm
SwiftExplicitDependencyGeneratePcm arm64 /Users/admin/builder/spi-builder-workspace/.derivedData/SDKExplicitPrecompiledModules/CoreText-C1WSF2HWGIKVJ2XHWBKXQBSEY.pcm
SwiftExplicitDependencyGeneratePcm arm64 /Users/admin/builder/spi-builder-workspace/.derivedData/SDKExplicitPrecompiledModules/ImageIO-88YNP2EU498GB5YXIFJ9ANNYW.pcm
SwiftExplicitDependencyGeneratePcm arm64 /Users/admin/builder/spi-builder-workspace/.derivedData/SDKExplicitPrecompiledModules/Foundation-44WR0NU86C67CV5BW8W1MGKNG.pcm
SwiftExplicitDependencyGeneratePcm arm64 /Users/admin/builder/spi-builder-workspace/.derivedData/SDKExplicitPrecompiledModules/CoreData-4EPJ39F9L3QQ9486B5AMG5G6J.pcm
SwiftExplicitDependencyGeneratePcm arm64 /Users/admin/builder/spi-builder-workspace/.derivedData/SDKExplicitPrecompiledModules/JavaScriptCore-E3CCS97D24U12V9SQB1H9K5YE.pcm
SwiftExplicitDependencyGeneratePcm arm64 /Users/admin/builder/spi-builder-workspace/.derivedData/SDKExplicitPrecompiledModules/DataDetection-5GDUUWT6YIA10PE5D9A8SXWZ9.pcm
SwiftExplicitDependencyGeneratePcm arm64 /Users/admin/builder/spi-builder-workspace/.derivedData/SDKExplicitPrecompiledModules/Symbols-2NFSQR6R0R96WH1KKGBXW1J.pcm
SwiftExplicitDependencyGeneratePcm arm64 /Users/admin/builder/spi-builder-workspace/.derivedData/SDKExplicitPrecompiledModules/ApplicationServices-ALXSS633FQY42UMJSLR6MNLSK.pcm
SwiftExplicitDependencyGeneratePcm arm64 /Users/admin/builder/spi-builder-workspace/.derivedData/SDKExplicitPrecompiledModules/IOSurface-1TUG4NQVIPJF59WSUNATZ447F.pcm
SwiftExplicitDependencyGeneratePcm arm64 /Users/admin/builder/spi-builder-workspace/.derivedData/SDKExplicitPrecompiledModules/CoreAudio-8XPVZMQXZVBU162UQPW77JTL1.pcm
SwiftExplicitDependencyGeneratePcm arm64 /Users/admin/builder/spi-builder-workspace/.derivedData/SDKExplicitPrecompiledModules/OSLog-1GSRGGGEESVJH9OULZA91RAA3.pcm
SwiftExplicitDependencyGeneratePcm arm64 /Users/admin/builder/spi-builder-workspace/.derivedData/SDKExplicitPrecompiledModules/UniformTypeIdentifiers-5LG8RE3Q01MBLZVRR3FFHHL5H.pcm
SwiftExplicitDependencyGeneratePcm arm64 /Users/admin/builder/spi-builder-workspace/.derivedData/SDKExplicitPrecompiledModules/CoreTransferable-2HJ1Z8HJBPECRD89AVJ0X7S63.pcm
SwiftExplicitDependencyGeneratePcm arm64 /Users/admin/builder/spi-builder-workspace/.derivedData/SDKExplicitPrecompiledModules/Accessibility-6F38G4T85MOHD9AA2EH4U2PJS.pcm
SwiftExplicitDependencyGeneratePcm arm64 /Users/admin/builder/spi-builder-workspace/.derivedData/SDKExplicitPrecompiledModules/Network-DNJ6CH9B8OJ51G462QPX58B5X.pcm
SwiftExplicitDependencyGeneratePcm arm64 /Users/admin/builder/spi-builder-workspace/.derivedData/SDKExplicitPrecompiledModules/OpenGL-FXV81CD8YS42YTVJKJH1VLGA.pcm
SwiftExplicitDependencyGeneratePcm arm64 /Users/admin/builder/spi-builder-workspace/.derivedData/SDKExplicitPrecompiledModules/Metal-KM8CI04R5X5OUWMGRMNZE4KP.pcm
SwiftExplicitDependencyGeneratePcm arm64 /Users/admin/builder/spi-builder-workspace/.derivedData/SDKExplicitPrecompiledModules/CoreVideo-11TKSDKW0L2K02H4B9ZHWLM3B.pcm
SwiftExplicitDependencyGeneratePcm arm64 /Users/admin/builder/spi-builder-workspace/.derivedData/SDKExplicitPrecompiledModules/CoreImage-AKYY8VSFWQ6KIIXG3EQJ7PW5T.pcm
SwiftExplicitDependencyGeneratePcm arm64 /Users/admin/builder/spi-builder-workspace/.derivedData/SDKExplicitPrecompiledModules/QuartzCore-AP21NXF3BYPWOG416U3DI6QME.pcm
SwiftExplicitDependencyGeneratePcm arm64 /Users/admin/builder/spi-builder-workspace/.derivedData/SDKExplicitPrecompiledModules/CoreMedia-699WGYGEEF2LGFEEGSCM9Y1UF.pcm
SwiftExplicitDependencyGeneratePcm arm64 /Users/admin/builder/spi-builder-workspace/.derivedData/SDKExplicitPrecompiledModules/SwiftUICore-ESLJM4CVIQEQNCRTK6KPAF1I7.pcm
SwiftExplicitDependencyGeneratePcm arm64 /Users/admin/builder/spi-builder-workspace/.derivedData/SDKExplicitPrecompiledModules/AppKit-C2WRQ26QXORUMMNQB0M8H4QYD.pcm
SwiftExplicitDependencyGeneratePcm arm64 /Users/admin/builder/spi-builder-workspace/.derivedData/SDKExplicitPrecompiledModules/SwiftUI-5IEOINZEJ69OCDVRMHPS5W4XI.pcm
SwiftExplicitDependencyGeneratePcm arm64 /Users/admin/builder/spi-builder-workspace/.derivedData/SDKExplicitPrecompiledModules/WebKit-BULFI2S46IKD55LJG2JRB0DL8.pcm
SwiftEmitModule normal arm64 Emitting\ module\ for\ WWSVGImageView (in target 'WWSVGImageView' from project 'WWSVGImageView')
SwiftCompile normal arm64 (in target 'WWSVGImageView' from project 'WWSVGImageView')
cd /Users/admin/builder/spi-builder-workspace/.swiftpm/xcode
/Users/admin/builder/spi-builder-workspace/Sources/WWSVGImageView/Utility/Model.swift:34:34: error: cannot find type 'Context' in scope
32 | let useRWD: Bool
33 |
34 | func makeUIView(context: Context) -> UIViewType {
| `- error: cannot find type 'Context' in scope
35 | return WWSVGImageView.build()
36 | }
/Users/admin/builder/spi-builder-workspace/Sources/WWSVGImageView/Utility/Model.swift:37:59: error: cannot find type 'Context' in scope
35 | return WWSVGImageView.build()
36 | }
37 | func updateUIView(_ webView: UIViewType, context: Context) {
| `- error: cannot find type 'Context' in scope
38 | webView.load(svg: svg)
39 | }
/Users/admin/builder/spi-builder-workspace/Sources/WWSVGImageView/Utility/Model.swift:27:23: error: cannot find type 'UIViewRepresentable' in scope
25 | extension WWSVGImage {
26 |
27 | struct SVGImage : UIViewRepresentable {
| `- error: cannot find type 'UIViewRepresentable' in scope
28 |
29 | typealias UIViewType = WWSVGImageView
Failed frontend command:
/Applications/Xcode-27.0.0-Release.Candidate.app/Contents/Developer/Toolchains/XcodeDefault.xctoolchain/usr/bin/swift-frontend -frontend -emit-module -experimental-skip-non-inlinable-function-bodies-without-types /Users/admin/builder/spi-builder-workspace/.derivedData/Build/Intermediates.noindex/WWSVGImageView.build/Debug/WWSVGImageView-t.build/DerivedSources/resource_bundle_accessor.swift /Users/admin/builder/spi-builder-workspace/Sources/WWSVGImageView/SwiftUI/WWSVGImage.swift /Users/admin/builder/spi-builder-workspace/Sources/WWSVGImageView/Utility/Constant.swift /Users/admin/builder/spi-builder-workspace/Sources/WWSVGImageView/Utility/Extension.swift /Users/admin/builder/spi-builder-workspace/Sources/WWSVGImageView/Utility/Model.swift /Users/admin/builder/spi-builder-workspace/Sources/WWSVGImageView/WWSVGImageView.swift -target arm64-apple-macos12.0 -disable-cross-import-overlay-search -swift-module-cross-import WebKit /Applications/Xcode-27.0.0-Release.Candidate.app/Contents/Developer/Platforms/MacOSX.platform/Developer/SDKs/MacOSX.sdk/System/Cryptexes/OS/System/Library/Frameworks/WebKit.framework/Modules/WebKit.swiftcrossimport/SwiftUI.swiftoverlay -swift-module-cross-import WebKit /Applications/Xcode-27.0.0-Release.Candidate.app/Contents/Developer/Platforms/MacOSX.platform/Developer/SDKs/MacOSX27.0.sdk/System/Library/Frameworks/WebKit.framework/Modules/WebKit.swiftcrossimport/SwiftUI.swiftoverlay -load-resolved-plugin /Applications/Xcode-27.0.0-Release.Candidate.app/Contents/Developer/Platforms/MacOSX.platform/Developer/usr/lib/swift/host/plugins/libFoundationMacros.dylib\#/Applications/Xcode-27.0.0-Release.Candidate.app/Contents/Developer/Platforms/MacOSX.platform/Developer/usr/bin/swift-plugin-server\#FoundationMacros -load-resolved-plugin /Applications/Xcode-27.0.0-Release.Candidate.app/Contents/Developer/Platforms/MacOSX.platform/Developer/usr/lib/swift/host/plugins/libObservationMacros.dylib\#/Applications/Xcode-27.0.0-Release.Candidate.app/Contents/Developer/Platforms/MacOSX.platform/Developer/usr/bin/swift-plugin-server\#ObservationMacros -load-resolved-plugin /Applications/Xcode-27.0.0-Release.Candidate.app/Contents/Developer/Platforms/MacOSX.platform/Developer/usr/lib/swift/host/plugins/libPreviewsMacros.dylib\#/Applications/Xcode-27.0.0-Release.Candidate.app/Contents/Developer/Platforms/MacOSX.platform/Developer/usr/bin/swift-plugin-server\#PreviewsMacros -load-resolved-plugin /Applications/Xcode-27.0.0-Release.Candidate.app/Contents/Developer/Platforms/MacOSX.platform/Developer/usr/lib/swift/host/plugins/libSwiftMacros.dylib\#/Applications/Xcode-27.0.0-Release.Candidate.app/Contents/Developer/Platforms/MacOSX.platform/Developer/usr/bin/swift-plugin-server\#SwiftMacros -load-resolved-plugin /Applications/Xcode-27.0.0-Release.Candidate.app/Contents/Developer/Platforms/MacOSX.platform/Developer/usr/lib/swift/host/plugins/libSwiftUIMacros.dylib\#/Applications/Xcode-27.0.0-Release.Candidate.app/Contents/Developer/Platforms/MacOSX.platform/Developer/usr/bin/swift-plugin-server\#SwiftUIMacros -disable-implicit-swift-modules -Xcc -fno-implicit-modules -Xcc -fno-implicit-module-maps -explicit-swift-module-map-file /Users/admin/builder/spi-builder-workspace/.derivedData/Build/Intermediates.noindex/WWSVGImageView.build/Debug/WWSVGImageView-t.build/Objects-normal/arm64/WWSVGImageView-dependencies-1.json -Xllvm -aarch64-use-tbi -enable-objc-interop -stack-check -sdk /Applications/Xcode-27.0.0-Release.Candidate.app/Contents/Developer/Platforms/MacOSX.platform/Developer/SDKs/MacOSX27.0.sdk -I /Users/admin/builder/spi-builder-workspace/.derivedData/Build/Products/Debug -Isystem /Applications/Xcode-27.0.0-Release.Candidate.app/Contents/Developer/Platforms/MacOSX.platform/Developer/usr/lib -F /Users/admin/builder/spi-builder-workspace/.derivedData/Build/Products/Debug -F /Applications/Xcode-27.0.0-Release.Candidate.app/Contents/Developer/Platforms/MacOSX.platform/Developer/Library/Frameworks -module-cache-path /Users/admin/builder/spi-builder-workspace/.derivedData/Build/Intermediates.noindex/SwiftExplicitPrecompiledModules -no-color-diagnostics -Xcc -fno-color-diagnostics -enable-testing -g -debug-info-format\=dwarf -dwarf-version\=4 -swift-version 5 -Onone -D SWIFT_PACKAGE -D DEBUG -D SWIFT_MODULE_RESOURCE_BUNDLE_AVAILABLE -D Xcode -serialize-debugging-options -enable-experimental-feature DebugDescriptionMacro -empty-abi-descriptor -validate-clang-modules-once -clang-build-session-file /Users/admin/builder/spi-builder-workspace/.derivedData/ModuleCache.noindex/Session.modulevalidation -Xcc -working-directory -Xcc /Users/admin/builder/spi-builder-workspace/.swiftpm/xcode -enable-anonymous-context-mangled-names -file-compilation-dir /Users/admin/builder/spi-builder-workspace/.swiftpm/xcode -Xcc -D_LIBCPP_HARDENING_MODE\=_LIBCPP_HARDENING_MODE_DEBUG -Xcc -ivfsstatcache -Xcc /Users/admin/builder/spi-builder-workspace/.derivedData/SDKStatCaches.noindex/macosx27.0-26A425-e829b21a6f8c9b70876ba0858053c0446a22442a12e9d48fe1a705f55a1adfc4.sdkstatcache -Xcc -fmodules-prune-interval\=86400 -Xcc -fmodules-prune-after\=345600 -Xcc -I/Users/admin/builder/spi-builder-workspace/.derivedData/Build/Products/Debug/include -Xcc -I/Users/admin/builder/spi-builder-workspace/.derivedData/Build/Intermediates.noindex/WWSVGImageView.build/Debug/WWSVGImageView-t.build/DerivedSources-normal/arm64 -Xcc -I/Users/admin/builder/spi-builder-workspace/.derivedData/Build/Intermediates.noindex/WWSVGImageView.build/Debug/WWSVGImageView-t.build/DerivedSources/arm64 -Xcc -I/Users/admin/builder/spi-builder-workspace/.derivedData/Build/Intermediates.noindex/WWSVGImageView.build/Debug/WWSVGImageView-t.build/DerivedSources -Xcc -DSWIFT_PACKAGE -Xcc -DDEBUG\=1 -no-auto-bridging-header-chaining -module-name WWSVGImageView -const-gather-protocols-file /Users/admin/builder/spi-builder-workspace/.derivedData/Build/Intermediates.noindex/WWSVGImageView.build/Debug/WWSVGImageView-t.build/Objects-normal/arm64/WWSVGImageView_const_extract_protocols.json -disable-clang-spi -clang-target arm64-apple-macos27.0 -target-sdk-version 27.0 -target-sdk-name macosx27.0 -in-process-plugin-server-path /Applications/Xcode-27.0.0-Release.Candidate.app/Contents/Developer/Toolchains/XcodeDefault.xctoolchain/usr/lib/swift/host/libSwiftInProcPluginServer.dylib -emit-module-doc-path /Users/admin/builder/spi-builder-workspace/.derivedData/Build/Intermediates.noindex/WWSVGImageView.build/Debug/WWSVGImageView-t.build/Objects-normal/arm64/WWSVGImageView.swiftdoc -emit-module-source-info-path /Users/admin/builder/spi-builder-workspace/.derivedData/Build/Intermediates.noindex/WWSVGImageView.build/Debug/WWSVGImageView-t.build/Objects-normal/arm64/WWSVGImageView.swiftsourceinfo -emit-objc-header-path /Users/admin/builder/spi-builder-workspace/.derivedData/Build/Intermediates.noindex/WWSVGImageView.build/Debug/WWSVGImageView-t.build/Objects-normal/arm64/WWSVGImageView-Swift.h -serialize-diagnostics-path /Users/admin/builder/spi-builder-workspace/.derivedData/Build/Intermediates.noindex/WWSVGImageView.build/Debug/WWSVGImageView-t.build/Objects-normal/arm64/WWSVGImageView-primary-emit-module.dia -emit-dependencies-path /Users/admin/builder/spi-builder-workspace/.derivedData/Build/Intermediates.noindex/WWSVGImageView.build/Debug/WWSVGImageView-t.build/Objects-normal/arm64/WWSVGImageView-primary-emit-module.d -parse-as-library -o /Users/admin/builder/spi-builder-workspace/.derivedData/Build/Intermediates.noindex/WWSVGImageView.build/Debug/WWSVGImageView-t.build/Objects-normal/arm64/WWSVGImageView.swiftmodule -emit-abi-descriptor-path /Users/admin/builder/spi-builder-workspace/.derivedData/Build/Intermediates.noindex/WWSVGImageView.build/Debug/WWSVGImageView-t.build/Objects-normal/arm64/WWSVGImageView.abi.json
SwiftCompile normal arm64 Compiling\ WWSVGImage.swift /Users/admin/builder/spi-builder-workspace/Sources/WWSVGImageView/SwiftUI/WWSVGImage.swift (in target 'WWSVGImageView' from project 'WWSVGImageView')
SwiftCompile normal arm64 /Users/admin/builder/spi-builder-workspace/Sources/WWSVGImageView/SwiftUI/WWSVGImage.swift (in target 'WWSVGImageView' from project 'WWSVGImageView')
cd /Users/admin/builder/spi-builder-workspace/.swiftpm/xcode
builtin-SwiftPerFileCompile WWSVGImage.swift
SwiftCompile normal arm64 Compiling\ Model.swift /Users/admin/builder/spi-builder-workspace/Sources/WWSVGImageView/Utility/Model.swift (in target 'WWSVGImageView' from project 'WWSVGImageView')
SwiftCompile normal arm64 /Users/admin/builder/spi-builder-workspace/Sources/WWSVGImageView/Utility/Model.swift (in target 'WWSVGImageView' from project 'WWSVGImageView')
cd /Users/admin/builder/spi-builder-workspace/.swiftpm/xcode
builtin-SwiftPerFileCompile Model.swift
/Users/admin/builder/spi-builder-workspace/Sources/WWSVGImageView/Utility/Model.swift:34:34: error: cannot find type 'Context' in scope
32 | let useRWD: Bool
33 |
34 | func makeUIView(context: Context) -> UIViewType {
| `- error: cannot find type 'Context' in scope
35 | return WWSVGImageView.build()
36 | }
/Users/admin/builder/spi-builder-workspace/Sources/WWSVGImageView/Utility/Model.swift:37:59: error: cannot find type 'Context' in scope
35 | return WWSVGImageView.build()
36 | }
37 | func updateUIView(_ webView: UIViewType, context: Context) {
| `- error: cannot find type 'Context' in scope
38 | webView.load(svg: svg)
39 | }
SwiftCompile normal arm64 Compiling\ Constant.swift /Users/admin/builder/spi-builder-workspace/Sources/WWSVGImageView/Utility/Constant.swift (in target 'WWSVGImageView' from project 'WWSVGImageView')
SwiftCompile normal arm64 /Users/admin/builder/spi-builder-workspace/Sources/WWSVGImageView/Utility/Constant.swift (in target 'WWSVGImageView' from project 'WWSVGImageView')
cd /Users/admin/builder/spi-builder-workspace/.swiftpm/xcode
builtin-SwiftPerFileCompile Constant.swift
SwiftCompile normal arm64 Compiling\ WWSVGImageView.swift /Users/admin/builder/spi-builder-workspace/Sources/WWSVGImageView/WWSVGImageView.swift (in target 'WWSVGImageView' from project 'WWSVGImageView')
SwiftCompile normal arm64 /Users/admin/builder/spi-builder-workspace/Sources/WWSVGImageView/WWSVGImageView.swift (in target 'WWSVGImageView' from project 'WWSVGImageView')
cd /Users/admin/builder/spi-builder-workspace/.swiftpm/xcode
builtin-SwiftPerFileCompile WWSVGImageView.swift
/Users/admin/builder/spi-builder-workspace/Sources/WWSVGImageView/WWSVGImageView.swift:19:17: error: cannot assign to property: 'isOpaque' is a get-only property
17 | let webView: WWSVGImageView = WWSVGImageView._build(html: "")
18 |
19 | webView.isOpaque = false
| `- error: cannot assign to property: 'isOpaque' is a get-only property
20 | webView.backgroundColor = .clear
21 | webView.scrollView.backgroundColor = .clear
/Users/admin/builder/spi-builder-workspace/Sources/WWSVGImageView/WWSVGImageView.swift:20:17: error: value of type 'WWSVGImageView' has no member 'backgroundColor'
18 |
19 | webView.isOpaque = false
20 | webView.backgroundColor = .clear
| `- error: value of type 'WWSVGImageView' has no member 'backgroundColor'
21 | webView.scrollView.backgroundColor = .clear
22 |
/Users/admin/builder/spi-builder-workspace/Sources/WWSVGImageView/WWSVGImageView.swift:20:36: error: cannot infer contextual base in reference to member 'clear'
18 |
19 | webView.isOpaque = false
20 | webView.backgroundColor = .clear
| `- error: cannot infer contextual base in reference to member 'clear'
21 | webView.scrollView.backgroundColor = .clear
22 |
/Users/admin/builder/spi-builder-workspace/Sources/WWSVGImageView/WWSVGImageView.swift:21:17: error: value of type 'WWSVGImageView' has no member 'scrollView'
19 | webView.isOpaque = false
20 | webView.backgroundColor = .clear
21 | webView.scrollView.backgroundColor = .clear
| `- error: value of type 'WWSVGImageView' has no member 'scrollView'
22 |
23 | return webView
SwiftCompile normal arm64 Compiling\ Extension.swift /Users/admin/builder/spi-builder-workspace/Sources/WWSVGImageView/Utility/Extension.swift (in target 'WWSVGImageView' from project 'WWSVGImageView')
/Users/admin/builder/spi-builder-workspace/Sources/WWSVGImageView/Utility/Extension.swift:48:17: error: value of type 'T' has no member 'backgroundColor'
46 |
47 | webView.loadHTMLString(html, baseURL: nil)
48 | webView.backgroundColor = .clear
| `- error: value of type 'T' has no member 'backgroundColor'
49 |
50 | return webView
SwiftCompile normal arm64 /Users/admin/builder/spi-builder-workspace/Sources/WWSVGImageView/Utility/Extension.swift (in target 'WWSVGImageView' from project 'WWSVGImageView')
cd /Users/admin/builder/spi-builder-workspace/.swiftpm/xcode
builtin-SwiftPerFileCompile Extension.swift
SwiftCompile normal arm64 Compiling\ resource_bundle_accessor.swift /Users/admin/builder/spi-builder-workspace/.derivedData/Build/Intermediates.noindex/WWSVGImageView.build/Debug/WWSVGImageView-t.build/DerivedSources/resource_bundle_accessor.swift (in target 'WWSVGImageView' from project 'WWSVGImageView')
SwiftCompile normal arm64 /Users/admin/builder/spi-builder-workspace/.derivedData/Build/Intermediates.noindex/WWSVGImageView.build/Debug/WWSVGImageView-t.build/DerivedSources/resource_bundle_accessor.swift (in target 'WWSVGImageView' from project 'WWSVGImageView')
cd /Users/admin/builder/spi-builder-workspace/.swiftpm/xcode
builtin-SwiftPerFileCompile resource_bundle_accessor.swift
PruneExplicitPrecompiledModules /Users/admin/builder/spi-builder-workspace/.derivedData/SDKExplicitPrecompiledModules
PruneExplicitPrecompiledModules /Users/admin/builder/spi-builder-workspace/.derivedData/Build/Intermediates.noindex/SwiftExplicitPrecompiledModules
PruneExplicitPrecompiledModules /Users/admin/builder/spi-builder-workspace/.derivedData/Build/Intermediates.noindex/ExplicitPrecompiledModules
2026-09-23 19:39:12.140 xcodebuild[654:4230] [MT] IDERunDestination: Supported platforms for the buildables in the current scheme is empty.
--- xcodebuild: WARNING: Using the first of multiple matching destinations:
{ platform:macOS, arch:arm64, id:2c80145e436802ffba55a7f367113ba2dd6333c1, name:My Mac }
{ platform:macOS, arch:arm64, variant:Mac Catalyst, id:2c80145e436802ffba55a7f367113ba2dd6333c1, name:My Mac }
{ platform:macOS, arch:arm64, variant:DriverKit, id:2c80145e436802ffba55a7f367113ba2dd6333c1, name:My Mac }
{ platform:macOS, arch:arm64, variant:Designed for [iPad,iPhone], id:2c80145e436802ffba55a7f367113ba2dd6333c1, name:My Mac }
** BUILD FAILED **
The following build commands failed:
SwiftCompile normal arm64 (in target 'WWSVGImageView' from project 'WWSVGImageView')
SwiftEmitModule normal arm64 Emitting\ module\ for\ WWSVGImageView (in target 'WWSVGImageView' from project 'WWSVGImageView')
Building workspace WWSVGImageView with scheme WWSVGImageView
(3 failures)
Command line invocation:
/Applications/Xcode-27.0.0-Release.Candidate.app/Contents/Developer/usr/bin/xcodebuild -IDEClonedSourcePackagesDirPathOverride=/Users/admin/builder/spi-builder-workspace/.dependencies -resolvePackageDependencies
Resolve Package Graph
Resolved source packages:
WWSVGImageView: /Users/admin/builder/spi-builder-workspace
resolved source packages: WWSVGImageView
2026-09-23 19:39:21.750 xcodebuild[747:4628] [MT] IDERunDestination: Supported platforms for the buildables in the current scheme is empty.
{
"dependencies" : [
],
"manifest_display_name" : "WWSVGImageView",
"name" : "WWSVGImageView",
"path" : "/Users/admin/builder/spi-builder-workspace",
"platforms" : [
{
"name" : "ios",
"version" : "16.0"
}
],
"products" : [
{
"name" : "WWSVGImageView",
"targets" : [
"WWSVGImageView"
],
"type" : {
"library" : [
"automatic"
]
}
}
],
"swift_languages_versions" : [
"5"
],
"targets" : [
{
"c99name" : "WWSVGImageView",
"module_type" : "SwiftTarget",
"name" : "WWSVGImageView",
"path" : "Sources/WWSVGImageView",
"product_memberships" : [
"WWSVGImageView"
],
"resources" : [
{
"path" : "/Users/admin/builder/spi-builder-workspace/Sources/WWSVGImageView/Privacy",
"rule" : {
"copy" : {
}
}
}
],
"sources" : [
"SwiftUI/WWSVGImage.swift",
"Utility/Constant.swift",
"Utility/Extension.swift",
"Utility/Model.swift",
"WWSVGImageView.swift"
],
"type" : "library"
}
],
"tools_version" : "5.7"
}
{
"workspace" : {
"name" : "WWSVGImageView",
"schemes" : [
"WWSVGImageView"
]
}
}
2026-09-23 19:39:22.999 xcodebuild[755:4699] [MT] IDERunDestination: Supported platforms for the buildables in the current scheme is empty.
Running build ...
env DEVELOPER_DIR=/Applications/Xcode-27.0.0-Release.Candidate.app xcrun xcodebuild -IDEClonedSourcePackagesDirPathOverride=$PWD/.dependencies -skipMacroValidation -skipPackagePluginValidation -derivedDataPath $PWD/.derivedData build -scheme WWSVGImageView -destination platform=macOS,arch=arm64
Command line invocation:
/Applications/Xcode-27.0.0-Release.Candidate.app/Contents/Developer/usr/bin/xcodebuild -IDEClonedSourcePackagesDirPathOverride=/Users/admin/builder/spi-builder-workspace/.dependencies -skipMacroValidation -skipPackagePluginValidation -derivedDataPath /Users/admin/builder/spi-builder-workspace/.derivedData build -scheme WWSVGImageView -destination platform=macOS,arch=arm64
Resolve Package Graph
Resolved source packages:
WWSVGImageView: /Users/admin/builder/spi-builder-workspace
ComputePackagePrebuildTargetDependencyGraph
Prepare packages
CreateBuildRequest
SendProjectDescription
CreateBuildOperation
ComputeTargetDependencyGraph
note: Building targets in dependency order
note: Target dependency graph (3 targets)
Target 'WWSVGImageView-product' in project 'WWSVGImageView'
➜ Explicit dependency on target 'WWSVGImageView' in project 'WWSVGImageView'
➜ Explicit dependency on target 'WWSVGImageView_WWSVGImageView' in project 'WWSVGImageView'
Target 'WWSVGImageView' in project 'WWSVGImageView'
➜ Explicit dependency on target 'WWSVGImageView_WWSVGImageView' in project 'WWSVGImageView'
Target 'WWSVGImageView_WWSVGImageView' in project 'WWSVGImageView' (no dependencies)
GatherProvisioningInputs
CreateBuildDescription
ClangStatCache /Applications/Xcode-27.0.0-Release.Candidate.app/Contents/Developer/Toolchains/XcodeDefault.xctoolchain/usr/bin/clang-stat-cache /Applications/Xcode-27.0.0-Release.Candidate.app/Contents/Developer/Platforms/MacOSX.platform/Developer/SDKs/MacOSX27.0.sdk /Users/admin/builder/spi-builder-workspace/.derivedData/SDKStatCaches.noindex/macosx27.0-26A425-e829b21a6f8c9b70876ba0858053c0446a22442a12e9d48fe1a705f55a1adfc4.sdkstatcache
cd /Users/admin/builder/spi-builder-workspace/.swiftpm/xcode
/Applications/Xcode-27.0.0-Release.Candidate.app/Contents/Developer/Toolchains/XcodeDefault.xctoolchain/usr/bin/clang-stat-cache /Applications/Xcode-27.0.0-Release.Candidate.app/Contents/Developer/Platforms/MacOSX.platform/Developer/SDKs/MacOSX27.0.sdk -o /Users/admin/builder/spi-builder-workspace/.derivedData/SDKStatCaches.noindex/macosx27.0-26A425-e829b21a6f8c9b70876ba0858053c0446a22442a12e9d48fe1a705f55a1adfc4.sdkstatcache
SwiftDriver WWSVGImageView normal arm64 com.apple.xcode.tools.swift.compiler (in target 'WWSVGImageView' from project 'WWSVGImageView')
cd /Users/admin/builder/spi-builder-workspace/.swiftpm/xcode
builtin-SwiftDriver -- /Applications/Xcode-27.0.0-Release.Candidate.app/Contents/Developer/Toolchains/XcodeDefault.xctoolchain/usr/bin/swiftc -parse-as-library -module-name WWSVGImageView -Onone @/Users/admin/builder/spi-builder-workspace/.derivedData/Build/Intermediates.noindex/WWSVGImageView.build/Debug/WWSVGImageView-t.build/Objects-normal/arm64/WWSVGImageView.SwiftFileList -DSWIFT_PACKAGE -DDEBUG -DSWIFT_MODULE_RESOURCE_BUNDLE_AVAILABLE -DXcode -plugin-path /Applications/Xcode-27.0.0-Release.Candidate.app/Contents/Developer/Toolchains/XcodeDefault.xctoolchain/usr/lib/swift/host/plugins/testing -enable-experimental-feature DebugDescriptionMacro -sdk /Applications/Xcode-27.0.0-Release.Candidate.app/Contents/Developer/Platforms/MacOSX.platform/Developer/SDKs/MacOSX27.0.sdk -target arm64-apple-macos12.0 -g -module-cache-path /Users/admin/builder/spi-builder-workspace/.derivedData/ModuleCache.noindex -Xfrontend -serialize-debugging-options -enable-testing -index-store-path /Users/admin/builder/spi-builder-workspace/.derivedData/Index.noindex/DataStore -Xcc -D_LIBCPP_HARDENING_MODE\=_LIBCPP_HARDENING_MODE_DEBUG -swift-version 5 -I /Users/admin/builder/spi-builder-workspace/.derivedData/Build/Products/Debug -Isystem /Applications/Xcode-27.0.0-Release.Candidate.app/Contents/Developer/Platforms/MacOSX.platform/Developer/usr/lib -F /Users/admin/builder/spi-builder-workspace/.derivedData/Build/Products/Debug -F /Applications/Xcode-27.0.0-Release.Candidate.app/Contents/Developer/Platforms/MacOSX.platform/Developer/Library/Frameworks -c -j10 -enable-batch-mode -incremental -Xcc -ivfsstatcache -Xcc /Users/admin/builder/spi-builder-workspace/.derivedData/SDKStatCaches.noindex/macosx27.0-26A425-e829b21a6f8c9b70876ba0858053c0446a22442a12e9d48fe1a705f55a1adfc4.sdkstatcache -output-file-map /Users/admin/builder/spi-builder-workspace/.derivedData/Build/Intermediates.noindex/WWSVGImageView.build/Debug/WWSVGImageView-t.build/Objects-normal/arm64/WWSVGImageView-OutputFileMap.json -save-temps -no-color-diagnostics -explicit-module-build -module-cache-path /Users/admin/builder/spi-builder-workspace/.derivedData/Build/Intermediates.noindex/SwiftExplicitPrecompiledModules -clang-scanner-module-cache-path /Users/admin/builder/spi-builder-workspace/.derivedData/ModuleCache.noindex -sdk-module-cache-path /Users/admin/builder/spi-builder-workspace/.derivedData/SDKExplicitPrecompiledModules -emit-dependencies -emit-module -emit-module-path /Users/admin/builder/spi-builder-workspace/.derivedData/Build/Intermediates.noindex/WWSVGImageView.build/Debug/WWSVGImageView-t.build/Objects-normal/arm64/WWSVGImageView.swiftmodule -serialize-diagnostics -dependency-scan-serialize-diagnostics-path /Users/admin/builder/spi-builder-workspace/.derivedData/Build/Intermediates.noindex/WWSVGImageView.build/Debug/WWSVGImageView-t.build/Objects-normal/arm64/WWSVGImageView-dependency-scan.dia -validate-clang-modules-once -clang-build-session-file /Users/admin/builder/spi-builder-workspace/.derivedData/ModuleCache.noindex/Session.modulevalidation -Xcc -fmodules-prune-interval\=86400 -Xcc -fmodules-prune-after\=345600 -emit-const-values -const-gather-protocols-list /Users/admin/builder/spi-builder-workspace/.derivedData/Build/Intermediates.noindex/WWSVGImageView.build/Debug/WWSVGImageView-t.build/Objects-normal/arm64/WWSVGImageView_const_extract_protocols.json -Xcc -I/Users/admin/builder/spi-builder-workspace/.derivedData/Build/Products/Debug/include -Xcc -I/Users/admin/builder/spi-builder-workspace/.derivedData/Build/Intermediates.noindex/WWSVGImageView.build/Debug/WWSVGImageView-t.build/DerivedSources-normal/arm64 -Xcc -I/Users/admin/builder/spi-builder-workspace/.derivedData/Build/Intermediates.noindex/WWSVGImageView.build/Debug/WWSVGImageView-t.build/DerivedSources/arm64 -Xcc -I/Users/admin/builder/spi-builder-workspace/.derivedData/Build/Intermediates.noindex/WWSVGImageView.build/Debug/WWSVGImageView-t.build/DerivedSources -Xcc -DSWIFT_PACKAGE -Xcc -DDEBUG\=1 -emit-objc-header -emit-objc-header-path /Users/admin/builder/spi-builder-workspace/.derivedData/Build/Intermediates.noindex/WWSVGImageView.build/Debug/WWSVGImageView-t.build/Objects-normal/arm64/WWSVGImageView-Swift.h -working-directory /Users/admin/builder/spi-builder-workspace/.swiftpm/xcode -experimental-emit-module-separately -disable-cmo
SwiftCompile normal arm64 Compiling\ Constant.swift /Users/admin/builder/spi-builder-workspace/Sources/WWSVGImageView/Utility/Constant.swift (in target 'WWSVGImageView' from project 'WWSVGImageView')
SwiftCompile normal arm64 /Users/admin/builder/spi-builder-workspace/Sources/WWSVGImageView/Utility/Constant.swift (in target 'WWSVGImageView' from project 'WWSVGImageView')
cd /Users/admin/builder/spi-builder-workspace/.swiftpm/xcode
builtin-SwiftPerFileCompile Constant.swift
SwiftCompile normal arm64 Compiling\ resource_bundle_accessor.swift /Users/admin/builder/spi-builder-workspace/.derivedData/Build/Intermediates.noindex/WWSVGImageView.build/Debug/WWSVGImageView-t.build/DerivedSources/resource_bundle_accessor.swift (in target 'WWSVGImageView' from project 'WWSVGImageView')
SwiftCompile normal arm64 /Users/admin/builder/spi-builder-workspace/.derivedData/Build/Intermediates.noindex/WWSVGImageView.build/Debug/WWSVGImageView-t.build/DerivedSources/resource_bundle_accessor.swift (in target 'WWSVGImageView' from project 'WWSVGImageView')
cd /Users/admin/builder/spi-builder-workspace/.swiftpm/xcode
builtin-SwiftPerFileCompile resource_bundle_accessor.swift
SwiftCompile normal arm64 Compiling\ Extension.swift /Users/admin/builder/spi-builder-workspace/Sources/WWSVGImageView/Utility/Extension.swift (in target 'WWSVGImageView' from project 'WWSVGImageView')
SwiftCompile normal arm64 /Users/admin/builder/spi-builder-workspace/Sources/WWSVGImageView/Utility/Extension.swift (in target 'WWSVGImageView' from project 'WWSVGImageView')
cd /Users/admin/builder/spi-builder-workspace/.swiftpm/xcode
builtin-SwiftPerFileCompile Extension.swift
/Users/admin/builder/spi-builder-workspace/Sources/WWSVGImageView/Utility/Extension.swift:48:17: error: value of type 'T' has no member 'backgroundColor'
46 |
47 | webView.loadHTMLString(html, baseURL: nil)
48 | webView.backgroundColor = .clear
| `- error: value of type 'T' has no member 'backgroundColor'
49 |
50 | return webView
SwiftCompile normal arm64 Compiling\ WWSVGImage.swift /Users/admin/builder/spi-builder-workspace/Sources/WWSVGImageView/SwiftUI/WWSVGImage.swift (in target 'WWSVGImageView' from project 'WWSVGImageView')
SwiftCompile normal arm64 /Users/admin/builder/spi-builder-workspace/Sources/WWSVGImageView/SwiftUI/WWSVGImage.swift (in target 'WWSVGImageView' from project 'WWSVGImageView')
cd /Users/admin/builder/spi-builder-workspace/.swiftpm/xcode
builtin-SwiftPerFileCompile WWSVGImage.swift
SwiftEmitModule normal arm64 Emitting\ module\ for\ WWSVGImageView (in target 'WWSVGImageView' from project 'WWSVGImageView')
/Users/admin/builder/spi-builder-workspace/Sources/WWSVGImageView/Utility/Model.swift:34:34: error: cannot find type 'Context' in scope
32 | let useRWD: Bool
33 |
34 | func makeUIView(context: Context) -> UIViewType {
| `- error: cannot find type 'Context' in scope
35 | return WWSVGImageView.build()
36 | }
/Users/admin/builder/spi-builder-workspace/Sources/WWSVGImageView/Utility/Model.swift:37:59: error: cannot find type 'Context' in scope
35 | return WWSVGImageView.build()
36 | }
37 | func updateUIView(_ webView: UIViewType, context: Context) {
| `- error: cannot find type 'Context' in scope
38 | webView.load(svg: svg)
39 | }
/Users/admin/builder/spi-builder-workspace/Sources/WWSVGImageView/Utility/Model.swift:27:23: error: cannot find type 'UIViewRepresentable' in scope
25 | extension WWSVGImage {
26 |
27 | struct SVGImage : UIViewRepresentable {
| `- error: cannot find type 'UIViewRepresentable' in scope
28 |
29 | typealias UIViewType = WWSVGImageView
Failed frontend command:
/Applications/Xcode-27.0.0-Release.Candidate.app/Contents/Developer/Toolchains/XcodeDefault.xctoolchain/usr/bin/swift-frontend -frontend -emit-module -experimental-skip-non-inlinable-function-bodies-without-types /Users/admin/builder/spi-builder-workspace/.derivedData/Build/Intermediates.noindex/WWSVGImageView.build/Debug/WWSVGImageView-t.build/DerivedSources/resource_bundle_accessor.swift /Users/admin/builder/spi-builder-workspace/Sources/WWSVGImageView/SwiftUI/WWSVGImage.swift /Users/admin/builder/spi-builder-workspace/Sources/WWSVGImageView/Utility/Constant.swift /Users/admin/builder/spi-builder-workspace/Sources/WWSVGImageView/Utility/Extension.swift /Users/admin/builder/spi-builder-workspace/Sources/WWSVGImageView/Utility/Model.swift /Users/admin/builder/spi-builder-workspace/Sources/WWSVGImageView/WWSVGImageView.swift -target arm64-apple-macos12.0 -disable-cross-import-overlay-search -swift-module-cross-import WebKit /Applications/Xcode-27.0.0-Release.Candidate.app/Contents/Developer/Platforms/MacOSX.platform/Developer/SDKs/MacOSX.sdk/System/Cryptexes/OS/System/Library/Frameworks/WebKit.framework/Modules/WebKit.swiftcrossimport/SwiftUI.swiftoverlay -swift-module-cross-import WebKit /Applications/Xcode-27.0.0-Release.Candidate.app/Contents/Developer/Platforms/MacOSX.platform/Developer/SDKs/MacOSX27.0.sdk/System/Library/Frameworks/WebKit.framework/Modules/WebKit.swiftcrossimport/SwiftUI.swiftoverlay -load-resolved-plugin /Applications/Xcode-27.0.0-Release.Candidate.app/Contents/Developer/Platforms/MacOSX.platform/Developer/usr/lib/swift/host/plugins/libFoundationMacros.dylib\#/Applications/Xcode-27.0.0-Release.Candidate.app/Contents/Developer/Platforms/MacOSX.platform/Developer/usr/bin/swift-plugin-server\#FoundationMacros -load-resolved-plugin /Applications/Xcode-27.0.0-Release.Candidate.app/Contents/Developer/Platforms/MacOSX.platform/Developer/usr/lib/swift/host/plugins/libObservationMacros.dylib\#/Applications/Xcode-27.0.0-Release.Candidate.app/Contents/Developer/Platforms/MacOSX.platform/Developer/usr/bin/swift-plugin-server\#ObservationMacros -load-resolved-plugin /Applications/Xcode-27.0.0-Release.Candidate.app/Contents/Developer/Platforms/MacOSX.platform/Developer/usr/lib/swift/host/plugins/libPreviewsMacros.dylib\#/Applications/Xcode-27.0.0-Release.Candidate.app/Contents/Developer/Platforms/MacOSX.platform/Developer/usr/bin/swift-plugin-server\#PreviewsMacros -load-resolved-plugin /Applications/Xcode-27.0.0-Release.Candidate.app/Contents/Developer/Platforms/MacOSX.platform/Developer/usr/lib/swift/host/plugins/libSwiftMacros.dylib\#/Applications/Xcode-27.0.0-Release.Candidate.app/Contents/Developer/Platforms/MacOSX.platform/Developer/usr/bin/swift-plugin-server\#SwiftMacros -load-resolved-plugin /Applications/Xcode-27.0.0-Release.Candidate.app/Contents/Developer/Platforms/MacOSX.platform/Developer/usr/lib/swift/host/plugins/libSwiftUIMacros.dylib\#/Applications/Xcode-27.0.0-Release.Candidate.app/Contents/Developer/Platforms/MacOSX.platform/Developer/usr/bin/swift-plugin-server\#SwiftUIMacros -disable-implicit-swift-modules -Xcc -fno-implicit-modules -Xcc -fno-implicit-module-maps -explicit-swift-module-map-file /Users/admin/builder/spi-builder-workspace/.derivedData/Build/Intermediates.noindex/WWSVGImageView.build/Debug/WWSVGImageView-t.build/Objects-normal/arm64/WWSVGImageView-dependencies-1.json -Xllvm -aarch64-use-tbi -enable-objc-interop -stack-check -sdk /Applications/Xcode-27.0.0-Release.Candidate.app/Contents/Developer/Platforms/MacOSX.platform/Developer/SDKs/MacOSX27.0.sdk -I /Users/admin/builder/spi-builder-workspace/.derivedData/Build/Products/Debug -Isystem /Applications/Xcode-27.0.0-Release.Candidate.app/Contents/Developer/Platforms/MacOSX.platform/Developer/usr/lib -F /Users/admin/builder/spi-builder-workspace/.derivedData/Build/Products/Debug -F /Applications/Xcode-27.0.0-Release.Candidate.app/Contents/Developer/Platforms/MacOSX.platform/Developer/Library/Frameworks -module-cache-path /Users/admin/builder/spi-builder-workspace/.derivedData/Build/Intermediates.noindex/SwiftExplicitPrecompiledModules -no-color-diagnostics -Xcc -fno-color-diagnostics -enable-testing -g -debug-info-format\=dwarf -dwarf-version\=4 -swift-version 5 -Onone -D SWIFT_PACKAGE -D DEBUG -D SWIFT_MODULE_RESOURCE_BUNDLE_AVAILABLE -D Xcode -serialize-debugging-options -enable-experimental-feature DebugDescriptionMacro -empty-abi-descriptor -validate-clang-modules-once -clang-build-session-file /Users/admin/builder/spi-builder-workspace/.derivedData/ModuleCache.noindex/Session.modulevalidation -Xcc -working-directory -Xcc /Users/admin/builder/spi-builder-workspace/.swiftpm/xcode -enable-anonymous-context-mangled-names -file-compilation-dir /Users/admin/builder/spi-builder-workspace/.swiftpm/xcode -Xcc -D_LIBCPP_HARDENING_MODE\=_LIBCPP_HARDENING_MODE_DEBUG -Xcc -ivfsstatcache -Xcc /Users/admin/builder/spi-builder-workspace/.derivedData/SDKStatCaches.noindex/macosx27.0-26A425-e829b21a6f8c9b70876ba0858053c0446a22442a12e9d48fe1a705f55a1adfc4.sdkstatcache -Xcc -fmodules-prune-interval\=86400 -Xcc -fmodules-prune-after\=345600 -Xcc -I/Users/admin/builder/spi-builder-workspace/.derivedData/Build/Products/Debug/include -Xcc -I/Users/admin/builder/spi-builder-workspace/.derivedData/Build/Intermediates.noindex/WWSVGImageView.build/Debug/WWSVGImageView-t.build/DerivedSources-normal/arm64 -Xcc -I/Users/admin/builder/spi-builder-workspace/.derivedData/Build/Intermediates.noindex/WWSVGImageView.build/Debug/WWSVGImageView-t.build/DerivedSources/arm64 -Xcc -I/Users/admin/builder/spi-builder-workspace/.derivedData/Build/Intermediates.noindex/WWSVGImageView.build/Debug/WWSVGImageView-t.build/DerivedSources -Xcc -DSWIFT_PACKAGE -Xcc -DDEBUG\=1 -no-auto-bridging-header-chaining -module-name WWSVGImageView -const-gather-protocols-file /Users/admin/builder/spi-builder-workspace/.derivedData/Build/Intermediates.noindex/WWSVGImageView.build/Debug/WWSVGImageView-t.build/Objects-normal/arm64/WWSVGImageView_const_extract_protocols.json -disable-clang-spi -clang-target arm64-apple-macos27.0 -target-sdk-version 27.0 -target-sdk-name macosx27.0 -in-process-plugin-server-path /Applications/Xcode-27.0.0-Release.Candidate.app/Contents/Developer/Toolchains/XcodeDefault.xctoolchain/usr/lib/swift/host/libSwiftInProcPluginServer.dylib -emit-module-doc-path /Users/admin/builder/spi-builder-workspace/.derivedData/Build/Intermediates.noindex/WWSVGImageView.build/Debug/WWSVGImageView-t.build/Objects-normal/arm64/WWSVGImageView.swiftdoc -emit-module-source-info-path /Users/admin/builder/spi-builder-workspace/.derivedData/Build/Intermediates.noindex/WWSVGImageView.build/Debug/WWSVGImageView-t.build/Objects-normal/arm64/WWSVGImageView.swiftsourceinfo -emit-objc-header-path /Users/admin/builder/spi-builder-workspace/.derivedData/Build/Intermediates.noindex/WWSVGImageView.build/Debug/WWSVGImageView-t.build/Objects-normal/arm64/WWSVGImageView-Swift.h -serialize-diagnostics-path /Users/admin/builder/spi-builder-workspace/.derivedData/Build/Intermediates.noindex/WWSVGImageView.build/Debug/WWSVGImageView-t.build/Objects-normal/arm64/WWSVGImageView-primary-emit-module.dia -emit-dependencies-path /Users/admin/builder/spi-builder-workspace/.derivedData/Build/Intermediates.noindex/WWSVGImageView.build/Debug/WWSVGImageView-t.build/Objects-normal/arm64/WWSVGImageView-primary-emit-module.d -parse-as-library -o /Users/admin/builder/spi-builder-workspace/.derivedData/Build/Intermediates.noindex/WWSVGImageView.build/Debug/WWSVGImageView-t.build/Objects-normal/arm64/WWSVGImageView.swiftmodule -emit-abi-descriptor-path /Users/admin/builder/spi-builder-workspace/.derivedData/Build/Intermediates.noindex/WWSVGImageView.build/Debug/WWSVGImageView-t.build/Objects-normal/arm64/WWSVGImageView.abi.json
SwiftCompile normal arm64 (in target 'WWSVGImageView' from project 'WWSVGImageView')
cd /Users/admin/builder/spi-builder-workspace/.swiftpm/xcode
SwiftCompile normal arm64 Compiling\ Model.swift /Users/admin/builder/spi-builder-workspace/Sources/WWSVGImageView/Utility/Model.swift (in target 'WWSVGImageView' from project 'WWSVGImageView')
/Users/admin/builder/spi-builder-workspace/Sources/WWSVGImageView/Utility/Model.swift:34:34: error: cannot find type 'Context' in scope
32 | let useRWD: Bool
33 |
34 | func makeUIView(context: Context) -> UIViewType {
| `- error: cannot find type 'Context' in scope
35 | return WWSVGImageView.build()
36 | }
/Users/admin/builder/spi-builder-workspace/Sources/WWSVGImageView/Utility/Model.swift:37:59: error: cannot find type 'Context' in scope
35 | return WWSVGImageView.build()
36 | }
37 | func updateUIView(_ webView: UIViewType, context: Context) {
| `- error: cannot find type 'Context' in scope
38 | webView.load(svg: svg)
39 | }
SwiftCompile normal arm64 /Users/admin/builder/spi-builder-workspace/Sources/WWSVGImageView/Utility/Model.swift (in target 'WWSVGImageView' from project 'WWSVGImageView')
cd /Users/admin/builder/spi-builder-workspace/.swiftpm/xcode
builtin-SwiftPerFileCompile Model.swift
SwiftCompile normal arm64 Compiling\ WWSVGImageView.swift /Users/admin/builder/spi-builder-workspace/Sources/WWSVGImageView/WWSVGImageView.swift (in target 'WWSVGImageView' from project 'WWSVGImageView')
/Users/admin/builder/spi-builder-workspace/Sources/WWSVGImageView/WWSVGImageView.swift:19:17: error: cannot assign to property: 'isOpaque' is a get-only property
17 | let webView: WWSVGImageView = WWSVGImageView._build(html: "")
18 |
19 | webView.isOpaque = false
| `- error: cannot assign to property: 'isOpaque' is a get-only property
20 | webView.backgroundColor = .clear
21 | webView.scrollView.backgroundColor = .clear
/Users/admin/builder/spi-builder-workspace/Sources/WWSVGImageView/WWSVGImageView.swift:20:17: error: value of type 'WWSVGImageView' has no member 'backgroundColor'
18 |
19 | webView.isOpaque = false
20 | webView.backgroundColor = .clear
| `- error: value of type 'WWSVGImageView' has no member 'backgroundColor'
21 | webView.scrollView.backgroundColor = .clear
22 |
/Users/admin/builder/spi-builder-workspace/Sources/WWSVGImageView/WWSVGImageView.swift:20:36: error: cannot infer contextual base in reference to member 'clear'
18 |
19 | webView.isOpaque = false
20 | webView.backgroundColor = .clear
| `- error: cannot infer contextual base in reference to member 'clear'
21 | webView.scrollView.backgroundColor = .clear
22 |
/Users/admin/builder/spi-builder-workspace/Sources/WWSVGImageView/WWSVGImageView.swift:21:17: error: value of type 'WWSVGImageView' has no member 'scrollView'
19 | webView.isOpaque = false
20 | webView.backgroundColor = .clear
21 | webView.scrollView.backgroundColor = .clear
| `- error: value of type 'WWSVGImageView' has no member 'scrollView'
22 |
23 | return webView
SwiftCompile normal arm64 /Users/admin/builder/spi-builder-workspace/Sources/WWSVGImageView/WWSVGImageView.swift (in target 'WWSVGImageView' from project 'WWSVGImageView')
cd /Users/admin/builder/spi-builder-workspace/.swiftpm/xcode
builtin-SwiftPerFileCompile WWSVGImageView.swift
PruneExplicitPrecompiledModules /Users/admin/builder/spi-builder-workspace/.derivedData/Build/Intermediates.noindex/ExplicitPrecompiledModules
PruneExplicitPrecompiledModules /Users/admin/builder/spi-builder-workspace/.derivedData/Build/Intermediates.noindex/SwiftExplicitPrecompiledModules
PruneExplicitPrecompiledModules /Users/admin/builder/spi-builder-workspace/.derivedData/SDKExplicitPrecompiledModules
2026-09-23 19:39:23.946 xcodebuild[756:4722] [MT] IDERunDestination: Supported platforms for the buildables in the current scheme is empty.
--- xcodebuild: WARNING: Using the first of multiple matching destinations:
{ platform:macOS, arch:arm64, id:2c80145e436802ffba55a7f367113ba2dd6333c1, name:My Mac }
{ platform:macOS, arch:arm64, variant:Mac Catalyst, id:2c80145e436802ffba55a7f367113ba2dd6333c1, name:My Mac }
{ platform:macOS, arch:arm64, variant:DriverKit, id:2c80145e436802ffba55a7f367113ba2dd6333c1, name:My Mac }
{ platform:macOS, arch:arm64, variant:Designed for [iPad,iPhone], id:2c80145e436802ffba55a7f367113ba2dd6333c1, name:My Mac }
** BUILD FAILED **
The following build commands failed:
SwiftEmitModule normal arm64 Emitting\ module\ for\ WWSVGImageView (in target 'WWSVGImageView' from project 'WWSVGImageView')
SwiftCompile normal arm64 (in target 'WWSVGImageView' from project 'WWSVGImageView')
Building workspace WWSVGImageView with scheme WWSVGImageView
(3 failures)
BUILD FAILURE 6.4 macosXcodebuild