The Swift Package Index logo.Swift Package Index

Build Information

Failed to build KuwaharaFilter, reference v1.0.1 (bfe319), with Swift 6.4 for tvOS using Xcode 27.0 on 20 Sep 2026 13:01:11 UTC.

Build Command

env DEVELOPER_DIR=/Applications/Xcode-27.0.0-Release.Candidate.app xcrun xcodebuild -IDEClonedSourcePackagesDirPathOverride=$PWD/.dependencies -skipMacroValidation -skipPackagePluginValidation -derivedDataPath $PWD/.derivedData build -scheme KuwaharaFilter -destination generic/platform=tvOS

Build Log

========================================
RunAll
========================================
Builder version: 5.1.0
Interrupt handler set up.
========================================
Checkout
========================================
Clone URL: https://github.com/lugalu/KuwaharaFilter.git
Reference: v1.0.1
Initialized empty Git repository in /Users/admin/builder/spi-builder-workspace/.git/
From https://github.com/lugalu/KuwaharaFilter
 * tag               v1.0.1     -> FETCH_HEAD
HEAD is now at bfe3192 Fix: Fixed Generalized only bluring the image.
Cloned https://github.com/lugalu/KuwaharaFilter.git
Revision (git rev-parse @):
bfe31924b8bfd62b38bc11c56bfd5bd91bfb8fc2
SUCCESS checkout https://github.com/lugalu/KuwaharaFilter.git at v1.0.1
========================================
Build
========================================
Selected platform:         tvOS
Swift version:             6.4
Building package at path:  $PWD
https://github.com/lugalu/KuwaharaFilter.git
Command line invocation:
    /Applications/Xcode-27.0.0-Release.Candidate.app/Contents/Developer/usr/bin/xcodebuild -IDEClonedSourcePackagesDirPathOverride=/Users/admin/builder/spi-builder-workspace/.dependencies -resolvePackageDependencies
Resolve Package Graph
Resolve Package Graph
Resolved source packages:
  KuwaharaFilter: /Users/admin/builder/spi-builder-workspace
resolved source packages: KuwaharaFilter
2026-09-20 09:00:16.545 xcodebuild[524:2995] [MT] IDERunDestination: Supported platforms for the buildables in the current scheme is empty.
2026-09-20 09:00:16.713 xcodebuild[524:2995] [MT] IDERunDestination: Supported platforms for the buildables in the current scheme is empty.
2026-09-20 09:00:18.724 xcodebuild[524:2995] [MT] IDERunDestination: Supported platforms for the buildables in the current scheme is empty.
{
  "dependencies" : [
  ],
  "manifest_display_name" : "KuwaharaFilter",
  "name" : "KuwaharaFilter",
  "path" : "/Users/admin/builder/spi-builder-workspace",
  "platforms" : [
    {
      "name" : "ios",
      "version" : "13.0"
    },
    {
      "name" : "macos",
      "version" : "12.0"
    }
  ],
  "products" : [
    {
      "name" : "KuwaharaFilter",
      "targets" : [
        "KuwaharaFilter"
      ],
      "type" : {
        "library" : [
          "automatic"
        ]
      }
    }
  ],
  "targets" : [
    {
      "c99name" : "KuwaharaFilterTests",
      "module_type" : "SwiftTarget",
      "name" : "KuwaharaFilterTests",
      "path" : "Tests/KuwaharaFilterTests",
      "sources" : [
        "KuwaharaFilterTests.swift"
      ],
      "target_dependencies" : [
        "KuwaharaFilter"
      ],
      "type" : "test"
    },
    {
      "c99name" : "KuwaharaFilter",
      "module_type" : "SwiftTarget",
      "name" : "KuwaharaFilter",
      "path" : "Sources/KuwaharaFilter",
      "product_memberships" : [
        "KuwaharaFilter"
      ],
      "resources" : [
        {
          "path" : "/Users/admin/builder/spi-builder-workspace/Sources/KuwaharaFilter/Resources/blackSquare.jpg",
          "rule" : {
            "process" : {
            }
          }
        }
      ],
      "sources" : [
        "CIFilters/FilterRegister.swift",
        "CIFilters/Kuwahara.swift",
        "CIFilters/KuwaharaTypes.swift",
        "CIFilters/Prepass.swift",
        "CIFilters/Strings/AnisotropicKuwahara.swift",
        "CIFilters/Strings/BaseKernel.swift",
        "CIFilters/Strings/BasicKuwahara.swift",
        "CIFilters/Strings/GeneralizedKuwahara.swift",
        "CIFilters/Strings/PolynomialKuwahara.swift",
        "ImageErrors.swift"
      ],
      "type" : "library"
    }
  ],
  "tools_version" : "5.9"
}
{
  "workspace" : {
    "name" : "KuwaharaFilter",
    "schemes" : [
      "KuwaharaFilter"
    ]
  }
}
2026-09-20 09:00:54.958 xcodebuild[622:3823] [MT] IDERunDestination: Supported platforms for the buildables in the current scheme is empty.
2026-09-20 09:00:55.097 xcodebuild[622:3823] [MT] IDERunDestination: Supported platforms for the buildables in the current scheme is empty.
Running build ...
env DEVELOPER_DIR=/Applications/Xcode-27.0.0-Release.Candidate.app xcrun xcodebuild -IDEClonedSourcePackagesDirPathOverride=$PWD/.dependencies -skipMacroValidation -skipPackagePluginValidation -derivedDataPath $PWD/.derivedData build -scheme KuwaharaFilter -destination generic/platform=tvOS
Command line invocation:
    /Applications/Xcode-27.0.0-Release.Candidate.app/Contents/Developer/usr/bin/xcodebuild -IDEClonedSourcePackagesDirPathOverride=/Users/admin/builder/spi-builder-workspace/.dependencies -skipMacroValidation -skipPackagePluginValidation -derivedDataPath /Users/admin/builder/spi-builder-workspace/.derivedData build -scheme KuwaharaFilter -destination generic/platform=tvOS
Resolve Package Graph
Resolved source packages:
  KuwaharaFilter: /Users/admin/builder/spi-builder-workspace
ComputePackagePrebuildTargetDependencyGraph
Prepare packages
CreateBuildRequest
SendProjectDescription
CreateBuildOperation
ComputeTargetDependencyGraph
note: Building targets in dependency order
note: Target dependency graph (5 targets)
    Target 'KuwaharaFilterTests-product' in project 'KuwaharaFilter'
        ➜ Explicit dependency on target 'KuwaharaFilter_KuwaharaFilterTests' in project 'KuwaharaFilter'
        ➜ Explicit dependency on target 'KuwaharaFilter' in project 'KuwaharaFilter'
    Target 'KuwaharaFilter_KuwaharaFilterTests' in project 'KuwaharaFilter' (no dependencies)
    Target 'KuwaharaFilter-product' in project 'KuwaharaFilter'
        ➜ Explicit dependency on target 'KuwaharaFilter' in project 'KuwaharaFilter'
        ➜ Explicit dependency on target 'KuwaharaFilter_KuwaharaFilter' in project 'KuwaharaFilter'
    Target 'KuwaharaFilter' in project 'KuwaharaFilter'
        ➜ Explicit dependency on target 'KuwaharaFilter_KuwaharaFilter' in project 'KuwaharaFilter'
    Target 'KuwaharaFilter_KuwaharaFilter' in project 'KuwaharaFilter' (no dependencies)
GatherProvisioningInputs
CreateBuildDescription
ExecuteExternalTool /Applications/Xcode-27.0.0-Release.Candidate.app/Contents/Developer/Toolchains/XcodeDefault.xctoolchain/usr/bin/swiftc --version
ExecuteExternalTool /Applications/Xcode-27.0.0-Release.Candidate.app/Contents/Developer/usr/bin/actool --version --output-format xml1
ExecuteExternalTool /Applications/Xcode-27.0.0-Release.Candidate.app/Contents/Developer/Toolchains/XcodeDefault.xctoolchain/usr/bin/clang -v -E -dM -isysroot /Applications/Xcode-27.0.0-Release.Candidate.app/Contents/Developer/Platforms/AppleTVOS.platform/Developer/SDKs/AppleTVOS27.0.sdk -x c -c /dev/null
ExecuteExternalTool /Applications/Xcode-27.0.0-Release.Candidate.app/Contents/Developer/Toolchains/XcodeDefault.xctoolchain/usr/bin/ld -version_details
Build description signature: 1421122ac44675656f68d342c99e79cd
Build description path: /Users/admin/builder/spi-builder-workspace/.derivedData/Build/Intermediates.noindex/XCBuildData/1421122ac44675656f68d342c99e79cd.xcbuilddata
CreateBuildDirectory /Users/admin/builder/spi-builder-workspace/.derivedData/SDKExplicitPrecompiledModules
    cd /Users/admin/builder/spi-builder-workspace/.swiftpm/xcode
    builtin-create-build-directory /Users/admin/builder/spi-builder-workspace/.derivedData/SDKExplicitPrecompiledModules
CreateBuildDirectory /Users/admin/builder/spi-builder-workspace/.derivedData/ModuleCache.noindex
    cd /Users/admin/builder/spi-builder-workspace/.swiftpm/xcode
    builtin-create-build-directory /Users/admin/builder/spi-builder-workspace/.derivedData/ModuleCache.noindex
CreateBuildDirectory /Users/admin/builder/spi-builder-workspace/.derivedData/CompilationCache.noindex
    cd /Users/admin/builder/spi-builder-workspace/.swiftpm/xcode
    builtin-create-build-directory /Users/admin/builder/spi-builder-workspace/.derivedData/CompilationCache.noindex
ClangStatCache /Applications/Xcode-27.0.0-Release.Candidate.app/Contents/Developer/Toolchains/XcodeDefault.xctoolchain/usr/bin/clang-stat-cache /Applications/Xcode-27.0.0-Release.Candidate.app/Contents/Developer/Platforms/AppleTVOS.platform/Developer/SDKs/AppleTVOS27.0.sdk /Users/admin/builder/spi-builder-workspace/.derivedData/SDKStatCaches.noindex/appletvos27.0-24J360-e829b21a6f8c9b70876ba0858053c044b32bfd8d43560033f8d89884cdb90028.sdkstatcache
    cd /Users/admin/builder/spi-builder-workspace/.swiftpm/xcode
    /Applications/Xcode-27.0.0-Release.Candidate.app/Contents/Developer/Toolchains/XcodeDefault.xctoolchain/usr/bin/clang-stat-cache /Applications/Xcode-27.0.0-Release.Candidate.app/Contents/Developer/Platforms/AppleTVOS.platform/Developer/SDKs/AppleTVOS27.0.sdk -o /Users/admin/builder/spi-builder-workspace/.derivedData/SDKStatCaches.noindex/appletvos27.0-24J360-e829b21a6f8c9b70876ba0858053c044b32bfd8d43560033f8d89884cdb90028.sdkstatcache
CreateBuildDirectory /Users/admin/builder/spi-builder-workspace/.derivedData/Build/Products
    cd /Users/admin/builder/spi-builder-workspace/.swiftpm/xcode
    builtin-create-build-directory /Users/admin/builder/spi-builder-workspace/.derivedData/Build/Products
CreateBuildDirectory /Users/admin/builder/spi-builder-workspace/.derivedData/Build/Intermediates.noindex
    cd /Users/admin/builder/spi-builder-workspace/.swiftpm/xcode
    builtin-create-build-directory /Users/admin/builder/spi-builder-workspace/.derivedData/Build/Intermediates.noindex
CreateBuildDirectory /Users/admin/builder/spi-builder-workspace/.derivedData/Build/Intermediates.noindex/SwiftExplicitPrecompiledModules
    cd /Users/admin/builder/spi-builder-workspace/.swiftpm/xcode
    builtin-create-build-directory /Users/admin/builder/spi-builder-workspace/.derivedData/Build/Intermediates.noindex/SwiftExplicitPrecompiledModules
CreateBuildDirectory /Users/admin/builder/spi-builder-workspace/.derivedData/Build/Intermediates.noindex/PrecompiledHeaders
    cd /Users/admin/builder/spi-builder-workspace/.swiftpm/xcode
    builtin-create-build-directory /Users/admin/builder/spi-builder-workspace/.derivedData/Build/Intermediates.noindex/PrecompiledHeaders
CreateBuildDirectory /Users/admin/builder/spi-builder-workspace/.derivedData/Build/Intermediates.noindex/ExplicitPrecompiledModules
    cd /Users/admin/builder/spi-builder-workspace/.swiftpm/xcode
    builtin-create-build-directory /Users/admin/builder/spi-builder-workspace/.derivedData/Build/Intermediates.noindex/ExplicitPrecompiledModules
CreateBuildDirectory /Users/admin/builder/spi-builder-workspace/.derivedData/Build/Intermediates.noindex/EagerLinkingTBDs/Debug-appletvos
    cd /Users/admin/builder/spi-builder-workspace/.swiftpm/xcode
    builtin-create-build-directory /Users/admin/builder/spi-builder-workspace/.derivedData/Build/Intermediates.noindex/EagerLinkingTBDs/Debug-appletvos
CreateBuildDirectory /Users/admin/builder/spi-builder-workspace/.derivedData/Build/Products/Debug-appletvos
    cd /Users/admin/builder/spi-builder-workspace/.swiftpm/xcode
    builtin-create-build-directory /Users/admin/builder/spi-builder-workspace/.derivedData/Build/Products/Debug-appletvos
CreateBuildDirectory /Users/admin/builder/spi-builder-workspace/.derivedData/Build/Products/Debug-appletvos/PackageFrameworks
    cd /Users/admin/builder/spi-builder-workspace/.swiftpm/xcode
    builtin-create-build-directory /Users/admin/builder/spi-builder-workspace/.derivedData/Build/Products/Debug-appletvos/PackageFrameworks
MkDir /Users/admin/builder/spi-builder-workspace/.derivedData/Build/Products/Debug-appletvos/KuwaharaFilter_KuwaharaFilterTests.bundle (in target 'KuwaharaFilter_KuwaharaFilterTests' from project 'KuwaharaFilter')
    cd /Users/admin/builder/spi-builder-workspace
    /bin/mkdir -p /Users/admin/builder/spi-builder-workspace/.derivedData/Build/Products/Debug-appletvos/KuwaharaFilter_KuwaharaFilterTests.bundle
WriteAuxiliaryFile /Users/admin/builder/spi-builder-workspace/.derivedData/Build/Intermediates.noindex/KuwaharaFilter.build/Debug-appletvos/KuwaharaFilter_KuwaharaFilterTests-b.build/KuwaharaFilter_KuwaharaFilterTests.DependencyStaticMetadataFileList (in target 'KuwaharaFilter_KuwaharaFilterTests' from project 'KuwaharaFilter')
    cd /Users/admin/builder/spi-builder-workspace
    write-file /Users/admin/builder/spi-builder-workspace/.derivedData/Build/Intermediates.noindex/KuwaharaFilter.build/Debug-appletvos/KuwaharaFilter_KuwaharaFilterTests-b.build/KuwaharaFilter_KuwaharaFilterTests.DependencyStaticMetadataFileList
WriteAuxiliaryFile /Users/admin/builder/spi-builder-workspace/.derivedData/Build/Intermediates.noindex/KuwaharaFilter.build/Debug-appletvos/KuwaharaFilter_KuwaharaFilterTests-b.build/empty-KuwaharaFilter_KuwaharaFilterTests.plist (in target 'KuwaharaFilter_KuwaharaFilterTests' from project 'KuwaharaFilter')
    cd /Users/admin/builder/spi-builder-workspace
    write-file /Users/admin/builder/spi-builder-workspace/.derivedData/Build/Intermediates.noindex/KuwaharaFilter.build/Debug-appletvos/KuwaharaFilter_KuwaharaFilterTests-b.build/empty-KuwaharaFilter_KuwaharaFilterTests.plist
WriteAuxiliaryFile /Users/admin/builder/spi-builder-workspace/.derivedData/Build/Intermediates.noindex/KuwaharaFilter.build/Debug-appletvos/KuwaharaFilter_KuwaharaFilterTests-b.build/KuwaharaFilter_KuwaharaFilterTests.DependencyMetadataFileList (in target 'KuwaharaFilter_KuwaharaFilterTests' from project 'KuwaharaFilter')
    cd /Users/admin/builder/spi-builder-workspace
    write-file /Users/admin/builder/spi-builder-workspace/.derivedData/Build/Intermediates.noindex/KuwaharaFilter.build/Debug-appletvos/KuwaharaFilter_KuwaharaFilterTests-b.build/KuwaharaFilter_KuwaharaFilterTests.DependencyMetadataFileList
WriteAuxiliaryFile /Users/admin/builder/spi-builder-workspace/.derivedData/Build/Intermediates.noindex/KuwaharaFilter.build/Debug-appletvos/KuwaharaFilter_KuwaharaFilter-b.build/KuwaharaFilter_KuwaharaFilter.DependencyMetadataFileList (in target 'KuwaharaFilter_KuwaharaFilter' from project 'KuwaharaFilter')
    cd /Users/admin/builder/spi-builder-workspace
    write-file /Users/admin/builder/spi-builder-workspace/.derivedData/Build/Intermediates.noindex/KuwaharaFilter.build/Debug-appletvos/KuwaharaFilter_KuwaharaFilter-b.build/KuwaharaFilter_KuwaharaFilter.DependencyMetadataFileList
WriteAuxiliaryFile /Users/admin/builder/spi-builder-workspace/.derivedData/Build/Intermediates.noindex/KuwaharaFilter.build/Debug-appletvos/KuwaharaFilter_KuwaharaFilter-b.build/empty-KuwaharaFilter_KuwaharaFilter.plist (in target 'KuwaharaFilter_KuwaharaFilter' from project 'KuwaharaFilter')
    cd /Users/admin/builder/spi-builder-workspace
    write-file /Users/admin/builder/spi-builder-workspace/.derivedData/Build/Intermediates.noindex/KuwaharaFilter.build/Debug-appletvos/KuwaharaFilter_KuwaharaFilter-b.build/empty-KuwaharaFilter_KuwaharaFilter.plist
WriteAuxiliaryFile /Users/admin/builder/spi-builder-workspace/.derivedData/Build/Intermediates.noindex/KuwaharaFilter.build/Debug-appletvos/KuwaharaFilter_KuwaharaFilter-b.build/KuwaharaFilter_KuwaharaFilter.DependencyStaticMetadataFileList (in target 'KuwaharaFilter_KuwaharaFilter' from project 'KuwaharaFilter')
    cd /Users/admin/builder/spi-builder-workspace
    write-file /Users/admin/builder/spi-builder-workspace/.derivedData/Build/Intermediates.noindex/KuwaharaFilter.build/Debug-appletvos/KuwaharaFilter_KuwaharaFilter-b.build/KuwaharaFilter_KuwaharaFilter.DependencyStaticMetadataFileList
WriteAuxiliaryFile /Users/admin/builder/spi-builder-workspace/.derivedData/Build/Intermediates.noindex/KuwaharaFilter.build/Debug-appletvos/KuwaharaFilterTests-p.build/empty-KuwaharaFilterTests.plist (in target 'KuwaharaFilterTests-product' from project 'KuwaharaFilter')
    cd /Users/admin/builder/spi-builder-workspace
    write-file /Users/admin/builder/spi-builder-workspace/.derivedData/Build/Intermediates.noindex/KuwaharaFilter.build/Debug-appletvos/KuwaharaFilterTests-p.build/empty-KuwaharaFilterTests.plist
WriteAuxiliaryFile /Users/admin/builder/spi-builder-workspace/.derivedData/Build/Intermediates.noindex/KuwaharaFilter.build/Debug-appletvos/KuwaharaFilterTests-p.build/Objects-normal/arm64/KuwaharaFilterTests_const_extract_protocols.json (in target 'KuwaharaFilterTests-product' from project 'KuwaharaFilter')
    cd /Users/admin/builder/spi-builder-workspace
    write-file /Users/admin/builder/spi-builder-workspace/.derivedData/Build/Intermediates.noindex/KuwaharaFilter.build/Debug-appletvos/KuwaharaFilterTests-p.build/Objects-normal/arm64/KuwaharaFilterTests_const_extract_protocols.json
WriteAuxiliaryFile /Users/admin/builder/spi-builder-workspace/.derivedData/Build/Intermediates.noindex/KuwaharaFilter.build/Debug-appletvos/KuwaharaFilterTests-p.build/Objects-normal/arm64/KuwaharaFilterTests.SwiftFileList (in target 'KuwaharaFilterTests-product' from project 'KuwaharaFilter')
    cd /Users/admin/builder/spi-builder-workspace
    write-file /Users/admin/builder/spi-builder-workspace/.derivedData/Build/Intermediates.noindex/KuwaharaFilter.build/Debug-appletvos/KuwaharaFilterTests-p.build/Objects-normal/arm64/KuwaharaFilterTests.SwiftFileList
WriteAuxiliaryFile /Users/admin/builder/spi-builder-workspace/.derivedData/Build/Intermediates.noindex/KuwaharaFilter.build/Debug-appletvos/KuwaharaFilterTests-p.build/Objects-normal/arm64/KuwaharaFilterTests.SwiftConstValuesFileList (in target 'KuwaharaFilterTests-product' from project 'KuwaharaFilter')
    cd /Users/admin/builder/spi-builder-workspace
    write-file /Users/admin/builder/spi-builder-workspace/.derivedData/Build/Intermediates.noindex/KuwaharaFilter.build/Debug-appletvos/KuwaharaFilterTests-p.build/Objects-normal/arm64/KuwaharaFilterTests.SwiftConstValuesFileList
WriteAuxiliaryFile /Users/admin/builder/spi-builder-workspace/.derivedData/Build/Intermediates.noindex/KuwaharaFilter.build/Debug-appletvos/KuwaharaFilterTests-p.build/Objects-normal/arm64/KuwaharaFilterTests.LinkFileList (in target 'KuwaharaFilterTests-product' from project 'KuwaharaFilter')
    cd /Users/admin/builder/spi-builder-workspace
    write-file /Users/admin/builder/spi-builder-workspace/.derivedData/Build/Intermediates.noindex/KuwaharaFilter.build/Debug-appletvos/KuwaharaFilterTests-p.build/Objects-normal/arm64/KuwaharaFilterTests.LinkFileList
WriteAuxiliaryFile /Users/admin/builder/spi-builder-workspace/.derivedData/Build/Intermediates.noindex/KuwaharaFilter.build/Debug-appletvos/KuwaharaFilterTests-p.build/Objects-normal/arm64/KuwaharaFilterTests-OutputFileMap.json (in target 'KuwaharaFilterTests-product' from project 'KuwaharaFilter')
    cd /Users/admin/builder/spi-builder-workspace
    write-file /Users/admin/builder/spi-builder-workspace/.derivedData/Build/Intermediates.noindex/KuwaharaFilter.build/Debug-appletvos/KuwaharaFilterTests-p.build/Objects-normal/arm64/KuwaharaFilterTests-OutputFileMap.json
WriteAuxiliaryFile /Users/admin/builder/spi-builder-workspace/.derivedData/Build/Intermediates.noindex/KuwaharaFilter.build/Debug-appletvos/KuwaharaFilterTests-p.build/KuwaharaFilterTests.DependencyStaticMetadataFileList (in target 'KuwaharaFilterTests-product' from project 'KuwaharaFilter')
    cd /Users/admin/builder/spi-builder-workspace
    write-file /Users/admin/builder/spi-builder-workspace/.derivedData/Build/Intermediates.noindex/KuwaharaFilter.build/Debug-appletvos/KuwaharaFilterTests-p.build/KuwaharaFilterTests.DependencyStaticMetadataFileList
WriteAuxiliaryFile /Users/admin/builder/spi-builder-workspace/.derivedData/Build/Intermediates.noindex/KuwaharaFilter.build/Debug-appletvos/KuwaharaFilterTests-p.build/KuwaharaFilterTests.DependencyMetadataFileList (in target 'KuwaharaFilterTests-product' from project 'KuwaharaFilter')
    cd /Users/admin/builder/spi-builder-workspace
    write-file /Users/admin/builder/spi-builder-workspace/.derivedData/Build/Intermediates.noindex/KuwaharaFilter.build/Debug-appletvos/KuwaharaFilterTests-p.build/KuwaharaFilterTests.DependencyMetadataFileList
WriteAuxiliaryFile /Users/admin/builder/spi-builder-workspace/.derivedData/Build/Intermediates.noindex/KuwaharaFilter.build/Debug-appletvos/KuwaharaFilterTests-p.build/DerivedSources/resource_bundle_accessor.swift (in target 'KuwaharaFilterTests-product' from project 'KuwaharaFilter')
    cd /Users/admin/builder/spi-builder-workspace
    write-file /Users/admin/builder/spi-builder-workspace/.derivedData/Build/Intermediates.noindex/KuwaharaFilter.build/Debug-appletvos/KuwaharaFilterTests-p.build/DerivedSources/resource_bundle_accessor.swift
WriteAuxiliaryFile /Users/admin/builder/spi-builder-workspace/.derivedData/Build/Intermediates.noindex/KuwaharaFilter.build/Debug-appletvos/KuwaharaFilter-t.build/Objects-normal/arm64/KuwaharaFilter_const_extract_protocols.json (in target 'KuwaharaFilter' from project 'KuwaharaFilter')
    cd /Users/admin/builder/spi-builder-workspace
    write-file /Users/admin/builder/spi-builder-workspace/.derivedData/Build/Intermediates.noindex/KuwaharaFilter.build/Debug-appletvos/KuwaharaFilter-t.build/Objects-normal/arm64/KuwaharaFilter_const_extract_protocols.json
WriteAuxiliaryFile /Users/admin/builder/spi-builder-workspace/.derivedData/Build/Intermediates.noindex/KuwaharaFilter.build/Debug-appletvos/KuwaharaFilter-t.build/Objects-normal/arm64/KuwaharaFilter.SwiftFileList (in target 'KuwaharaFilter' from project 'KuwaharaFilter')
    cd /Users/admin/builder/spi-builder-workspace
    write-file /Users/admin/builder/spi-builder-workspace/.derivedData/Build/Intermediates.noindex/KuwaharaFilter.build/Debug-appletvos/KuwaharaFilter-t.build/Objects-normal/arm64/KuwaharaFilter.SwiftFileList
WriteAuxiliaryFile /Users/admin/builder/spi-builder-workspace/.derivedData/Build/Intermediates.noindex/KuwaharaFilter.build/Debug-appletvos/KuwaharaFilter-t.build/Objects-normal/arm64/KuwaharaFilter.SwiftConstValuesFileList (in target 'KuwaharaFilter' from project 'KuwaharaFilter')
    cd /Users/admin/builder/spi-builder-workspace
    write-file /Users/admin/builder/spi-builder-workspace/.derivedData/Build/Intermediates.noindex/KuwaharaFilter.build/Debug-appletvos/KuwaharaFilter-t.build/Objects-normal/arm64/KuwaharaFilter.SwiftConstValuesFileList
WriteAuxiliaryFile /Users/admin/builder/spi-builder-workspace/.derivedData/Build/Intermediates.noindex/KuwaharaFilter.build/Debug-appletvos/KuwaharaFilter-t.build/Objects-normal/arm64/KuwaharaFilter.LinkFileList (in target 'KuwaharaFilter' from project 'KuwaharaFilter')
    cd /Users/admin/builder/spi-builder-workspace
    write-file /Users/admin/builder/spi-builder-workspace/.derivedData/Build/Intermediates.noindex/KuwaharaFilter.build/Debug-appletvos/KuwaharaFilter-t.build/Objects-normal/arm64/KuwaharaFilter.LinkFileList
WriteAuxiliaryFile /Users/admin/builder/spi-builder-workspace/.derivedData/Build/Intermediates.noindex/KuwaharaFilter.build/Debug-appletvos/KuwaharaFilter-t.build/Objects-normal/arm64/KuwaharaFilter-OutputFileMap.json (in target 'KuwaharaFilter' from project 'KuwaharaFilter')
    cd /Users/admin/builder/spi-builder-workspace
    write-file /Users/admin/builder/spi-builder-workspace/.derivedData/Build/Intermediates.noindex/KuwaharaFilter.build/Debug-appletvos/KuwaharaFilter-t.build/Objects-normal/arm64/KuwaharaFilter-OutputFileMap.json
WriteAuxiliaryFile /Users/admin/builder/spi-builder-workspace/.derivedData/Build/Intermediates.noindex/KuwaharaFilter.build/Debug-appletvos/KuwaharaFilter-t.build/KuwaharaFilter.modulemap (in target 'KuwaharaFilter' from project 'KuwaharaFilter')
    cd /Users/admin/builder/spi-builder-workspace
    write-file /Users/admin/builder/spi-builder-workspace/.derivedData/Build/Intermediates.noindex/KuwaharaFilter.build/Debug-appletvos/KuwaharaFilter-t.build/KuwaharaFilter.modulemap
WriteAuxiliaryFile /Users/admin/builder/spi-builder-workspace/.derivedData/Build/Intermediates.noindex/KuwaharaFilter.build/Debug-appletvos/KuwaharaFilter-t.build/KuwaharaFilter.DependencyStaticMetadataFileList (in target 'KuwaharaFilter' from project 'KuwaharaFilter')
    cd /Users/admin/builder/spi-builder-workspace
    write-file /Users/admin/builder/spi-builder-workspace/.derivedData/Build/Intermediates.noindex/KuwaharaFilter.build/Debug-appletvos/KuwaharaFilter-t.build/KuwaharaFilter.DependencyStaticMetadataFileList
WriteAuxiliaryFile /Users/admin/builder/spi-builder-workspace/.derivedData/Build/Intermediates.noindex/KuwaharaFilter.build/Debug-appletvos/KuwaharaFilter-t.build/KuwaharaFilter.DependencyMetadataFileList (in target 'KuwaharaFilter' from project 'KuwaharaFilter')
    cd /Users/admin/builder/spi-builder-workspace
    write-file /Users/admin/builder/spi-builder-workspace/.derivedData/Build/Intermediates.noindex/KuwaharaFilter.build/Debug-appletvos/KuwaharaFilter-t.build/KuwaharaFilter.DependencyMetadataFileList
WriteAuxiliaryFile /Users/admin/builder/spi-builder-workspace/.derivedData/Build/Intermediates.noindex/KuwaharaFilter.build/Debug-appletvos/KuwaharaFilter-t.build/DerivedSources/resource_bundle_accessor.swift (in target 'KuwaharaFilter' from project 'KuwaharaFilter')
    cd /Users/admin/builder/spi-builder-workspace
    write-file /Users/admin/builder/spi-builder-workspace/.derivedData/Build/Intermediates.noindex/KuwaharaFilter.build/Debug-appletvos/KuwaharaFilter-t.build/DerivedSources/resource_bundle_accessor.swift
MkDir /Users/admin/builder/spi-builder-workspace/.derivedData/Build/Products/Debug-appletvos/KuwaharaFilter_KuwaharaFilter.bundle (in target 'KuwaharaFilter_KuwaharaFilter' from project 'KuwaharaFilter')
    cd /Users/admin/builder/spi-builder-workspace
    /bin/mkdir -p /Users/admin/builder/spi-builder-workspace/.derivedData/Build/Products/Debug-appletvos/KuwaharaFilter_KuwaharaFilter.bundle
MkDir /Users/admin/builder/spi-builder-workspace/.derivedData/Build/Products/Debug-appletvos/KuwaharaFilterTests.xctest (in target 'KuwaharaFilterTests-product' from project 'KuwaharaFilter')
    cd /Users/admin/builder/spi-builder-workspace
    /bin/mkdir -p /Users/admin/builder/spi-builder-workspace/.derivedData/Build/Products/Debug-appletvos/KuwaharaFilterTests.xctest
Copy /Users/admin/builder/spi-builder-workspace/.derivedData/Build/Intermediates.noindex/GeneratedModuleMaps-appletvos/KuwaharaFilter.modulemap /Users/admin/builder/spi-builder-workspace/.derivedData/Build/Intermediates.noindex/KuwaharaFilter.build/Debug-appletvos/KuwaharaFilter-t.build/KuwaharaFilter.modulemap (in target 'KuwaharaFilter' from project 'KuwaharaFilter')
    cd /Users/admin/builder/spi-builder-workspace
    builtin-copy -exclude .DS_Store -exclude CVS -exclude .svn -exclude .git -exclude .hg -resolve-src-symlinks /Users/admin/builder/spi-builder-workspace/.derivedData/Build/Intermediates.noindex/KuwaharaFilter.build/Debug-appletvos/KuwaharaFilter-t.build/KuwaharaFilter.modulemap /Users/admin/builder/spi-builder-workspace/.derivedData/Build/Intermediates.noindex/GeneratedModuleMaps-appletvos
MkDir /Users/admin/builder/spi-builder-workspace/.derivedData/Build/Intermediates.noindex/KuwaharaFilter.build/Debug-appletvos/KuwaharaFilter_KuwaharaFilterTests-b.build/assetcatalog_output/thinned (in target 'KuwaharaFilter_KuwaharaFilterTests' from project 'KuwaharaFilter')
    cd /Users/admin/builder/spi-builder-workspace
    /bin/mkdir -p /Users/admin/builder/spi-builder-workspace/.derivedData/Build/Intermediates.noindex/KuwaharaFilter.build/Debug-appletvos/KuwaharaFilter_KuwaharaFilterTests-b.build/assetcatalog_output/thinned
MkDir /Users/admin/builder/spi-builder-workspace/.derivedData/Build/Intermediates.noindex/KuwaharaFilter.build/Debug-appletvos/KuwaharaFilter_KuwaharaFilterTests-b.build/assetcatalog_output/unthinned (in target 'KuwaharaFilter_KuwaharaFilterTests' from project 'KuwaharaFilter')
    cd /Users/admin/builder/spi-builder-workspace
    /bin/mkdir -p /Users/admin/builder/spi-builder-workspace/.derivedData/Build/Intermediates.noindex/KuwaharaFilter.build/Debug-appletvos/KuwaharaFilter_KuwaharaFilterTests-b.build/assetcatalog_output/unthinned
CompileAssetCatalogVariant thinned /Users/admin/builder/spi-builder-workspace/.derivedData/Build/Products/Debug-appletvos/KuwaharaFilter_KuwaharaFilterTests.bundle /Users/admin/builder/spi-builder-workspace/Tests/KuwaharaFilterTests/Media.xcassets (in target 'KuwaharaFilter_KuwaharaFilterTests' from project 'KuwaharaFilter')
    cd /Users/admin/builder/spi-builder-workspace
    /Applications/Xcode-27.0.0-Release.Candidate.app/Contents/Developer/usr/bin/actool /Users/admin/builder/spi-builder-workspace/Tests/KuwaharaFilterTests/Media.xcassets --compile /Users/admin/builder/spi-builder-workspace/.derivedData/Build/Intermediates.noindex/KuwaharaFilter.build/Debug-appletvos/KuwaharaFilter_KuwaharaFilterTests-b.build/assetcatalog_output/thinned --output-format human-readable-text --notices --warnings --export-dependency-info /Users/admin/builder/spi-builder-workspace/.derivedData/Build/Intermediates.noindex/KuwaharaFilter.build/Debug-appletvos/KuwaharaFilter_KuwaharaFilterTests-b.build/assetcatalog_dependencies_thinned --output-partial-info-plist /Users/admin/builder/spi-builder-workspace/.derivedData/Build/Intermediates.noindex/KuwaharaFilter.build/Debug-appletvos/KuwaharaFilter_KuwaharaFilterTests-b.build/assetcatalog_generated_info.plist_thinned --compress-pngs --enable-on-demand-resources NO --development-region en --leaderboard-identifier-prefix KuwaharaFilter_KuwaharaFilterTests.game-center.leaderboard. --leaderboard-set-identifier-prefix KuwaharaFilter_KuwaharaFilterTests.game-center.leaderboard-set. --target-device tv --minimum-deployment-target 15.0 --platform appletvos
/* com.apple.actool.compilation-results */
/Users/admin/builder/spi-builder-workspace/.derivedData/Build/Intermediates.noindex/KuwaharaFilter.build/Debug-appletvos/KuwaharaFilter_KuwaharaFilterTests-b.build/assetcatalog_generated_info.plist_thinned
/Users/admin/builder/spi-builder-workspace/.derivedData/Build/Intermediates.noindex/KuwaharaFilter.build/Debug-appletvos/KuwaharaFilter_KuwaharaFilterTests-b.build/assetcatalog_output/thinned/Assets.car
ProcessInfoPlistFile /Users/admin/builder/spi-builder-workspace/.derivedData/Build/Products/Debug-appletvos/KuwaharaFilter_KuwaharaFilter.bundle/Info.plist /Users/admin/builder/spi-builder-workspace/.derivedData/Build/Intermediates.noindex/KuwaharaFilter.build/Debug-appletvos/KuwaharaFilter_KuwaharaFilter-b.build/empty-KuwaharaFilter_KuwaharaFilter.plist (in target 'KuwaharaFilter_KuwaharaFilter' from project 'KuwaharaFilter')
    cd /Users/admin/builder/spi-builder-workspace
    builtin-infoPlistUtility /Users/admin/builder/spi-builder-workspace/.derivedData/Build/Intermediates.noindex/KuwaharaFilter.build/Debug-appletvos/KuwaharaFilter_KuwaharaFilter-b.build/empty-KuwaharaFilter_KuwaharaFilter.plist -producttype com.apple.product-type.bundle -expandbuildsettings -format binary -platform appletvos -o /Users/admin/builder/spi-builder-workspace/.derivedData/Build/Products/Debug-appletvos/KuwaharaFilter_KuwaharaFilter.bundle/Info.plist
CpResource /Users/admin/builder/spi-builder-workspace/.derivedData/Build/Products/Debug-appletvos/KuwaharaFilter_KuwaharaFilter.bundle/blackSquare.jpg /Users/admin/builder/spi-builder-workspace/Sources/KuwaharaFilter/Resources/blackSquare.jpg (in target 'KuwaharaFilter_KuwaharaFilter' from project 'KuwaharaFilter')
    cd /Users/admin/builder/spi-builder-workspace
    builtin-copy -exclude .DS_Store -exclude CVS -exclude .svn -exclude .git -exclude .hg -resolve-src-symlinks /Users/admin/builder/spi-builder-workspace/Sources/KuwaharaFilter/Resources/blackSquare.jpg /Users/admin/builder/spi-builder-workspace/.derivedData/Build/Products/Debug-appletvos/KuwaharaFilter_KuwaharaFilter.bundle
RegisterExecutionPolicyException /Users/admin/builder/spi-builder-workspace/.derivedData/Build/Products/Debug-appletvos/KuwaharaFilter_KuwaharaFilter.bundle (in target 'KuwaharaFilter_KuwaharaFilter' from project 'KuwaharaFilter')
    cd /Users/admin/builder/spi-builder-workspace
    builtin-RegisterExecutionPolicyException /Users/admin/builder/spi-builder-workspace/.derivedData/Build/Products/Debug-appletvos/KuwaharaFilter_KuwaharaFilter.bundle
Touch /Users/admin/builder/spi-builder-workspace/.derivedData/Build/Products/Debug-appletvos/KuwaharaFilter_KuwaharaFilter.bundle (in target 'KuwaharaFilter_KuwaharaFilter' from project 'KuwaharaFilter')
    cd /Users/admin/builder/spi-builder-workspace
    /usr/bin/touch -c /Users/admin/builder/spi-builder-workspace/.derivedData/Build/Products/Debug-appletvos/KuwaharaFilter_KuwaharaFilter.bundle
LinkAssetCatalog /Users/admin/builder/spi-builder-workspace/Tests/KuwaharaFilterTests/Media.xcassets (in target 'KuwaharaFilter_KuwaharaFilterTests' from project 'KuwaharaFilter')
    cd /Users/admin/builder/spi-builder-workspace
    builtin-linkAssetCatalog --thinned /Users/admin/builder/spi-builder-workspace/.derivedData/Build/Intermediates.noindex/KuwaharaFilter.build/Debug-appletvos/KuwaharaFilter_KuwaharaFilterTests-b.build/assetcatalog_output/thinned --thinned-dependencies /Users/admin/builder/spi-builder-workspace/.derivedData/Build/Intermediates.noindex/KuwaharaFilter.build/Debug-appletvos/KuwaharaFilter_KuwaharaFilterTests-b.build/assetcatalog_dependencies_thinned --thinned-info-plist-content /Users/admin/builder/spi-builder-workspace/.derivedData/Build/Intermediates.noindex/KuwaharaFilter.build/Debug-appletvos/KuwaharaFilter_KuwaharaFilterTests-b.build/assetcatalog_generated_info.plist_thinned --unthinned /Users/admin/builder/spi-builder-workspace/.derivedData/Build/Intermediates.noindex/KuwaharaFilter.build/Debug-appletvos/KuwaharaFilter_KuwaharaFilterTests-b.build/assetcatalog_output/unthinned --unthinned-dependencies /Users/admin/builder/spi-builder-workspace/.derivedData/Build/Intermediates.noindex/KuwaharaFilter.build/Debug-appletvos/KuwaharaFilter_KuwaharaFilterTests-b.build/assetcatalog_dependencies_unthinned --unthinned-info-plist-content /Users/admin/builder/spi-builder-workspace/.derivedData/Build/Intermediates.noindex/KuwaharaFilter.build/Debug-appletvos/KuwaharaFilter_KuwaharaFilterTests-b.build/assetcatalog_generated_info.plist_unthinned --output /Users/admin/builder/spi-builder-workspace/.derivedData/Build/Products/Debug-appletvos/KuwaharaFilter_KuwaharaFilterTests.bundle --plist-output /Users/admin/builder/spi-builder-workspace/.derivedData/Build/Intermediates.noindex/KuwaharaFilter.build/Debug-appletvos/KuwaharaFilter_KuwaharaFilterTests-b.build/assetcatalog_generated_info.plist
note: Emplaced /Users/admin/builder/spi-builder-workspace/.derivedData/Build/Products/Debug-appletvos/KuwaharaFilter_KuwaharaFilterTests.bundle/Assets.car (in target 'KuwaharaFilter_KuwaharaFilterTests' from project 'KuwaharaFilter')
ProcessInfoPlistFile /Users/admin/builder/spi-builder-workspace/.derivedData/Build/Products/Debug-appletvos/KuwaharaFilter_KuwaharaFilterTests.bundle/Info.plist /Users/admin/builder/spi-builder-workspace/.derivedData/Build/Intermediates.noindex/KuwaharaFilter.build/Debug-appletvos/KuwaharaFilter_KuwaharaFilterTests-b.build/empty-KuwaharaFilter_KuwaharaFilterTests.plist (in target 'KuwaharaFilter_KuwaharaFilterTests' from project 'KuwaharaFilter')
    cd /Users/admin/builder/spi-builder-workspace
    builtin-infoPlistUtility /Users/admin/builder/spi-builder-workspace/.derivedData/Build/Intermediates.noindex/KuwaharaFilter.build/Debug-appletvos/KuwaharaFilter_KuwaharaFilterTests-b.build/empty-KuwaharaFilter_KuwaharaFilterTests.plist -producttype com.apple.product-type.bundle -expandbuildsettings -format binary -platform appletvos -additionalcontentfile /Users/admin/builder/spi-builder-workspace/.derivedData/Build/Intermediates.noindex/KuwaharaFilter.build/Debug-appletvos/KuwaharaFilter_KuwaharaFilterTests-b.build/assetcatalog_generated_info.plist -o /Users/admin/builder/spi-builder-workspace/.derivedData/Build/Products/Debug-appletvos/KuwaharaFilter_KuwaharaFilterTests.bundle/Info.plist
RegisterExecutionPolicyException /Users/admin/builder/spi-builder-workspace/.derivedData/Build/Products/Debug-appletvos/KuwaharaFilter_KuwaharaFilterTests.bundle (in target 'KuwaharaFilter_KuwaharaFilterTests' from project 'KuwaharaFilter')
    cd /Users/admin/builder/spi-builder-workspace
    builtin-RegisterExecutionPolicyException /Users/admin/builder/spi-builder-workspace/.derivedData/Build/Products/Debug-appletvos/KuwaharaFilter_KuwaharaFilterTests.bundle
Touch /Users/admin/builder/spi-builder-workspace/.derivedData/Build/Products/Debug-appletvos/KuwaharaFilter_KuwaharaFilterTests.bundle (in target 'KuwaharaFilter_KuwaharaFilterTests' from project 'KuwaharaFilter')
    cd /Users/admin/builder/spi-builder-workspace
    /usr/bin/touch -c /Users/admin/builder/spi-builder-workspace/.derivedData/Build/Products/Debug-appletvos/KuwaharaFilter_KuwaharaFilterTests.bundle
SwiftDriver KuwaharaFilter normal arm64 com.apple.xcode.tools.swift.compiler (in target 'KuwaharaFilter' from project 'KuwaharaFilter')
    cd /Users/admin/builder/spi-builder-workspace/.swiftpm/xcode
    builtin-SwiftDriver -- /Applications/Xcode-27.0.0-Release.Candidate.app/Contents/Developer/Toolchains/XcodeDefault.xctoolchain/usr/bin/swiftc -parse-as-library -module-name KuwaharaFilter -Onone @/Users/admin/builder/spi-builder-workspace/.derivedData/Build/Intermediates.noindex/KuwaharaFilter.build/Debug-appletvos/KuwaharaFilter-t.build/Objects-normal/arm64/KuwaharaFilter.SwiftFileList -DSWIFT_PACKAGE -DDEBUG -DSWIFT_MODULE_RESOURCE_BUNDLE_AVAILABLE -DXcode -plugin-path /Applications/Xcode-27.0.0-Release.Candidate.app/Contents/Developer/Toolchains/XcodeDefault.xctoolchain/usr/lib/swift/host/plugins/testing -enable-experimental-feature DebugDescriptionMacro -sdk /Applications/Xcode-27.0.0-Release.Candidate.app/Contents/Developer/Platforms/AppleTVOS.platform/Developer/SDKs/AppleTVOS27.0.sdk -target arm64-apple-tvos15.0 -g -module-cache-path /Users/admin/builder/spi-builder-workspace/.derivedData/ModuleCache.noindex -Xfrontend -serialize-debugging-options -profile-coverage-mapping -profile-generate -enable-testing -index-store-path /Users/admin/builder/spi-builder-workspace/.derivedData/Index.noindex/DataStore -Xcc -D_LIBCPP_HARDENING_MODE\=_LIBCPP_HARDENING_MODE_DEBUG -swift-version 5 -I /Users/admin/builder/spi-builder-workspace/.derivedData/Build/Products/Debug-appletvos -Isystem /Applications/Xcode-27.0.0-Release.Candidate.app/Contents/Developer/Platforms/AppleTVOS.platform/Developer/usr/lib -F /Users/admin/builder/spi-builder-workspace/.derivedData/Build/Products/Debug-appletvos -F /Applications/Xcode-27.0.0-Release.Candidate.app/Contents/Developer/Platforms/AppleTVOS.platform/Developer/Library/Frameworks -F /Applications/Xcode-27.0.0-Release.Candidate.app/Contents/Developer/Platforms/AppleTVOS.platform/Developer/SDKs/AppleTVOS27.0.sdk/Developer/Library/Frameworks -c -j10 -enable-batch-mode -incremental -Xcc -ivfsstatcache -Xcc /Users/admin/builder/spi-builder-workspace/.derivedData/SDKStatCaches.noindex/appletvos27.0-24J360-e829b21a6f8c9b70876ba0858053c044b32bfd8d43560033f8d89884cdb90028.sdkstatcache -output-file-map /Users/admin/builder/spi-builder-workspace/.derivedData/Build/Intermediates.noindex/KuwaharaFilter.build/Debug-appletvos/KuwaharaFilter-t.build/Objects-normal/arm64/KuwaharaFilter-OutputFileMap.json -save-temps -no-color-diagnostics -explicit-module-build -module-cache-path /Users/admin/builder/spi-builder-workspace/.derivedData/Build/Intermediates.noindex/SwiftExplicitPrecompiledModules -clang-scanner-module-cache-path /Users/admin/builder/spi-builder-workspace/.derivedData/ModuleCache.noindex -sdk-module-cache-path /Users/admin/builder/spi-builder-workspace/.derivedData/SDKExplicitPrecompiledModules -emit-dependencies -emit-module -emit-module-path /Users/admin/builder/spi-builder-workspace/.derivedData/Build/Intermediates.noindex/KuwaharaFilter.build/Debug-appletvos/KuwaharaFilter-t.build/Objects-normal/arm64/KuwaharaFilter.swiftmodule -serialize-diagnostics -dependency-scan-serialize-diagnostics-path /Users/admin/builder/spi-builder-workspace/.derivedData/Build/Intermediates.noindex/KuwaharaFilter.build/Debug-appletvos/KuwaharaFilter-t.build/Objects-normal/arm64/KuwaharaFilter-dependency-scan.dia -validate-clang-modules-once -clang-build-session-file /Users/admin/builder/spi-builder-workspace/.derivedData/ModuleCache.noindex/Session.modulevalidation -Xcc -fmodules-prune-interval\=86400 -Xcc -fmodules-prune-after\=345600 -package-name spi_builder_workspace -emit-const-values -const-gather-protocols-list /Users/admin/builder/spi-builder-workspace/.derivedData/Build/Intermediates.noindex/KuwaharaFilter.build/Debug-appletvos/KuwaharaFilter-t.build/Objects-normal/arm64/KuwaharaFilter_const_extract_protocols.json -Xcc -I/Users/admin/builder/spi-builder-workspace/.derivedData/Build/Products/Debug-appletvos/include -Xcc -I/Users/admin/builder/spi-builder-workspace/.derivedData/Build/Intermediates.noindex/KuwaharaFilter.build/Debug-appletvos/KuwaharaFilter-t.build/DerivedSources-normal/arm64 -Xcc -I/Users/admin/builder/spi-builder-workspace/.derivedData/Build/Intermediates.noindex/KuwaharaFilter.build/Debug-appletvos/KuwaharaFilter-t.build/DerivedSources/arm64 -Xcc -I/Users/admin/builder/spi-builder-workspace/.derivedData/Build/Intermediates.noindex/KuwaharaFilter.build/Debug-appletvos/KuwaharaFilter-t.build/DerivedSources -Xcc -DSWIFT_PACKAGE -Xcc -DDEBUG\=1 -Xcc -DCI_SILENCE_GL_DEPRECATION -emit-objc-header -emit-objc-header-path /Users/admin/builder/spi-builder-workspace/.derivedData/Build/Intermediates.noindex/KuwaharaFilter.build/Debug-appletvos/KuwaharaFilter-t.build/Objects-normal/arm64/KuwaharaFilter-Swift.h -working-directory /Users/admin/builder/spi-builder-workspace/.swiftpm/xcode -experimental-emit-module-separately -disable-cmo
SwiftExplicitDependencyGeneratePcm arm64 /Users/admin/builder/spi-builder-workspace/.derivedData/SDKExplicitPrecompiledModules/_Builtin_float-7XQSINZFHXK6HTIHW34VS86L1.pcm
SwiftExplicitDependencyGeneratePcm arm64 /Users/admin/builder/spi-builder-workspace/.derivedData/SDKExplicitPrecompiledModules/ptrcheck-EA1I8QZETVNGHPQLO63WJ6SH5.pcm
SwiftExplicitDependencyGeneratePcm arm64 /Users/admin/builder/spi-builder-workspace/.derivedData/SDKExplicitPrecompiledModules/_Builtin_stddef-B3NKEKDXEEXMYNXU2YU22850X.pcm
SwiftExplicitDependencyGeneratePcm arm64 /Users/admin/builder/spi-builder-workspace/.derivedData/SDKExplicitPrecompiledModules/_Builtin_stdarg-CDZ0NY21VM0JTVQNW0AFC1O0A.pcm
SwiftExplicitDependencyGeneratePcm arm64 /Users/admin/builder/spi-builder-workspace/.derivedData/SDKExplicitPrecompiledModules/_AvailabilityInternal-66JUU2SO3XAUV75ENAIVZQADL.pcm
SwiftExplicitDependencyGeneratePcm arm64 /Users/admin/builder/spi-builder-workspace/.derivedData/SDKExplicitPrecompiledModules/_SwiftConcurrencyShims-4XG1252YI6MHUNB5KP5LBAUI6.pcm
SwiftExplicitDependencyGeneratePcm arm64 /Users/admin/builder/spi-builder-workspace/.derivedData/SDKExplicitPrecompiledModules/ptrauth-4AX4OUYKY8BG0QCC5YNIZSYQ7.pcm
SwiftExplicitDependencyGeneratePcm arm64 /Users/admin/builder/spi-builder-workspace/.derivedData/SDKExplicitPrecompiledModules/_Builtin_stdbool-4OU069SBHEKX9MCI5Q24VQJAD.pcm
SwiftExplicitDependencyGeneratePcm arm64 /Users/admin/builder/spi-builder-workspace/.derivedData/SDKExplicitPrecompiledModules/SwiftShims-7CU2M5FHXF9200X85UXN0LLS3.pcm
SwiftExplicitDependencyGeneratePcm arm64 /Users/admin/builder/spi-builder-workspace/.derivedData/SDKExplicitPrecompiledModules/_DarwinFoundation1-6YMZDFZQY3TMLSQI1RHTKEGBH.pcm
SwiftExplicitDependencyGeneratePcm arm64 /Users/admin/builder/spi-builder-workspace/.derivedData/SDKExplicitPrecompiledModules/_DarwinFoundation2-EA9TMRAWXAA9ORPQGS71NKGA2.pcm
SwiftExplicitDependencyGeneratePcm arm64 /Users/admin/builder/spi-builder-workspace/.derivedData/SDKExplicitPrecompiledModules/_Builtin_limits-4RL7L68YTUZGMM7YAEOY00DC3.pcm
SwiftExplicitDependencyGeneratePcm arm64 /Users/admin/builder/spi-builder-workspace/.derivedData/SDKExplicitPrecompiledModules/string_h-48E28LD8VSVMA5U2CH4R23NXZ.pcm
SwiftExplicitDependencyGeneratePcm arm64 /Users/admin/builder/spi-builder-workspace/.derivedData/SDKExplicitPrecompiledModules/sys_types-BLX4E08315DIY4H5KCZGN7R18.pcm
SwiftExplicitDependencyGeneratePcm arm64 /Users/admin/builder/spi-builder-workspace/.derivedData/SDKExplicitPrecompiledModules/_Builtin_stdint-AI1A70UQVZ8MTR42X1I74ZQTU.pcm
SwiftExplicitDependencyGeneratePcm arm64 /Users/admin/builder/spi-builder-workspace/.derivedData/SDKExplicitPrecompiledModules/_DarwinFoundation3-F5CXCUV815SVOPE96Z7DFH16U.pcm
SwiftExplicitDependencyGeneratePcm arm64 /Users/admin/builder/spi-builder-workspace/.derivedData/SDKExplicitPrecompiledModules/_Builtin_inttypes-4MUB2FEILQ4L5NPHTFMCWFA6T.pcm
SwiftExplicitDependencyGeneratePcm arm64 /Users/admin/builder/spi-builder-workspace/.derivedData/SDKExplicitPrecompiledModules/Darwin-GOZRZHYL9Y8OJ37FB438TI15.pcm
SwiftExplicitDependencyGeneratePcm arm64 /Users/admin/builder/spi-builder-workspace/.derivedData/SDKExplicitPrecompiledModules/ObjectiveC-B6VYTL4FLOUKZGSVF2IJY8RSJ.pcm
SwiftExplicitDependencyGeneratePcm arm64 /Users/admin/builder/spi-builder-workspace/.derivedData/SDKExplicitPrecompiledModules/os_object-A37SZS96YPQJPCBLWG75SI9F1.pcm
SwiftExplicitDependencyGeneratePcm arm64 /Users/admin/builder/spi-builder-workspace/.derivedData/SDKExplicitPrecompiledModules/os_workgroup-B9ACJZJQUGDDPZBY6YXC42I0E.pcm
SwiftExplicitDependencyGeneratePcm arm64 /Users/admin/builder/spi-builder-workspace/.derivedData/SDKExplicitPrecompiledModules/Dispatch-ANSQ48GI95MBBEQ3H6XQZICM5.pcm
SwiftExplicitDependencyGeneratePcm arm64 /Users/admin/builder/spi-builder-workspace/.derivedData/SDKExplicitPrecompiledModules/XPC-5CRECGBQY27GPI84MFJIOCC18.pcm
SwiftExplicitDependencyGeneratePcm arm64 /Users/admin/builder/spi-builder-workspace/.derivedData/SDKExplicitPrecompiledModules/CoreFoundation-EM4THS6LO2DG4LZYVUJO9FETG.pcm
SwiftExplicitDependencyGeneratePcm arm64 /Users/admin/builder/spi-builder-workspace/.derivedData/SDKExplicitPrecompiledModules/CFNetwork-12B62TA13S0XDB888EQZJYKC7.pcm
SwiftExplicitDependencyGeneratePcm arm64 /Users/admin/builder/spi-builder-workspace/.derivedData/SDKExplicitPrecompiledModules/Security-C33IJ547CVU686GH7AL9OTGK1.pcm
SwiftExplicitDependencyGeneratePcm arm64 /Users/admin/builder/spi-builder-workspace/.derivedData/SDKExplicitPrecompiledModules/CoreGraphics-6EMS808NCL1HRXLM47WOG584T.pcm
SwiftExplicitDependencyGeneratePcm arm64 /Users/admin/builder/spi-builder-workspace/.derivedData/SDKExplicitPrecompiledModules/Foundation-ZBGMNCKI1EGOG03UM9NP0H15.pcm
SwiftExplicitDependencyGeneratePcm arm64 /Users/admin/builder/spi-builder-workspace/.derivedData/SDKExplicitPrecompiledModules/ImageIO-6LZDY8GUQZ5D4JMXKPWO3O7UR.pcm
SwiftExplicitDependencyGeneratePcm arm64 /Users/admin/builder/spi-builder-workspace/.derivedData/SDKExplicitPrecompiledModules/IOSurface-EAWBZZK1TVM9TG1D1Y6H7TIXG.pcm
SwiftExplicitDependencyGeneratePcm arm64 /Users/admin/builder/spi-builder-workspace/.derivedData/SDKExplicitPrecompiledModules/UniformTypeIdentifiers-2JSYGWRFES58MAPLKLC0DPJSE.pcm
SwiftExplicitDependencyGeneratePcm arm64 /Users/admin/builder/spi-builder-workspace/.derivedData/SDKExplicitPrecompiledModules/Metal-Z1VHU13KR8YPZ0TVK0F6ZUI9.pcm
SwiftExplicitDependencyGeneratePcm arm64 /Users/admin/builder/spi-builder-workspace/.derivedData/SDKExplicitPrecompiledModules/OpenGLES-5G81KX09ORYKQPCEUGOIKUSLT.pcm
SwiftExplicitDependencyGeneratePcm arm64 /Users/admin/builder/spi-builder-workspace/.derivedData/SDKExplicitPrecompiledModules/CoreVideo-5DPOVWMG6UK4IIOWS4L174B9S.pcm
SwiftExplicitDependencyGeneratePcm arm64 /Users/admin/builder/spi-builder-workspace/.derivedData/SDKExplicitPrecompiledModules/CoreImage-548Z7N0X54DL6U931R1OJ0B5E.pcm
SwiftEmitModule normal arm64 Emitting\ module\ for\ KuwaharaFilter (in target 'KuwaharaFilter' from project 'KuwaharaFilter')
SwiftCompile normal arm64 (in target 'KuwaharaFilter' from project 'KuwaharaFilter')
    cd /Users/admin/builder/spi-builder-workspace/.swiftpm/xcode

SwiftCompile normal arm64 Compiling\ GeneralizedKuwahara.swift /Users/admin/builder/spi-builder-workspace/Sources/KuwaharaFilter/CIFilters/Strings/GeneralizedKuwahara.swift (in target 'KuwaharaFilter' from project 'KuwaharaFilter')
SwiftCompile normal arm64 /Users/admin/builder/spi-builder-workspace/Sources/KuwaharaFilter/CIFilters/Strings/GeneralizedKuwahara.swift (in target 'KuwaharaFilter' from project 'KuwaharaFilter')
    cd /Users/admin/builder/spi-builder-workspace/.swiftpm/xcode
    builtin-SwiftPerFileCompile GeneralizedKuwahara.swift
SwiftCompile normal arm64 Compiling\ PolynomialKuwahara.swift /Users/admin/builder/spi-builder-workspace/Sources/KuwaharaFilter/CIFilters/Strings/PolynomialKuwahara.swift (in target 'KuwaharaFilter' from project 'KuwaharaFilter')
SwiftCompile normal arm64 /Users/admin/builder/spi-builder-workspace/Sources/KuwaharaFilter/CIFilters/Strings/PolynomialKuwahara.swift (in target 'KuwaharaFilter' from project 'KuwaharaFilter')
    cd /Users/admin/builder/spi-builder-workspace/.swiftpm/xcode
    builtin-SwiftPerFileCompile PolynomialKuwahara.swift
SwiftCompile normal arm64 Compiling\ ImageErrors.swift /Users/admin/builder/spi-builder-workspace/Sources/KuwaharaFilter/ImageErrors.swift (in target 'KuwaharaFilter' from project 'KuwaharaFilter')
SwiftCompile normal arm64 /Users/admin/builder/spi-builder-workspace/Sources/KuwaharaFilter/ImageErrors.swift (in target 'KuwaharaFilter' from project 'KuwaharaFilter')
    cd /Users/admin/builder/spi-builder-workspace/.swiftpm/xcode
    builtin-SwiftPerFileCompile ImageErrors.swift
SwiftCompile normal arm64 Compiling\ BasicKuwahara.swift /Users/admin/builder/spi-builder-workspace/Sources/KuwaharaFilter/CIFilters/Strings/BasicKuwahara.swift (in target 'KuwaharaFilter' from project 'KuwaharaFilter')
SwiftCompile normal arm64 /Users/admin/builder/spi-builder-workspace/Sources/KuwaharaFilter/CIFilters/Strings/BasicKuwahara.swift (in target 'KuwaharaFilter' from project 'KuwaharaFilter')
    cd /Users/admin/builder/spi-builder-workspace/.swiftpm/xcode
    builtin-SwiftPerFileCompile BasicKuwahara.swift
SwiftCompile normal arm64 Compiling\ Kuwahara.swift /Users/admin/builder/spi-builder-workspace/Sources/KuwaharaFilter/CIFilters/Kuwahara.swift (in target 'KuwaharaFilter' from project 'KuwaharaFilter')
SwiftCompile normal arm64 /Users/admin/builder/spi-builder-workspace/Sources/KuwaharaFilter/CIFilters/Kuwahara.swift (in target 'KuwaharaFilter' from project 'KuwaharaFilter')
    cd /Users/admin/builder/spi-builder-workspace/.swiftpm/xcode
    builtin-SwiftPerFileCompile Kuwahara.swift
SwiftCompile normal arm64 Compiling\ BaseKernel.swift /Users/admin/builder/spi-builder-workspace/Sources/KuwaharaFilter/CIFilters/Strings/BaseKernel.swift (in target 'KuwaharaFilter' from project 'KuwaharaFilter')
SwiftCompile normal arm64 /Users/admin/builder/spi-builder-workspace/Sources/KuwaharaFilter/CIFilters/Strings/BaseKernel.swift (in target 'KuwaharaFilter' from project 'KuwaharaFilter')
    cd /Users/admin/builder/spi-builder-workspace/.swiftpm/xcode
    builtin-SwiftPerFileCompile BaseKernel.swift
SwiftCompile normal arm64 Compiling\ Prepass.swift /Users/admin/builder/spi-builder-workspace/Sources/KuwaharaFilter/CIFilters/Prepass.swift (in target 'KuwaharaFilter' from project 'KuwaharaFilter')
SwiftCompile normal arm64 /Users/admin/builder/spi-builder-workspace/Sources/KuwaharaFilter/CIFilters/Prepass.swift (in target 'KuwaharaFilter' from project 'KuwaharaFilter')
    cd /Users/admin/builder/spi-builder-workspace/.swiftpm/xcode
    builtin-SwiftPerFileCompile Prepass.swift
SwiftCompile normal arm64 Compiling\ KuwaharaTypes.swift /Users/admin/builder/spi-builder-workspace/Sources/KuwaharaFilter/CIFilters/KuwaharaTypes.swift (in target 'KuwaharaFilter' from project 'KuwaharaFilter')
SwiftCompile normal arm64 /Users/admin/builder/spi-builder-workspace/Sources/KuwaharaFilter/CIFilters/KuwaharaTypes.swift (in target 'KuwaharaFilter' from project 'KuwaharaFilter')
    cd /Users/admin/builder/spi-builder-workspace/.swiftpm/xcode
    builtin-SwiftPerFileCompile KuwaharaTypes.swift
SwiftCompile normal arm64 Compiling\ AnisotropicKuwahara.swift /Users/admin/builder/spi-builder-workspace/Sources/KuwaharaFilter/CIFilters/Strings/AnisotropicKuwahara.swift (in target 'KuwaharaFilter' from project 'KuwaharaFilter')
SwiftCompile normal arm64 /Users/admin/builder/spi-builder-workspace/Sources/KuwaharaFilter/CIFilters/Strings/AnisotropicKuwahara.swift (in target 'KuwaharaFilter' from project 'KuwaharaFilter')
    cd /Users/admin/builder/spi-builder-workspace/.swiftpm/xcode
    builtin-SwiftPerFileCompile AnisotropicKuwahara.swift
SwiftCompile normal arm64 Compiling\ resource_bundle_accessor.swift,\ FilterRegister.swift /Users/admin/builder/spi-builder-workspace/.derivedData/Build/Intermediates.noindex/KuwaharaFilter.build/Debug-appletvos/KuwaharaFilter-t.build/DerivedSources/resource_bundle_accessor.swift /Users/admin/builder/spi-builder-workspace/Sources/KuwaharaFilter/CIFilters/FilterRegister.swift (in target 'KuwaharaFilter' from project 'KuwaharaFilter')
SwiftCompile normal arm64 /Users/admin/builder/spi-builder-workspace/.derivedData/Build/Intermediates.noindex/KuwaharaFilter.build/Debug-appletvos/KuwaharaFilter-t.build/DerivedSources/resource_bundle_accessor.swift (in target 'KuwaharaFilter' from project 'KuwaharaFilter')
    cd /Users/admin/builder/spi-builder-workspace/.swiftpm/xcode
    builtin-SwiftPerFileCompile resource_bundle_accessor.swift
SwiftCompile normal arm64 /Users/admin/builder/spi-builder-workspace/Sources/KuwaharaFilter/CIFilters/FilterRegister.swift (in target 'KuwaharaFilter' from project 'KuwaharaFilter')
    cd /Users/admin/builder/spi-builder-workspace/.swiftpm/xcode
    builtin-SwiftPerFileCompile FilterRegister.swift
SwiftDriverJobDiscovery normal arm64 Emitting module for KuwaharaFilter (in target 'KuwaharaFilter' from project 'KuwaharaFilter')
SwiftDriver\ Compilation\ Requirements KuwaharaFilter normal arm64 com.apple.xcode.tools.swift.compiler (in target 'KuwaharaFilter' from project 'KuwaharaFilter')
    cd /Users/admin/builder/spi-builder-workspace/.swiftpm/xcode
    builtin-Swift-Compilation-Requirements -- /Applications/Xcode-27.0.0-Release.Candidate.app/Contents/Developer/Toolchains/XcodeDefault.xctoolchain/usr/bin/swiftc -parse-as-library -module-name KuwaharaFilter -Onone @/Users/admin/builder/spi-builder-workspace/.derivedData/Build/Intermediates.noindex/KuwaharaFilter.build/Debug-appletvos/KuwaharaFilter-t.build/Objects-normal/arm64/KuwaharaFilter.SwiftFileList -DSWIFT_PACKAGE -DDEBUG -DSWIFT_MODULE_RESOURCE_BUNDLE_AVAILABLE -DXcode -plugin-path /Applications/Xcode-27.0.0-Release.Candidate.app/Contents/Developer/Toolchains/XcodeDefault.xctoolchain/usr/lib/swift/host/plugins/testing -enable-experimental-feature DebugDescriptionMacro -sdk /Applications/Xcode-27.0.0-Release.Candidate.app/Contents/Developer/Platforms/AppleTVOS.platform/Developer/SDKs/AppleTVOS27.0.sdk -target arm64-apple-tvos15.0 -g -module-cache-path /Users/admin/builder/spi-builder-workspace/.derivedData/ModuleCache.noindex -Xfrontend -serialize-debugging-options -profile-coverage-mapping -profile-generate -enable-testing -index-store-path /Users/admin/builder/spi-builder-workspace/.derivedData/Index.noindex/DataStore -Xcc -D_LIBCPP_HARDENING_MODE\=_LIBCPP_HARDENING_MODE_DEBUG -swift-version 5 -I /Users/admin/builder/spi-builder-workspace/.derivedData/Build/Products/Debug-appletvos -Isystem /Applications/Xcode-27.0.0-Release.Candidate.app/Contents/Developer/Platforms/AppleTVOS.platform/Developer/usr/lib -F /Users/admin/builder/spi-builder-workspace/.derivedData/Build/Products/Debug-appletvos -F /Applications/Xcode-27.0.0-Release.Candidate.app/Contents/Developer/Platforms/AppleTVOS.platform/Developer/Library/Frameworks -F /Applications/Xcode-27.0.0-Release.Candidate.app/Contents/Developer/Platforms/AppleTVOS.platform/Developer/SDKs/AppleTVOS27.0.sdk/Developer/Library/Frameworks -c -j10 -enable-batch-mode -incremental -Xcc -ivfsstatcache -Xcc /Users/admin/builder/spi-builder-workspace/.derivedData/SDKStatCaches.noindex/appletvos27.0-24J360-e829b21a6f8c9b70876ba0858053c044b32bfd8d43560033f8d89884cdb90028.sdkstatcache -output-file-map /Users/admin/builder/spi-builder-workspace/.derivedData/Build/Intermediates.noindex/KuwaharaFilter.build/Debug-appletvos/KuwaharaFilter-t.build/Objects-normal/arm64/KuwaharaFilter-OutputFileMap.json -save-temps -no-color-diagnostics -explicit-module-build -module-cache-path /Users/admin/builder/spi-builder-workspace/.derivedData/Build/Intermediates.noindex/SwiftExplicitPrecompiledModules -clang-scanner-module-cache-path /Users/admin/builder/spi-builder-workspace/.derivedData/ModuleCache.noindex -sdk-module-cache-path /Users/admin/builder/spi-builder-workspace/.derivedData/SDKExplicitPrecompiledModules -emit-dependencies -emit-module -emit-module-path /Users/admin/builder/spi-builder-workspace/.derivedData/Build/Intermediates.noindex/KuwaharaFilter.build/Debug-appletvos/KuwaharaFilter-t.build/Objects-normal/arm64/KuwaharaFilter.swiftmodule -serialize-diagnostics -dependency-scan-serialize-diagnostics-path /Users/admin/builder/spi-builder-workspace/.derivedData/Build/Intermediates.noindex/KuwaharaFilter.build/Debug-appletvos/KuwaharaFilter-t.build/Objects-normal/arm64/KuwaharaFilter-dependency-scan.dia -validate-clang-modules-once -clang-build-session-file /Users/admin/builder/spi-builder-workspace/.derivedData/ModuleCache.noindex/Session.modulevalidation -Xcc -fmodules-prune-interval\=86400 -Xcc -fmodules-prune-after\=345600 -package-name spi_builder_workspace -emit-const-values -const-gather-protocols-list /Users/admin/builder/spi-builder-workspace/.derivedData/Build/Intermediates.noindex/KuwaharaFilter.build/Debug-appletvos/KuwaharaFilter-t.build/Objects-normal/arm64/KuwaharaFilter_const_extract_protocols.json -Xcc -I/Users/admin/builder/spi-builder-workspace/.derivedData/Build/Products/Debug-appletvos/include -Xcc -I/Users/admin/builder/spi-builder-workspace/.derivedData/Build/Intermediates.noindex/KuwaharaFilter.build/Debug-appletvos/KuwaharaFilter-t.build/DerivedSources-normal/arm64 -Xcc -I/Users/admin/builder/spi-builder-workspace/.derivedData/Build/Intermediates.noindex/KuwaharaFilter.build/Debug-appletvos/KuwaharaFilter-t.build/DerivedSources/arm64 -Xcc -I/Users/admin/builder/spi-builder-workspace/.derivedData/Build/Intermediates.noindex/KuwaharaFilter.build/Debug-appletvos/KuwaharaFilter-t.build/DerivedSources -Xcc -DSWIFT_PACKAGE -Xcc -DDEBUG\=1 -Xcc -DCI_SILENCE_GL_DEPRECATION -emit-objc-header -emit-objc-header-path /Users/admin/builder/spi-builder-workspace/.derivedData/Build/Intermediates.noindex/KuwaharaFilter.build/Debug-appletvos/KuwaharaFilter-t.build/Objects-normal/arm64/KuwaharaFilter-Swift.h -working-directory /Users/admin/builder/spi-builder-workspace/.swiftpm/xcode -experimental-emit-module-separately -disable-cmo
SwiftDriverJobDiscovery normal arm64 Compiling BaseKernel.swift (in target 'KuwaharaFilter' from project 'KuwaharaFilter')
SwiftDriverJobDiscovery normal arm64 Compiling BasicKuwahara.swift (in target 'KuwaharaFilter' from project 'KuwaharaFilter')
SwiftDriverJobDiscovery normal arm64 Compiling PolynomialKuwahara.swift (in target 'KuwaharaFilter' from project 'KuwaharaFilter')
SwiftDriverJobDiscovery normal arm64 Compiling AnisotropicKuwahara.swift (in target 'KuwaharaFilter' from project 'KuwaharaFilter')
SwiftDriverJobDiscovery normal arm64 Compiling GeneralizedKuwahara.swift (in target 'KuwaharaFilter' from project 'KuwaharaFilter')
SwiftMergeGeneratedHeaders /Users/admin/builder/spi-builder-workspace/.derivedData/Build/Intermediates.noindex/GeneratedModuleMaps-appletvos/KuwaharaFilter-Swift.h /Users/admin/builder/spi-builder-workspace/.derivedData/Build/Intermediates.noindex/KuwaharaFilter.build/Debug-appletvos/KuwaharaFilter-t.build/Objects-normal/arm64/KuwaharaFilter-Swift.h (in target 'KuwaharaFilter' from project 'KuwaharaFilter')
    cd /Users/admin/builder/spi-builder-workspace
    builtin-swiftHeaderTool -arch arm64 /Users/admin/builder/spi-builder-workspace/.derivedData/Build/Intermediates.noindex/KuwaharaFilter.build/Debug-appletvos/KuwaharaFilter-t.build/Objects-normal/arm64/KuwaharaFilter-Swift.h -o /Users/admin/builder/spi-builder-workspace/.derivedData/Build/Intermediates.noindex/GeneratedModuleMaps-appletvos/KuwaharaFilter-Swift.h
SwiftDriverJobDiscovery normal arm64 Compiling KuwaharaTypes.swift (in target 'KuwaharaFilter' from project 'KuwaharaFilter')
Copy /Users/admin/builder/spi-builder-workspace/.derivedData/Build/Products/Debug-appletvos/KuwaharaFilter.swiftmodule/arm64-apple-tvos.swiftdoc /Users/admin/builder/spi-builder-workspace/.derivedData/Build/Intermediates.noindex/KuwaharaFilter.build/Debug-appletvos/KuwaharaFilter-t.build/Objects-normal/arm64/KuwaharaFilter.swiftdoc (in target 'KuwaharaFilter' from project 'KuwaharaFilter')
    cd /Users/admin/builder/spi-builder-workspace
    builtin-copy -exclude .DS_Store -exclude CVS -exclude .svn -exclude .git -exclude .hg -resolve-src-symlinks -rename /Users/admin/builder/spi-builder-workspace/.derivedData/Build/Intermediates.noindex/KuwaharaFilter.build/Debug-appletvos/KuwaharaFilter-t.build/Objects-normal/arm64/KuwaharaFilter.swiftdoc /Users/admin/builder/spi-builder-workspace/.derivedData/Build/Products/Debug-appletvos/KuwaharaFilter.swiftmodule/arm64-apple-tvos.swiftdoc
Copy /Users/admin/builder/spi-builder-workspace/.derivedData/Build/Products/Debug-appletvos/KuwaharaFilter.swiftmodule/arm64-apple-tvos.abi.json /Users/admin/builder/spi-builder-workspace/.derivedData/Build/Intermediates.noindex/KuwaharaFilter.build/Debug-appletvos/KuwaharaFilter-t.build/Objects-normal/arm64/KuwaharaFilter.abi.json (in target 'KuwaharaFilter' from project 'KuwaharaFilter')
    cd /Users/admin/builder/spi-builder-workspace
    builtin-copy -exclude .DS_Store -exclude CVS -exclude .svn -exclude .git -exclude .hg -resolve-src-symlinks -rename /Users/admin/builder/spi-builder-workspace/.derivedData/Build/Intermediates.noindex/KuwaharaFilter.build/Debug-appletvos/KuwaharaFilter-t.build/Objects-normal/arm64/KuwaharaFilter.abi.json /Users/admin/builder/spi-builder-workspace/.derivedData/Build/Products/Debug-appletvos/KuwaharaFilter.swiftmodule/arm64-apple-tvos.abi.json
Copy /Users/admin/builder/spi-builder-workspace/.derivedData/Build/Products/Debug-appletvos/KuwaharaFilter.swiftmodule/arm64-apple-tvos.swiftmodule /Users/admin/builder/spi-builder-workspace/.derivedData/Build/Intermediates.noindex/KuwaharaFilter.build/Debug-appletvos/KuwaharaFilter-t.build/Objects-normal/arm64/KuwaharaFilter.swiftmodule (in target 'KuwaharaFilter' from project 'KuwaharaFilter')
    cd /Users/admin/builder/spi-builder-workspace
    builtin-copy -exclude .DS_Store -exclude CVS -exclude .svn -exclude .git -exclude .hg -resolve-src-symlinks -rename /Users/admin/builder/spi-builder-workspace/.derivedData/Build/Intermediates.noindex/KuwaharaFilter.build/Debug-appletvos/KuwaharaFilter-t.build/Objects-normal/arm64/KuwaharaFilter.swiftmodule /Users/admin/builder/spi-builder-workspace/.derivedData/Build/Products/Debug-appletvos/KuwaharaFilter.swiftmodule/arm64-apple-tvos.swiftmodule
Copy /Users/admin/builder/spi-builder-workspace/.derivedData/Build/Products/Debug-appletvos/KuwaharaFilter.swiftmodule/Project/arm64-apple-tvos.swiftsourceinfo /Users/admin/builder/spi-builder-workspace/.derivedData/Build/Intermediates.noindex/KuwaharaFilter.build/Debug-appletvos/KuwaharaFilter-t.build/Objects-normal/arm64/KuwaharaFilter.swiftsourceinfo (in target 'KuwaharaFilter' from project 'KuwaharaFilter')
    cd /Users/admin/builder/spi-builder-workspace
    builtin-copy -exclude .DS_Store -exclude CVS -exclude .svn -exclude .git -exclude .hg -resolve-src-symlinks -rename /Users/admin/builder/spi-builder-workspace/.derivedData/Build/Intermediates.noindex/KuwaharaFilter.build/Debug-appletvos/KuwaharaFilter-t.build/Objects-normal/arm64/KuwaharaFilter.swiftsourceinfo /Users/admin/builder/spi-builder-workspace/.derivedData/Build/Products/Debug-appletvos/KuwaharaFilter.swiftmodule/Project/arm64-apple-tvos.swiftsourceinfo
GenerateAssetSymbols /Users/admin/builder/spi-builder-workspace/Tests/KuwaharaFilterTests/Media.xcassets (in target 'KuwaharaFilterTests-product' from project 'KuwaharaFilter')
    cd /Users/admin/builder/spi-builder-workspace
    /Applications/Xcode-27.0.0-Release.Candidate.app/Contents/Developer/usr/bin/actool /Users/admin/builder/spi-builder-workspace/Tests/KuwaharaFilterTests/Media.xcassets --compile /Users/admin/builder/spi-builder-workspace/.derivedData/Build/Products/Debug-appletvos/KuwaharaFilterTests.xctest --output-format human-readable-text --notices --warnings --export-dependency-info /Users/admin/builder/spi-builder-workspace/.derivedData/Build/Intermediates.noindex/KuwaharaFilter.build/Debug-appletvos/KuwaharaFilterTests-p.build/assetcatalog_dependencies --output-partial-info-plist /Users/admin/builder/spi-builder-workspace/.derivedData/Build/Intermediates.noindex/KuwaharaFilter.build/Debug-appletvos/KuwaharaFilterTests-p.build/assetcatalog_generated_info.plist --compress-pngs --enable-on-demand-resources NO --development-region en --leaderboard-identifier-prefix KuwaharaFilterTests.game-center.leaderboard. --leaderboard-set-identifier-prefix KuwaharaFilterTests.game-center.leaderboard-set. --target-device tv --minimum-deployment-target 17.0 --platform appletvos --bundle-identifier spi-builder-workspace.KuwaharaFilterTests --generate-swift-asset-symbol-extensions NO --generate-swift-asset-symbols /Users/admin/builder/spi-builder-workspace/.derivedData/Build/Intermediates.noindex/KuwaharaFilter.build/Debug-appletvos/KuwaharaFilterTests-p.build/DerivedSources/GeneratedAssetSymbols.swift --generate-objc-asset-symbols /Users/admin/builder/spi-builder-workspace/.derivedData/Build/Intermediates.noindex/KuwaharaFilter.build/Debug-appletvos/KuwaharaFilterTests-p.build/DerivedSources/GeneratedAssetSymbols.h --generate-asset-symbol-index /Users/admin/builder/spi-builder-workspace/.derivedData/Build/Intermediates.noindex/KuwaharaFilter.build/Debug-appletvos/KuwaharaFilterTests-p.build/DerivedSources/GeneratedAssetSymbols-Index.plist
/* com.apple.actool.compilation-results */
/Users/admin/builder/spi-builder-workspace/.derivedData/Build/Intermediates.noindex/KuwaharaFilter.build/Debug-appletvos/KuwaharaFilterTests-p.build/DerivedSources/GeneratedAssetSymbols-Index.plist
/Users/admin/builder/spi-builder-workspace/.derivedData/Build/Intermediates.noindex/KuwaharaFilter.build/Debug-appletvos/KuwaharaFilterTests-p.build/DerivedSources/GeneratedAssetSymbols.h
/Users/admin/builder/spi-builder-workspace/.derivedData/Build/Intermediates.noindex/KuwaharaFilter.build/Debug-appletvos/KuwaharaFilterTests-p.build/DerivedSources/GeneratedAssetSymbols.swift
SwiftDriverJobDiscovery normal arm64 Compiling ImageErrors.swift (in target 'KuwaharaFilter' from project 'KuwaharaFilter')
SwiftDriver KuwaharaFilterTests normal arm64 com.apple.xcode.tools.swift.compiler (in target 'KuwaharaFilterTests-product' from project 'KuwaharaFilter')
    cd /Users/admin/builder/spi-builder-workspace/.swiftpm/xcode
    builtin-SwiftDriver -- /Applications/Xcode-27.0.0-Release.Candidate.app/Contents/Developer/Toolchains/XcodeDefault.xctoolchain/usr/bin/swiftc -parse-as-library -module-name KuwaharaFilterTests -Onone @/Users/admin/builder/spi-builder-workspace/.derivedData/Build/Intermediates.noindex/KuwaharaFilter.build/Debug-appletvos/KuwaharaFilterTests-p.build/Objects-normal/arm64/KuwaharaFilterTests.SwiftFileList -DSWIFT_PACKAGE -DDEBUG -DSWIFT_MODULE_RESOURCE_BUNDLE_AVAILABLE -DCI_SILENCE_GL_DEPRECATION -DXcode -plugin-path /Applications/Xcode-27.0.0-Release.Candidate.app/Contents/Developer/Toolchains/XcodeDefault.xctoolchain/usr/lib/swift/host/plugins/testing -enable-experimental-feature DebugDescriptionMacro -sdk /Applications/Xcode-27.0.0-Release.Candidate.app/Contents/Developer/Platforms/AppleTVOS.platform/Developer/SDKs/AppleTVOS27.0.sdk -target arm64-apple-tvos17.0 -g -module-cache-path /Users/admin/builder/spi-builder-workspace/.derivedData/ModuleCache.noindex -Xfrontend -serialize-debugging-options -profile-coverage-mapping -profile-generate -enable-testing -index-store-path /Users/admin/builder/spi-builder-workspace/.derivedData/Index.noindex/DataStore -Xcc -D_LIBCPP_HARDENING_MODE\=_LIBCPP_HARDENING_MODE_DEBUG -swift-version 5 -I /Users/admin/builder/spi-builder-workspace/.derivedData/Build/Products/Debug-appletvos -Isystem /Applications/Xcode-27.0.0-Release.Candidate.app/Contents/Developer/Platforms/AppleTVOS.platform/Developer/usr/lib -F /Users/admin/builder/spi-builder-workspace/.derivedData/Build/Products/Debug-appletvos/PackageFrameworks -F /Users/admin/builder/spi-builder-workspace/.derivedData/Build/Products/Debug-appletvos -F /Applications/Xcode-27.0.0-Release.Candidate.app/Contents/Developer/Platforms/AppleTVOS.platform/Developer/Library/Frameworks -F /Applications/Xcode-27.0.0-Release.Candidate.app/Contents/Developer/Platforms/AppleTVOS.platform/Developer/SDKs/AppleTVOS27.0.sdk/Developer/Library/Frameworks -c -j10 -enable-batch-mode -incremental -Xcc -ivfsstatcache -Xcc /Users/admin/builder/spi-builder-workspace/.derivedData/SDKStatCaches.noindex/appletvos27.0-24J360-e829b21a6f8c9b70876ba0858053c044b32bfd8d43560033f8d89884cdb90028.sdkstatcache -output-file-map /Users/admin/builder/spi-builder-workspace/.derivedData/Build/Intermediates.noindex/KuwaharaFilter.build/Debug-appletvos/KuwaharaFilterTests-p.build/Objects-normal/arm64/KuwaharaFilterTests-OutputFileMap.json -save-temps -no-color-diagnostics -explicit-module-build -module-cache-path /Users/admin/builder/spi-builder-workspace/.derivedData/Build/Intermediates.noindex/SwiftExplicitPrecompiledModules -clang-scanner-module-cache-path /Users/admin/builder/spi-builder-workspace/.derivedData/ModuleCache.noindex -sdk-module-cache-path /Users/admin/builder/spi-builder-workspace/.derivedData/SDKExplicitPrecompiledModules -emit-dependencies -emit-module -emit-module-path /Users/admin/builder/spi-builder-workspace/.derivedData/Build/Intermediates.noindex/KuwaharaFilter.build/Debug-appletvos/KuwaharaFilterTests-p.build/Objects-normal/arm64/KuwaharaFilterTests.swiftmodule -serialize-diagnostics -dependency-scan-serialize-diagnostics-path /Users/admin/builder/spi-builder-workspace/.derivedData/Build/Intermediates.noindex/KuwaharaFilter.build/Debug-appletvos/KuwaharaFilterTests-p.build/Objects-normal/arm64/KuwaharaFilterTests-dependency-scan.dia -validate-clang-modules-once -clang-build-session-file /Users/admin/builder/spi-builder-workspace/.derivedData/ModuleCache.noindex/Session.modulevalidation -Xcc -fmodules-prune-interval\=86400 -Xcc -fmodules-prune-after\=345600 -package-name spi_builder_workspace -emit-const-values -const-gather-protocols-list /Users/admin/builder/spi-builder-workspace/.derivedData/Build/Intermediates.noindex/KuwaharaFilter.build/Debug-appletvos/KuwaharaFilterTests-p.build/Objects-normal/arm64/KuwaharaFilterTests_const_extract_protocols.json -Xcc -I/Users/admin/builder/spi-builder-workspace/.derivedData/Build/Products/Debug-appletvos/include -Xcc -I/Users/admin/builder/spi-builder-workspace/.derivedData/Build/Intermediates.noindex/KuwaharaFilter.build/Debug-appletvos/KuwaharaFilterTests-p.build/DerivedSources-normal/arm64 -Xcc -I/Users/admin/builder/spi-builder-workspace/.derivedData/Build/Intermediates.noindex/KuwaharaFilter.build/Debug-appletvos/KuwaharaFilterTests-p.build/DerivedSources/arm64 -Xcc -I/Users/admin/builder/spi-builder-workspace/.derivedData/Build/Intermediates.noindex/KuwaharaFilter.build/Debug-appletvos/KuwaharaFilterTests-p.build/DerivedSources -Xcc -DSWIFT_PACKAGE -Xcc -DDEBUG\=1 -working-directory /Users/admin/builder/spi-builder-workspace/.swiftpm/xcode -experimental-emit-module-separately -disable-cmo
SwiftDriverJobDiscovery normal arm64 Compiling Prepass.swift (in target 'KuwaharaFilter' from project 'KuwaharaFilter')
SwiftDriverJobDiscovery normal arm64 Compiling resource_bundle_accessor.swift, FilterRegister.swift (in target 'KuwaharaFilter' from project 'KuwaharaFilter')
SwiftDriverJobDiscovery normal arm64 Compiling Kuwahara.swift (in target 'KuwaharaFilter' from project 'KuwaharaFilter')
SwiftDriver\ Compilation KuwaharaFilter normal arm64 com.apple.xcode.tools.swift.compiler (in target 'KuwaharaFilter' from project 'KuwaharaFilter')
    cd /Users/admin/builder/spi-builder-workspace/.swiftpm/xcode
    builtin-Swift-Compilation -- /Applications/Xcode-27.0.0-Release.Candidate.app/Contents/Developer/Toolchains/XcodeDefault.xctoolchain/usr/bin/swiftc -parse-as-library -module-name KuwaharaFilter -Onone @/Users/admin/builder/spi-builder-workspace/.derivedData/Build/Intermediates.noindex/KuwaharaFilter.build/Debug-appletvos/KuwaharaFilter-t.build/Objects-normal/arm64/KuwaharaFilter.SwiftFileList -DSWIFT_PACKAGE -DDEBUG -DSWIFT_MODULE_RESOURCE_BUNDLE_AVAILABLE -DXcode -plugin-path /Applications/Xcode-27.0.0-Release.Candidate.app/Contents/Developer/Toolchains/XcodeDefault.xctoolchain/usr/lib/swift/host/plugins/testing -enable-experimental-feature DebugDescriptionMacro -sdk /Applications/Xcode-27.0.0-Release.Candidate.app/Contents/Developer/Platforms/AppleTVOS.platform/Developer/SDKs/AppleTVOS27.0.sdk -target arm64-apple-tvos15.0 -g -module-cache-path /Users/admin/builder/spi-builder-workspace/.derivedData/ModuleCache.noindex -Xfrontend -serialize-debugging-options -profile-coverage-mapping -profile-generate -enable-testing -index-store-path /Users/admin/builder/spi-builder-workspace/.derivedData/Index.noindex/DataStore -Xcc -D_LIBCPP_HARDENING_MODE\=_LIBCPP_HARDENING_MODE_DEBUG -swift-version 5 -I /Users/admin/builder/spi-builder-workspace/.derivedData/Build/Products/Debug-appletvos -Isystem /Applications/Xcode-27.0.0-Release.Candidate.app/Contents/Developer/Platforms/AppleTVOS.platform/Developer/usr/lib -F /Users/admin/builder/spi-builder-workspace/.derivedData/Build/Products/Debug-appletvos -F /Applications/Xcode-27.0.0-Release.Candidate.app/Contents/Developer/Platforms/AppleTVOS.platform/Developer/Library/Frameworks -F /Applications/Xcode-27.0.0-Release.Candidate.app/Contents/Developer/Platforms/AppleTVOS.platform/Developer/SDKs/AppleTVOS27.0.sdk/Developer/Library/Frameworks -c -j10 -enable-batch-mode -incremental -Xcc -ivfsstatcache -Xcc /Users/admin/builder/spi-builder-workspace/.derivedData/SDKStatCaches.noindex/appletvos27.0-24J360-e829b21a6f8c9b70876ba0858053c044b32bfd8d43560033f8d89884cdb90028.sdkstatcache -output-file-map /Users/admin/builder/spi-builder-workspace/.derivedData/Build/Intermediates.noindex/KuwaharaFilter.build/Debug-appletvos/KuwaharaFilter-t.build/Objects-normal/arm64/KuwaharaFilter-OutputFileMap.json -save-temps -no-color-diagnostics -explicit-module-build -module-cache-path /Users/admin/builder/spi-builder-workspace/.derivedData/Build/Intermediates.noindex/SwiftExplicitPrecompiledModules -clang-scanner-module-cache-path /Users/admin/builder/spi-builder-workspace/.derivedData/ModuleCache.noindex -sdk-module-cache-path /Users/admin/builder/spi-builder-workspace/.derivedData/SDKExplicitPrecompiledModules -emit-dependencies -emit-module -emit-module-path /Users/admin/builder/spi-builder-workspace/.derivedData/Build/Intermediates.noindex/KuwaharaFilter.build/Debug-appletvos/KuwaharaFilter-t.build/Objects-normal/arm64/KuwaharaFilter.swiftmodule -serialize-diagnostics -dependency-scan-serialize-diagnostics-path /Users/admin/builder/spi-builder-workspace/.derivedData/Build/Intermediates.noindex/KuwaharaFilter.build/Debug-appletvos/KuwaharaFilter-t.build/Objects-normal/arm64/KuwaharaFilter-dependency-scan.dia -validate-clang-modules-once -clang-build-session-file /Users/admin/builder/spi-builder-workspace/.derivedData/ModuleCache.noindex/Session.modulevalidation -Xcc -fmodules-prune-interval\=86400 -Xcc -fmodules-prune-after\=345600 -package-name spi_builder_workspace -emit-const-values -const-gather-protocols-list /Users/admin/builder/spi-builder-workspace/.derivedData/Build/Intermediates.noindex/KuwaharaFilter.build/Debug-appletvos/KuwaharaFilter-t.build/Objects-normal/arm64/KuwaharaFilter_const_extract_protocols.json -Xcc -I/Users/admin/builder/spi-builder-workspace/.derivedData/Build/Products/Debug-appletvos/include -Xcc -I/Users/admin/builder/spi-builder-workspace/.derivedData/Build/Intermediates.noindex/KuwaharaFilter.build/Debug-appletvos/KuwaharaFilter-t.build/DerivedSources-normal/arm64 -Xcc -I/Users/admin/builder/spi-builder-workspace/.derivedData/Build/Intermediates.noindex/KuwaharaFilter.build/Debug-appletvos/KuwaharaFilter-t.build/DerivedSources/arm64 -Xcc -I/Users/admin/builder/spi-builder-workspace/.derivedData/Build/Intermediates.noindex/KuwaharaFilter.build/Debug-appletvos/KuwaharaFilter-t.build/DerivedSources -Xcc -DSWIFT_PACKAGE -Xcc -DDEBUG\=1 -Xcc -DCI_SILENCE_GL_DEPRECATION -emit-objc-header -emit-objc-header-path /Users/admin/builder/spi-builder-workspace/.derivedData/Build/Intermediates.noindex/KuwaharaFilter.build/Debug-appletvos/KuwaharaFilter-t.build/Objects-normal/arm64/KuwaharaFilter-Swift.h -working-directory /Users/admin/builder/spi-builder-workspace/.swiftpm/xcode -experimental-emit-module-separately -disable-cmo
Ld /Users/admin/builder/spi-builder-workspace/.derivedData/Build/Products/Debug-appletvos/KuwaharaFilter.o normal (in target 'KuwaharaFilter' from project 'KuwaharaFilter')
    cd /Users/admin/builder/spi-builder-workspace
    /Applications/Xcode-27.0.0-Release.Candidate.app/Contents/Developer/Toolchains/XcodeDefault.xctoolchain/usr/bin/clang -Xlinker -reproducible -target arm64-apple-tvos15.0 -r -isysroot /Applications/Xcode-27.0.0-Release.Candidate.app/Contents/Developer/Platforms/AppleTVOS.platform/Developer/SDKs/AppleTVOS27.0.sdk -O0 -Xlinker -no_warn_duplicate_libraries -F/Users/admin/builder/spi-builder-workspace/.derivedData/Build/Intermediates.noindex/EagerLinkingTBDs/Debug-appletvos -F/Users/admin/builder/spi-builder-workspace/.derivedData/Build/Products/Debug-appletvos -iframework /Applications/Xcode-27.0.0-Release.Candidate.app/Contents/Developer/Platforms/AppleTVOS.platform/Developer/Library/Frameworks -iframework /Applications/Xcode-27.0.0-Release.Candidate.app/Contents/Developer/Platforms/AppleTVOS.platform/Developer/SDKs/AppleTVOS27.0.sdk/Developer/Library/Frameworks -filelist /Users/admin/builder/spi-builder-workspace/.derivedData/Build/Intermediates.noindex/KuwaharaFilter.build/Debug-appletvos/KuwaharaFilter-t.build/Objects-normal/arm64/KuwaharaFilter.LinkFileList -nostdlib -Xlinker -object_path_lto -Xlinker /Users/admin/builder/spi-builder-workspace/.derivedData/Build/Intermediates.noindex/KuwaharaFilter.build/Debug-appletvos/KuwaharaFilter-t.build/Objects-normal/arm64/KuwaharaFilter_lto.o -Xlinker -no_deduplicate -Xlinker -debug_variant -Xlinker -dependency_info -Xlinker /Users/admin/builder/spi-builder-workspace/.derivedData/Build/Intermediates.noindex/KuwaharaFilter.build/Debug-appletvos/KuwaharaFilter-t.build/Objects-normal/arm64/KuwaharaFilter_dependency_info.dat -fobjc-link-runtime -L/Applications/Xcode-27.0.0-Release.Candidate.app/Contents/Developer/Toolchains/XcodeDefault.xctoolchain/usr/lib/swift/appletvos -L/usr/lib/swift -Xlinker -add_ast_path -Xlinker /Users/admin/builder/spi-builder-workspace/.derivedData/Build/Intermediates.noindex/KuwaharaFilter.build/Debug-appletvos/KuwaharaFilter-t.build/Objects-normal/arm64/KuwaharaFilter.swiftmodule -o /Users/admin/builder/spi-builder-workspace/.derivedData/Build/Products/Debug-appletvos/KuwaharaFilter.o
ExtractAppIntentsMetadata (in target 'KuwaharaFilter' from project 'KuwaharaFilter')
    cd /Users/admin/builder/spi-builder-workspace
    /Applications/Xcode-27.0.0-Release.Candidate.app/Contents/Developer/Toolchains/XcodeDefault.xctoolchain/usr/bin/appintentsmetadataprocessor --toolchain-dir /var/run/com.apple.security.cryptexd/mnt/com.apple.MobileAsset.MetalToolchain-v27.1.266.1.OTRH1o/Metal.xctoolchain --module-name KuwaharaFilter --sdk-root /Applications/Xcode-27.0.0-Release.Candidate.app/Contents/Developer/Platforms/AppleTVOS.platform/Developer/SDKs/AppleTVOS27.0.sdk --xcode-version 27A266a --platform-family tvOS --deployment-target 15.0 --bundle-identifier spi-builder-workspace.KuwaharaFilter --output /Users/admin/builder/spi-builder-workspace/.derivedData/Build/Products/Debug-appletvos/KuwaharaFilter.appintents --target-triple arm64-apple-tvos15.0 --binary-file /Users/admin/builder/spi-builder-workspace/.derivedData/Build/Products/Debug-appletvos/KuwaharaFilter.o --dependency-file /Users/admin/builder/spi-builder-workspace/.derivedData/Build/Intermediates.noindex/KuwaharaFilter.build/Debug-appletvos/KuwaharaFilter-t.build/Objects-normal/arm64/KuwaharaFilter_dependency_info.dat --stringsdata-file /Users/admin/builder/spi-builder-workspace/.derivedData/Build/Intermediates.noindex/KuwaharaFilter.build/Debug-appletvos/KuwaharaFilter-t.build/Objects-normal/arm64/ExtractedAppShortcutsMetadata.stringsdata --source-file-list /Users/admin/builder/spi-builder-workspace/.derivedData/Build/Intermediates.noindex/KuwaharaFilter.build/Debug-appletvos/KuwaharaFilter-t.build/Objects-normal/arm64/KuwaharaFilter.SwiftFileList --metadata-file-list /Users/admin/builder/spi-builder-workspace/.derivedData/Build/Intermediates.noindex/KuwaharaFilter.build/Debug-appletvos/KuwaharaFilter-t.build/KuwaharaFilter.DependencyMetadataFileList --static-metadata-file-list /Users/admin/builder/spi-builder-workspace/.derivedData/Build/Intermediates.noindex/KuwaharaFilter.build/Debug-appletvos/KuwaharaFilter-t.build/KuwaharaFilter.DependencyStaticMetadataFileList --swift-const-vals-list /Users/admin/builder/spi-builder-workspace/.derivedData/Build/Intermediates.noindex/KuwaharaFilter.build/Debug-appletvos/KuwaharaFilter-t.build/Objects-normal/arm64/KuwaharaFilter.SwiftConstValuesFileList --force --compile-time-extraction --deployment-aware-processing --no-app-shortcuts-localization
2026-09-20 09:01:03.722 appintentsmetadataprocessor[695:4248] Starting appintentsmetadataprocessor export
2026-09-20 09:01:03.813 appintentsmetadataprocessor[695:4248] Extracted no relevant App Intents symbols, skipping writing output
CpResource /Users/admin/builder/spi-builder-workspace/.derivedData/Build/Products/Debug-appletvos/KuwaharaFilterTests.xctest/KuwaharaFilter_KuwaharaFilterTests.bundle /Users/admin/builder/spi-builder-workspace/.derivedData/Build/Products/Debug-appletvos/KuwaharaFilter_KuwaharaFilterTests.bundle (in target 'KuwaharaFilterTests-product' from project 'KuwaharaFilter')
    cd /Users/admin/builder/spi-builder-workspace
    builtin-copy -exclude .DS_Store -exclude CVS -exclude .svn -exclude .git -exclude .hg -resolve-src-symlinks /Users/admin/builder/spi-builder-workspace/.derivedData/Build/Products/Debug-appletvos/KuwaharaFilter_KuwaharaFilterTests.bundle /Users/admin/builder/spi-builder-workspace/.derivedData/Build/Products/Debug-appletvos/KuwaharaFilterTests.xctest
Copy /Users/admin/builder/spi-builder-workspace/.derivedData/Build/Products/Debug-appletvos/KuwaharaFilterTests.xctest/KuwaharaFilter_KuwaharaFilter.bundle /Users/admin/builder/spi-builder-workspace/.derivedData/Build/Products/Debug-appletvos/KuwaharaFilter_KuwaharaFilter.bundle (in target 'KuwaharaFilterTests-product' from project 'KuwaharaFilter')
    cd /Users/admin/builder/spi-builder-workspace
    builtin-copy -exclude .DS_Store -exclude CVS -exclude .svn -exclude .git -exclude .hg -resolve-src-symlinks /Users/admin/builder/spi-builder-workspace/.derivedData/Build/Products/Debug-appletvos/KuwaharaFilter_KuwaharaFilter.bundle /Users/admin/builder/spi-builder-workspace/.derivedData/Build/Products/Debug-appletvos/KuwaharaFilterTests.xctest
ProcessInfoPlistFile /Users/admin/builder/spi-builder-workspace/.derivedData/Build/Products/Debug-appletvos/KuwaharaFilterTests.xctest/Info.plist /Users/admin/builder/spi-builder-workspace/.derivedData/Build/Intermediates.noindex/KuwaharaFilter.build/Debug-appletvos/KuwaharaFilterTests-p.build/empty-KuwaharaFilterTests.plist (in target 'KuwaharaFilterTests-product' from project 'KuwaharaFilter')
    cd /Users/admin/builder/spi-builder-workspace
    builtin-infoPlistUtility /Users/admin/builder/spi-builder-workspace/.derivedData/Build/Intermediates.noindex/KuwaharaFilter.build/Debug-appletvos/KuwaharaFilterTests-p.build/empty-KuwaharaFilterTests.plist -producttype com.apple.product-type.bundle.unit-test -expandbuildsettings -format binary -platform appletvos -scanforprivacyfile /Users/admin/builder/spi-builder-workspace/.derivedData/Build/Products/Debug-appletvos/KuwaharaFilterTests.xctest/KuwaharaFilter_KuwaharaFilter.bundle -o /Users/admin/builder/spi-builder-workspace/.derivedData/Build/Products/Debug-appletvos/KuwaharaFilterTests.xctest/Info.plist
SwiftExplicitDependencyGeneratePcm arm64 /Users/admin/builder/spi-builder-workspace/.derivedData/SDKExplicitPrecompiledModules/_Builtin_stddef-9ZJZ6FDEZNKTZU8YLPMFT9RAQ.pcm
SwiftExplicitDependencyGeneratePcm arm64 /Users/admin/builder/spi-builder-workspace/.derivedData/SDKExplicitPrecompiledModules/_AvailabilityInternal-BV2EDDP0MI5QJDDPEEV4D9D3V.pcm
SwiftExplicitDependencyGeneratePcm arm64 /Users/admin/builder/spi-builder-workspace/.derivedData/SDKExplicitPrecompiledModules/_SwiftConcurrencyShims-BY5PD8KF1L5KF6F4Q69HE3TJ4.pcm
SwiftExplicitDependencyGeneratePcm arm64 /Users/admin/builder/spi-builder-workspace/.derivedData/SDKExplicitPrecompiledModules/SwiftShims-8N4EXJ4RUJTR8K9OO3CMOH1EP.pcm
SwiftExplicitDependencyGeneratePcm arm64 /Users/admin/builder/spi-builder-workspace/.derivedData/SDKExplicitPrecompiledModules/_Builtin_stdbool-AHRDH5EKLY6D04C5E42F3VCQI.pcm
SwiftExplicitDependencyGeneratePcm arm64 /Users/admin/builder/spi-builder-workspace/.derivedData/SDKExplicitPrecompiledModules/_Builtin_float-8ZJAYZ85YBOAOP52Y9H6IUNP3.pcm
SwiftExplicitDependencyGeneratePcm arm64 /Users/admin/builder/spi-builder-workspace/.derivedData/SDKExplicitPrecompiledModules/ptrcheck-2AZ6B5IBYD3RRRTFWN2ONASY3.pcm
SwiftExplicitDependencyGeneratePcm arm64 /Users/admin/builder/spi-builder-workspace/.derivedData/SDKExplicitPrecompiledModules/ptrauth-8X2KEPL7CTRPS40TUB9APHPK6.pcm
SwiftExplicitDependencyGeneratePcm arm64 /Users/admin/builder/spi-builder-workspace/.derivedData/SDKExplicitPrecompiledModules/_Builtin_stdarg-BO2OCAUYVAXDRVQWQ8ISKGNUQ.pcm
SwiftExplicitDependencyGeneratePcm arm64 /Users/admin/builder/spi-builder-workspace/.derivedData/SDKExplicitPrecompiledModules/DeveloperToolsSupport-B1X8RI63V48AJRTH2RK6JAARV.pcm
SwiftExplicitDependencyGeneratePcm arm64 /Users/admin/builder/spi-builder-workspace/.derivedData/SDKExplicitPrecompiledModules/_DarwinFoundation1-JOTYMOA1YZCIJ2NON6FQ848O.pcm
SwiftExplicitDependencyGeneratePcm arm64 /Users/admin/builder/spi-builder-workspace/.derivedData/SDKExplicitPrecompiledModules/_Builtin_limits-7JU2HP127LIT1X9E2V3D8WZ1.pcm
SwiftExplicitDependencyGeneratePcm arm64 /Users/admin/builder/spi-builder-workspace/.derivedData/SDKExplicitPrecompiledModules/_DarwinFoundation2-AOGAN1O02NKXRJN5V73AV3V3M.pcm
SwiftExplicitDependencyGeneratePcm arm64 /Users/admin/builder/spi-builder-workspace/.derivedData/SDKExplicitPrecompiledModules/_Builtin_stdint-6NFTB6IBKS143IVPGT1EKB7HO.pcm
SwiftExplicitDependencyGeneratePcm arm64 /Users/admin/builder/spi-builder-workspace/.derivedData/SDKExplicitPrecompiledModules/_Builtin_tgmath-7ULT1EUHDHW4OZPSTT33H6QGE.pcm
SwiftExplicitDependencyGeneratePcm arm64 /Users/admin/builder/spi-builder-workspace/.derivedData/SDKExplicitPrecompiledModules/sys_types-8GCAV1YMG5UUGHUID3CA20TCH.pcm
SwiftExplicitDependencyGeneratePcm arm64 /Users/admin/builder/spi-builder-workspace/.derivedData/SDKExplicitPrecompiledModules/string_h-6EVHP7A717OUS5DMC78F79HWO.pcm
SwiftExplicitDependencyGeneratePcm arm64 /Users/admin/builder/spi-builder-workspace/.derivedData/SDKExplicitPrecompiledModules/_Builtin_stdatomic-3YXHN678NGYM3NL9POJ2HVEIF.pcm
SwiftExplicitDependencyGeneratePcm arm64 /Users/admin/builder/spi-builder-workspace/.derivedData/SDKExplicitPrecompiledModules/_DarwinFoundation3-8SR3855WDFHQPR6G9GHOI2C07.pcm
SwiftExplicitDependencyGeneratePcm arm64 /Users/admin/builder/spi-builder-workspace/.derivedData/SDKExplicitPrecompiledModules/_Builtin_intrinsics-437O2R2NID4WAQVENR63GR82C.pcm
SwiftExplicitDependencyGeneratePcm arm64 /Users/admin/builder/spi-builder-workspace/.derivedData/SDKExplicitPrecompiledModules/_Builtin_inttypes-6X1IQ3QK9KEVKXOK9Y79EW7J3.pcm
SwiftExplicitDependencyGeneratePcm arm64 /Users/admin/builder/spi-builder-workspace/.derivedData/SDKExplicitPrecompiledModules/Darwin-DBSQAVBBPC3D2OMU5ZI2RXMST.pcm
SwiftExplicitDependencyGeneratePcm arm64 /Users/admin/builder/spi-builder-workspace/.derivedData/SDKExplicitPrecompiledModules/simd-117QUXEUT3Z7UQCUYWV2UA228.pcm
SwiftExplicitDependencyGeneratePcm arm64 /Users/admin/builder/spi-builder-workspace/.derivedData/SDKExplicitPrecompiledModules/MachO-EH3F5PJCIZG05NO51CEFSZYPW.pcm
SwiftExplicitDependencyGeneratePcm arm64 /Users/admin/builder/spi-builder-workspace/.derivedData/SDKExplicitPrecompiledModules/ObjectiveC-5250FDCE56N8508OR6XUYDKZM.pcm
SwiftExplicitDependencyGeneratePcm arm64 /Users/admin/builder/spi-builder-workspace/.derivedData/SDKExplicitPrecompiledModules/os_object-E2DGZ0SX0TULQHULZRPO6OKNW.pcm
SwiftExplicitDependencyGeneratePcm arm64 /Users/admin/builder/spi-builder-workspace/.derivedData/SDKExplicitPrecompiledModules/os_workgroup-DBUFF7811DKMX7VPBOJPGGF1U.pcm
SwiftExplicitDependencyGeneratePcm arm64 /Users/admin/builder/spi-builder-workspace/.derivedData/SDKExplicitPrecompiledModules/Dispatch-1QL58A0V50C39KVAIC6C38SHL.pcm
SwiftExplicitDependencyGeneratePcm arm64 /Users/admin/builder/spi-builder-workspace/.derivedData/SDKExplicitPrecompiledModules/Spatial-7U8NLEFXSB8BR7PJQGVMF5A4Q.pcm
SwiftExplicitDependencyGeneratePcm arm64 /Users/admin/builder/spi-builder-workspace/.derivedData/SDKExplicitPrecompiledModules/CoreFoundation-7TPJ7ENDC4L1A1ESHYI9TXS0D.pcm
SwiftExplicitDependencyGeneratePcm arm64 /Users/admin/builder/spi-builder-workspace/.derivedData/SDKExplicitPrecompiledModules/XPC-6O2DJFT3QUJ7QKTD3SNUB6PCR.pcm
SwiftExplicitDependencyGeneratePcm arm64 /Users/admin/builder/spi-builder-workspace/.derivedData/SDKExplicitPrecompiledModules/os-3GJI8H0BNAEZPQPQ1V0VVY3FY.pcm
SwiftExplicitDependencyGeneratePcm arm64 /Users/admin/builder/spi-builder-workspace/.derivedData/SDKExplicitPrecompiledModules/CoreGraphics-CWSP3J98S2658BYCVL6RP99T3.pcm
SwiftExplicitDependencyGeneratePcm arm64 /Users/admin/builder/spi-builder-workspace/.derivedData/SDKExplicitPrecompiledModules/CFNetwork-2CUR2VK9S3S3WPFXPNXNUWYGN.pcm
SwiftExplicitDependencyGeneratePcm arm64 /Users/admin/builder/spi-builder-workspace/.derivedData/SDKExplicitPrecompiledModules/Security-8VMXEKVDA3MHUH9AOTP905DID.pcm
SwiftExplicitDependencyGeneratePcm arm64 /Users/admin/builder/spi-builder-workspace/.derivedData/SDKExplicitPrecompiledModules/Foundation-BSSIP64DIGUKMAYJOG1WPQ78X.pcm
SwiftExplicitDependencyGeneratePcm arm64 /Users/admin/builder/spi-builder-workspace/.derivedData/SDKExplicitPrecompiledModules/CoreText-59NY7PABM0I4V978161FOC04A.pcm
SwiftExplicitDependencyGeneratePcm arm64 /Users/admin/builder/spi-builder-workspace/.derivedData/SDKExplicitPrecompiledModules/ImageIO-88D4CLEBD4CLWQKT78PZ6H1O8.pcm
SwiftExplicitDependencyGeneratePcm arm64 /Users/admin/builder/spi-builder-workspace/.derivedData/SDKExplicitPrecompiledModules/UIUtilities-6ZFJ1AK4H8IBGEBMYQBWGBYLK.pcm
SwiftExplicitDependencyGeneratePcm arm64 /Users/admin/builder/spi-builder-workspace/.derivedData/SDKExplicitPrecompiledModules/OSLog-7OT6HHTMY0ZFEQJ095LJZ6NLC.pcm
SwiftExplicitDependencyGeneratePcm arm64 /Users/admin/builder/spi-builder-workspace/.derivedData/SDKExplicitPrecompiledModules/UniformTypeIdentifiers-95CC8U42ZA9STP5K6GP9ZVJS5.pcm
SwiftExplicitDependencyGeneratePcm arm64 /Users/admin/builder/spi-builder-workspace/.derivedData/SDKExplicitPrecompiledModules/DataDetection-37JIYZ2GWDA1L166PP1D9JKAF.pcm
SwiftExplicitDependencyGeneratePcm arm64 /Users/admin/builder/spi-builder-workspace/.derivedData/SDKExplicitPrecompiledModules/IOSurface-38FJ1CKX9FV2RD97O64Z7QB17.pcm
SwiftExplicitDependencyGeneratePcm arm64 /Users/admin/builder/spi-builder-workspace/.derivedData/SDKExplicitPrecompiledModules/Symbols-B5AU9VM9Y7NU79RLMH13Z4IFM.pcm
SwiftExplicitDependencyGeneratePcm arm64 /Users/admin/builder/spi-builder-workspace/.derivedData/SDKExplicitPrecompiledModules/UserNotifications-E9ZW5TH066WIJWH9080RC5NG4.pcm
SwiftExplicitDependencyGeneratePcm arm64 /Users/admin/builder/spi-builder-workspace/.derivedData/SDKExplicitPrecompiledModules/Accessibility-B6BODGZ4MQQTY0PBC4SHRP009.pcm
SwiftExplicitDependencyGeneratePcm arm64 /Users/admin/builder/spi-builder-workspace/.derivedData/SDKExplicitPrecompiledModules/_LocationEssentials-ETSJ65FELPWR8WH8G49R1DF2E.pcm
SwiftExplicitDependencyGeneratePcm arm64 /Users/admin/builder/spi-builder-workspace/.derivedData/SDKExplicitPrecompiledModules/CoreTransferable-7V4O8DATEQ9F7SDNTCW8YWLG3.pcm
SwiftExplicitDependencyGeneratePcm arm64 /Users/admin/builder/spi-builder-workspace/.derivedData/SDKExplicitPrecompiledModules/CoreLocation-YVXXAOMVX0JH2KO1XTTKTY51.pcm
SwiftExplicitDependencyGeneratePcm arm64 /Users/admin/builder/spi-builder-workspace/.derivedData/SDKExplicitPrecompiledModules/Metal-2KYBS7IML1SD788M91YV7Q0CC.pcm
SwiftExplicitDependencyGeneratePcm arm64 /Users/admin/builder/spi-builder-workspace/.derivedData/SDKExplicitPrecompiledModules/OpenGLES-4NY99CNDU9WUNUYEIXSS1QFGE.pcm
SwiftExplicitDependencyGeneratePcm arm64 /Users/admin/builder/spi-builder-workspace/.derivedData/SDKExplicitPrecompiledModules/CoreVideo-DPU0PB5X0XLSVA2ETRGI6FJBM.pcm
SwiftExplicitDependencyGeneratePcm arm64 /Users/admin/builder/spi-builder-workspace/.derivedData/SDKExplicitPrecompiledModules/QuartzCore-DJSYAWKXFGVSAK5CQMOB3JSR.pcm
SwiftExplicitDependencyGeneratePcm arm64 /Users/admin/builder/spi-builder-workspace/.derivedData/SDKExplicitPrecompiledModules/CoreImage-7S2AFJ8EIY3DUFYLEAX1JR1QV.pcm
SwiftExplicitDependencyGeneratePcm arm64 /Users/admin/builder/spi-builder-workspace/.derivedData/SDKExplicitPrecompiledModules/SwiftUICore-543QU5V2NHKUFCYFJDKUJ7NYG.pcm
SwiftExplicitDependencyGeneratePcm arm64 /Users/admin/builder/spi-builder-workspace/.derivedData/SDKExplicitPrecompiledModules/UIKit-1TKWN7VC2X6N3ITMRVA2G0EB2.pcm
SwiftExplicitDependencyGeneratePcm arm64 /Users/admin/builder/spi-builder-workspace/.derivedData/Build/Intermediates.noindex/SwiftExplicitPrecompiledModules/XCUIAutomation-FJBJYHY5O0CJFAW58X6D04WA.pcm
SwiftExplicitDependencyCompileModuleFromInterface arm64 /Users/admin/builder/spi-builder-workspace/.derivedData/Build/Intermediates.noindex/SwiftExplicitPrecompiledModules/XCUIAutomation-11FHAB26TZA0P.swiftmodule
SwiftExplicitDependencyGeneratePcm arm64 /Users/admin/builder/spi-builder-workspace/.derivedData/Build/Intermediates.noindex/SwiftExplicitPrecompiledModules/XCTest-7MV3G0KAJR9WCI4ZIQ137RH2R.pcm
SwiftExplicitDependencyCompileModuleFromInterface arm64 /Users/admin/builder/spi-builder-workspace/.derivedData/Build/Intermediates.noindex/SwiftExplicitPrecompiledModules/XCTest-2NSBG261FIVW9.swiftmodule
SwiftEmitModule normal arm64 Emitting\ module\ for\ KuwaharaFilterTests (in target 'KuwaharaFilterTests-product' from project 'KuwaharaFilter')
SwiftCompile normal arm64 (in target 'KuwaharaFilterTests-product' from project 'KuwaharaFilter')
    cd /Users/admin/builder/spi-builder-workspace/.swiftpm/xcode

/Users/admin/builder/spi-builder-workspace/Tests/KuwaharaFilterTests/KuwaharaFilterTests.swift:5:26: error: cannot convert value of type '()' to closure result type 'CIImage'
 3 |
 4 | final class KuwaharaFilterTests: XCTestCase {
 5 |     var image: CIImage = {
   |                          `- error: cannot convert value of type '()' to closure result type 'CIImage'
 6 |         #if os(iOS)
 7 |         let image: UIImage = UIImage(named: "testImage", in: Bundle.module, with: nil)!
Failed frontend command:
/Applications/Xcode-27.0.0-Release.Candidate.app/Contents/Developer/Toolchains/XcodeDefault.xctoolchain/usr/bin/swift-frontend -frontend -emit-module -experimental-skip-non-inlinable-function-bodies-without-types /Users/admin/builder/spi-builder-workspace/.derivedData/Build/Intermediates.noindex/KuwaharaFilter.build/Debug-appletvos/KuwaharaFilterTests-p.build/DerivedSources/resource_bundle_accessor.swift /Users/admin/builder/spi-builder-workspace/Tests/KuwaharaFilterTests/KuwaharaFilterTests.swift /Users/admin/builder/spi-builder-workspace/.derivedData/Build/Intermediates.noindex/KuwaharaFilter.build/Debug-appletvos/KuwaharaFilterTests-p.build/DerivedSources/GeneratedAssetSymbols.swift -target arm64-apple-tvos17.0 -module-can-import-version DeveloperToolsSupport 24.0.24 24.0.24 -disable-cross-import-overlay-search -load-resolved-plugin /Applications/Xcode-27.0.0-Release.Candidate.app/Contents/Developer/Platforms/AppleTVOS.platform/Developer/usr/lib/swift/host/plugins/libFoundationMacros.dylib\#/Applications/Xcode-27.0.0-Release.Candidate.app/Contents/Developer/Platforms/AppleTVOS.platform/Developer/usr/bin/swift-plugin-server\#FoundationMacros -load-resolved-plugin /Applications/Xcode-27.0.0-Release.Candidate.app/Contents/Developer/Platforms/AppleTVOS.platform/Developer/usr/lib/swift/host/plugins/libObservationMacros.dylib\#/Applications/Xcode-27.0.0-Release.Candidate.app/Contents/Developer/Platforms/AppleTVOS.platform/Developer/usr/bin/swift-plugin-server\#ObservationMacros -load-resolved-plugin /Applications/Xcode-27.0.0-Release.Candidate.app/Contents/Developer/Platforms/AppleTVOS.platform/Developer/usr/lib/swift/host/plugins/libPreviewsMacros.dylib\#/Applications/Xcode-27.0.0-Release.Candidate.app/Contents/Developer/Platforms/AppleTVOS.platform/Developer/usr/bin/swift-plugin-server\#PreviewsMacros -load-resolved-plugin /Applications/Xcode-27.0.0-Release.Candidate.app/Contents/Developer/Platforms/AppleTVOS.platform/Developer/usr/lib/swift/host/plugins/libSwiftMacros.dylib\#/Applications/Xcode-27.0.0-Release.Candidate.app/Contents/Developer/Platforms/AppleTVOS.platform/Developer/usr/bin/swift-plugin-server\#SwiftMacros -load-resolved-plugin /Applications/Xcode-27.0.0-Release.Candidate.app/Contents/Developer/Platforms/AppleTVOS.platform/Developer/usr/lib/swift/host/plugins/libSwiftUIMacros.dylib\#/Applications/Xcode-27.0.0-Release.Candidate.app/Contents/Developer/Platforms/AppleTVOS.platform/Developer/usr/bin/swift-plugin-server\#SwiftUIMacros -disable-implicit-swift-modules -Xcc -fno-implicit-modules -Xcc -fno-implicit-module-maps -explicit-swift-module-map-file /Users/admin/builder/spi-builder-workspace/.derivedData/Build/Intermediates.noindex/KuwaharaFilter.build/Debug-appletvos/KuwaharaFilterTests-p.build/Objects-normal/arm64/KuwaharaFilterTests-dependencies-1.json -Xllvm -aarch64-use-tbi -enable-objc-interop -stack-check -sdk /Applications/Xcode-27.0.0-Release.Candidate.app/Contents/Developer/Platforms/AppleTVOS.platform/Developer/SDKs/AppleTVOS27.0.sdk -I /Users/admin/builder/spi-builder-workspace/.derivedData/Build/Products/Debug-appletvos -Isystem /Applications/Xcode-27.0.0-Release.Candidate.app/Contents/Developer/Platforms/AppleTVOS.platform/Developer/usr/lib -F /Users/admin/builder/spi-builder-workspace/.derivedData/Build/Products/Debug-appletvos/PackageFrameworks -F /Users/admin/builder/spi-builder-workspace/.derivedData/Build/Products/Debug-appletvos -F /Applications/Xcode-27.0.0-Release.Candidate.app/Contents/Developer/Platforms/AppleTVOS.platform/Developer/Library/Frameworks -F /Applications/Xcode-27.0.0-Release.Candidate.app/Contents/Developer/Platforms/AppleTVOS.platform/Developer/SDKs/AppleTVOS27.0.sdk/Developer/Library/Frameworks -module-cache-path /Users/admin/builder/spi-builder-workspace/.derivedData/Build/Intermediates.noindex/SwiftExplicitPrecompiledModules -no-color-diagnostics -Xcc -fno-color-diagnostics -enable-testing -g -debug-info-format\=dwarf -dwarf-version\=4 -profile-generate -profile-coverage-mapping -swift-version 5 -Onone -D SWIFT_PACKAGE -D DEBUG -D SWIFT_MODULE_RESOURCE_BUNDLE_AVAILABLE -D CI_SILENCE_GL_DEPRECATION -D Xcode -serialize-debugging-options -enable-experimental-feature DebugDescriptionMacro -empty-abi-descriptor -validate-clang-modules-once -clang-build-session-file /Users/admin/builder/spi-builder-workspace/.derivedData/ModuleCache.noindex/Session.modulevalidation -Xcc -working-directory -Xcc /Users/admin/builder/spi-builder-workspace/.swiftpm/xcode -enable-anonymous-context-mangled-names -file-compilation-dir /Users/admin/builder/spi-builder-workspace/.swiftpm/xcode -Xcc -D_LIBCPP_HARDENING_MODE\=_LIBCPP_HARDENING_MODE_DEBUG -Xcc -ivfsstatcache -Xcc /Users/admin/builder/spi-builder-workspace/.derivedData/SDKStatCaches.noindex/appletvos27.0-24J360-e829b21a6f8c9b70876ba0858053c044b32bfd8d43560033f8d89884cdb90028.sdkstatcache -Xcc -fmodules-prune-interval\=86400 -Xcc -fmodules-prune-after\=345600 -Xcc -I/Users/admin/builder/spi-builder-workspace/.derivedData/Build/Products/Debug-appletvos/include -Xcc -I/Users/admin/builder/spi-builder-workspace/.derivedData/Build/Intermediates.noindex/KuwaharaFilter.build/Debug-appletvos/KuwaharaFilterTests-p.build/DerivedSources-normal/arm64 -Xcc -I/Users/admin/builder/spi-builder-workspace/.derivedData/Build/Intermediates.noindex/KuwaharaFilter.build/Debug-appletvos/KuwaharaFilterTests-p.build/DerivedSources/arm64 -Xcc -I/Users/admin/builder/spi-builder-workspace/.derivedData/Build/Intermediates.noindex/KuwaharaFilter.build/Debug-appletvos/KuwaharaFilterTests-p.build/DerivedSources -Xcc -DSWIFT_PACKAGE -Xcc -DDEBUG\=1 -no-auto-bridging-header-chaining -module-name KuwaharaFilterTests -package-name spi_builder_workspace -const-gather-protocols-file /Users/admin/builder/spi-builder-workspace/.derivedData/Build/Intermediates.noindex/KuwaharaFilter.build/Debug-appletvos/KuwaharaFilterTests-p.build/Objects-normal/arm64/KuwaharaFilterTests_const_extract_protocols.json -disable-clang-spi -clang-target arm64-apple-tvos27.0 -target-sdk-version 27.0 -target-sdk-name appletvos27.0 -in-process-plugin-server-path /Applications/Xcode-27.0.0-Release.Candidate.app/Contents/Developer/Toolchains/XcodeDefault.xctoolchain/usr/lib/swift/host/libSwiftInProcPluginServer.dylib -emit-module-doc-path /Users/admin/builder/spi-builder-workspace/.derivedData/Build/Intermediates.noindex/KuwaharaFilter.build/Debug-appletvos/KuwaharaFilterTests-p.build/Objects-normal/arm64/KuwaharaFilterTests.swiftdoc -emit-module-source-info-path /Users/admin/builder/spi-builder-workspace/.derivedData/Build/Intermediates.noindex/KuwaharaFilter.build/Debug-appletvos/KuwaharaFilterTests-p.build/Objects-normal/arm64/KuwaharaFilterTests.swiftsourceinfo -serialize-diagnostics-path /Users/admin/builder/spi-builder-workspace/.derivedData/Build/Intermediates.noindex/KuwaharaFilter.build/Debug-appletvos/KuwaharaFilterTests-p.build/Objects-normal/arm64/KuwaharaFilterTests-primary-emit-module.dia -emit-dependencies-path /Users/admin/builder/spi-builder-workspace/.derivedData/Build/Intermediates.noindex/KuwaharaFilter.build/Debug-appletvos/KuwaharaFilterTests-p.build/Objects-normal/arm64/KuwaharaFilterTests-primary-emit-module.d -parse-as-library -o /Users/admin/builder/spi-builder-workspace/.derivedData/Build/Intermediates.noindex/KuwaharaFilter.build/Debug-appletvos/KuwaharaFilterTests-p.build/Objects-normal/arm64/KuwaharaFilterTests.swiftmodule -emit-abi-descriptor-path /Users/admin/builder/spi-builder-workspace/.derivedData/Build/Intermediates.noindex/KuwaharaFilter.build/Debug-appletvos/KuwaharaFilterTests-p.build/Objects-normal/arm64/KuwaharaFilterTests.abi.json
SwiftCompile normal arm64 Compiling\ GeneratedAssetSymbols.swift /Users/admin/builder/spi-builder-workspace/.derivedData/Build/Intermediates.noindex/KuwaharaFilter.build/Debug-appletvos/KuwaharaFilterTests-p.build/DerivedSources/GeneratedAssetSymbols.swift (in target 'KuwaharaFilterTests-product' from project 'KuwaharaFilter')
SwiftCompile normal arm64 /Users/admin/builder/spi-builder-workspace/.derivedData/Build/Intermediates.noindex/KuwaharaFilter.build/Debug-appletvos/KuwaharaFilterTests-p.build/DerivedSources/GeneratedAssetSymbols.swift (in target 'KuwaharaFilterTests-product' from project 'KuwaharaFilter')
    cd /Users/admin/builder/spi-builder-workspace/.swiftpm/xcode
    builtin-SwiftPerFileCompile GeneratedAssetSymbols.swift
SwiftCompile normal arm64 Compiling\ resource_bundle_accessor.swift /Users/admin/builder/spi-builder-workspace/.derivedData/Build/Intermediates.noindex/KuwaharaFilter.build/Debug-appletvos/KuwaharaFilterTests-p.build/DerivedSources/resource_bundle_accessor.swift (in target 'KuwaharaFilterTests-product' from project 'KuwaharaFilter')
SwiftCompile normal arm64 /Users/admin/builder/spi-builder-workspace/.derivedData/Build/Intermediates.noindex/KuwaharaFilter.build/Debug-appletvos/KuwaharaFilterTests-p.build/DerivedSources/resource_bundle_accessor.swift (in target 'KuwaharaFilterTests-product' from project 'KuwaharaFilter')
    cd /Users/admin/builder/spi-builder-workspace/.swiftpm/xcode
    builtin-SwiftPerFileCompile resource_bundle_accessor.swift
SwiftCompile normal arm64 Compiling\ KuwaharaFilterTests.swift /Users/admin/builder/spi-builder-workspace/Tests/KuwaharaFilterTests/KuwaharaFilterTests.swift (in target 'KuwaharaFilterTests-product' from project 'KuwaharaFilter')
SwiftCompile normal arm64 /Users/admin/builder/spi-builder-workspace/Tests/KuwaharaFilterTests/KuwaharaFilterTests.swift (in target 'KuwaharaFilterTests-product' from project 'KuwaharaFilter')
    cd /Users/admin/builder/spi-builder-workspace/.swiftpm/xcode
    builtin-SwiftPerFileCompile KuwaharaFilterTests.swift
PruneExplicitPrecompiledModules /Users/admin/builder/spi-builder-workspace/.derivedData/Build/Intermediates.noindex/SwiftExplicitPrecompiledModules
PruneExplicitPrecompiledModules /Users/admin/builder/spi-builder-workspace/.derivedData/SDKExplicitPrecompiledModules
PruneExplicitPrecompiledModules /Users/admin/builder/spi-builder-workspace/.derivedData/Build/Intermediates.noindex/ExplicitPrecompiledModules
2026-09-20 09:00:55.904 xcodebuild[623:3868] [MT] IDERunDestination: Supported platforms for the buildables in the current scheme is empty.
2026-09-20 09:00:56.009 xcodebuild[623:3868] [MT] IDERunDestination: Supported platforms for the buildables in the current scheme is empty.
** BUILD FAILED **
The following build commands failed:
	SwiftCompile normal arm64 (in target 'KuwaharaFilterTests-product' from project 'KuwaharaFilter')
	SwiftEmitModule normal arm64 Emitting\ module\ for\ KuwaharaFilterTests (in target 'KuwaharaFilterTests-product' from project 'KuwaharaFilter')
	Building workspace KuwaharaFilter with scheme KuwaharaFilter
(3 failures)
Command line invocation:
    /Applications/Xcode-27.0.0-Release.Candidate.app/Contents/Developer/usr/bin/xcodebuild -IDEClonedSourcePackagesDirPathOverride=/Users/admin/builder/spi-builder-workspace/.dependencies -resolvePackageDependencies
Resolve Package Graph
Resolved source packages:
  KuwaharaFilter: /Users/admin/builder/spi-builder-workspace
resolved source packages: KuwaharaFilter
2026-09-20 09:01:08.001 xcodebuild[789:4657] [MT] IDERunDestination: Supported platforms for the buildables in the current scheme is empty.
2026-09-20 09:01:08.144 xcodebuild[789:4657] [MT] IDERunDestination: Supported platforms for the buildables in the current scheme is empty.
{
  "dependencies" : [
  ],
  "manifest_display_name" : "KuwaharaFilter",
  "name" : "KuwaharaFilter",
  "path" : "/Users/admin/builder/spi-builder-workspace",
  "platforms" : [
    {
      "name" : "ios",
      "version" : "13.0"
    },
    {
      "name" : "macos",
      "version" : "12.0"
    }
  ],
  "products" : [
    {
      "name" : "KuwaharaFilter",
      "targets" : [
        "KuwaharaFilter"
      ],
      "type" : {
        "library" : [
          "automatic"
        ]
      }
    }
  ],
  "targets" : [
    {
      "c99name" : "KuwaharaFilterTests",
      "module_type" : "SwiftTarget",
      "name" : "KuwaharaFilterTests",
      "path" : "Tests/KuwaharaFilterTests",
      "sources" : [
        "KuwaharaFilterTests.swift"
      ],
      "target_dependencies" : [
        "KuwaharaFilter"
      ],
      "type" : "test"
    },
    {
      "c99name" : "KuwaharaFilter",
      "module_type" : "SwiftTarget",
      "name" : "KuwaharaFilter",
      "path" : "Sources/KuwaharaFilter",
      "product_memberships" : [
        "KuwaharaFilter"
      ],
      "resources" : [
        {
          "path" : "/Users/admin/builder/spi-builder-workspace/Sources/KuwaharaFilter/Resources/blackSquare.jpg",
          "rule" : {
            "process" : {
            }
          }
        }
      ],
      "sources" : [
        "CIFilters/FilterRegister.swift",
        "CIFilters/Kuwahara.swift",
        "CIFilters/KuwaharaTypes.swift",
        "CIFilters/Prepass.swift",
        "CIFilters/Strings/AnisotropicKuwahara.swift",
        "CIFilters/Strings/BaseKernel.swift",
        "CIFilters/Strings/BasicKuwahara.swift",
        "CIFilters/Strings/GeneralizedKuwahara.swift",
        "CIFilters/Strings/PolynomialKuwahara.swift",
        "ImageErrors.swift"
      ],
      "type" : "library"
    }
  ],
  "tools_version" : "5.9"
}
{
  "workspace" : {
    "name" : "KuwaharaFilter",
    "schemes" : [
      "KuwaharaFilter"
    ]
  }
}
2026-09-20 09:01:09.262 xcodebuild[797:4723] [MT] IDERunDestination: Supported platforms for the buildables in the current scheme is empty.
2026-09-20 09:01:09.364 xcodebuild[797:4723] [MT] IDERunDestination: Supported platforms for the buildables in the current scheme is empty.
Running build ...
env DEVELOPER_DIR=/Applications/Xcode-27.0.0-Release.Candidate.app xcrun xcodebuild -IDEClonedSourcePackagesDirPathOverride=$PWD/.dependencies -skipMacroValidation -skipPackagePluginValidation -derivedDataPath $PWD/.derivedData build -scheme KuwaharaFilter -destination generic/platform=tvOS
Command line invocation:
    /Applications/Xcode-27.0.0-Release.Candidate.app/Contents/Developer/usr/bin/xcodebuild -IDEClonedSourcePackagesDirPathOverride=/Users/admin/builder/spi-builder-workspace/.dependencies -skipMacroValidation -skipPackagePluginValidation -derivedDataPath /Users/admin/builder/spi-builder-workspace/.derivedData build -scheme KuwaharaFilter -destination generic/platform=tvOS
Resolve Package Graph
Resolved source packages:
  KuwaharaFilter: /Users/admin/builder/spi-builder-workspace
ComputePackagePrebuildTargetDependencyGraph
Prepare packages
CreateBuildRequest
SendProjectDescription
CreateBuildOperation
ComputeTargetDependencyGraph
note: Building targets in dependency order
note: Target dependency graph (5 targets)
    Target 'KuwaharaFilterTests-product' in project 'KuwaharaFilter'
        ➜ Explicit dependency on target 'KuwaharaFilter_KuwaharaFilterTests' in project 'KuwaharaFilter'
        ➜ Explicit dependency on target 'KuwaharaFilter' in project 'KuwaharaFilter'
    Target 'KuwaharaFilter_KuwaharaFilterTests' in project 'KuwaharaFilter' (no dependencies)
    Target 'KuwaharaFilter-product' in project 'KuwaharaFilter'
        ➜ Explicit dependency on target 'KuwaharaFilter' in project 'KuwaharaFilter'
        ➜ Explicit dependency on target 'KuwaharaFilter_KuwaharaFilter' in project 'KuwaharaFilter'
    Target 'KuwaharaFilter' in project 'KuwaharaFilter'
        ➜ Explicit dependency on target 'KuwaharaFilter_KuwaharaFilter' in project 'KuwaharaFilter'
    Target 'KuwaharaFilter_KuwaharaFilter' in project 'KuwaharaFilter' (no dependencies)
GatherProvisioningInputs
CreateBuildDescription
ClangStatCache /Applications/Xcode-27.0.0-Release.Candidate.app/Contents/Developer/Toolchains/XcodeDefault.xctoolchain/usr/bin/clang-stat-cache /Applications/Xcode-27.0.0-Release.Candidate.app/Contents/Developer/Platforms/AppleTVOS.platform/Developer/SDKs/AppleTVOS27.0.sdk /Users/admin/builder/spi-builder-workspace/.derivedData/SDKStatCaches.noindex/appletvos27.0-24J360-e829b21a6f8c9b70876ba0858053c044b32bfd8d43560033f8d89884cdb90028.sdkstatcache
    cd /Users/admin/builder/spi-builder-workspace/.swiftpm/xcode
    /Applications/Xcode-27.0.0-Release.Candidate.app/Contents/Developer/Toolchains/XcodeDefault.xctoolchain/usr/bin/clang-stat-cache /Applications/Xcode-27.0.0-Release.Candidate.app/Contents/Developer/Platforms/AppleTVOS.platform/Developer/SDKs/AppleTVOS27.0.sdk -o /Users/admin/builder/spi-builder-workspace/.derivedData/SDKStatCaches.noindex/appletvos27.0-24J360-e829b21a6f8c9b70876ba0858053c044b32bfd8d43560033f8d89884cdb90028.sdkstatcache
SwiftDriver KuwaharaFilterTests normal arm64 com.apple.xcode.tools.swift.compiler (in target 'KuwaharaFilterTests-product' from project 'KuwaharaFilter')
    cd /Users/admin/builder/spi-builder-workspace/.swiftpm/xcode
    builtin-SwiftDriver -- /Applications/Xcode-27.0.0-Release.Candidate.app/Contents/Developer/Toolchains/XcodeDefault.xctoolchain/usr/bin/swiftc -parse-as-library -module-name KuwaharaFilterTests -Onone @/Users/admin/builder/spi-builder-workspace/.derivedData/Build/Intermediates.noindex/KuwaharaFilter.build/Debug-appletvos/KuwaharaFilterTests-p.build/Objects-normal/arm64/KuwaharaFilterTests.SwiftFileList -DSWIFT_PACKAGE -DDEBUG -DSWIFT_MODULE_RESOURCE_BUNDLE_AVAILABLE -DCI_SILENCE_GL_DEPRECATION -DXcode -plugin-path /Applications/Xcode-27.0.0-Release.Candidate.app/Contents/Developer/Toolchains/XcodeDefault.xctoolchain/usr/lib/swift/host/plugins/testing -enable-experimental-feature DebugDescriptionMacro -sdk /Applications/Xcode-27.0.0-Release.Candidate.app/Contents/Developer/Platforms/AppleTVOS.platform/Developer/SDKs/AppleTVOS27.0.sdk -target arm64-apple-tvos17.0 -g -module-cache-path /Users/admin/builder/spi-builder-workspace/.derivedData/ModuleCache.noindex -Xfrontend -serialize-debugging-options -profile-coverage-mapping -profile-generate -enable-testing -index-store-path /Users/admin/builder/spi-builder-workspace/.derivedData/Index.noindex/DataStore -Xcc -D_LIBCPP_HARDENING_MODE\=_LIBCPP_HARDENING_MODE_DEBUG -swift-version 5 -I /Users/admin/builder/spi-builder-workspace/.derivedData/Build/Products/Debug-appletvos -Isystem /Applications/Xcode-27.0.0-Release.Candidate.app/Contents/Developer/Platforms/AppleTVOS.platform/Developer/usr/lib -F /Users/admin/builder/spi-builder-workspace/.derivedData/Build/Products/Debug-appletvos/PackageFrameworks -F /Users/admin/builder/spi-builder-workspace/.derivedData/Build/Products/Debug-appletvos -F /Applications/Xcode-27.0.0-Release.Candidate.app/Contents/Developer/Platforms/AppleTVOS.platform/Developer/Library/Frameworks -F /Applications/Xcode-27.0.0-Release.Candidate.app/Contents/Developer/Platforms/AppleTVOS.platform/Developer/SDKs/AppleTVOS27.0.sdk/Developer/Library/Frameworks -c -j10 -enable-batch-mode -incremental -Xcc -ivfsstatcache -Xcc /Users/admin/builder/spi-builder-workspace/.derivedData/SDKStatCaches.noindex/appletvos27.0-24J360-e829b21a6f8c9b70876ba0858053c044b32bfd8d43560033f8d89884cdb90028.sdkstatcache -output-file-map /Users/admin/builder/spi-builder-workspace/.derivedData/Build/Intermediates.noindex/KuwaharaFilter.build/Debug-appletvos/KuwaharaFilterTests-p.build/Objects-normal/arm64/KuwaharaFilterTests-OutputFileMap.json -save-temps -no-color-diagnostics -explicit-module-build -module-cache-path /Users/admin/builder/spi-builder-workspace/.derivedData/Build/Intermediates.noindex/SwiftExplicitPrecompiledModules -clang-scanner-module-cache-path /Users/admin/builder/spi-builder-workspace/.derivedData/ModuleCache.noindex -sdk-module-cache-path /Users/admin/builder/spi-builder-workspace/.derivedData/SDKExplicitPrecompiledModules -emit-dependencies -emit-module -emit-module-path /Users/admin/builder/spi-builder-workspace/.derivedData/Build/Intermediates.noindex/KuwaharaFilter.build/Debug-appletvos/KuwaharaFilterTests-p.build/Objects-normal/arm64/KuwaharaFilterTests.swiftmodule -serialize-diagnostics -dependency-scan-serialize-diagnostics-path /Users/admin/builder/spi-builder-workspace/.derivedData/Build/Intermediates.noindex/KuwaharaFilter.build/Debug-appletvos/KuwaharaFilterTests-p.build/Objects-normal/arm64/KuwaharaFilterTests-dependency-scan.dia -validate-clang-modules-once -clang-build-session-file /Users/admin/builder/spi-builder-workspace/.derivedData/ModuleCache.noindex/Session.modulevalidation -Xcc -fmodules-prune-interval\=86400 -Xcc -fmodules-prune-after\=345600 -package-name spi_builder_workspace -emit-const-values -const-gather-protocols-list /Users/admin/builder/spi-builder-workspace/.derivedData/Build/Intermediates.noindex/KuwaharaFilter.build/Debug-appletvos/KuwaharaFilterTests-p.build/Objects-normal/arm64/KuwaharaFilterTests_const_extract_protocols.json -Xcc -I/Users/admin/builder/spi-builder-workspace/.derivedData/Build/Products/Debug-appletvos/include -Xcc -I/Users/admin/builder/spi-builder-workspace/.derivedData/Build/Intermediates.noindex/KuwaharaFilter.build/Debug-appletvos/KuwaharaFilterTests-p.build/DerivedSources-normal/arm64 -Xcc -I/Users/admin/builder/spi-builder-workspace/.derivedData/Build/Intermediates.noindex/KuwaharaFilter.build/Debug-appletvos/KuwaharaFilterTests-p.build/DerivedSources/arm64 -Xcc -I/Users/admin/builder/spi-builder-workspace/.derivedData/Build/Intermediates.noindex/KuwaharaFilter.build/Debug-appletvos/KuwaharaFilterTests-p.build/DerivedSources -Xcc -DSWIFT_PACKAGE -Xcc -DDEBUG\=1 -working-directory /Users/admin/builder/spi-builder-workspace/.swiftpm/xcode -experimental-emit-module-separately -disable-cmo
Copy /Users/admin/builder/spi-builder-workspace/.derivedData/Build/Products/Debug-appletvos/KuwaharaFilterTests.xctest/KuwaharaFilter_KuwaharaFilter.bundle /Users/admin/builder/spi-builder-workspace/.derivedData/Build/Products/Debug-appletvos/KuwaharaFilter_KuwaharaFilter.bundle (in target 'KuwaharaFilterTests-product' from project 'KuwaharaFilter')
    cd /Users/admin/builder/spi-builder-workspace
    builtin-copy -exclude .DS_Store -exclude CVS -exclude .svn -exclude .git -exclude .hg -resolve-src-symlinks /Users/admin/builder/spi-builder-workspace/.derivedData/Build/Products/Debug-appletvos/KuwaharaFilter_KuwaharaFilter.bundle /Users/admin/builder/spi-builder-workspace/.derivedData/Build/Products/Debug-appletvos/KuwaharaFilterTests.xctest
CpResource /Users/admin/builder/spi-builder-workspace/.derivedData/Build/Products/Debug-appletvos/KuwaharaFilterTests.xctest/KuwaharaFilter_KuwaharaFilterTests.bundle /Users/admin/builder/spi-builder-workspace/.derivedData/Build/Products/Debug-appletvos/KuwaharaFilter_KuwaharaFilterTests.bundle (in target 'KuwaharaFilterTests-product' from project 'KuwaharaFilter')
    cd /Users/admin/builder/spi-builder-workspace
    builtin-copy -exclude .DS_Store -exclude CVS -exclude .svn -exclude .git -exclude .hg -resolve-src-symlinks /Users/admin/builder/spi-builder-workspace/.derivedData/Build/Products/Debug-appletvos/KuwaharaFilter_KuwaharaFilterTests.bundle /Users/admin/builder/spi-builder-workspace/.derivedData/Build/Products/Debug-appletvos/KuwaharaFilterTests.xctest
ProcessInfoPlistFile /Users/admin/builder/spi-builder-workspace/.derivedData/Build/Products/Debug-appletvos/KuwaharaFilterTests.xctest/Info.plist /Users/admin/builder/spi-builder-workspace/.derivedData/Build/Intermediates.noindex/KuwaharaFilter.build/Debug-appletvos/KuwaharaFilterTests-p.build/empty-KuwaharaFilterTests.plist (in target 'KuwaharaFilterTests-product' from project 'KuwaharaFilter')
    cd /Users/admin/builder/spi-builder-workspace
    builtin-infoPlistUtility /Users/admin/builder/spi-builder-workspace/.derivedData/Build/Intermediates.noindex/KuwaharaFilter.build/Debug-appletvos/KuwaharaFilterTests-p.build/empty-KuwaharaFilterTests.plist -producttype com.apple.product-type.bundle.unit-test -expandbuildsettings -format binary -platform appletvos -scanforprivacyfile /Users/admin/builder/spi-builder-workspace/.derivedData/Build/Products/Debug-appletvos/KuwaharaFilterTests.xctest/KuwaharaFilter_KuwaharaFilter.bundle -o /Users/admin/builder/spi-builder-workspace/.derivedData/Build/Products/Debug-appletvos/KuwaharaFilterTests.xctest/Info.plist
SwiftCompile normal arm64 Compiling\ KuwaharaFilterTests.swift /Users/admin/builder/spi-builder-workspace/Tests/KuwaharaFilterTests/KuwaharaFilterTests.swift (in target 'KuwaharaFilterTests-product' from project 'KuwaharaFilter')
SwiftCompile normal arm64 /Users/admin/builder/spi-builder-workspace/Tests/KuwaharaFilterTests/KuwaharaFilterTests.swift (in target 'KuwaharaFilterTests-product' from project 'KuwaharaFilter')
    cd /Users/admin/builder/spi-builder-workspace/.swiftpm/xcode
    builtin-SwiftPerFileCompile KuwaharaFilterTests.swift
SwiftEmitModule normal arm64 Emitting\ module\ for\ KuwaharaFilterTests (in target 'KuwaharaFilterTests-product' from project 'KuwaharaFilter')
/Users/admin/builder/spi-builder-workspace/Tests/KuwaharaFilterTests/KuwaharaFilterTests.swift:5:26: error: cannot convert value of type '()' to closure result type 'CIImage'
 3 |
 4 | final class KuwaharaFilterTests: XCTestCase {
 5 |     var image: CIImage = {
   |                          `- error: cannot convert value of type '()' to closure result type 'CIImage'
 6 |         #if os(iOS)
 7 |         let image: UIImage = UIImage(named: "testImage", in: Bundle.module, with: nil)!
Failed frontend command:
/Applications/Xcode-27.0.0-Release.Candidate.app/Contents/Developer/Toolchains/XcodeDefault.xctoolchain/usr/bin/swift-frontend -frontend -emit-module -experimental-skip-non-inlinable-function-bodies-without-types /Users/admin/builder/spi-builder-workspace/.derivedData/Build/Intermediates.noindex/KuwaharaFilter.build/Debug-appletvos/KuwaharaFilterTests-p.build/DerivedSources/resource_bundle_accessor.swift /Users/admin/builder/spi-builder-workspace/Tests/KuwaharaFilterTests/KuwaharaFilterTests.swift /Users/admin/builder/spi-builder-workspace/.derivedData/Build/Intermediates.noindex/KuwaharaFilter.build/Debug-appletvos/KuwaharaFilterTests-p.build/DerivedSources/GeneratedAssetSymbols.swift -target arm64-apple-tvos17.0 -module-can-import-version DeveloperToolsSupport 24.0.24 24.0.24 -disable-cross-import-overlay-search -load-resolved-plugin /Applications/Xcode-27.0.0-Release.Candidate.app/Contents/Developer/Platforms/AppleTVOS.platform/Developer/usr/lib/swift/host/plugins/libFoundationMacros.dylib\#/Applications/Xcode-27.0.0-Release.Candidate.app/Contents/Developer/Platforms/AppleTVOS.platform/Developer/usr/bin/swift-plugin-server\#FoundationMacros -load-resolved-plugin /Applications/Xcode-27.0.0-Release.Candidate.app/Contents/Developer/Platforms/AppleTVOS.platform/Developer/usr/lib/swift/host/plugins/libObservationMacros.dylib\#/Applications/Xcode-27.0.0-Release.Candidate.app/Contents/Developer/Platforms/AppleTVOS.platform/Developer/usr/bin/swift-plugin-server\#ObservationMacros -load-resolved-plugin /Applications/Xcode-27.0.0-Release.Candidate.app/Contents/Developer/Platforms/AppleTVOS.platform/Developer/usr/lib/swift/host/plugins/libPreviewsMacros.dylib\#/Applications/Xcode-27.0.0-Release.Candidate.app/Contents/Developer/Platforms/AppleTVOS.platform/Developer/usr/bin/swift-plugin-server\#PreviewsMacros -load-resolved-plugin /Applications/Xcode-27.0.0-Release.Candidate.app/Contents/Developer/Platforms/AppleTVOS.platform/Developer/usr/lib/swift/host/plugins/libSwiftMacros.dylib\#/Applications/Xcode-27.0.0-Release.Candidate.app/Contents/Developer/Platforms/AppleTVOS.platform/Developer/usr/bin/swift-plugin-server\#SwiftMacros -load-resolved-plugin /Applications/Xcode-27.0.0-Release.Candidate.app/Contents/Developer/Platforms/AppleTVOS.platform/Developer/usr/lib/swift/host/plugins/libSwiftUIMacros.dylib\#/Applications/Xcode-27.0.0-Release.Candidate.app/Contents/Developer/Platforms/AppleTVOS.platform/Developer/usr/bin/swift-plugin-server\#SwiftUIMacros -disable-implicit-swift-modules -Xcc -fno-implicit-modules -Xcc -fno-implicit-module-maps -explicit-swift-module-map-file /Users/admin/builder/spi-builder-workspace/.derivedData/Build/Intermediates.noindex/KuwaharaFilter.build/Debug-appletvos/KuwaharaFilterTests-p.build/Objects-normal/arm64/KuwaharaFilterTests-dependencies-1.json -Xllvm -aarch64-use-tbi -enable-objc-interop -stack-check -sdk /Applications/Xcode-27.0.0-Release.Candidate.app/Contents/Developer/Platforms/AppleTVOS.platform/Developer/SDKs/AppleTVOS27.0.sdk -I /Users/admin/builder/spi-builder-workspace/.derivedData/Build/Products/Debug-appletvos -Isystem /Applications/Xcode-27.0.0-Release.Candidate.app/Contents/Developer/Platforms/AppleTVOS.platform/Developer/usr/lib -F /Users/admin/builder/spi-builder-workspace/.derivedData/Build/Products/Debug-appletvos/PackageFrameworks -F /Users/admin/builder/spi-builder-workspace/.derivedData/Build/Products/Debug-appletvos -F /Applications/Xcode-27.0.0-Release.Candidate.app/Contents/Developer/Platforms/AppleTVOS.platform/Developer/Library/Frameworks -F /Applications/Xcode-27.0.0-Release.Candidate.app/Contents/Developer/Platforms/AppleTVOS.platform/Developer/SDKs/AppleTVOS27.0.sdk/Developer/Library/Frameworks -module-cache-path /Users/admin/builder/spi-builder-workspace/.derivedData/Build/Intermediates.noindex/SwiftExplicitPrecompiledModules -no-color-diagnostics -Xcc -fno-color-diagnostics -enable-testing -g -debug-info-format\=dwarf -dwarf-version\=4 -profile-generate -profile-coverage-mapping -swift-version 5 -Onone -D SWIFT_PACKAGE -D DEBUG -D SWIFT_MODULE_RESOURCE_BUNDLE_AVAILABLE -D CI_SILENCE_GL_DEPRECATION -D Xcode -serialize-debugging-options -enable-experimental-feature DebugDescriptionMacro -empty-abi-descriptor -validate-clang-modules-once -clang-build-session-file /Users/admin/builder/spi-builder-workspace/.derivedData/ModuleCache.noindex/Session.modulevalidation -Xcc -working-directory -Xcc /Users/admin/builder/spi-builder-workspace/.swiftpm/xcode -enable-anonymous-context-mangled-names -file-compilation-dir /Users/admin/builder/spi-builder-workspace/.swiftpm/xcode -Xcc -D_LIBCPP_HARDENING_MODE\=_LIBCPP_HARDENING_MODE_DEBUG -Xcc -ivfsstatcache -Xcc /Users/admin/builder/spi-builder-workspace/.derivedData/SDKStatCaches.noindex/appletvos27.0-24J360-e829b21a6f8c9b70876ba0858053c044b32bfd8d43560033f8d89884cdb90028.sdkstatcache -Xcc -fmodules-prune-interval\=86400 -Xcc -fmodules-prune-after\=345600 -Xcc -I/Users/admin/builder/spi-builder-workspace/.derivedData/Build/Products/Debug-appletvos/include -Xcc -I/Users/admin/builder/spi-builder-workspace/.derivedData/Build/Intermediates.noindex/KuwaharaFilter.build/Debug-appletvos/KuwaharaFilterTests-p.build/DerivedSources-normal/arm64 -Xcc -I/Users/admin/builder/spi-builder-workspace/.derivedData/Build/Intermediates.noindex/KuwaharaFilter.build/Debug-appletvos/KuwaharaFilterTests-p.build/DerivedSources/arm64 -Xcc -I/Users/admin/builder/spi-builder-workspace/.derivedData/Build/Intermediates.noindex/KuwaharaFilter.build/Debug-appletvos/KuwaharaFilterTests-p.build/DerivedSources -Xcc -DSWIFT_PACKAGE -Xcc -DDEBUG\=1 -no-auto-bridging-header-chaining -module-name KuwaharaFilterTests -package-name spi_builder_workspace -const-gather-protocols-file /Users/admin/builder/spi-builder-workspace/.derivedData/Build/Intermediates.noindex/KuwaharaFilter.build/Debug-appletvos/KuwaharaFilterTests-p.build/Objects-normal/arm64/KuwaharaFilterTests_const_extract_protocols.json -disable-clang-spi -clang-target arm64-apple-tvos27.0 -target-sdk-version 27.0 -target-sdk-name appletvos27.0 -in-process-plugin-server-path /Applications/Xcode-27.0.0-Release.Candidate.app/Contents/Developer/Toolchains/XcodeDefault.xctoolchain/usr/lib/swift/host/libSwiftInProcPluginServer.dylib -emit-module-doc-path /Users/admin/builder/spi-builder-workspace/.derivedData/Build/Intermediates.noindex/KuwaharaFilter.build/Debug-appletvos/KuwaharaFilterTests-p.build/Objects-normal/arm64/KuwaharaFilterTests.swiftdoc -emit-module-source-info-path /Users/admin/builder/spi-builder-workspace/.derivedData/Build/Intermediates.noindex/KuwaharaFilter.build/Debug-appletvos/KuwaharaFilterTests-p.build/Objects-normal/arm64/KuwaharaFilterTests.swiftsourceinfo -serialize-diagnostics-path /Users/admin/builder/spi-builder-workspace/.derivedData/Build/Intermediates.noindex/KuwaharaFilter.build/Debug-appletvos/KuwaharaFilterTests-p.build/Objects-normal/arm64/KuwaharaFilterTests-primary-emit-module.dia -emit-dependencies-path /Users/admin/builder/spi-builder-workspace/.derivedData/Build/Intermediates.noindex/KuwaharaFilter.build/Debug-appletvos/KuwaharaFilterTests-p.build/Objects-normal/arm64/KuwaharaFilterTests-primary-emit-module.d -parse-as-library -o /Users/admin/builder/spi-builder-workspace/.derivedData/Build/Intermediates.noindex/KuwaharaFilter.build/Debug-appletvos/KuwaharaFilterTests-p.build/Objects-normal/arm64/KuwaharaFilterTests.swiftmodule -emit-abi-descriptor-path /Users/admin/builder/spi-builder-workspace/.derivedData/Build/Intermediates.noindex/KuwaharaFilter.build/Debug-appletvos/KuwaharaFilterTests-p.build/Objects-normal/arm64/KuwaharaFilterTests.abi.json
SwiftCompile normal arm64 (in target 'KuwaharaFilterTests-product' from project 'KuwaharaFilter')
    cd /Users/admin/builder/spi-builder-workspace/.swiftpm/xcode

SwiftCompile normal arm64 Compiling\ GeneratedAssetSymbols.swift /Users/admin/builder/spi-builder-workspace/.derivedData/Build/Intermediates.noindex/KuwaharaFilter.build/Debug-appletvos/KuwaharaFilterTests-p.build/DerivedSources/GeneratedAssetSymbols.swift (in target 'KuwaharaFilterTests-product' from project 'KuwaharaFilter')
SwiftCompile normal arm64 /Users/admin/builder/spi-builder-workspace/.derivedData/Build/Intermediates.noindex/KuwaharaFilter.build/Debug-appletvos/KuwaharaFilterTests-p.build/DerivedSources/GeneratedAssetSymbols.swift (in target 'KuwaharaFilterTests-product' from project 'KuwaharaFilter')
    cd /Users/admin/builder/spi-builder-workspace/.swiftpm/xcode
    builtin-SwiftPerFileCompile GeneratedAssetSymbols.swift
SwiftCompile normal arm64 Compiling\ resource_bundle_accessor.swift /Users/admin/builder/spi-builder-workspace/.derivedData/Build/Intermediates.noindex/KuwaharaFilter.build/Debug-appletvos/KuwaharaFilterTests-p.build/DerivedSources/resource_bundle_accessor.swift (in target 'KuwaharaFilterTests-product' from project 'KuwaharaFilter')
SwiftCompile normal arm64 /Users/admin/builder/spi-builder-workspace/.derivedData/Build/Intermediates.noindex/KuwaharaFilter.build/Debug-appletvos/KuwaharaFilterTests-p.build/DerivedSources/resource_bundle_accessor.swift (in target 'KuwaharaFilterTests-product' from project 'KuwaharaFilter')
    cd /Users/admin/builder/spi-builder-workspace/.swiftpm/xcode
    builtin-SwiftPerFileCompile resource_bundle_accessor.swift
PruneExplicitPrecompiledModules /Users/admin/builder/spi-builder-workspace/.derivedData/Build/Intermediates.noindex/SwiftExplicitPrecompiledModules
PruneExplicitPrecompiledModules /Users/admin/builder/spi-builder-workspace/.derivedData/SDKExplicitPrecompiledModules
PruneExplicitPrecompiledModules /Users/admin/builder/spi-builder-workspace/.derivedData/Build/Intermediates.noindex/ExplicitPrecompiledModules
2026-09-20 09:01:10.196 xcodebuild[798:4748] [MT] IDERunDestination: Supported platforms for the buildables in the current scheme is empty.
2026-09-20 09:01:10.298 xcodebuild[798:4748] [MT] IDERunDestination: Supported platforms for the buildables in the current scheme is empty.
** BUILD FAILED **
The following build commands failed:
	SwiftEmitModule normal arm64 Emitting\ module\ for\ KuwaharaFilterTests (in target 'KuwaharaFilterTests-product' from project 'KuwaharaFilter')
	SwiftCompile normal arm64 (in target 'KuwaharaFilterTests-product' from project 'KuwaharaFilter')
	Building workspace KuwaharaFilter with scheme KuwaharaFilter
(3 failures)
BUILD FAILURE 6.4 tvOS