Build Information
Failed to build MarkWalkthrough, reference 0.6.0 (8563d0), with Swift 6.4 for watchOS using Xcode 27.0 on 19 Sep 2026 22:47:14 UTC.
Build Command
env DEVELOPER_DIR=/Applications/Xcode-27.0.0-Release.Candidate.app xcrun xcodebuild -IDEClonedSourcePackagesDirPathOverride=$PWD/.dependencies -skipMacroValidation -skipPackagePluginValidation -derivedDataPath $PWD/.derivedData build -scheme MarkWalkthrough -destination generic/platform=watchOSBuild Log
cd /Users/admin/builder/spi-builder-workspace/.dependencies/checkouts/swift-markdown
builtin-copy -exclude .DS_Store -exclude CVS -exclude .svn -exclude .git -exclude .hg -resolve-src-symlinks -rename /Users/admin/builder/spi-builder-workspace/.derivedData/Build/Intermediates.noindex/swift-markdown.build/Debug-watchos/Markdown-t.build/Objects-normal/arm64/Markdown.abi.json /Users/admin/builder/spi-builder-workspace/.derivedData/Build/Products/Debug-watchos/Markdown.swiftmodule/arm64-apple-watchos.abi.json
Copy /Users/admin/builder/spi-builder-workspace/.derivedData/Build/Products/Debug-watchos/Markdown.swiftmodule/Project/arm64_32-apple-watchos.swiftsourceinfo /Users/admin/builder/spi-builder-workspace/.derivedData/Build/Intermediates.noindex/swift-markdown.build/Debug-watchos/Markdown-t.build/Objects-normal/arm64_32/Markdown.swiftsourceinfo (in target 'Markdown' from project 'swift-markdown')
cd /Users/admin/builder/spi-builder-workspace/.dependencies/checkouts/swift-markdown
builtin-copy -exclude .DS_Store -exclude CVS -exclude .svn -exclude .git -exclude .hg -resolve-src-symlinks -rename /Users/admin/builder/spi-builder-workspace/.derivedData/Build/Intermediates.noindex/swift-markdown.build/Debug-watchos/Markdown-t.build/Objects-normal/arm64_32/Markdown.swiftsourceinfo /Users/admin/builder/spi-builder-workspace/.derivedData/Build/Products/Debug-watchos/Markdown.swiftmodule/Project/arm64_32-apple-watchos.swiftsourceinfo
Copy /Users/admin/builder/spi-builder-workspace/.derivedData/Build/Products/Debug-watchos/Markdown.swiftmodule/Project/arm64-apple-watchos.swiftsourceinfo /Users/admin/builder/spi-builder-workspace/.derivedData/Build/Intermediates.noindex/swift-markdown.build/Debug-watchos/Markdown-t.build/Objects-normal/arm64/Markdown.swiftsourceinfo (in target 'Markdown' from project 'swift-markdown')
cd /Users/admin/builder/spi-builder-workspace/.dependencies/checkouts/swift-markdown
builtin-copy -exclude .DS_Store -exclude CVS -exclude .svn -exclude .git -exclude .hg -resolve-src-symlinks -rename /Users/admin/builder/spi-builder-workspace/.derivedData/Build/Intermediates.noindex/swift-markdown.build/Debug-watchos/Markdown-t.build/Objects-normal/arm64/Markdown.swiftsourceinfo /Users/admin/builder/spi-builder-workspace/.derivedData/Build/Products/Debug-watchos/Markdown.swiftmodule/Project/arm64-apple-watchos.swiftsourceinfo
SwiftCompile normal arm64 Compiling\ UnorderedList.swift,\ Paragraph.swift,\ CodeBlock.swift,\ HTMLBlock.swift,\ Heading.swift,\ ThematicBreak.swift,\ Table.swift /Users/admin/builder/spi-builder-workspace/.dependencies/checkouts/swift-markdown/Sources/Markdown/Block\ Nodes/Block\ Container\ Blocks/UnorderedList.swift /Users/admin/builder/spi-builder-workspace/.dependencies/checkouts/swift-markdown/Sources/Markdown/Block\ Nodes/Inline\ Container\ Blocks/Paragraph.swift /Users/admin/builder/spi-builder-workspace/.dependencies/checkouts/swift-markdown/Sources/Markdown/Block\ Nodes/Leaf\ Blocks/CodeBlock.swift /Users/admin/builder/spi-builder-workspace/.dependencies/checkouts/swift-markdown/Sources/Markdown/Block\ Nodes/Leaf\ Blocks/HTMLBlock.swift /Users/admin/builder/spi-builder-workspace/.dependencies/checkouts/swift-markdown/Sources/Markdown/Block\ Nodes/Leaf\ Blocks/Heading.swift /Users/admin/builder/spi-builder-workspace/.dependencies/checkouts/swift-markdown/Sources/Markdown/Block\ Nodes/Leaf\ Blocks/ThematicBreak.swift /Users/admin/builder/spi-builder-workspace/.dependencies/checkouts/swift-markdown/Sources/Markdown/Block\ Nodes/Tables/Table.swift (in target 'Markdown' from project 'swift-markdown')
SwiftCompile normal arm64 /Users/admin/builder/spi-builder-workspace/.dependencies/checkouts/swift-markdown/Sources/Markdown/Block\ Nodes/Block\ Container\ Blocks/UnorderedList.swift (in target 'Markdown' from project 'swift-markdown')
cd /Users/admin/builder/spi-builder-workspace/.swiftpm/xcode
builtin-SwiftPerFileCompile UnorderedList.swift
SwiftCompile normal arm64 /Users/admin/builder/spi-builder-workspace/.dependencies/checkouts/swift-markdown/Sources/Markdown/Block\ Nodes/Inline\ Container\ Blocks/Paragraph.swift (in target 'Markdown' from project 'swift-markdown')
cd /Users/admin/builder/spi-builder-workspace/.swiftpm/xcode
builtin-SwiftPerFileCompile Paragraph.swift
SwiftCompile normal arm64 /Users/admin/builder/spi-builder-workspace/.dependencies/checkouts/swift-markdown/Sources/Markdown/Block\ Nodes/Leaf\ Blocks/CodeBlock.swift (in target 'Markdown' from project 'swift-markdown')
cd /Users/admin/builder/spi-builder-workspace/.swiftpm/xcode
builtin-SwiftPerFileCompile CodeBlock.swift
SwiftCompile normal arm64 /Users/admin/builder/spi-builder-workspace/.dependencies/checkouts/swift-markdown/Sources/Markdown/Block\ Nodes/Leaf\ Blocks/HTMLBlock.swift (in target 'Markdown' from project 'swift-markdown')
cd /Users/admin/builder/spi-builder-workspace/.swiftpm/xcode
builtin-SwiftPerFileCompile HTMLBlock.swift
SwiftCompile normal arm64 /Users/admin/builder/spi-builder-workspace/.dependencies/checkouts/swift-markdown/Sources/Markdown/Block\ Nodes/Leaf\ Blocks/Heading.swift (in target 'Markdown' from project 'swift-markdown')
cd /Users/admin/builder/spi-builder-workspace/.swiftpm/xcode
builtin-SwiftPerFileCompile Heading.swift
SwiftCompile normal arm64 /Users/admin/builder/spi-builder-workspace/.dependencies/checkouts/swift-markdown/Sources/Markdown/Block\ Nodes/Leaf\ Blocks/ThematicBreak.swift (in target 'Markdown' from project 'swift-markdown')
cd /Users/admin/builder/spi-builder-workspace/.swiftpm/xcode
builtin-SwiftPerFileCompile ThematicBreak.swift
SwiftCompile normal arm64 /Users/admin/builder/spi-builder-workspace/.dependencies/checkouts/swift-markdown/Sources/Markdown/Block\ Nodes/Tables/Table.swift (in target 'Markdown' from project 'swift-markdown')
cd /Users/admin/builder/spi-builder-workspace/.swiftpm/xcode
builtin-SwiftPerFileCompile Table.swift
SwiftCompile normal arm64_32 Compiling\ SourceLocation.swift,\ Emphasis.swift,\ Image.swift,\ Link.swift,\ Strikethrough.swift,\ Strong.swift /Users/admin/builder/spi-builder-workspace/.dependencies/checkouts/swift-markdown/Sources/Markdown/Infrastructure/SourceLocation.swift /Users/admin/builder/spi-builder-workspace/.dependencies/checkouts/swift-markdown/Sources/Markdown/Inline\ Nodes/Inline\ Containers/Emphasis.swift /Users/admin/builder/spi-builder-workspace/.dependencies/checkouts/swift-markdown/Sources/Markdown/Inline\ Nodes/Inline\ Containers/Image.swift /Users/admin/builder/spi-builder-workspace/.dependencies/checkouts/swift-markdown/Sources/Markdown/Inline\ Nodes/Inline\ Containers/Link.swift /Users/admin/builder/spi-builder-workspace/.dependencies/checkouts/swift-markdown/Sources/Markdown/Inline\ Nodes/Inline\ Containers/Strikethrough.swift /Users/admin/builder/spi-builder-workspace/.dependencies/checkouts/swift-markdown/Sources/Markdown/Inline\ Nodes/Inline\ Containers/Strong.swift (in target 'Markdown' from project 'swift-markdown')
SwiftCompile normal arm64_32 /Users/admin/builder/spi-builder-workspace/.dependencies/checkouts/swift-markdown/Sources/Markdown/Infrastructure/SourceLocation.swift (in target 'Markdown' from project 'swift-markdown')
cd /Users/admin/builder/spi-builder-workspace/.swiftpm/xcode
builtin-SwiftPerFileCompile SourceLocation.swift
SwiftCompile normal arm64_32 /Users/admin/builder/spi-builder-workspace/.dependencies/checkouts/swift-markdown/Sources/Markdown/Inline\ Nodes/Inline\ Containers/Emphasis.swift (in target 'Markdown' from project 'swift-markdown')
cd /Users/admin/builder/spi-builder-workspace/.swiftpm/xcode
builtin-SwiftPerFileCompile Emphasis.swift
SwiftCompile normal arm64_32 /Users/admin/builder/spi-builder-workspace/.dependencies/checkouts/swift-markdown/Sources/Markdown/Inline\ Nodes/Inline\ Containers/Image.swift (in target 'Markdown' from project 'swift-markdown')
cd /Users/admin/builder/spi-builder-workspace/.swiftpm/xcode
builtin-SwiftPerFileCompile Image.swift
SwiftCompile normal arm64_32 /Users/admin/builder/spi-builder-workspace/.dependencies/checkouts/swift-markdown/Sources/Markdown/Inline\ Nodes/Inline\ Containers/Link.swift (in target 'Markdown' from project 'swift-markdown')
cd /Users/admin/builder/spi-builder-workspace/.swiftpm/xcode
builtin-SwiftPerFileCompile Link.swift
SwiftCompile normal arm64_32 /Users/admin/builder/spi-builder-workspace/.dependencies/checkouts/swift-markdown/Sources/Markdown/Inline\ Nodes/Inline\ Containers/Strikethrough.swift (in target 'Markdown' from project 'swift-markdown')
cd /Users/admin/builder/spi-builder-workspace/.swiftpm/xcode
builtin-SwiftPerFileCompile Strikethrough.swift
SwiftCompile normal arm64_32 /Users/admin/builder/spi-builder-workspace/.dependencies/checkouts/swift-markdown/Sources/Markdown/Inline\ Nodes/Inline\ Containers/Strong.swift (in target 'Markdown' from project 'swift-markdown')
cd /Users/admin/builder/spi-builder-workspace/.swiftpm/xcode
builtin-SwiftPerFileCompile Strong.swift
SwiftCompile normal arm64 Compiling\ RangeAdjuster.swift,\ RangerTracker.swift,\ MarkupRewriter.swift,\ BasicBlockContainer.swift,\ BasicInlineContainer.swift,\ BlockContainer.swift /Users/admin/builder/spi-builder-workspace/.dependencies/checkouts/swift-markdown/Sources/Markdown/Parser/RangeAdjuster.swift /Users/admin/builder/spi-builder-workspace/.dependencies/checkouts/swift-markdown/Sources/Markdown/Parser/RangerTracker.swift /Users/admin/builder/spi-builder-workspace/.dependencies/checkouts/swift-markdown/Sources/Markdown/Rewriter/MarkupRewriter.swift /Users/admin/builder/spi-builder-workspace/.dependencies/checkouts/swift-markdown/Sources/Markdown/Structural\ Restrictions/BasicBlockContainer.swift /Users/admin/builder/spi-builder-workspace/.dependencies/checkouts/swift-markdown/Sources/Markdown/Structural\ Restrictions/BasicInlineContainer.swift /Users/admin/builder/spi-builder-workspace/.dependencies/checkouts/swift-markdown/Sources/Markdown/Structural\ Restrictions/BlockContainer.swift (in target 'Markdown' from project 'swift-markdown')
SwiftCompile normal arm64 /Users/admin/builder/spi-builder-workspace/.dependencies/checkouts/swift-markdown/Sources/Markdown/Parser/RangeAdjuster.swift (in target 'Markdown' from project 'swift-markdown')
cd /Users/admin/builder/spi-builder-workspace/.swiftpm/xcode
builtin-SwiftPerFileCompile RangeAdjuster.swift
SwiftCompile normal arm64 /Users/admin/builder/spi-builder-workspace/.dependencies/checkouts/swift-markdown/Sources/Markdown/Parser/RangerTracker.swift (in target 'Markdown' from project 'swift-markdown')
cd /Users/admin/builder/spi-builder-workspace/.swiftpm/xcode
builtin-SwiftPerFileCompile RangerTracker.swift
SwiftCompile normal arm64 /Users/admin/builder/spi-builder-workspace/.dependencies/checkouts/swift-markdown/Sources/Markdown/Rewriter/MarkupRewriter.swift (in target 'Markdown' from project 'swift-markdown')
cd /Users/admin/builder/spi-builder-workspace/.swiftpm/xcode
builtin-SwiftPerFileCompile MarkupRewriter.swift
SwiftCompile normal arm64 /Users/admin/builder/spi-builder-workspace/.dependencies/checkouts/swift-markdown/Sources/Markdown/Structural\ Restrictions/BasicBlockContainer.swift (in target 'Markdown' from project 'swift-markdown')
cd /Users/admin/builder/spi-builder-workspace/.swiftpm/xcode
builtin-SwiftPerFileCompile BasicBlockContainer.swift
SwiftCompile normal arm64 /Users/admin/builder/spi-builder-workspace/.dependencies/checkouts/swift-markdown/Sources/Markdown/Structural\ Restrictions/BasicInlineContainer.swift (in target 'Markdown' from project 'swift-markdown')
cd /Users/admin/builder/spi-builder-workspace/.swiftpm/xcode
builtin-SwiftPerFileCompile BasicInlineContainer.swift
SwiftCompile normal arm64 /Users/admin/builder/spi-builder-workspace/.dependencies/checkouts/swift-markdown/Sources/Markdown/Structural\ Restrictions/BlockContainer.swift (in target 'Markdown' from project 'swift-markdown')
cd /Users/admin/builder/spi-builder-workspace/.swiftpm/xcode
builtin-SwiftPerFileCompile BlockContainer.swift
SwiftExplicitDependencyGeneratePcm arm64 /Users/admin/builder/spi-builder-workspace/.derivedData/SDKExplicitPrecompiledModules/MapKit-EJJWC7IL56MPLQMI93GJRE5OG.pcm
SwiftDriverJobDiscovery normal arm64_32 Compiling TableBody.swift, TableCell.swift, TableCellContainer.swift, TableHead.swift, TableRow.swift, Replacement.swift (in target 'Markdown' from project 'swift-markdown')
SwiftExplicitDependencyGeneratePcm arm64 /Users/admin/builder/spi-builder-workspace/.derivedData/SDKExplicitPrecompiledModules/HomeKit-DTS1N4AWILAL1URZ5IOXV5221.pcm
SwiftExplicitDependencyGeneratePcm arm64_32 /Users/admin/builder/spi-builder-workspace/.derivedData/SDKExplicitPrecompiledModules/MapKit-CWGB4YMP1VX1NYQN5FULFD5DR.pcm
SwiftDriverJobDiscovery normal arm64_32 Compiling UnorderedList.swift, Paragraph.swift, CodeBlock.swift, HTMLBlock.swift, Heading.swift, ThematicBreak.swift, Table.swift (in target 'Markdown' from project 'swift-markdown')
SwiftExplicitDependencyGeneratePcm arm64_32 /Users/admin/builder/spi-builder-workspace/.derivedData/SDKExplicitPrecompiledModules/HomeKit-DUDZOMSN3UK8GNTNBNMPIWJRN.pcm
SwiftDriverJobDiscovery normal arm64_32 Compiling CustomInline.swift, InlineCode.swift, InlineHTML.swift, LineBreak.swift, SoftBreak.swift, SymbolLink.swift (in target 'Markdown' from project 'swift-markdown')
SwiftCompile normal arm64 Compiling\ BlockMarkup.swift,\ InlineContainer.swift,\ InlineMarkup.swift,\ ListItemContainer.swift,\ AtomicCounter.swift,\ CharacterExtensions.swift /Users/admin/builder/spi-builder-workspace/.dependencies/checkouts/swift-markdown/Sources/Markdown/Structural\ Restrictions/BlockMarkup.swift /Users/admin/builder/spi-builder-workspace/.dependencies/checkouts/swift-markdown/Sources/Markdown/Structural\ Restrictions/InlineContainer.swift /Users/admin/builder/spi-builder-workspace/.dependencies/checkouts/swift-markdown/Sources/Markdown/Structural\ Restrictions/InlineMarkup.swift /Users/admin/builder/spi-builder-workspace/.dependencies/checkouts/swift-markdown/Sources/Markdown/Structural\ Restrictions/ListItemContainer.swift /Users/admin/builder/spi-builder-workspace/.dependencies/checkouts/swift-markdown/Sources/Markdown/Utility/AtomicCounter.swift /Users/admin/builder/spi-builder-workspace/.dependencies/checkouts/swift-markdown/Sources/Markdown/Utility/CharacterExtensions.swift (in target 'Markdown' from project 'swift-markdown')
SwiftCompile normal arm64 /Users/admin/builder/spi-builder-workspace/.dependencies/checkouts/swift-markdown/Sources/Markdown/Structural\ Restrictions/BlockMarkup.swift (in target 'Markdown' from project 'swift-markdown')
cd /Users/admin/builder/spi-builder-workspace/.swiftpm/xcode
builtin-SwiftPerFileCompile BlockMarkup.swift
SwiftCompile normal arm64 /Users/admin/builder/spi-builder-workspace/.dependencies/checkouts/swift-markdown/Sources/Markdown/Structural\ Restrictions/InlineContainer.swift (in target 'Markdown' from project 'swift-markdown')
cd /Users/admin/builder/spi-builder-workspace/.swiftpm/xcode
builtin-SwiftPerFileCompile InlineContainer.swift
SwiftCompile normal arm64 /Users/admin/builder/spi-builder-workspace/.dependencies/checkouts/swift-markdown/Sources/Markdown/Structural\ Restrictions/InlineMarkup.swift (in target 'Markdown' from project 'swift-markdown')
cd /Users/admin/builder/spi-builder-workspace/.swiftpm/xcode
builtin-SwiftPerFileCompile InlineMarkup.swift
SwiftCompile normal arm64 /Users/admin/builder/spi-builder-workspace/.dependencies/checkouts/swift-markdown/Sources/Markdown/Structural\ Restrictions/ListItemContainer.swift (in target 'Markdown' from project 'swift-markdown')
cd /Users/admin/builder/spi-builder-workspace/.swiftpm/xcode
builtin-SwiftPerFileCompile ListItemContainer.swift
SwiftCompile normal arm64 /Users/admin/builder/spi-builder-workspace/.dependencies/checkouts/swift-markdown/Sources/Markdown/Utility/AtomicCounter.swift (in target 'Markdown' from project 'swift-markdown')
cd /Users/admin/builder/spi-builder-workspace/.swiftpm/xcode
builtin-SwiftPerFileCompile AtomicCounter.swift
SwiftCompile normal arm64 /Users/admin/builder/spi-builder-workspace/.dependencies/checkouts/swift-markdown/Sources/Markdown/Utility/CharacterExtensions.swift (in target 'Markdown' from project 'swift-markdown')
cd /Users/admin/builder/spi-builder-workspace/.swiftpm/xcode
builtin-SwiftPerFileCompile CharacterExtensions.swift
SwiftCompile normal arm64 Compiling\ ChildIndexPath.swift,\ DirectiveArgument.swift,\ Document.swift,\ LiteralMarkup.swift,\ Markup.swift,\ MarkupChildren.swift,\ MarkupData.swift /Users/admin/builder/spi-builder-workspace/.dependencies/checkouts/swift-markdown/Sources/Markdown/Base/ChildIndexPath.swift /Users/admin/builder/spi-builder-workspace/.dependencies/checkouts/swift-markdown/Sources/Markdown/Base/DirectiveArgument.swift /Users/admin/builder/spi-builder-workspace/.dependencies/checkouts/swift-markdown/Sources/Markdown/Base/Document.swift /Users/admin/builder/spi-builder-workspace/.dependencies/checkouts/swift-markdown/Sources/Markdown/Base/LiteralMarkup.swift /Users/admin/builder/spi-builder-workspace/.dependencies/checkouts/swift-markdown/Sources/Markdown/Base/Markup.swift /Users/admin/builder/spi-builder-workspace/.dependencies/checkouts/swift-markdown/Sources/Markdown/Base/MarkupChildren.swift /Users/admin/builder/spi-builder-workspace/.dependencies/checkouts/swift-markdown/Sources/Markdown/Base/MarkupData.swift (in target 'Markdown' from project 'swift-markdown')
SwiftCompile normal arm64 /Users/admin/builder/spi-builder-workspace/.dependencies/checkouts/swift-markdown/Sources/Markdown/Base/ChildIndexPath.swift (in target 'Markdown' from project 'swift-markdown')
cd /Users/admin/builder/spi-builder-workspace/.swiftpm/xcode
builtin-SwiftPerFileCompile ChildIndexPath.swift
SwiftCompile normal arm64 /Users/admin/builder/spi-builder-workspace/.dependencies/checkouts/swift-markdown/Sources/Markdown/Base/DirectiveArgument.swift (in target 'Markdown' from project 'swift-markdown')
cd /Users/admin/builder/spi-builder-workspace/.swiftpm/xcode
builtin-SwiftPerFileCompile DirectiveArgument.swift
SwiftCompile normal arm64 /Users/admin/builder/spi-builder-workspace/.dependencies/checkouts/swift-markdown/Sources/Markdown/Base/Document.swift (in target 'Markdown' from project 'swift-markdown')
cd /Users/admin/builder/spi-builder-workspace/.swiftpm/xcode
builtin-SwiftPerFileCompile Document.swift
SwiftCompile normal arm64 /Users/admin/builder/spi-builder-workspace/.dependencies/checkouts/swift-markdown/Sources/Markdown/Base/LiteralMarkup.swift (in target 'Markdown' from project 'swift-markdown')
cd /Users/admin/builder/spi-builder-workspace/.swiftpm/xcode
builtin-SwiftPerFileCompile LiteralMarkup.swift
SwiftCompile normal arm64 /Users/admin/builder/spi-builder-workspace/.dependencies/checkouts/swift-markdown/Sources/Markdown/Base/Markup.swift (in target 'Markdown' from project 'swift-markdown')
cd /Users/admin/builder/spi-builder-workspace/.swiftpm/xcode
builtin-SwiftPerFileCompile Markup.swift
SwiftCompile normal arm64 /Users/admin/builder/spi-builder-workspace/.dependencies/checkouts/swift-markdown/Sources/Markdown/Base/MarkupChildren.swift (in target 'Markdown' from project 'swift-markdown')
cd /Users/admin/builder/spi-builder-workspace/.swiftpm/xcode
builtin-SwiftPerFileCompile MarkupChildren.swift
SwiftCompile normal arm64 /Users/admin/builder/spi-builder-workspace/.dependencies/checkouts/swift-markdown/Sources/Markdown/Base/MarkupData.swift (in target 'Markdown' from project 'swift-markdown')
cd /Users/admin/builder/spi-builder-workspace/.swiftpm/xcode
builtin-SwiftPerFileCompile MarkupData.swift
SwiftExplicitDependencyGeneratePcm arm64 /Users/admin/builder/spi-builder-workspace/.derivedData/SDKExplicitPrecompiledModules/WatchKit-3VT3K8YON6FJ6OWSUFJMFMP8J.pcm
SwiftExplicitDependencyGeneratePcm arm64_32 /Users/admin/builder/spi-builder-workspace/.derivedData/SDKExplicitPrecompiledModules/WatchKit-FHF6WTKLC2APGK3LA2XJ6516.pcm
SwiftExplicitDependencyGeneratePcm arm64 /Users/admin/builder/spi-builder-workspace/.derivedData/SDKExplicitPrecompiledModules/SwiftUI-APXDH8ULYLM6FD17YRA73TULO.pcm
SwiftExplicitDependencyGeneratePcm arm64_32 /Users/admin/builder/spi-builder-workspace/.derivedData/SDKExplicitPrecompiledModules/SwiftUI-9AYG9OCT5VOJK7V4MX1WYR86T.pcm
SwiftEmitModule normal arm64 Emitting\ module\ for\ Pow (in target 'Pow' from project 'Pow')
/Users/admin/builder/spi-builder-workspace/.dependencies/checkouts/Pow/Sources/Pow/Effects/SmokeEffect.swift:120:40: error: cannot find type 'EmitterView' in scope
118 | var seed: UInt32
119 |
120 | func makeView(context: Context) -> EmitterView {
| `- error: cannot find type 'EmitterView' in scope
121 | let view = EmitterView()
122 |
/Users/admin/builder/spi-builder-workspace/.dependencies/checkouts/Pow/Sources/Pow/Effects/SmokeEffect.swift:120:28: error: cannot find type 'Context' in scope
118 | var seed: UInt32
119 |
120 | func makeView(context: Context) -> EmitterView {
| `- error: cannot find type 'Context' in scope
121 | let view = EmitterView()
122 |
/Users/admin/builder/spi-builder-workspace/.dependencies/checkouts/Pow/Sources/Pow/Effects/SmokeEffect.swift:170:29: error: cannot find type 'EmitterView' in scope
168 | }
169 |
170 | func updateView(_ view: EmitterView, context: Context) {
| `- error: cannot find type 'EmitterView' in scope
171 | view.emitterLayer.lifetime = isActive ? 1 : 0
172 | }
/Users/admin/builder/spi-builder-workspace/.dependencies/checkouts/Pow/Sources/Pow/Effects/SmokeEffect.swift:170:51: error: cannot find type 'Context' in scope
168 | }
169 |
170 | func updateView(_ view: EmitterView, context: Context) {
| `- error: cannot find type 'Context' in scope
171 | view.emitterLayer.lifetime = isActive ? 1 : 0
172 | }
/Users/admin/builder/spi-builder-workspace/.dependencies/checkouts/Pow/Sources/Pow/Effects/SmokeEffect.swift:111:32: error: cannot find type 'ViewRepresentable' in scope
109 | #endif
110 |
111 | private struct SmokeLayerView: ViewRepresentable {
| `- error: cannot find type 'ViewRepresentable' in scope
112 | var size: CGSize
113 |
Failed frontend command:
SwiftCompile normal arm64 (in target 'Pow' from project 'Pow')
cd /Users/admin/builder/spi-builder-workspace/.swiftpm/xcode
/Applications/Xcode-27.0.0-Release.Candidate.app/Contents/Developer/Toolchains/XcodeDefault.xctoolchain/usr/bin/swift-frontend -frontend -emit-module -experimental-skip-non-inlinable-function-bodies-without-types /Users/admin/builder/spi-builder-workspace/.derivedData/Build/Intermediates.noindex/Pow.build/Debug-watchos/Pow-t.build/DerivedSources/resource_bundle_accessor.swift /Users/admin/builder/spi-builder-workspace/.dependencies/checkouts/Pow/Sources/Pow/Effects/GlowEffect.swift /Users/admin/builder/spi-builder-workspace/.dependencies/checkouts/Pow/Sources/Pow/Effects/HapticFeedbackEffect.swift /Users/admin/builder/spi-builder-workspace/.dependencies/checkouts/Pow/Sources/Pow/Effects/JumpEffect.swift /Users/admin/builder/spi-builder-workspace/.dependencies/checkouts/Pow/Sources/Pow/Effects/PingEffect.swift /Users/admin/builder/spi-builder-workspace/.dependencies/checkouts/Pow/Sources/Pow/Effects/PulseEffect.swift /Users/admin/builder/spi-builder-workspace/.dependencies/checkouts/Pow/Sources/Pow/Effects/PushDownEffect.swift /Users/admin/builder/spi-builder-workspace/.dependencies/checkouts/Pow/Sources/Pow/Effects/RisingParticleEffect.swift /Users/admin/builder/spi-builder-workspace/.dependencies/checkouts/Pow/Sources/Pow/Effects/ShakeEffect.swift /Users/admin/builder/spi-builder-workspace/.dependencies/checkouts/Pow/Sources/Pow/Effects/ShineEffect.swift /Users/admin/builder/spi-builder-workspace/.dependencies/checkouts/Pow/Sources/Pow/Effects/SmokeEffect.swift /Users/admin/builder/spi-builder-workspace/.dependencies/checkouts/Pow/Sources/Pow/Effects/SoundEffect.swift /Users/admin/builder/spi-builder-workspace/.dependencies/checkouts/Pow/Sources/Pow/Effects/SpinEffect.swift /Users/admin/builder/spi-builder-workspace/.dependencies/checkouts/Pow/Sources/Pow/Effects/SprayEffect.swift /Users/admin/builder/spi-builder-workspace/.dependencies/checkouts/Pow/Sources/Pow/Effects/WiggleEffect.swift /Users/admin/builder/spi-builder-workspace/.dependencies/checkouts/Pow/Sources/Pow/Extensions/Animation+TimingCurves.swift /Users/admin/builder/spi-builder-workspace/.dependencies/checkouts/Pow/Sources/Pow/Extensions/CGAffineTransform+Shear.swift /Users/admin/builder/spi-builder-workspace/.dependencies/checkouts/Pow/Sources/Pow/Extensions/CGPoint+Utilities.swift /Users/admin/builder/spi-builder-workspace/.dependencies/checkouts/Pow/Sources/Pow/Extensions/CGRect+Utilities.swift /Users/admin/builder/spi-builder-workspace/.dependencies/checkouts/Pow/Sources/Pow/Extensions/CGSize+Utilities.swift /Users/admin/builder/spi-builder-workspace/.dependencies/checkouts/Pow/Sources/Pow/Extensions/Duration+TimeInterval.swift /Users/admin/builder/spi-builder-workspace/.dependencies/checkouts/Pow/Sources/Pow/Extensions/ProjectionTransform+Utilities.swift /Users/admin/builder/spi-builder-workspace/.dependencies/checkouts/Pow/Sources/Pow/Extensions/UnitPoint+CircularCoordinates.swift /Users/admin/builder/spi-builder-workspace/.dependencies/checkouts/Pow/Sources/Pow/Extensions/ViewModifier+DefaultAnimation.swift /Users/admin/builder/spi-builder-workspace/.dependencies/checkouts/Pow/Sources/Pow/Extensions/simd+Utilities.swift /Users/admin/builder/spi-builder-workspace/.dependencies/checkouts/Pow/Sources/Pow/Infrastructure/AngleControl.swift /Users/admin/builder/spi-builder-workspace/.dependencies/checkouts/Pow/Sources/Pow/Infrastructure/AnyAnimatableViewModifier.swift /Users/admin/builder/spi-builder-workspace/.dependencies/checkouts/Pow/Sources/Pow/Infrastructure/AnyChangeEffect.swift /Users/admin/builder/spi-builder-workspace/.dependencies/checkouts/Pow/Sources/Pow/Infrastructure/AnyContinuousEffect.swift /Users/admin/builder/spi-builder-workspace/.dependencies/checkouts/Pow/Sources/Pow/Infrastructure/AnyViewModifier.swift /Users/admin/builder/spi-builder-workspace/.dependencies/checkouts/Pow/Sources/Pow/Infrastructure/Haptics.swift /Users/admin/builder/spi-builder-workspace/.dependencies/checkouts/Pow/Sources/Pow/Infrastructure/MathUtilities.swift /Users/admin/builder/spi-builder-workspace/.dependencies/checkouts/Pow/Sources/Pow/Infrastructure/Namespace.swift /Users/admin/builder/spi-builder-workspace/.dependencies/checkouts/Pow/Sources/Pow/Infrastructure/OnChangeEffect.swift /Users/admin/builder/spi-builder-workspace/.dependencies/checkouts/Pow/Sources/Pow/Infrastructure/ParticleLayer.swift /Users/admin/builder/spi-builder-workspace/.dependencies/checkouts/Pow/Sources/Pow/Infrastructure/ProgressableAnimation.swift /Users/admin/builder/spi-builder-workspace/.dependencies/checkouts/Pow/Sources/Pow/Infrastructure/Scaled.swift /Users/admin/builder/spi-builder-workspace/.dependencies/checkouts/Pow/Sources/Pow/Infrastructure/SecondOrderDynamics.swift /Users/admin/builder/spi-builder-workspace/.dependencies/checkouts/Pow/Sources/Pow/Infrastructure/SeededRandomNumberGenerator.swift /Users/admin/builder/spi-builder-workspace/.dependencies/checkouts/Pow/Sources/Pow/Infrastructure/Simulative.swift /Users/admin/builder/spi-builder-workspace/.dependencies/checkouts/Pow/Sources/Pow/Infrastructure/Spring.swift /Users/admin/builder/spi-builder-workspace/.dependencies/checkouts/Pow/Sources/Pow/Infrastructure/TRS.swift /Users/admin/builder/spi-builder-workspace/.dependencies/checkouts/Pow/Sources/Pow/Infrastructure/Transform3DEffect.swift /Users/admin/builder/spi-builder-workspace/.dependencies/checkouts/Pow/Sources/Pow/Infrastructure/ViewRepresentable.swift /Users/admin/builder/spi-builder-workspace/.dependencies/checkouts/Pow/Sources/Pow/Infrastructure/WhileEffect.swift /Users/admin/builder/spi-builder-workspace/.dependencies/checkouts/Pow/Sources/Pow/Transitions/Anvil.swift /Users/admin/builder/spi-builder-workspace/.dependencies/checkouts/Pow/Sources/Pow/Transitions/Blinds.swift /Users/admin/builder/spi-builder-workspace/.dependencies/checkouts/Pow/Sources/Pow/Transitions/Blur.swift /Users/admin/builder/spi-builder-workspace/.dependencies/checkouts/Pow/Sources/Pow/Transitions/Boing.swift /Users/admin/builder/spi-builder-workspace/.dependencies/checkouts/Pow/Sources/Pow/Transitions/Clock.swift /Users/admin/builder/spi-builder-workspace/.dependencies/checkouts/Pow/Sources/Pow/Transitions/FilmExposure.swift /Users/admin/builder/spi-builder-workspace/.dependencies/checkouts/Pow/Sources/Pow/Transitions/Flicker.swift /Users/admin/builder/spi-builder-workspace/.dependencies/checkouts/Pow/Sources/Pow/Transitions/Flip.swift /Users/admin/builder/spi-builder-workspace/.dependencies/checkouts/Pow/Sources/Pow/Transitions/Glare.swift /Users/admin/builder/spi-builder-workspace/.dependencies/checkouts/Pow/Sources/Pow/Transitions/Iris.swift /Users/admin/builder/spi-builder-workspace/.dependencies/checkouts/Pow/Sources/Pow/Transitions/Move.swift /Users/admin/builder/spi-builder-workspace/.dependencies/checkouts/Pow/Sources/Pow/Transitions/Poof.swift /Users/admin/builder/spi-builder-workspace/.dependencies/checkouts/Pow/Sources/Pow/Transitions/Pop.swift /Users/admin/builder/spi-builder-workspace/.dependencies/checkouts/Pow/Sources/Pow/Transitions/Skid.swift /Users/admin/builder/spi-builder-workspace/.dependencies/checkouts/Pow/Sources/Pow/Transitions/Swoosh.swift /Users/admin/builder/spi-builder-workspace/.dependencies/checkouts/Pow/Sources/Pow/Transitions/Vanish.swift /Users/admin/builder/spi-builder-workspace/.dependencies/checkouts/Pow/Sources/Pow/Transitions/Wipe.swift /Users/admin/builder/spi-builder-workspace/.derivedData/Build/Intermediates.noindex/Pow.build/Debug-watchos/Pow-t.build/DerivedSources/GeneratedAssetSymbols.swift -target arm64-apple-watchos9.0 -module-can-import-version DeveloperToolsSupport 24.0.24 24.0.24 -module-can-import-version SwiftUI 8.0.84.1 8.0.84 -module-can-import-version UIKit 9127.0.84.1 9127.0.84 -disable-cross-import-overlay-search -load-resolved-plugin /Applications/Xcode-27.0.0-Release.Candidate.app/Contents/Developer/Platforms/WatchOS.platform/Developer/usr/lib/swift/host/plugins/libFoundationMacros.dylib\#/Applications/Xcode-27.0.0-Release.Candidate.app/Contents/Developer/Platforms/WatchOS.platform/Developer/usr/bin/swift-plugin-server\#FoundationMacros -load-resolved-plugin /Applications/Xcode-27.0.0-Release.Candidate.app/Contents/Developer/Platforms/WatchOS.platform/Developer/usr/lib/swift/host/plugins/libObservationMacros.dylib\#/Applications/Xcode-27.0.0-Release.Candidate.app/Contents/Developer/Platforms/WatchOS.platform/Developer/usr/bin/swift-plugin-server\#ObservationMacros -load-resolved-plugin /Applications/Xcode-27.0.0-Release.Candidate.app/Contents/Developer/Platforms/WatchOS.platform/Developer/usr/lib/swift/host/plugins/libPreviewsMacros.dylib\#/Applications/Xcode-27.0.0-Release.Candidate.app/Contents/Developer/Platforms/WatchOS.platform/Developer/usr/bin/swift-plugin-server\#PreviewsMacros -load-resolved-plugin /Applications/Xcode-27.0.0-Release.Candidate.app/Contents/Developer/Platforms/WatchOS.platform/Developer/usr/lib/swift/host/plugins/libSwiftMacros.dylib\#/Applications/Xcode-27.0.0-Release.Candidate.app/Contents/Developer/Platforms/WatchOS.platform/Developer/usr/bin/swift-plugin-server\#SwiftMacros -load-resolved-plugin /Applications/Xcode-27.0.0-Release.Candidate.app/Contents/Developer/Platforms/WatchOS.platform/Developer/usr/lib/swift/host/plugins/libSwiftUIMacros.dylib\#/Applications/Xcode-27.0.0-Release.Candidate.app/Contents/Developer/Platforms/WatchOS.platform/Developer/usr/bin/swift-plugin-server\#SwiftUIMacros -disable-implicit-swift-modules -Xcc -fno-implicit-modules -Xcc -fno-implicit-module-maps -explicit-swift-module-map-file /Users/admin/builder/spi-builder-workspace/.derivedData/Build/Intermediates.noindex/Pow.build/Debug-watchos/Pow-t.build/Objects-normal/arm64/Pow-dependencies-2.json -Xllvm -aarch64-use-tbi -enable-objc-interop -stack-check -sdk /Applications/Xcode-27.0.0-Release.Candidate.app/Contents/Developer/Platforms/WatchOS.platform/Developer/SDKs/WatchOS27.0.sdk -I /Users/admin/builder/spi-builder-workspace/.derivedData/Build/Products/Debug-watchos -Isystem /Applications/Xcode-27.0.0-Release.Candidate.app/Contents/Developer/Platforms/WatchOS.platform/Developer/usr/lib -F /Users/admin/builder/spi-builder-workspace/.derivedData/Build/Products/Debug-watchos -F /Applications/Xcode-27.0.0-Release.Candidate.app/Contents/Developer/Platforms/WatchOS.platform/Developer/Library/Frameworks -F /Applications/Xcode-27.0.0-Release.Candidate.app/Contents/Developer/Platforms/WatchOS.platform/Developer/SDKs/WatchOS27.0.sdk/Developer/Library/Frameworks -module-cache-path /Users/admin/builder/spi-builder-workspace/.derivedData/Build/Intermediates.noindex/SwiftExplicitPrecompiledModules -no-color-diagnostics -Xcc -fno-color-diagnostics -enable-testing -g -debug-info-format\=dwarf -dwarf-version\=4 -suppress-warnings -swift-version 5 -Onone -D SWIFT_PACKAGE -D DEBUG -D SWIFT_MODULE_RESOURCE_BUNDLE_AVAILABLE -D Xcode -serialize-debugging-options -enable-experimental-feature DebugDescriptionMacro -empty-abi-descriptor -validate-clang-modules-once -clang-build-session-file /Users/admin/builder/spi-builder-workspace/.derivedData/ModuleCache.noindex/Session.modulevalidation -Xcc -working-directory -Xcc /Users/admin/builder/spi-builder-workspace/.swiftpm/xcode -enable-anonymous-context-mangled-names -file-compilation-dir /Users/admin/builder/spi-builder-workspace/.swiftpm/xcode -Xcc -D_LIBCPP_HARDENING_MODE\=_LIBCPP_HARDENING_MODE_DEBUG -Xcc -ivfsstatcache -Xcc /Users/admin/builder/spi-builder-workspace/.derivedData/SDKStatCaches.noindex/watchos27.0-24R360-e829b21a6f8c9b70876ba0858053c04477534ef55a1706bf4c1112bbb242f0a2.sdkstatcache -Xcc -fmodules-prune-interval\=86400 -Xcc -fmodules-prune-after\=345600 -Xcc -I/Users/admin/builder/spi-builder-workspace/.derivedData/Build/Products/Debug-watchos/include -Xcc -I/Users/admin/builder/spi-builder-workspace/.derivedData/Build/Intermediates.noindex/Pow.build/Debug-watchos/Pow-t.build/DerivedSources-normal/arm64 -Xcc -I/Users/admin/builder/spi-builder-workspace/.derivedData/Build/Intermediates.noindex/Pow.build/Debug-watchos/Pow-t.build/DerivedSources/arm64 -Xcc -I/Users/admin/builder/spi-builder-workspace/.derivedData/Build/Intermediates.noindex/Pow.build/Debug-watchos/Pow-t.build/DerivedSources -Xcc -DSWIFT_PACKAGE -Xcc -DDEBUG\=1 -no-auto-bridging-header-chaining -module-name Pow -const-gather-protocols-file /Users/admin/builder/spi-builder-workspace/.derivedData/Build/Intermediates.noindex/Pow.build/Debug-watchos/Pow-t.build/Objects-normal/arm64/Pow_const_extract_protocols.json -disable-clang-spi -clang-target arm64-apple-watchos27.0 -target-sdk-version 27.0 -target-sdk-name watchos27.0 -in-process-plugin-server-path /Applications/Xcode-27.0.0-Release.Candidate.app/Contents/Developer/Toolchains/XcodeDefault.xctoolchain/usr/lib/swift/host/libSwiftInProcPluginServer.dylib -emit-module-doc-path /Users/admin/builder/spi-builder-workspace/.derivedData/Build/Intermediates.noindex/Pow.build/Debug-watchos/Pow-t.build/Objects-normal/arm64/Pow.swiftdoc -emit-module-source-info-path /Users/admin/builder/spi-builder-workspace/.derivedData/Build/Intermediates.noindex/Pow.build/Debug-watchos/Pow-t.build/Objects-normal/arm64/Pow.swiftsourceinfo -emit-objc-header-path /Users/admin/builder/spi-builder-workspace/.derivedData/Build/Intermediates.noindex/Pow.build/Debug-watchos/Pow-t.build/Objects-normal/arm64/Pow-Swift.h -serialize-diagnostics-path /Users/admin/builder/spi-builder-workspace/.derivedData/Build/Intermediates.noindex/Pow.build/Debug-watchos/Pow-t.build/Objects-normal/arm64/Pow-primary-emit-module.dia -emit-dependencies-path /Users/admin/builder/spi-builder-workspace/.derivedData/Build/Intermediates.noindex/Pow.build/Debug-watchos/Pow-t.build/Objects-normal/arm64/Pow-primary-emit-module.d -parse-as-library -o /Users/admin/builder/spi-builder-workspace/.derivedData/Build/Intermediates.noindex/Pow.build/Debug-watchos/Pow-t.build/Objects-normal/arm64/Pow.swiftmodule -emit-abi-descriptor-path /Users/admin/builder/spi-builder-workspace/.derivedData/Build/Intermediates.noindex/Pow.build/Debug-watchos/Pow-t.build/Objects-normal/arm64/Pow.abi.json
SwiftCompile normal arm64 Compiling\ resource_bundle_accessor.swift,\ GlowEffect.swift,\ HapticFeedbackEffect.swift,\ JumpEffect.swift,\ PingEffect.swift,\ PulseEffect.swift,\ PushDownEffect.swift /Users/admin/builder/spi-builder-workspace/.derivedData/Build/Intermediates.noindex/Pow.build/Debug-watchos/Pow-t.build/DerivedSources/resource_bundle_accessor.swift /Users/admin/builder/spi-builder-workspace/.dependencies/checkouts/Pow/Sources/Pow/Effects/GlowEffect.swift /Users/admin/builder/spi-builder-workspace/.dependencies/checkouts/Pow/Sources/Pow/Effects/HapticFeedbackEffect.swift /Users/admin/builder/spi-builder-workspace/.dependencies/checkouts/Pow/Sources/Pow/Effects/JumpEffect.swift /Users/admin/builder/spi-builder-workspace/.dependencies/checkouts/Pow/Sources/Pow/Effects/PingEffect.swift /Users/admin/builder/spi-builder-workspace/.dependencies/checkouts/Pow/Sources/Pow/Effects/PulseEffect.swift /Users/admin/builder/spi-builder-workspace/.dependencies/checkouts/Pow/Sources/Pow/Effects/PushDownEffect.swift (in target 'Pow' from project 'Pow')
SwiftCompile normal arm64 /Users/admin/builder/spi-builder-workspace/.derivedData/Build/Intermediates.noindex/Pow.build/Debug-watchos/Pow-t.build/DerivedSources/resource_bundle_accessor.swift (in target 'Pow' from project 'Pow')
cd /Users/admin/builder/spi-builder-workspace/.swiftpm/xcode
builtin-SwiftPerFileCompile resource_bundle_accessor.swift
SwiftCompile normal arm64 /Users/admin/builder/spi-builder-workspace/.dependencies/checkouts/Pow/Sources/Pow/Effects/GlowEffect.swift (in target 'Pow' from project 'Pow')
cd /Users/admin/builder/spi-builder-workspace/.swiftpm/xcode
builtin-SwiftPerFileCompile GlowEffect.swift
SwiftCompile normal arm64 /Users/admin/builder/spi-builder-workspace/.dependencies/checkouts/Pow/Sources/Pow/Effects/HapticFeedbackEffect.swift (in target 'Pow' from project 'Pow')
cd /Users/admin/builder/spi-builder-workspace/.swiftpm/xcode
builtin-SwiftPerFileCompile HapticFeedbackEffect.swift
SwiftCompile normal arm64 /Users/admin/builder/spi-builder-workspace/.dependencies/checkouts/Pow/Sources/Pow/Effects/JumpEffect.swift (in target 'Pow' from project 'Pow')
cd /Users/admin/builder/spi-builder-workspace/.swiftpm/xcode
builtin-SwiftPerFileCompile JumpEffect.swift
SwiftCompile normal arm64 /Users/admin/builder/spi-builder-workspace/.dependencies/checkouts/Pow/Sources/Pow/Effects/PingEffect.swift (in target 'Pow' from project 'Pow')
cd /Users/admin/builder/spi-builder-workspace/.swiftpm/xcode
builtin-SwiftPerFileCompile PingEffect.swift
SwiftCompile normal arm64 /Users/admin/builder/spi-builder-workspace/.dependencies/checkouts/Pow/Sources/Pow/Effects/PulseEffect.swift (in target 'Pow' from project 'Pow')
cd /Users/admin/builder/spi-builder-workspace/.swiftpm/xcode
builtin-SwiftPerFileCompile PulseEffect.swift
SwiftCompile normal arm64 /Users/admin/builder/spi-builder-workspace/.dependencies/checkouts/Pow/Sources/Pow/Effects/PushDownEffect.swift (in target 'Pow' from project 'Pow')
cd /Users/admin/builder/spi-builder-workspace/.swiftpm/xcode
builtin-SwiftPerFileCompile PushDownEffect.swift
SwiftDriverJobDiscovery normal arm64 Compiling UnorderedList.swift, Paragraph.swift, CodeBlock.swift, HTMLBlock.swift, Heading.swift, ThematicBreak.swift, Table.swift (in target 'Markdown' from project 'swift-markdown')
SwiftCompile normal arm64 Compiling\ AnyChangeEffect.swift,\ AnyContinuousEffect.swift,\ AnyViewModifier.swift,\ Haptics.swift,\ MathUtilities.swift,\ Namespace.swift /Users/admin/builder/spi-builder-workspace/.dependencies/checkouts/Pow/Sources/Pow/Infrastructure/AnyChangeEffect.swift /Users/admin/builder/spi-builder-workspace/.dependencies/checkouts/Pow/Sources/Pow/Infrastructure/AnyContinuousEffect.swift /Users/admin/builder/spi-builder-workspace/.dependencies/checkouts/Pow/Sources/Pow/Infrastructure/AnyViewModifier.swift /Users/admin/builder/spi-builder-workspace/.dependencies/checkouts/Pow/Sources/Pow/Infrastructure/Haptics.swift /Users/admin/builder/spi-builder-workspace/.dependencies/checkouts/Pow/Sources/Pow/Infrastructure/MathUtilities.swift /Users/admin/builder/spi-builder-workspace/.dependencies/checkouts/Pow/Sources/Pow/Infrastructure/Namespace.swift (in target 'Pow' from project 'Pow')
SwiftCompile normal arm64 /Users/admin/builder/spi-builder-workspace/.dependencies/checkouts/Pow/Sources/Pow/Infrastructure/AnyChangeEffect.swift (in target 'Pow' from project 'Pow')
cd /Users/admin/builder/spi-builder-workspace/.swiftpm/xcode
builtin-SwiftPerFileCompile AnyChangeEffect.swift
SwiftCompile normal arm64 /Users/admin/builder/spi-builder-workspace/.dependencies/checkouts/Pow/Sources/Pow/Infrastructure/AnyContinuousEffect.swift (in target 'Pow' from project 'Pow')
cd /Users/admin/builder/spi-builder-workspace/.swiftpm/xcode
builtin-SwiftPerFileCompile AnyContinuousEffect.swift
SwiftCompile normal arm64 /Users/admin/builder/spi-builder-workspace/.dependencies/checkouts/Pow/Sources/Pow/Infrastructure/AnyViewModifier.swift (in target 'Pow' from project 'Pow')
cd /Users/admin/builder/spi-builder-workspace/.swiftpm/xcode
builtin-SwiftPerFileCompile AnyViewModifier.swift
SwiftCompile normal arm64 /Users/admin/builder/spi-builder-workspace/.dependencies/checkouts/Pow/Sources/Pow/Infrastructure/Haptics.swift (in target 'Pow' from project 'Pow')
cd /Users/admin/builder/spi-builder-workspace/.swiftpm/xcode
builtin-SwiftPerFileCompile Haptics.swift
SwiftCompile normal arm64 /Users/admin/builder/spi-builder-workspace/.dependencies/checkouts/Pow/Sources/Pow/Infrastructure/MathUtilities.swift (in target 'Pow' from project 'Pow')
cd /Users/admin/builder/spi-builder-workspace/.swiftpm/xcode
builtin-SwiftPerFileCompile MathUtilities.swift
SwiftCompile normal arm64 /Users/admin/builder/spi-builder-workspace/.dependencies/checkouts/Pow/Sources/Pow/Infrastructure/Namespace.swift (in target 'Pow' from project 'Pow')
cd /Users/admin/builder/spi-builder-workspace/.swiftpm/xcode
builtin-SwiftPerFileCompile Namespace.swift
SwiftDriverJobDiscovery normal arm64 Compiling BlockMarkup.swift, InlineContainer.swift, InlineMarkup.swift, ListItemContainer.swift, AtomicCounter.swift, CharacterExtensions.swift (in target 'Markdown' from project 'swift-markdown')
SwiftCompile normal arm64 Compiling\ RisingParticleEffect.swift,\ ShakeEffect.swift,\ ShineEffect.swift,\ SmokeEffect.swift,\ SoundEffect.swift,\ SpinEffect.swift,\ SprayEffect.swift /Users/admin/builder/spi-builder-workspace/.dependencies/checkouts/Pow/Sources/Pow/Effects/RisingParticleEffect.swift /Users/admin/builder/spi-builder-workspace/.dependencies/checkouts/Pow/Sources/Pow/Effects/ShakeEffect.swift /Users/admin/builder/spi-builder-workspace/.dependencies/checkouts/Pow/Sources/Pow/Effects/ShineEffect.swift /Users/admin/builder/spi-builder-workspace/.dependencies/checkouts/Pow/Sources/Pow/Effects/SmokeEffect.swift /Users/admin/builder/spi-builder-workspace/.dependencies/checkouts/Pow/Sources/Pow/Effects/SoundEffect.swift /Users/admin/builder/spi-builder-workspace/.dependencies/checkouts/Pow/Sources/Pow/Effects/SpinEffect.swift /Users/admin/builder/spi-builder-workspace/.dependencies/checkouts/Pow/Sources/Pow/Effects/SprayEffect.swift (in target 'Pow' from project 'Pow')
/Users/admin/builder/spi-builder-workspace/.dependencies/checkouts/Pow/Sources/Pow/Effects/SmokeEffect.swift:120:40: error: cannot find type 'EmitterView' in scope
118 | var seed: UInt32
119 |
120 | func makeView(context: Context) -> EmitterView {
| `- error: cannot find type 'EmitterView' in scope
121 | let view = EmitterView()
122 |
/Users/admin/builder/spi-builder-workspace/.dependencies/checkouts/Pow/Sources/Pow/Effects/SmokeEffect.swift:120:28: error: cannot find type 'Context' in scope
118 | var seed: UInt32
119 |
120 | func makeView(context: Context) -> EmitterView {
| `- error: cannot find type 'Context' in scope
121 | let view = EmitterView()
122 |
/Users/admin/builder/spi-builder-workspace/.dependencies/checkouts/Pow/Sources/Pow/Effects/SmokeEffect.swift:170:29: error: cannot find type 'EmitterView' in scope
168 | }
169 |
170 | func updateView(_ view: EmitterView, context: Context) {
| `- error: cannot find type 'EmitterView' in scope
171 | view.emitterLayer.lifetime = isActive ? 1 : 0
172 | }
/Users/admin/builder/spi-builder-workspace/.dependencies/checkouts/Pow/Sources/Pow/Effects/SmokeEffect.swift:170:51: error: cannot find type 'Context' in scope
168 | }
169 |
170 | func updateView(_ view: EmitterView, context: Context) {
| `- error: cannot find type 'Context' in scope
171 | view.emitterLayer.lifetime = isActive ? 1 : 0
172 | }
/Users/admin/builder/spi-builder-workspace/.dependencies/checkouts/Pow/Sources/Pow/Effects/SmokeEffect.swift:111:32: error: cannot find type 'ViewRepresentable' in scope
109 | #endif
110 |
111 | private struct SmokeLayerView: ViewRepresentable {
| `- error: cannot find type 'ViewRepresentable' in scope
112 | var size: CGSize
113 |
/Users/admin/builder/spi-builder-workspace/.dependencies/checkouts/Pow/Sources/Pow/Effects/SmokeEffect.swift:66:84: error: cannot find 'image' in scope
64 | #endif
65 |
66 | SmokeLayerView(size: proxy.size, isActive: isActive, particle: image, seed: UInt32(offset))
| `- error: cannot find 'image' in scope
67 | }
68 | }
/Users/admin/builder/spi-builder-workspace/.dependencies/checkouts/Pow/Sources/Pow/Effects/SmokeEffect.swift:121:20: error: cannot find 'EmitterView' in scope
119 |
120 | func makeView(context: Context) -> EmitterView {
121 | let view = EmitterView()
| `- error: cannot find 'EmitterView' in scope
122 |
123 | let emitterLayer = view.emitterLayer
/Users/admin/builder/spi-builder-workspace/.dependencies/checkouts/Pow/Sources/Pow/Effects/SmokeEffect.swift:140:42: error: cannot infer contextual base in reference to member 'rectangle'
138 | .insetBy(dx: inset, dy: inset)
139 | .size
140 | emitterLayer.emitterShape = .rectangle
| `- error: cannot infer contextual base in reference to member 'rectangle'
141 |
142 | let cell = CAEmitterCell()
/Users/admin/builder/spi-builder-workspace/.dependencies/checkouts/Pow/Sources/Pow/Effects/SmokeEffect.swift:142:24: error: 'CAEmitterCell' is unavailable in watchOS
140 | emitterLayer.emitterShape = .rectangle
141 |
142 | let cell = CAEmitterCell()
| `- error: 'CAEmitterCell' is unavailable in watchOS
143 | cell.birthRate = max(10.0, Float(size.width / 5.0))
144 | cell.lifetime = 1.5
/Applications/Xcode-27.0.0-Release.Candidate.app/Contents/Developer/Platforms/WatchOS.platform/Developer/SDKs/WatchOS27.0.sdk/System/Library/Frameworks/QuartzCore.framework/Headers/CAEmitterCell.h:13:12: note: 'CAEmitterCell' has been explicitly marked unavailable here
11 |
12 | API_AVAILABLE(macos(10.6), ios(5.0), tvos(9.0)) API_UNAVAILABLE(watchos)
13 | @interface CAEmitterCell : NSObject <NSSecureCoding, CAMediaTiming>
| `- note: 'CAEmitterCell' has been explicitly marked unavailable here
14 | {
15 | @private
/Users/admin/builder/spi-builder-workspace/.dependencies/checkouts/Pow/Sources/Pow/Effects/SmokeEffect.swift:182:13: error: 'GroupBox' is unavailable in watchOS
180 |
181 | var body: some View {
182 | GroupBox("Smoke") {
| `- error: 'GroupBox' is unavailable in watchOS
183 | VStack {
184 | Toggle("Enabled", isOn: $isEnabled)
SwiftUI.GroupBox:4:27: note: 'GroupBox' has been explicitly marked unavailable here
2 | @available(tvOS, unavailable)
3 | @available(watchOS, unavailable)
4 | nonisolated public struct GroupBox<Label, Content> : View, ~Sendable where Label : View, Content : View {
| `- note: 'GroupBox' has been explicitly marked unavailable here
5 | @available(iOS 14.0, macOS 10.15, *)
6 | @available(tvOS, unavailable)
/Users/admin/builder/spi-builder-workspace/.dependencies/checkouts/Pow/Sources/Pow/Effects/SmokeEffect.swift:182:13: error: 'init(_:content:)' is unavailable in watchOS
180 |
181 | var body: some View {
182 | GroupBox("Smoke") {
| `- error: 'init(_:content:)' is unavailable in watchOS
183 | VStack {
184 | Toggle("Enabled", isOn: $isEnabled)
SwiftUI.GroupBox.init:2:20: note: 'init(_:content:)' has been explicitly marked unavailable here
1 | generic struct GroupBox {
2 | nonisolated public init(_ titleKey: LocalizedStringKey, @ContentBuilder content: () -> Content)}
| `- note: 'init(_:content:)' has been explicitly marked unavailable here
3 |
/Users/admin/builder/spi-builder-workspace/.dependencies/checkouts/Pow/Sources/Pow/Effects/SmokeEffect.swift:209:13: error: 'GroupBox' is unavailable in watchOS
207 |
208 | var body: some View {
209 | GroupBox("Smoke") {
| `- error: 'GroupBox' is unavailable in watchOS
210 | VStack {
211 | Toggle("Enabled", isOn: $isEnabled)
SwiftUI.GroupBox:4:27: note: 'GroupBox' has been explicitly marked unavailable here
2 | @available(tvOS, unavailable)
3 | @available(watchOS, unavailable)
4 | nonisolated public struct GroupBox<Label, Content> : View, ~Sendable where Label : View, Content : View {
| `- note: 'GroupBox' has been explicitly marked unavailable here
5 | @available(iOS 14.0, macOS 10.15, *)
6 | @available(tvOS, unavailable)
/Users/admin/builder/spi-builder-workspace/.dependencies/checkouts/Pow/Sources/Pow/Effects/SmokeEffect.swift:209:13: error: 'init(_:content:)' is unavailable in watchOS
207 |
208 | var body: some View {
209 | GroupBox("Smoke") {
| `- error: 'init(_:content:)' is unavailable in watchOS
210 | VStack {
211 | Toggle("Enabled", isOn: $isEnabled)
SwiftUI.GroupBox.init:2:20: note: 'init(_:content:)' has been explicitly marked unavailable here
1 | generic struct GroupBox {
2 | nonisolated public init(_ titleKey: LocalizedStringKey, @ContentBuilder content: () -> Content)}
| `- note: 'init(_:content:)' has been explicitly marked unavailable here
3 |
/Users/admin/builder/spi-builder-workspace/.dependencies/checkouts/Pow/Sources/Pow/Effects/SmokeEffect.swift:235:13: error: 'GroupBox' is unavailable in watchOS
233 |
234 | var body: some View {
235 | GroupBox("Smoke") {
| `- error: 'GroupBox' is unavailable in watchOS
236 | VStack {
237 | Toggle("Enabled", isOn: $isEnabled)
SwiftUI.GroupBox:4:27: note: 'GroupBox' has been explicitly marked unavailable here
2 | @available(tvOS, unavailable)
3 | @available(watchOS, unavailable)
4 | nonisolated public struct GroupBox<Label, Content> : View, ~Sendable where Label : View, Content : View {
| `- note: 'GroupBox' has been explicitly marked unavailable here
5 | @available(iOS 14.0, macOS 10.15, *)
6 | @available(tvOS, unavailable)
/Users/admin/builder/spi-builder-workspace/.dependencies/checkouts/Pow/Sources/Pow/Effects/SmokeEffect.swift:235:13: error: 'init(_:content:)' is unavailable in watchOS
233 |
234 | var body: some View {
235 | GroupBox("Smoke") {
| `- error: 'init(_:content:)' is unavailable in watchOS
236 | VStack {
237 | Toggle("Enabled", isOn: $isEnabled)
SwiftUI.GroupBox.init:2:20: note: 'init(_:content:)' has been explicitly marked unavailable here
1 | generic struct GroupBox {
2 | nonisolated public init(_ titleKey: LocalizedStringKey, @ContentBuilder content: () -> Content)}
| `- note: 'init(_:content:)' has been explicitly marked unavailable here
3 |
/Users/admin/builder/spi-builder-workspace/.dependencies/checkouts/Pow/Sources/Pow/Effects/SmokeEffect.swift:266:21: error: 'GroupBox' is unavailable in watchOS
264 | NavigationView {
265 | ScrollView {
266 | GroupBox("Smoke") {
| `- error: 'GroupBox' is unavailable in watchOS
267 | VStack {
268 | Button {
SwiftUI.GroupBox:4:27: note: 'GroupBox' has been explicitly marked unavailable here
2 | @available(tvOS, unavailable)
3 | @available(watchOS, unavailable)
4 | nonisolated public struct GroupBox<Label, Content> : View, ~Sendable where Label : View, Content : View {
| `- note: 'GroupBox' has been explicitly marked unavailable here
5 | @available(iOS 14.0, macOS 10.15, *)
6 | @available(tvOS, unavailable)
/Users/admin/builder/spi-builder-workspace/.dependencies/checkouts/Pow/Sources/Pow/Effects/SmokeEffect.swift:266:21: error: 'init(_:content:)' is unavailable in watchOS
264 | NavigationView {
265 | ScrollView {
266 | GroupBox("Smoke") {
| `- error: 'init(_:content:)' is unavailable in watchOS
267 | VStack {
268 | Button {
SwiftUI.GroupBox.init:2:20: note: 'init(_:content:)' has been explicitly marked unavailable here
1 | generic struct GroupBox {
2 | nonisolated public init(_ titleKey: LocalizedStringKey, @ContentBuilder content: () -> Content)}
| `- note: 'init(_:content:)' has been explicitly marked unavailable here
3 |
/Users/admin/builder/spi-builder-workspace/.dependencies/checkouts/Pow/Sources/Pow/Effects/SmokeEffect.swift:319:13: error: 'GroupBox' is unavailable in watchOS
317 |
318 | var body: some View {
319 | GroupBox("Smoke") {
| `- error: 'GroupBox' is unavailable in watchOS
320 | VStack {
321 | Toggle("Enabled", isOn: $isEnabled)
SwiftUI.GroupBox:4:27: note: 'GroupBox' has been explicitly marked unavailable here
2 | @available(tvOS, unavailable)
3 | @available(watchOS, unavailable)
4 | nonisolated public struct GroupBox<Label, Content> : View, ~Sendable where Label : View, Content : View {
| `- note: 'GroupBox' has been explicitly marked unavailable here
5 | @available(iOS 14.0, macOS 10.15, *)
6 | @available(tvOS, unavailable)
SwiftCompile normal arm64 /Users/admin/builder/spi-builder-workspace/.dependencies/checkouts/Pow/Sources/Pow/Effects/RisingParticleEffect.swift (in target 'Pow' from project 'Pow')
cd /Users/admin/builder/spi-builder-workspace/.swiftpm/xcode
builtin-SwiftPerFileCompile RisingParticleEffect.swift
SwiftCompile normal arm64 /Users/admin/builder/spi-builder-workspace/.dependencies/checkouts/Pow/Sources/Pow/Effects/ShakeEffect.swift (in target 'Pow' from project 'Pow')
cd /Users/admin/builder/spi-builder-workspace/.swiftpm/xcode
builtin-SwiftPerFileCompile ShakeEffect.swift
SwiftCompile normal arm64 /Users/admin/builder/spi-builder-workspace/.dependencies/checkouts/Pow/Sources/Pow/Effects/ShineEffect.swift (in target 'Pow' from project 'Pow')
cd /Users/admin/builder/spi-builder-workspace/.swiftpm/xcode
builtin-SwiftPerFileCompile ShineEffect.swift
SwiftCompile normal arm64 /Users/admin/builder/spi-builder-workspace/.dependencies/checkouts/Pow/Sources/Pow/Effects/SmokeEffect.swift (in target 'Pow' from project 'Pow')
cd /Users/admin/builder/spi-builder-workspace/.swiftpm/xcode
builtin-SwiftPerFileCompile SmokeEffect.swift
SwiftCompile normal arm64 /Users/admin/builder/spi-builder-workspace/.dependencies/checkouts/Pow/Sources/Pow/Effects/SoundEffect.swift (in target 'Pow' from project 'Pow')
cd /Users/admin/builder/spi-builder-workspace/.swiftpm/xcode
builtin-SwiftPerFileCompile SoundEffect.swift
SwiftCompile normal arm64 /Users/admin/builder/spi-builder-workspace/.dependencies/checkouts/Pow/Sources/Pow/Effects/SpinEffect.swift (in target 'Pow' from project 'Pow')
cd /Users/admin/builder/spi-builder-workspace/.swiftpm/xcode
builtin-SwiftPerFileCompile SpinEffect.swift
SwiftCompile normal arm64 /Users/admin/builder/spi-builder-workspace/.dependencies/checkouts/Pow/Sources/Pow/Effects/SprayEffect.swift (in target 'Pow' from project 'Pow')
cd /Users/admin/builder/spi-builder-workspace/.swiftpm/xcode
builtin-SwiftPerFileCompile SprayEffect.swift
SwiftEmitModule normal arm64_32 Emitting\ module\ for\ Pow (in target 'Pow' from project 'Pow')
/Users/admin/builder/spi-builder-workspace/.dependencies/checkouts/Pow/Sources/Pow/Effects/SmokeEffect.swift:120:40: error: cannot find type 'EmitterView' in scope
118 | var seed: UInt32
119 |
120 | func makeView(context: Context) -> EmitterView {
| `- error: cannot find type 'EmitterView' in scope
121 | let view = EmitterView()
122 |
/Users/admin/builder/spi-builder-workspace/.dependencies/checkouts/Pow/Sources/Pow/Effects/SmokeEffect.swift:120:28: error: cannot find type 'Context' in scope
118 | var seed: UInt32
119 |
120 | func makeView(context: Context) -> EmitterView {
| `- error: cannot find type 'Context' in scope
121 | let view = EmitterView()
122 |
/Users/admin/builder/spi-builder-workspace/.dependencies/checkouts/Pow/Sources/Pow/Effects/SmokeEffect.swift:170:29: error: cannot find type 'EmitterView' in scope
168 | }
169 |
170 | func updateView(_ view: EmitterView, context: Context) {
| `- error: cannot find type 'EmitterView' in scope
171 | view.emitterLayer.lifetime = isActive ? 1 : 0
172 | }
/Users/admin/builder/spi-builder-workspace/.dependencies/checkouts/Pow/Sources/Pow/Effects/SmokeEffect.swift:170:51: error: cannot find type 'Context' in scope
168 | }
169 |
170 | func updateView(_ view: EmitterView, context: Context) {
| `- error: cannot find type 'Context' in scope
171 | view.emitterLayer.lifetime = isActive ? 1 : 0
172 | }
SwiftCompile normal arm64_32 (in target 'Pow' from project 'Pow')
cd /Users/admin/builder/spi-builder-workspace/.swiftpm/xcode
SwiftDriverJobDiscovery normal arm64 Compiling RangeAdjuster.swift, RangerTracker.swift, MarkupRewriter.swift, BasicBlockContainer.swift, BasicInlineContainer.swift, BlockContainer.swift (in target 'Markdown' from project 'swift-markdown')
SwiftCompile normal arm64_32 Compiling\ Pop.swift,\ Skid.swift,\ Swoosh.swift,\ Vanish.swift,\ Wipe.swift,\ GeneratedAssetSymbols.swift /Users/admin/builder/spi-builder-workspace/.dependencies/checkouts/Pow/Sources/Pow/Transitions/Pop.swift /Users/admin/builder/spi-builder-workspace/.dependencies/checkouts/Pow/Sources/Pow/Transitions/Skid.swift /Users/admin/builder/spi-builder-workspace/.dependencies/checkouts/Pow/Sources/Pow/Transitions/Swoosh.swift /Users/admin/builder/spi-builder-workspace/.dependencies/checkouts/Pow/Sources/Pow/Transitions/Vanish.swift /Users/admin/builder/spi-builder-workspace/.dependencies/checkouts/Pow/Sources/Pow/Transitions/Wipe.swift /Users/admin/builder/spi-builder-workspace/.derivedData/Build/Intermediates.noindex/Pow.build/Debug-watchos/Pow-t.build/DerivedSources/GeneratedAssetSymbols.swift (in target 'Pow' from project 'Pow')
SwiftCompile normal arm64_32 /Users/admin/builder/spi-builder-workspace/.dependencies/checkouts/Pow/Sources/Pow/Transitions/Pop.swift (in target 'Pow' from project 'Pow')
cd /Users/admin/builder/spi-builder-workspace/.swiftpm/xcode
builtin-SwiftPerFileCompile Pop.swift
SwiftCompile normal arm64_32 /Users/admin/builder/spi-builder-workspace/.dependencies/checkouts/Pow/Sources/Pow/Transitions/Skid.swift (in target 'Pow' from project 'Pow')
cd /Users/admin/builder/spi-builder-workspace/.swiftpm/xcode
builtin-SwiftPerFileCompile Skid.swift
SwiftCompile normal arm64_32 /Users/admin/builder/spi-builder-workspace/.dependencies/checkouts/Pow/Sources/Pow/Transitions/Swoosh.swift (in target 'Pow' from project 'Pow')
cd /Users/admin/builder/spi-builder-workspace/.swiftpm/xcode
builtin-SwiftPerFileCompile Swoosh.swift
SwiftCompile normal arm64_32 /Users/admin/builder/spi-builder-workspace/.dependencies/checkouts/Pow/Sources/Pow/Transitions/Vanish.swift (in target 'Pow' from project 'Pow')
cd /Users/admin/builder/spi-builder-workspace/.swiftpm/xcode
builtin-SwiftPerFileCompile Vanish.swift
SwiftCompile normal arm64_32 /Users/admin/builder/spi-builder-workspace/.dependencies/checkouts/Pow/Sources/Pow/Transitions/Wipe.swift (in target 'Pow' from project 'Pow')
cd /Users/admin/builder/spi-builder-workspace/.swiftpm/xcode
builtin-SwiftPerFileCompile Wipe.swift
SwiftCompile normal arm64_32 /Users/admin/builder/spi-builder-workspace/.derivedData/Build/Intermediates.noindex/Pow.build/Debug-watchos/Pow-t.build/DerivedSources/GeneratedAssetSymbols.swift (in target 'Pow' from project 'Pow')
cd /Users/admin/builder/spi-builder-workspace/.swiftpm/xcode
builtin-SwiftPerFileCompile GeneratedAssetSymbols.swift
SwiftDriverJobDiscovery normal arm64_32 Compiling SourceLocation.swift, Emphasis.swift, Image.swift, Link.swift, Strikethrough.swift, Strong.swift (in target 'Markdown' from project 'swift-markdown')
SwiftCompile normal arm64_32 Compiling\ AnyChangeEffect.swift,\ AnyContinuousEffect.swift,\ AnyViewModifier.swift,\ Haptics.swift,\ MathUtilities.swift,\ Namespace.swift /Users/admin/builder/spi-builder-workspace/.dependencies/checkouts/Pow/Sources/Pow/Infrastructure/AnyChangeEffect.swift /Users/admin/builder/spi-builder-workspace/.dependencies/checkouts/Pow/Sources/Pow/Infrastructure/AnyContinuousEffect.swift /Users/admin/builder/spi-builder-workspace/.dependencies/checkouts/Pow/Sources/Pow/Infrastructure/AnyViewModifier.swift /Users/admin/builder/spi-builder-workspace/.dependencies/checkouts/Pow/Sources/Pow/Infrastructure/Haptics.swift /Users/admin/builder/spi-builder-workspace/.dependencies/checkouts/Pow/Sources/Pow/Infrastructure/MathUtilities.swift /Users/admin/builder/spi-builder-workspace/.dependencies/checkouts/Pow/Sources/Pow/Infrastructure/Namespace.swift (in target 'Pow' from project 'Pow')
SwiftCompile normal arm64_32 /Users/admin/builder/spi-builder-workspace/.dependencies/checkouts/Pow/Sources/Pow/Infrastructure/AnyChangeEffect.swift (in target 'Pow' from project 'Pow')
cd /Users/admin/builder/spi-builder-workspace/.swiftpm/xcode
builtin-SwiftPerFileCompile AnyChangeEffect.swift
SwiftCompile normal arm64_32 /Users/admin/builder/spi-builder-workspace/.dependencies/checkouts/Pow/Sources/Pow/Infrastructure/AnyContinuousEffect.swift (in target 'Pow' from project 'Pow')
cd /Users/admin/builder/spi-builder-workspace/.swiftpm/xcode
builtin-SwiftPerFileCompile AnyContinuousEffect.swift
SwiftCompile normal arm64_32 /Users/admin/builder/spi-builder-workspace/.dependencies/checkouts/Pow/Sources/Pow/Infrastructure/AnyViewModifier.swift (in target 'Pow' from project 'Pow')
cd /Users/admin/builder/spi-builder-workspace/.swiftpm/xcode
builtin-SwiftPerFileCompile AnyViewModifier.swift
SwiftCompile normal arm64_32 /Users/admin/builder/spi-builder-workspace/.dependencies/checkouts/Pow/Sources/Pow/Infrastructure/Haptics.swift (in target 'Pow' from project 'Pow')
cd /Users/admin/builder/spi-builder-workspace/.swiftpm/xcode
builtin-SwiftPerFileCompile Haptics.swift
SwiftCompile normal arm64_32 /Users/admin/builder/spi-builder-workspace/.dependencies/checkouts/Pow/Sources/Pow/Infrastructure/MathUtilities.swift (in target 'Pow' from project 'Pow')
cd /Users/admin/builder/spi-builder-workspace/.swiftpm/xcode
builtin-SwiftPerFileCompile MathUtilities.swift
SwiftCompile normal arm64_32 /Users/admin/builder/spi-builder-workspace/.dependencies/checkouts/Pow/Sources/Pow/Infrastructure/Namespace.swift (in target 'Pow' from project 'Pow')
cd /Users/admin/builder/spi-builder-workspace/.swiftpm/xcode
builtin-SwiftPerFileCompile Namespace.swift
SwiftDriverJobDiscovery normal arm64_32 Compiling ChildIndexPath.swift, DirectiveArgument.swift, Document.swift, LiteralMarkup.swift, Markup.swift, MarkupChildren.swift, MarkupData.swift (in target 'Markdown' from project 'swift-markdown')
SwiftCompile normal arm64_32 Compiling\ WiggleEffect.swift,\ Animation+TimingCurves.swift,\ CGAffineTransform+Shear.swift,\ CGPoint+Utilities.swift,\ CGRect+Utilities.swift,\ CGSize+Utilities.swift,\ Duration+TimeInterval.swift /Users/admin/builder/spi-builder-workspace/.dependencies/checkouts/Pow/Sources/Pow/Effects/WiggleEffect.swift /Users/admin/builder/spi-builder-workspace/.dependencies/checkouts/Pow/Sources/Pow/Extensions/Animation+TimingCurves.swift /Users/admin/builder/spi-builder-workspace/.dependencies/checkouts/Pow/Sources/Pow/Extensions/CGAffineTransform+Shear.swift /Users/admin/builder/spi-builder-workspace/.dependencies/checkouts/Pow/Sources/Pow/Extensions/CGPoint+Utilities.swift /Users/admin/builder/spi-builder-workspace/.dependencies/checkouts/Pow/Sources/Pow/Extensions/CGRect+Utilities.swift /Users/admin/builder/spi-builder-workspace/.dependencies/checkouts/Pow/Sources/Pow/Extensions/CGSize+Utilities.swift /Users/admin/builder/spi-builder-workspace/.dependencies/checkouts/Pow/Sources/Pow/Extensions/Duration+TimeInterval.swift (in target 'Pow' from project 'Pow')
SwiftCompile normal arm64_32 /Users/admin/builder/spi-builder-workspace/.dependencies/checkouts/Pow/Sources/Pow/Effects/WiggleEffect.swift (in target 'Pow' from project 'Pow')
cd /Users/admin/builder/spi-builder-workspace/.swiftpm/xcode
builtin-SwiftPerFileCompile WiggleEffect.swift
SwiftCompile normal arm64_32 /Users/admin/builder/spi-builder-workspace/.dependencies/checkouts/Pow/Sources/Pow/Extensions/Animation+TimingCurves.swift (in target 'Pow' from project 'Pow')
cd /Users/admin/builder/spi-builder-workspace/.swiftpm/xcode
builtin-SwiftPerFileCompile Animation+TimingCurves.swift
SwiftCompile normal arm64_32 /Users/admin/builder/spi-builder-workspace/.dependencies/checkouts/Pow/Sources/Pow/Extensions/CGAffineTransform+Shear.swift (in target 'Pow' from project 'Pow')
cd /Users/admin/builder/spi-builder-workspace/.swiftpm/xcode
builtin-SwiftPerFileCompile CGAffineTransform+Shear.swift
SwiftCompile normal arm64_32 /Users/admin/builder/spi-builder-workspace/.dependencies/checkouts/Pow/Sources/Pow/Extensions/CGPoint+Utilities.swift (in target 'Pow' from project 'Pow')
cd /Users/admin/builder/spi-builder-workspace/.swiftpm/xcode
builtin-SwiftPerFileCompile CGPoint+Utilities.swift
SwiftCompile normal arm64_32 /Users/admin/builder/spi-builder-workspace/.dependencies/checkouts/Pow/Sources/Pow/Extensions/CGRect+Utilities.swift (in target 'Pow' from project 'Pow')
cd /Users/admin/builder/spi-builder-workspace/.swiftpm/xcode
builtin-SwiftPerFileCompile CGRect+Utilities.swift
SwiftCompile normal arm64_32 /Users/admin/builder/spi-builder-workspace/.dependencies/checkouts/Pow/Sources/Pow/Extensions/CGSize+Utilities.swift (in target 'Pow' from project 'Pow')
cd /Users/admin/builder/spi-builder-workspace/.swiftpm/xcode
builtin-SwiftPerFileCompile CGSize+Utilities.swift
SwiftCompile normal arm64_32 /Users/admin/builder/spi-builder-workspace/.dependencies/checkouts/Pow/Sources/Pow/Extensions/Duration+TimeInterval.swift (in target 'Pow' from project 'Pow')
cd /Users/admin/builder/spi-builder-workspace/.swiftpm/xcode
builtin-SwiftPerFileCompile Duration+TimeInterval.swift
SwiftDriverJobDiscovery normal arm64_32 Compiling Text.swift, Aside.swift, BlockDirectiveParser.swift, CommonMarkConverter.swift, LazySplitLines.swift, ParseOptions.swift (in target 'Markdown' from project 'swift-markdown')
SwiftCompile normal arm64 Compiling\ WiggleEffect.swift,\ Animation+TimingCurves.swift,\ CGAffineTransform+Shear.swift,\ CGPoint+Utilities.swift,\ CGRect+Utilities.swift,\ CGSize+Utilities.swift,\ Duration+TimeInterval.swift /Users/admin/builder/spi-builder-workspace/.dependencies/checkouts/Pow/Sources/Pow/Effects/WiggleEffect.swift /Users/admin/builder/spi-builder-workspace/.dependencies/checkouts/Pow/Sources/Pow/Extensions/Animation+TimingCurves.swift /Users/admin/builder/spi-builder-workspace/.dependencies/checkouts/Pow/Sources/Pow/Extensions/CGAffineTransform+Shear.swift /Users/admin/builder/spi-builder-workspace/.dependencies/checkouts/Pow/Sources/Pow/Extensions/CGPoint+Utilities.swift /Users/admin/builder/spi-builder-workspace/.dependencies/checkouts/Pow/Sources/Pow/Extensions/CGRect+Utilities.swift /Users/admin/builder/spi-builder-workspace/.dependencies/checkouts/Pow/Sources/Pow/Extensions/CGSize+Utilities.swift /Users/admin/builder/spi-builder-workspace/.dependencies/checkouts/Pow/Sources/Pow/Extensions/Duration+TimeInterval.swift (in target 'Pow' from project 'Pow')
SwiftCompile normal arm64 /Users/admin/builder/spi-builder-workspace/.dependencies/checkouts/Pow/Sources/Pow/Effects/WiggleEffect.swift (in target 'Pow' from project 'Pow')
cd /Users/admin/builder/spi-builder-workspace/.swiftpm/xcode
builtin-SwiftPerFileCompile WiggleEffect.swift
SwiftCompile normal arm64 /Users/admin/builder/spi-builder-workspace/.dependencies/checkouts/Pow/Sources/Pow/Extensions/Animation+TimingCurves.swift (in target 'Pow' from project 'Pow')
cd /Users/admin/builder/spi-builder-workspace/.swiftpm/xcode
builtin-SwiftPerFileCompile Animation+TimingCurves.swift
SwiftCompile normal arm64 /Users/admin/builder/spi-builder-workspace/.dependencies/checkouts/Pow/Sources/Pow/Extensions/CGAffineTransform+Shear.swift (in target 'Pow' from project 'Pow')
cd /Users/admin/builder/spi-builder-workspace/.swiftpm/xcode
builtin-SwiftPerFileCompile CGAffineTransform+Shear.swift
SwiftCompile normal arm64 /Users/admin/builder/spi-builder-workspace/.dependencies/checkouts/Pow/Sources/Pow/Extensions/CGPoint+Utilities.swift (in target 'Pow' from project 'Pow')
cd /Users/admin/builder/spi-builder-workspace/.swiftpm/xcode
builtin-SwiftPerFileCompile CGPoint+Utilities.swift
SwiftCompile normal arm64 /Users/admin/builder/spi-builder-workspace/.dependencies/checkouts/Pow/Sources/Pow/Extensions/CGRect+Utilities.swift (in target 'Pow' from project 'Pow')
cd /Users/admin/builder/spi-builder-workspace/.swiftpm/xcode
builtin-SwiftPerFileCompile CGRect+Utilities.swift
SwiftCompile normal arm64 /Users/admin/builder/spi-builder-workspace/.dependencies/checkouts/Pow/Sources/Pow/Extensions/CGSize+Utilities.swift (in target 'Pow' from project 'Pow')
cd /Users/admin/builder/spi-builder-workspace/.swiftpm/xcode
builtin-SwiftPerFileCompile CGSize+Utilities.swift
SwiftCompile normal arm64 /Users/admin/builder/spi-builder-workspace/.dependencies/checkouts/Pow/Sources/Pow/Extensions/Duration+TimeInterval.swift (in target 'Pow' from project 'Pow')
cd /Users/admin/builder/spi-builder-workspace/.swiftpm/xcode
builtin-SwiftPerFileCompile Duration+TimeInterval.swift
SwiftDriverJobDiscovery normal arm64 Compiling ChildIndexPath.swift, DirectiveArgument.swift, Document.swift, LiteralMarkup.swift, Markup.swift, MarkupChildren.swift, MarkupData.swift (in target 'Markdown' from project 'swift-markdown')
SwiftCompile normal arm64 Compiling\ Pop.swift,\ Skid.swift,\ Swoosh.swift,\ Vanish.swift,\ Wipe.swift,\ GeneratedAssetSymbols.swift /Users/admin/builder/spi-builder-workspace/.dependencies/checkouts/Pow/Sources/Pow/Transitions/Pop.swift /Users/admin/builder/spi-builder-workspace/.dependencies/checkouts/Pow/Sources/Pow/Transitions/Skid.swift /Users/admin/builder/spi-builder-workspace/.dependencies/checkouts/Pow/Sources/Pow/Transitions/Swoosh.swift /Users/admin/builder/spi-builder-workspace/.dependencies/checkouts/Pow/Sources/Pow/Transitions/Vanish.swift /Users/admin/builder/spi-builder-workspace/.dependencies/checkouts/Pow/Sources/Pow/Transitions/Wipe.swift /Users/admin/builder/spi-builder-workspace/.derivedData/Build/Intermediates.noindex/Pow.build/Debug-watchos/Pow-t.build/DerivedSources/GeneratedAssetSymbols.swift (in target 'Pow' from project 'Pow')
SwiftCompile normal arm64 /Users/admin/builder/spi-builder-workspace/.dependencies/checkouts/Pow/Sources/Pow/Transitions/Pop.swift (in target 'Pow' from project 'Pow')
cd /Users/admin/builder/spi-builder-workspace/.swiftpm/xcode
builtin-SwiftPerFileCompile Pop.swift
SwiftCompile normal arm64 /Users/admin/builder/spi-builder-workspace/.dependencies/checkouts/Pow/Sources/Pow/Transitions/Skid.swift (in target 'Pow' from project 'Pow')
cd /Users/admin/builder/spi-builder-workspace/.swiftpm/xcode
builtin-SwiftPerFileCompile Skid.swift
SwiftCompile normal arm64 /Users/admin/builder/spi-builder-workspace/.dependencies/checkouts/Pow/Sources/Pow/Transitions/Swoosh.swift (in target 'Pow' from project 'Pow')
cd /Users/admin/builder/spi-builder-workspace/.swiftpm/xcode
builtin-SwiftPerFileCompile Swoosh.swift
SwiftCompile normal arm64 /Users/admin/builder/spi-builder-workspace/.dependencies/checkouts/Pow/Sources/Pow/Transitions/Vanish.swift (in target 'Pow' from project 'Pow')
cd /Users/admin/builder/spi-builder-workspace/.swiftpm/xcode
builtin-SwiftPerFileCompile Vanish.swift
SwiftCompile normal arm64 /Users/admin/builder/spi-builder-workspace/.dependencies/checkouts/Pow/Sources/Pow/Transitions/Wipe.swift (in target 'Pow' from project 'Pow')
cd /Users/admin/builder/spi-builder-workspace/.swiftpm/xcode
builtin-SwiftPerFileCompile Wipe.swift
SwiftCompile normal arm64 /Users/admin/builder/spi-builder-workspace/.derivedData/Build/Intermediates.noindex/Pow.build/Debug-watchos/Pow-t.build/DerivedSources/GeneratedAssetSymbols.swift (in target 'Pow' from project 'Pow')
cd /Users/admin/builder/spi-builder-workspace/.swiftpm/xcode
builtin-SwiftPerFileCompile GeneratedAssetSymbols.swift
SwiftDriverJobDiscovery normal arm64 Compiling Text.swift, Aside.swift, BlockDirectiveParser.swift, CommonMarkConverter.swift, LazySplitLines.swift, ParseOptions.swift (in target 'Markdown' from project 'swift-markdown')
SwiftCompile normal arm64_32 Compiling\ Flicker.swift,\ Flip.swift,\ Glare.swift,\ Iris.swift,\ Move.swift,\ Poof.swift /Users/admin/builder/spi-builder-workspace/.dependencies/checkouts/Pow/Sources/Pow/Transitions/Flicker.swift /Users/admin/builder/spi-builder-workspace/.dependencies/checkouts/Pow/Sources/Pow/Transitions/Flip.swift /Users/admin/builder/spi-builder-workspace/.dependencies/checkouts/Pow/Sources/Pow/Transitions/Glare.swift /Users/admin/builder/spi-builder-workspace/.dependencies/checkouts/Pow/Sources/Pow/Transitions/Iris.swift /Users/admin/builder/spi-builder-workspace/.dependencies/checkouts/Pow/Sources/Pow/Transitions/Move.swift /Users/admin/builder/spi-builder-workspace/.dependencies/checkouts/Pow/Sources/Pow/Transitions/Poof.swift (in target 'Pow' from project 'Pow')
SwiftCompile normal arm64_32 /Users/admin/builder/spi-builder-workspace/.dependencies/checkouts/Pow/Sources/Pow/Transitions/Flicker.swift (in target 'Pow' from project 'Pow')
cd /Users/admin/builder/spi-builder-workspace/.swiftpm/xcode
builtin-SwiftPerFileCompile Flicker.swift
SwiftCompile normal arm64_32 /Users/admin/builder/spi-builder-workspace/.dependencies/checkouts/Pow/Sources/Pow/Transitions/Flip.swift (in target 'Pow' from project 'Pow')
cd /Users/admin/builder/spi-builder-workspace/.swiftpm/xcode
builtin-SwiftPerFileCompile Flip.swift
SwiftCompile normal arm64_32 /Users/admin/builder/spi-builder-workspace/.dependencies/checkouts/Pow/Sources/Pow/Transitions/Glare.swift (in target 'Pow' from project 'Pow')
cd /Users/admin/builder/spi-builder-workspace/.swiftpm/xcode
builtin-SwiftPerFileCompile Glare.swift
SwiftCompile normal arm64_32 /Users/admin/builder/spi-builder-workspace/.dependencies/checkouts/Pow/Sources/Pow/Transitions/Iris.swift (in target 'Pow' from project 'Pow')
cd /Users/admin/builder/spi-builder-workspace/.swiftpm/xcode
builtin-SwiftPerFileCompile Iris.swift
SwiftCompile normal arm64_32 /Users/admin/builder/spi-builder-workspace/.dependencies/checkouts/Pow/Sources/Pow/Transitions/Move.swift (in target 'Pow' from project 'Pow')
cd /Users/admin/builder/spi-builder-workspace/.swiftpm/xcode
builtin-SwiftPerFileCompile Move.swift
SwiftCompile normal arm64_32 /Users/admin/builder/spi-builder-workspace/.dependencies/checkouts/Pow/Sources/Pow/Transitions/Poof.swift (in target 'Pow' from project 'Pow')
cd /Users/admin/builder/spi-builder-workspace/.swiftpm/xcode
builtin-SwiftPerFileCompile Poof.swift
PruneExplicitPrecompiledModules /Users/admin/builder/spi-builder-workspace/.derivedData/SDKExplicitPrecompiledModules
PruneExplicitPrecompiledModules /Users/admin/builder/spi-builder-workspace/.derivedData/Build/Intermediates.noindex/SwiftExplicitPrecompiledModules
PruneExplicitPrecompiledModules /Users/admin/builder/spi-builder-workspace/.derivedData/Build/Intermediates.noindex/ExplicitPrecompiledModules
2026-09-19 18:46:58.766 xcodebuild[832:4963] [MT] IDERunDestination: Supported platforms for the buildables in the current scheme is empty.
** BUILD FAILED **
The following build commands failed:
SwiftCompile normal arm64 (in target 'Pow' from project 'Pow')
SwiftEmitModule normal arm64 Emitting\ module\ for\ Pow (in target 'Pow' from project 'Pow')
Building workspace MarkWalkthrough with scheme MarkWalkthrough
(3 failures)
Command line invocation:
/Applications/Xcode-27.0.0-Release.Candidate.app/Contents/Developer/usr/bin/xcodebuild -IDEClonedSourcePackagesDirPathOverride=/Users/admin/builder/spi-builder-workspace/.dependencies -resolvePackageDependencies
Resolve Package Graph
Resolved source packages:
cmark-gfm: https://github.com/markcodable/swift-cmark.git @ 0.100.1
MarkCodable: https://github.com/MarkCodable/MarkCodable @ 0.6.9
MarkWalkthrough: /Users/admin/builder/spi-builder-workspace
Pow: https://github.com/EmergeTools/Pow @ 1.0.6
swift-markdown: https://github.com/markcodable/swift-markdown.git @ 0.100.1
resolved source packages: cmark-gfm, MarkCodable, MarkWalkthrough, Pow, swift-markdown
2026-09-19 18:47:09.193 xcodebuild[1166:6331] [MT] IDERunDestination: Supported platforms for the buildables in the current scheme is empty.
{
"dependencies" : [
{
"identity" : "markcodable",
"requirement" : {
"range" : [
{
"lower_bound" : "0.6.0",
"upper_bound" : "1.0.0"
}
]
},
"type" : "sourceControl",
"url" : "https://github.com/MarkCodable/MarkCodable"
},
{
"identity" : "pow",
"requirement" : {
"range" : [
{
"lower_bound" : "1.0.0",
"upper_bound" : "2.0.0"
}
]
},
"type" : "sourceControl",
"url" : "https://github.com/EmergeTools/Pow"
}
],
"manifest_display_name" : "MarkWalkthrough",
"name" : "MarkWalkthrough",
"path" : "/Users/admin/builder/spi-builder-workspace",
"platforms" : [
{
"name" : "macos",
"version" : "13.0"
}
],
"products" : [
{
"name" : "MarkWalkthrough",
"targets" : [
"MarkWalkthrough"
],
"type" : {
"library" : [
"automatic"
]
}
}
],
"targets" : [
{
"c99name" : "MarkWalkthrough",
"module_type" : "SwiftTarget",
"name" : "MarkWalkthrough",
"path" : "Sources/MarkWalkthrough",
"product_dependencies" : [
"MarkCodable",
"Pow"
],
"product_memberships" : [
"MarkWalkthrough"
],
"sources" : [
"AnyTransitionExt.swift",
"MarkWalkthroughModel.swift",
"MarkWalkthroughWindow.swift"
],
"type" : "library"
}
],
"tools_version" : "5.9"
}
{
"workspace" : {
"name" : "MarkWalkthrough",
"schemes" : [
"MarkWalkthrough"
]
}
}
2026-09-19 18:47:10.489 xcodebuild[1174:6397] [MT] IDERunDestination: Supported platforms for the buildables in the current scheme is empty.
Running build ...
env DEVELOPER_DIR=/Applications/Xcode-27.0.0-Release.Candidate.app xcrun xcodebuild -IDEClonedSourcePackagesDirPathOverride=$PWD/.dependencies -skipMacroValidation -skipPackagePluginValidation -derivedDataPath $PWD/.derivedData build -scheme MarkWalkthrough -destination generic/platform=watchOS
Command line invocation:
/Applications/Xcode-27.0.0-Release.Candidate.app/Contents/Developer/usr/bin/xcodebuild -IDEClonedSourcePackagesDirPathOverride=/Users/admin/builder/spi-builder-workspace/.dependencies -skipMacroValidation -skipPackagePluginValidation -derivedDataPath /Users/admin/builder/spi-builder-workspace/.derivedData build -scheme MarkWalkthrough -destination generic/platform=watchOS
Resolve Package Graph
Resolved source packages:
cmark-gfm: https://github.com/markcodable/swift-cmark.git @ 0.100.1
MarkCodable: https://github.com/MarkCodable/MarkCodable @ 0.6.9
MarkWalkthrough: /Users/admin/builder/spi-builder-workspace
Pow: https://github.com/EmergeTools/Pow @ 1.0.6
swift-markdown: https://github.com/markcodable/swift-markdown.git @ 0.100.1
ComputePackagePrebuildTargetDependencyGraph
Prepare packages
CreateBuildRequest
SendProjectDescription
CreateBuildOperation
ComputeTargetDependencyGraph
note: Building targets in dependency order
note: Target dependency graph (14 targets)
Target 'MarkWalkthrough-product' in project 'MarkWalkthrough'
➜ Explicit dependency on target 'MarkWalkthrough' in project 'MarkWalkthrough'
➜ Explicit dependency on target 'MarkCodable-product' in project 'MarkCodable'
➜ Explicit dependency on target 'Pow-product' in project 'Pow'
Target 'MarkWalkthrough' in project 'MarkWalkthrough'
➜ Explicit dependency on target 'MarkCodable-product' in project 'MarkCodable'
➜ Explicit dependency on target 'Pow-product' in project 'Pow'
Target 'Pow-product' in project 'Pow'
➜ Explicit dependency on target 'Pow' in project 'Pow'
➜ Explicit dependency on target 'Pow_Pow' in project 'Pow'
Target 'Pow' in project 'Pow'
➜ Explicit dependency on target 'Pow_Pow' in project 'Pow'
Target 'Pow_Pow' in project 'Pow' (no dependencies)
Target 'MarkCodable-product' in project 'MarkCodable'
➜ Explicit dependency on target 'MarkCodable' in project 'MarkCodable'
➜ Explicit dependency on target 'Markdown-product' in project 'swift-markdown'
Target 'MarkCodable' in project 'MarkCodable'
➜ Explicit dependency on target 'Markdown-product' in project 'swift-markdown'
Target 'Markdown-product' in project 'swift-markdown'
➜ Explicit dependency on target 'Markdown' in project 'swift-markdown'
➜ Explicit dependency on target 'CAtomic' in project 'swift-markdown'
➜ Explicit dependency on target 'cmark-gfm-product' in project 'cmark-gfm'
➜ Explicit dependency on target 'cmark-gfm-extensions-product' in project 'cmark-gfm'
Target 'Markdown' in project 'swift-markdown'
➜ Explicit dependency on target 'CAtomic' in project 'swift-markdown'
➜ Explicit dependency on target 'cmark-gfm-product' in project 'cmark-gfm'
➜ Explicit dependency on target 'cmark-gfm-extensions-product' in project 'cmark-gfm'
Target 'cmark-gfm-extensions-product' in project 'cmark-gfm'
➜ Explicit dependency on target 'cmark-gfm-extensions' in project 'cmark-gfm'
➜ Explicit dependency on target 'cmark-gfm' in project 'cmark-gfm'
Target 'cmark-gfm-extensions' in project 'cmark-gfm'
➜ Explicit dependency on target 'cmark-gfm' in project 'cmark-gfm'
Target 'cmark-gfm-product' in project 'cmark-gfm'
➜ Explicit dependency on target 'cmark-gfm' in project 'cmark-gfm'
Target 'cmark-gfm' in project 'cmark-gfm' (no dependencies)
Target 'CAtomic' in project 'swift-markdown' (no dependencies)
GatherProvisioningInputs
CreateBuildDescription
ClangStatCache /Applications/Xcode-27.0.0-Release.Candidate.app/Contents/Developer/Toolchains/XcodeDefault.xctoolchain/usr/bin/clang-stat-cache /Applications/Xcode-27.0.0-Release.Candidate.app/Contents/Developer/Platforms/WatchOS.platform/Developer/SDKs/WatchOS27.0.sdk /Users/admin/builder/spi-builder-workspace/.derivedData/SDKStatCaches.noindex/watchos27.0-24R360-e829b21a6f8c9b70876ba0858053c04477534ef55a1706bf4c1112bbb242f0a2.sdkstatcache
cd /Users/admin/builder/spi-builder-workspace/.swiftpm/xcode
/Applications/Xcode-27.0.0-Release.Candidate.app/Contents/Developer/Toolchains/XcodeDefault.xctoolchain/usr/bin/clang-stat-cache /Applications/Xcode-27.0.0-Release.Candidate.app/Contents/Developer/Platforms/WatchOS.platform/Developer/SDKs/WatchOS27.0.sdk -o /Users/admin/builder/spi-builder-workspace/.derivedData/SDKStatCaches.noindex/watchos27.0-24R360-e829b21a6f8c9b70876ba0858053c04477534ef55a1706bf4c1112bbb242f0a2.sdkstatcache
SwiftDriver Pow normal arm64_32 com.apple.xcode.tools.swift.compiler (in target 'Pow' from project 'Pow')
cd /Users/admin/builder/spi-builder-workspace/.swiftpm/xcode
builtin-SwiftDriver -- /Applications/Xcode-27.0.0-Release.Candidate.app/Contents/Developer/Toolchains/XcodeDefault.xctoolchain/usr/bin/swiftc -parse-as-library -module-name Pow -Onone @/Users/admin/builder/spi-builder-workspace/.derivedData/Build/Intermediates.noindex/Pow.build/Debug-watchos/Pow-t.build/Objects-normal/arm64_32/Pow.SwiftFileList -DSWIFT_PACKAGE -DDEBUG -DSWIFT_MODULE_RESOURCE_BUNDLE_AVAILABLE -DXcode -plugin-path /Applications/Xcode-27.0.0-Release.Candidate.app/Contents/Developer/Toolchains/XcodeDefault.xctoolchain/usr/lib/swift/host/plugins/testing -enable-experimental-feature DebugDescriptionMacro -sdk /Applications/Xcode-27.0.0-Release.Candidate.app/Contents/Developer/Platforms/WatchOS.platform/Developer/SDKs/WatchOS27.0.sdk -target arm64_32-apple-watchos9.0 -g -module-cache-path /Users/admin/builder/spi-builder-workspace/.derivedData/ModuleCache.noindex -Xfrontend -serialize-debugging-options -enable-testing -suppress-warnings -index-store-path /Users/admin/builder/spi-builder-workspace/.derivedData/Index.noindex/DataStore -Xcc -D_LIBCPP_HARDENING_MODE\=_LIBCPP_HARDENING_MODE_DEBUG -swift-version 5 -I /Users/admin/builder/spi-builder-workspace/.derivedData/Build/Products/Debug-watchos -Isystem /Applications/Xcode-27.0.0-Release.Candidate.app/Contents/Developer/Platforms/WatchOS.platform/Developer/usr/lib -F /Users/admin/builder/spi-builder-workspace/.derivedData/Build/Products/Debug-watchos -F /Applications/Xcode-27.0.0-Release.Candidate.app/Contents/Developer/Platforms/WatchOS.platform/Developer/Library/Frameworks -F /Applications/Xcode-27.0.0-Release.Candidate.app/Contents/Developer/Platforms/WatchOS.platform/Developer/SDKs/WatchOS27.0.sdk/Developer/Library/Frameworks -c -j10 -enable-batch-mode -incremental -Xcc -ivfsstatcache -Xcc /Users/admin/builder/spi-builder-workspace/.derivedData/SDKStatCaches.noindex/watchos27.0-24R360-e829b21a6f8c9b70876ba0858053c04477534ef55a1706bf4c1112bbb242f0a2.sdkstatcache -output-file-map /Users/admin/builder/spi-builder-workspace/.derivedData/Build/Intermediates.noindex/Pow.build/Debug-watchos/Pow-t.build/Objects-normal/arm64_32/Pow-OutputFileMap.json -save-temps -no-color-diagnostics -explicit-module-build -module-cache-path /Users/admin/builder/spi-builder-workspace/.derivedData/Build/Intermediates.noindex/SwiftExplicitPrecompiledModules -clang-scanner-module-cache-path /Users/admin/builder/spi-builder-workspace/.derivedData/ModuleCache.noindex -sdk-module-cache-path /Users/admin/builder/spi-builder-workspace/.derivedData/SDKExplicitPrecompiledModules -emit-dependencies -emit-module -emit-module-path /Users/admin/builder/spi-builder-workspace/.derivedData/Build/Intermediates.noindex/Pow.build/Debug-watchos/Pow-t.build/Objects-normal/arm64_32/Pow.swiftmodule -serialize-diagnostics -dependency-scan-serialize-diagnostics-path /Users/admin/builder/spi-builder-workspace/.derivedData/Build/Intermediates.noindex/Pow.build/Debug-watchos/Pow-t.build/Objects-normal/arm64_32/Pow-dependency-scan.dia -validate-clang-modules-once -clang-build-session-file /Users/admin/builder/spi-builder-workspace/.derivedData/ModuleCache.noindex/Session.modulevalidation -Xcc -fmodules-prune-interval\=86400 -Xcc -fmodules-prune-after\=345600 -emit-const-values -const-gather-protocols-list /Users/admin/builder/spi-builder-workspace/.derivedData/Build/Intermediates.noindex/Pow.build/Debug-watchos/Pow-t.build/Objects-normal/arm64_32/Pow_const_extract_protocols.json -Xcc -I/Users/admin/builder/spi-builder-workspace/.derivedData/Build/Products/Debug-watchos/include -Xcc -I/Users/admin/builder/spi-builder-workspace/.derivedData/Build/Intermediates.noindex/Pow.build/Debug-watchos/Pow-t.build/DerivedSources-normal/arm64_32 -Xcc -I/Users/admin/builder/spi-builder-workspace/.derivedData/Build/Intermediates.noindex/Pow.build/Debug-watchos/Pow-t.build/DerivedSources/arm64_32 -Xcc -I/Users/admin/builder/spi-builder-workspace/.derivedData/Build/Intermediates.noindex/Pow.build/Debug-watchos/Pow-t.build/DerivedSources -Xcc -DSWIFT_PACKAGE -Xcc -DDEBUG\=1 -emit-objc-header -emit-objc-header-path /Users/admin/builder/spi-builder-workspace/.derivedData/Build/Intermediates.noindex/Pow.build/Debug-watchos/Pow-t.build/Objects-normal/arm64_32/Pow-Swift.h -working-directory /Users/admin/builder/spi-builder-workspace/.swiftpm/xcode -experimental-emit-module-separately -disable-cmo
SwiftDriver Pow normal arm64 com.apple.xcode.tools.swift.compiler (in target 'Pow' from project 'Pow')
cd /Users/admin/builder/spi-builder-workspace/.swiftpm/xcode
builtin-SwiftDriver -- /Applications/Xcode-27.0.0-Release.Candidate.app/Contents/Developer/Toolchains/XcodeDefault.xctoolchain/usr/bin/swiftc -parse-as-library -module-name Pow -Onone @/Users/admin/builder/spi-builder-workspace/.derivedData/Build/Intermediates.noindex/Pow.build/Debug-watchos/Pow-t.build/Objects-normal/arm64/Pow.SwiftFileList -DSWIFT_PACKAGE -DDEBUG -DSWIFT_MODULE_RESOURCE_BUNDLE_AVAILABLE -DXcode -plugin-path /Applications/Xcode-27.0.0-Release.Candidate.app/Contents/Developer/Toolchains/XcodeDefault.xctoolchain/usr/lib/swift/host/plugins/testing -enable-experimental-feature DebugDescriptionMacro -sdk /Applications/Xcode-27.0.0-Release.Candidate.app/Contents/Developer/Platforms/WatchOS.platform/Developer/SDKs/WatchOS27.0.sdk -target arm64-apple-watchos9.0 -g -module-cache-path /Users/admin/builder/spi-builder-workspace/.derivedData/ModuleCache.noindex -Xfrontend -serialize-debugging-options -enable-testing -suppress-warnings -index-store-path /Users/admin/builder/spi-builder-workspace/.derivedData/Index.noindex/DataStore -Xcc -D_LIBCPP_HARDENING_MODE\=_LIBCPP_HARDENING_MODE_DEBUG -swift-version 5 -I /Users/admin/builder/spi-builder-workspace/.derivedData/Build/Products/Debug-watchos -Isystem /Applications/Xcode-27.0.0-Release.Candidate.app/Contents/Developer/Platforms/WatchOS.platform/Developer/usr/lib -F /Users/admin/builder/spi-builder-workspace/.derivedData/Build/Products/Debug-watchos -F /Applications/Xcode-27.0.0-Release.Candidate.app/Contents/Developer/Platforms/WatchOS.platform/Developer/Library/Frameworks -F /Applications/Xcode-27.0.0-Release.Candidate.app/Contents/Developer/Platforms/WatchOS.platform/Developer/SDKs/WatchOS27.0.sdk/Developer/Library/Frameworks -c -j10 -enable-batch-mode -incremental -Xcc -ivfsstatcache -Xcc /Users/admin/builder/spi-builder-workspace/.derivedData/SDKStatCaches.noindex/watchos27.0-24R360-e829b21a6f8c9b70876ba0858053c04477534ef55a1706bf4c1112bbb242f0a2.sdkstatcache -output-file-map /Users/admin/builder/spi-builder-workspace/.derivedData/Build/Intermediates.noindex/Pow.build/Debug-watchos/Pow-t.build/Objects-normal/arm64/Pow-OutputFileMap.json -save-temps -no-color-diagnostics -explicit-module-build -module-cache-path /Users/admin/builder/spi-builder-workspace/.derivedData/Build/Intermediates.noindex/SwiftExplicitPrecompiledModules -clang-scanner-module-cache-path /Users/admin/builder/spi-builder-workspace/.derivedData/ModuleCache.noindex -sdk-module-cache-path /Users/admin/builder/spi-builder-workspace/.derivedData/SDKExplicitPrecompiledModules -emit-dependencies -emit-module -emit-module-path /Users/admin/builder/spi-builder-workspace/.derivedData/Build/Intermediates.noindex/Pow.build/Debug-watchos/Pow-t.build/Objects-normal/arm64/Pow.swiftmodule -serialize-diagnostics -dependency-scan-serialize-diagnostics-path /Users/admin/builder/spi-builder-workspace/.derivedData/Build/Intermediates.noindex/Pow.build/Debug-watchos/Pow-t.build/Objects-normal/arm64/Pow-dependency-scan.dia -validate-clang-modules-once -clang-build-session-file /Users/admin/builder/spi-builder-workspace/.derivedData/ModuleCache.noindex/Session.modulevalidation -Xcc -fmodules-prune-interval\=86400 -Xcc -fmodules-prune-after\=345600 -emit-const-values -const-gather-protocols-list /Users/admin/builder/spi-builder-workspace/.derivedData/Build/Intermediates.noindex/Pow.build/Debug-watchos/Pow-t.build/Objects-normal/arm64/Pow_const_extract_protocols.json -Xcc -I/Users/admin/builder/spi-builder-workspace/.derivedData/Build/Products/Debug-watchos/include -Xcc -I/Users/admin/builder/spi-builder-workspace/.derivedData/Build/Intermediates.noindex/Pow.build/Debug-watchos/Pow-t.build/DerivedSources-normal/arm64 -Xcc -I/Users/admin/builder/spi-builder-workspace/.derivedData/Build/Intermediates.noindex/Pow.build/Debug-watchos/Pow-t.build/DerivedSources/arm64 -Xcc -I/Users/admin/builder/spi-builder-workspace/.derivedData/Build/Intermediates.noindex/Pow.build/Debug-watchos/Pow-t.build/DerivedSources -Xcc -DSWIFT_PACKAGE -Xcc -DDEBUG\=1 -emit-objc-header -emit-objc-header-path /Users/admin/builder/spi-builder-workspace/.derivedData/Build/Intermediates.noindex/Pow.build/Debug-watchos/Pow-t.build/Objects-normal/arm64/Pow-Swift.h -working-directory /Users/admin/builder/spi-builder-workspace/.swiftpm/xcode -experimental-emit-module-separately -disable-cmo
SwiftDriver Markdown normal arm64_32 com.apple.xcode.tools.swift.compiler (in target 'Markdown' from project 'swift-markdown')
cd /Users/admin/builder/spi-builder-workspace/.swiftpm/xcode
builtin-SwiftDriver -- /Applications/Xcode-27.0.0-Release.Candidate.app/Contents/Developer/Toolchains/XcodeDefault.xctoolchain/usr/bin/swiftc -parse-as-library -module-name Markdown -Onone @/Users/admin/builder/spi-builder-workspace/.derivedData/Build/Intermediates.noindex/swift-markdown.build/Debug-watchos/Markdown-t.build/Objects-normal/arm64_32/Markdown.SwiftFileList -DSWIFT_PACKAGE -DDEBUG -DSWIFT_MODULE_RESOURCE_BUNDLE_UNAVAILABLE -Xcc -fmodule-map-file\=/Users/admin/builder/spi-builder-workspace/.dependencies/checkouts/swift-cmark/src/include/module.modulemap -Xcc -fmodule-map-file\=/Users/admin/builder/spi-builder-workspace/.derivedData/Build/Intermediates.noindex/GeneratedModuleMaps-watchos/cmark-gfm-extensions.modulemap -Xcc -fmodule-map-file\=/Users/admin/builder/spi-builder-workspace/.derivedData/Build/Intermediates.noindex/GeneratedModuleMaps-watchos/CAtomic.modulemap -DXcode -plugin-path /Applications/Xcode-27.0.0-Release.Candidate.app/Contents/Developer/Toolchains/XcodeDefault.xctoolchain/usr/lib/swift/host/plugins/testing -enable-experimental-feature DebugDescriptionMacro -sdk /Applications/Xcode-27.0.0-Release.Candidate.app/Contents/Developer/Platforms/WatchOS.platform/Developer/SDKs/WatchOS27.0.sdk -target arm64_32-apple-watchos9.0 -g -module-cache-path /Users/admin/builder/spi-builder-workspace/.derivedData/ModuleCache.noindex -Xfrontend -serialize-debugging-options -enable-testing -suppress-warnings -index-store-path /Users/admin/builder/spi-builder-workspace/.derivedData/Index.noindex/DataStore -Xcc -D_LIBCPP_HARDENING_MODE\=_LIBCPP_HARDENING_MODE_DEBUG -swift-version 5 -I /Users/admin/builder/spi-builder-workspace/.derivedData/Build/Products/Debug-watchos -Isystem /Applications/Xcode-27.0.0-Release.Candidate.app/Contents/Developer/Platforms/WatchOS.platform/Developer/usr/lib -F /Users/admin/builder/spi-builder-workspace/.derivedData/Build/Products/Debug-watchos/PackageFrameworks -F /Users/admin/builder/spi-builder-workspace/.derivedData/Build/Products/Debug-watchos -F /Applications/Xcode-27.0.0-Release.Candidate.app/Contents/Developer/Platforms/WatchOS.platform/Developer/Library/Frameworks -F /Applications/Xcode-27.0.0-Release.Candidate.app/Contents/Developer/Platforms/WatchOS.platform/Developer/SDKs/WatchOS27.0.sdk/Developer/Library/Frameworks -c -j10 -enable-batch-mode -incremental -Xcc -ivfsstatcache -Xcc /Users/admin/builder/spi-builder-workspace/.derivedData/SDKStatCaches.noindex/watchos27.0-24R360-e829b21a6f8c9b70876ba0858053c04477534ef55a1706bf4c1112bbb242f0a2.sdkstatcache -output-file-map /Users/admin/builder/spi-builder-workspace/.derivedData/Build/Intermediates.noindex/swift-markdown.build/Debug-watchos/Markdown-t.build/Objects-normal/arm64_32/Markdown-OutputFileMap.json -save-temps -no-color-diagnostics -explicit-module-build -module-cache-path /Users/admin/builder/spi-builder-workspace/.derivedData/Build/Intermediates.noindex/SwiftExplicitPrecompiledModules -clang-scanner-module-cache-path /Users/admin/builder/spi-builder-workspace/.derivedData/ModuleCache.noindex -sdk-module-cache-path /Users/admin/builder/spi-builder-workspace/.derivedData/SDKExplicitPrecompiledModules -emit-dependencies -emit-module -emit-module-path /Users/admin/builder/spi-builder-workspace/.derivedData/Build/Intermediates.noindex/swift-markdown.build/Debug-watchos/Markdown-t.build/Objects-normal/arm64_32/Markdown.swiftmodule -serialize-diagnostics -dependency-scan-serialize-diagnostics-path /Users/admin/builder/spi-builder-workspace/.derivedData/Build/Intermediates.noindex/swift-markdown.build/Debug-watchos/Markdown-t.build/Objects-normal/arm64_32/Markdown-dependency-scan.dia -validate-clang-modules-once -clang-build-session-file /Users/admin/builder/spi-builder-workspace/.derivedData/ModuleCache.noindex/Session.modulevalidation -Xcc -fmodules-prune-interval\=86400 -Xcc -fmodules-prune-after\=345600 -emit-const-values -const-gather-protocols-list /Users/admin/builder/spi-builder-workspace/.derivedData/Build/Intermediates.noindex/swift-markdown.build/Debug-watchos/Markdown-t.build/Objects-normal/arm64_32/Markdown_const_extract_protocols.json -Xcc -I/Users/admin/builder/spi-builder-workspace/.dependencies/checkouts/swift-cmark/src/include -Xcc -I/Users/admin/builder/spi-builder-workspace/.dependencies/checkouts/swift-cmark/extensions/include -Xcc -I/Users/admin/builder/spi-builder-workspace/.dependencies/checkouts/swift-markdown/Sources/CAtomic/include -Xcc -I/Users/admin/builder/spi-builder-workspace/.derivedData/Build/Products/Debug-watchos/include -Xcc -I/Users/admin/builder/spi-builder-workspace/.derivedData/Build/Intermediates.noindex/swift-markdown.build/Debug-watchos/Markdown-t.build/DerivedSources-normal/arm64_32 -Xcc -I/Users/admin/builder/spi-builder-workspace/.derivedData/Build/Intermediates.noindex/swift-markdown.build/Debug-watchos/Markdown-t.build/DerivedSources/arm64_32 -Xcc -I/Users/admin/builder/spi-builder-workspace/.derivedData/Build/Intermediates.noindex/swift-markdown.build/Debug-watchos/Markdown-t.build/DerivedSources -Xcc -DSWIFT_PACKAGE -Xcc -DDEBUG\=1 -emit-objc-header -emit-objc-header-path /Users/admin/builder/spi-builder-workspace/.derivedData/Build/Intermediates.noindex/swift-markdown.build/Debug-watchos/Markdown-t.build/Objects-normal/arm64_32/Markdown-Swift.h -working-directory /Users/admin/builder/spi-builder-workspace/.swiftpm/xcode -experimental-emit-module-separately -disable-cmo
SwiftDriver Markdown normal arm64 com.apple.xcode.tools.swift.compiler (in target 'Markdown' from project 'swift-markdown')
cd /Users/admin/builder/spi-builder-workspace/.swiftpm/xcode
builtin-SwiftDriver -- /Applications/Xcode-27.0.0-Release.Candidate.app/Contents/Developer/Toolchains/XcodeDefault.xctoolchain/usr/bin/swiftc -parse-as-library -module-name Markdown -Onone @/Users/admin/builder/spi-builder-workspace/.derivedData/Build/Intermediates.noindex/swift-markdown.build/Debug-watchos/Markdown-t.build/Objects-normal/arm64/Markdown.SwiftFileList -DSWIFT_PACKAGE -DDEBUG -DSWIFT_MODULE_RESOURCE_BUNDLE_UNAVAILABLE -Xcc -fmodule-map-file\=/Users/admin/builder/spi-builder-workspace/.dependencies/checkouts/swift-cmark/src/include/module.modulemap -Xcc -fmodule-map-file\=/Users/admin/builder/spi-builder-workspace/.derivedData/Build/Intermediates.noindex/GeneratedModuleMaps-watchos/cmark-gfm-extensions.modulemap -Xcc -fmodule-map-file\=/Users/admin/builder/spi-builder-workspace/.derivedData/Build/Intermediates.noindex/GeneratedModuleMaps-watchos/CAtomic.modulemap -DXcode -plugin-path /Applications/Xcode-27.0.0-Release.Candidate.app/Contents/Developer/Toolchains/XcodeDefault.xctoolchain/usr/lib/swift/host/plugins/testing -enable-experimental-feature DebugDescriptionMacro -sdk /Applications/Xcode-27.0.0-Release.Candidate.app/Contents/Developer/Platforms/WatchOS.platform/Developer/SDKs/WatchOS27.0.sdk -target arm64-apple-watchos9.0 -g -module-cache-path /Users/admin/builder/spi-builder-workspace/.derivedData/ModuleCache.noindex -Xfrontend -serialize-debugging-options -enable-testing -suppress-warnings -index-store-path /Users/admin/builder/spi-builder-workspace/.derivedData/Index.noindex/DataStore -Xcc -D_LIBCPP_HARDENING_MODE\=_LIBCPP_HARDENING_MODE_DEBUG -swift-version 5 -I /Users/admin/builder/spi-builder-workspace/.derivedData/Build/Products/Debug-watchos -Isystem /Applications/Xcode-27.0.0-Release.Candidate.app/Contents/Developer/Platforms/WatchOS.platform/Developer/usr/lib -F /Users/admin/builder/spi-builder-workspace/.derivedData/Build/Products/Debug-watchos/PackageFrameworks -F /Users/admin/builder/spi-builder-workspace/.derivedData/Build/Products/Debug-watchos -F /Applications/Xcode-27.0.0-Release.Candidate.app/Contents/Developer/Platforms/WatchOS.platform/Developer/Library/Frameworks -F /Applications/Xcode-27.0.0-Release.Candidate.app/Contents/Developer/Platforms/WatchOS.platform/Developer/SDKs/WatchOS27.0.sdk/Developer/Library/Frameworks -c -j10 -enable-batch-mode -incremental -Xcc -ivfsstatcache -Xcc /Users/admin/builder/spi-builder-workspace/.derivedData/SDKStatCaches.noindex/watchos27.0-24R360-e829b21a6f8c9b70876ba0858053c04477534ef55a1706bf4c1112bbb242f0a2.sdkstatcache -output-file-map /Users/admin/builder/spi-builder-workspace/.derivedData/Build/Intermediates.noindex/swift-markdown.build/Debug-watchos/Markdown-t.build/Objects-normal/arm64/Markdown-OutputFileMap.json -save-temps -no-color-diagnostics -explicit-module-build -module-cache-path /Users/admin/builder/spi-builder-workspace/.derivedData/Build/Intermediates.noindex/SwiftExplicitPrecompiledModules -clang-scanner-module-cache-path /Users/admin/builder/spi-builder-workspace/.derivedData/ModuleCache.noindex -sdk-module-cache-path /Users/admin/builder/spi-builder-workspace/.derivedData/SDKExplicitPrecompiledModules -emit-dependencies -emit-module -emit-module-path /Users/admin/builder/spi-builder-workspace/.derivedData/Build/Intermediates.noindex/swift-markdown.build/Debug-watchos/Markdown-t.build/Objects-normal/arm64/Markdown.swiftmodule -serialize-diagnostics -dependency-scan-serialize-diagnostics-path /Users/admin/builder/spi-builder-workspace/.derivedData/Build/Intermediates.noindex/swift-markdown.build/Debug-watchos/Markdown-t.build/Objects-normal/arm64/Markdown-dependency-scan.dia -validate-clang-modules-once -clang-build-session-file /Users/admin/builder/spi-builder-workspace/.derivedData/ModuleCache.noindex/Session.modulevalidation -Xcc -fmodules-prune-interval\=86400 -Xcc -fmodules-prune-after\=345600 -emit-const-values -const-gather-protocols-list /Users/admin/builder/spi-builder-workspace/.derivedData/Build/Intermediates.noindex/swift-markdown.build/Debug-watchos/Markdown-t.build/Objects-normal/arm64/Markdown_const_extract_protocols.json -Xcc -I/Users/admin/builder/spi-builder-workspace/.dependencies/checkouts/swift-cmark/src/include -Xcc -I/Users/admin/builder/spi-builder-workspace/.dependencies/checkouts/swift-cmark/extensions/include -Xcc -I/Users/admin/builder/spi-builder-workspace/.dependencies/checkouts/swift-markdown/Sources/CAtomic/include -Xcc -I/Users/admin/builder/spi-builder-workspace/.derivedData/Build/Products/Debug-watchos/include -Xcc -I/Users/admin/builder/spi-builder-workspace/.derivedData/Build/Intermediates.noindex/swift-markdown.build/Debug-watchos/Markdown-t.build/DerivedSources-normal/arm64 -Xcc -I/Users/admin/builder/spi-builder-workspace/.derivedData/Build/Intermediates.noindex/swift-markdown.build/Debug-watchos/Markdown-t.build/DerivedSources/arm64 -Xcc -I/Users/admin/builder/spi-builder-workspace/.derivedData/Build/Intermediates.noindex/swift-markdown.build/Debug-watchos/Markdown-t.build/DerivedSources -Xcc -DSWIFT_PACKAGE -Xcc -DDEBUG\=1 -emit-objc-header -emit-objc-header-path /Users/admin/builder/spi-builder-workspace/.derivedData/Build/Intermediates.noindex/swift-markdown.build/Debug-watchos/Markdown-t.build/Objects-normal/arm64/Markdown-Swift.h -working-directory /Users/admin/builder/spi-builder-workspace/.swiftpm/xcode -experimental-emit-module-separately -disable-cmo
SwiftDriver MarkCodable normal arm64 com.apple.xcode.tools.swift.compiler (in target 'MarkCodable' from project 'MarkCodable')
cd /Users/admin/builder/spi-builder-workspace/.swiftpm/xcode
builtin-SwiftDriver -- /Applications/Xcode-27.0.0-Release.Candidate.app/Contents/Developer/Toolchains/XcodeDefault.xctoolchain/usr/bin/swiftc -parse-as-library -module-name MarkCodable -Onone @/Users/admin/builder/spi-builder-workspace/.derivedData/Build/Intermediates.noindex/MarkCodable.build/Debug-watchos/MarkCodable-t.build/Objects-normal/arm64/MarkCodable.SwiftFileList -DSWIFT_PACKAGE -DDEBUG -DSWIFT_MODULE_RESOURCE_BUNDLE_UNAVAILABLE -Xcc -fmodule-map-file\=/Users/admin/builder/spi-builder-workspace/.dependencies/checkouts/swift-cmark/src/include/module.modulemap -Xcc -fmodule-map-file\=/Users/admin/builder/spi-builder-workspace/.derivedData/Build/Intermediates.noindex/GeneratedModuleMaps-watchos/cmark-gfm-extensions.modulemap -Xcc -fmodule-map-file\=/Users/admin/builder/spi-builder-workspace/.derivedData/Build/Intermediates.noindex/GeneratedModuleMaps-watchos/CAtomic.modulemap -DXcode -plugin-path /Applications/Xcode-27.0.0-Release.Candidate.app/Contents/Developer/Toolchains/XcodeDefault.xctoolchain/usr/lib/swift/host/plugins/testing -enable-experimental-feature DebugDescriptionMacro -sdk /Applications/Xcode-27.0.0-Release.Candidate.app/Contents/Developer/Platforms/WatchOS.platform/Developer/SDKs/WatchOS27.0.sdk -target arm64-apple-watchos9.0 -g -module-cache-path /Users/admin/builder/spi-builder-workspace/.derivedData/ModuleCache.noindex -Xfrontend -serialize-debugging-options -enable-testing -suppress-warnings -index-store-path /Users/admin/builder/spi-builder-workspace/.derivedData/Index.noindex/DataStore -Xcc -D_LIBCPP_HARDENING_MODE\=_LIBCPP_HARDENING_MODE_DEBUG -swift-version 5 -I /Users/admin/builder/spi-builder-workspace/.derivedData/Build/Products/Debug-watchos -Isystem /Applications/Xcode-27.0.0-Release.Candidate.app/Contents/Developer/Platforms/WatchOS.platform/Developer/usr/lib -F /Users/admin/builder/spi-builder-workspace/.derivedData/Build/Products/Debug-watchos/PackageFrameworks -F /Users/admin/builder/spi-builder-workspace/.derivedData/Build/Products/Debug-watchos -F /Applications/Xcode-27.0.0-Release.Candidate.app/Contents/Developer/Platforms/WatchOS.platform/Developer/Library/Frameworks -F /Applications/Xcode-27.0.0-Release.Candidate.app/Contents/Developer/Platforms/WatchOS.platform/Developer/SDKs/WatchOS27.0.sdk/Developer/Library/Frameworks -c -j10 -enable-batch-mode -incremental -Xcc -ivfsstatcache -Xcc /Users/admin/builder/spi-builder-workspace/.derivedData/SDKStatCaches.noindex/watchos27.0-24R360-e829b21a6f8c9b70876ba0858053c04477534ef55a1706bf4c1112bbb242f0a2.sdkstatcache -output-file-map /Users/admin/builder/spi-builder-workspace/.derivedData/Build/Intermediates.noindex/MarkCodable.build/Debug-watchos/MarkCodable-t.build/Objects-normal/arm64/MarkCodable-OutputFileMap.json -save-temps -no-color-diagnostics -explicit-module-build -module-cache-path /Users/admin/builder/spi-builder-workspace/.derivedData/Build/Intermediates.noindex/SwiftExplicitPrecompiledModules -clang-scanner-module-cache-path /Users/admin/builder/spi-builder-workspace/.derivedData/ModuleCache.noindex -sdk-module-cache-path /Users/admin/builder/spi-builder-workspace/.derivedData/SDKExplicitPrecompiledModules -emit-dependencies -emit-module -emit-module-path /Users/admin/builder/spi-builder-workspace/.derivedData/Build/Intermediates.noindex/MarkCodable.build/Debug-watchos/MarkCodable-t.build/Objects-normal/arm64/MarkCodable.swiftmodule -serialize-diagnostics -dependency-scan-serialize-diagnostics-path /Users/admin/builder/spi-builder-workspace/.derivedData/Build/Intermediates.noindex/MarkCodable.build/Debug-watchos/MarkCodable-t.build/Objects-normal/arm64/MarkCodable-dependency-scan.dia -validate-clang-modules-once -clang-build-session-file /Users/admin/builder/spi-builder-workspace/.derivedData/ModuleCache.noindex/Session.modulevalidation -Xcc -fmodules-prune-interval\=86400 -Xcc -fmodules-prune-after\=345600 -emit-const-values -const-gather-protocols-list /Users/admin/builder/spi-builder-workspace/.derivedData/Build/Intermediates.noindex/MarkCodable.build/Debug-watchos/MarkCodable-t.build/Objects-normal/arm64/MarkCodable_const_extract_protocols.json -Xcc -I/Users/admin/builder/spi-builder-workspace/.dependencies/checkouts/swift-cmark/src/include -Xcc -I/Users/admin/builder/spi-builder-workspace/.dependencies/checkouts/swift-cmark/extensions/include -Xcc -I/Users/admin/builder/spi-builder-workspace/.dependencies/checkouts/swift-markdown/Sources/CAtomic/include -Xcc -I/Users/admin/builder/spi-builder-workspace/.derivedData/Build/Products/Debug-watchos/include -Xcc -I/Users/admin/builder/spi-builder-workspace/.derivedData/Build/Intermediates.noindex/MarkCodable.build/Debug-watchos/MarkCodable-t.build/DerivedSources-normal/arm64 -Xcc -I/Users/admin/builder/spi-builder-workspace/.derivedData/Build/Intermediates.noindex/MarkCodable.build/Debug-watchos/MarkCodable-t.build/DerivedSources/arm64 -Xcc -I/Users/admin/builder/spi-builder-workspace/.derivedData/Build/Intermediates.noindex/MarkCodable.build/Debug-watchos/MarkCodable-t.build/DerivedSources -Xcc -DSWIFT_PACKAGE -Xcc -DDEBUG\=1 -emit-objc-header -emit-objc-header-path /Users/admin/builder/spi-builder-workspace/.derivedData/Build/Intermediates.noindex/MarkCodable.build/Debug-watchos/MarkCodable-t.build/Objects-normal/arm64/MarkCodable-Swift.h -working-directory /Users/admin/builder/spi-builder-workspace/.swiftpm/xcode -experimental-emit-module-separately -disable-cmo
SwiftDriver MarkCodable normal arm64_32 com.apple.xcode.tools.swift.compiler (in target 'MarkCodable' from project 'MarkCodable')
cd /Users/admin/builder/spi-builder-workspace/.swiftpm/xcode
builtin-SwiftDriver -- /Applications/Xcode-27.0.0-Release.Candidate.app/Contents/Developer/Toolchains/XcodeDefault.xctoolchain/usr/bin/swiftc -parse-as-library -module-name MarkCodable -Onone @/Users/admin/builder/spi-builder-workspace/.derivedData/Build/Intermediates.noindex/MarkCodable.build/Debug-watchos/MarkCodable-t.build/Objects-normal/arm64_32/MarkCodable.SwiftFileList -DSWIFT_PACKAGE -DDEBUG -DSWIFT_MODULE_RESOURCE_BUNDLE_UNAVAILABLE -Xcc -fmodule-map-file\=/Users/admin/builder/spi-builder-workspace/.dependencies/checkouts/swift-cmark/src/include/module.modulemap -Xcc -fmodule-map-file\=/Users/admin/builder/spi-builder-workspace/.derivedData/Build/Intermediates.noindex/GeneratedModuleMaps-watchos/cmark-gfm-extensions.modulemap -Xcc -fmodule-map-file\=/Users/admin/builder/spi-builder-workspace/.derivedData/Build/Intermediates.noindex/GeneratedModuleMaps-watchos/CAtomic.modulemap -DXcode -plugin-path /Applications/Xcode-27.0.0-Release.Candidate.app/Contents/Developer/Toolchains/XcodeDefault.xctoolchain/usr/lib/swift/host/plugins/testing -enable-experimental-feature DebugDescriptionMacro -sdk /Applications/Xcode-27.0.0-Release.Candidate.app/Contents/Developer/Platforms/WatchOS.platform/Developer/SDKs/WatchOS27.0.sdk -target arm64_32-apple-watchos9.0 -g -module-cache-path /Users/admin/builder/spi-builder-workspace/.derivedData/ModuleCache.noindex -Xfrontend -serialize-debugging-options -enable-testing -suppress-warnings -index-store-path /Users/admin/builder/spi-builder-workspace/.derivedData/Index.noindex/DataStore -Xcc -D_LIBCPP_HARDENING_MODE\=_LIBCPP_HARDENING_MODE_DEBUG -swift-version 5 -I /Users/admin/builder/spi-builder-workspace/.derivedData/Build/Products/Debug-watchos -Isystem /Applications/Xcode-27.0.0-Release.Candidate.app/Contents/Developer/Platforms/WatchOS.platform/Developer/usr/lib -F /Users/admin/builder/spi-builder-workspace/.derivedData/Build/Products/Debug-watchos/PackageFrameworks -F /Users/admin/builder/spi-builder-workspace/.derivedData/Build/Products/Debug-watchos -F /Applications/Xcode-27.0.0-Release.Candidate.app/Contents/Developer/Platforms/WatchOS.platform/Developer/Library/Frameworks -F /Applications/Xcode-27.0.0-Release.Candidate.app/Contents/Developer/Platforms/WatchOS.platform/Developer/SDKs/WatchOS27.0.sdk/Developer/Library/Frameworks -c -j10 -enable-batch-mode -incremental -Xcc -ivfsstatcache -Xcc /Users/admin/builder/spi-builder-workspace/.derivedData/SDKStatCaches.noindex/watchos27.0-24R360-e829b21a6f8c9b70876ba0858053c04477534ef55a1706bf4c1112bbb242f0a2.sdkstatcache -output-file-map /Users/admin/builder/spi-builder-workspace/.derivedData/Build/Intermediates.noindex/MarkCodable.build/Debug-watchos/MarkCodable-t.build/Objects-normal/arm64_32/MarkCodable-OutputFileMap.json -save-temps -no-color-diagnostics -explicit-module-build -module-cache-path /Users/admin/builder/spi-builder-workspace/.derivedData/Build/Intermediates.noindex/SwiftExplicitPrecompiledModules -clang-scanner-module-cache-path /Users/admin/builder/spi-builder-workspace/.derivedData/ModuleCache.noindex -sdk-module-cache-path /Users/admin/builder/spi-builder-workspace/.derivedData/SDKExplicitPrecompiledModules -emit-dependencies -emit-module -emit-module-path /Users/admin/builder/spi-builder-workspace/.derivedData/Build/Intermediates.noindex/MarkCodable.build/Debug-watchos/MarkCodable-t.build/Objects-normal/arm64_32/MarkCodable.swiftmodule -serialize-diagnostics -dependency-scan-serialize-diagnostics-path /Users/admin/builder/spi-builder-workspace/.derivedData/Build/Intermediates.noindex/MarkCodable.build/Debug-watchos/MarkCodable-t.build/Objects-normal/arm64_32/MarkCodable-dependency-scan.dia -validate-clang-modules-once -clang-build-session-file /Users/admin/builder/spi-builder-workspace/.derivedData/ModuleCache.noindex/Session.modulevalidation -Xcc -fmodules-prune-interval\=86400 -Xcc -fmodules-prune-after\=345600 -emit-const-values -const-gather-protocols-list /Users/admin/builder/spi-builder-workspace/.derivedData/Build/Intermediates.noindex/MarkCodable.build/Debug-watchos/MarkCodable-t.build/Objects-normal/arm64_32/MarkCodable_const_extract_protocols.json -Xcc -I/Users/admin/builder/spi-builder-workspace/.dependencies/checkouts/swift-cmark/src/include -Xcc -I/Users/admin/builder/spi-builder-workspace/.dependencies/checkouts/swift-cmark/extensions/include -Xcc -I/Users/admin/builder/spi-builder-workspace/.dependencies/checkouts/swift-markdown/Sources/CAtomic/include -Xcc -I/Users/admin/builder/spi-builder-workspace/.derivedData/Build/Products/Debug-watchos/include -Xcc -I/Users/admin/builder/spi-builder-workspace/.derivedData/Build/Intermediates.noindex/MarkCodable.build/Debug-watchos/MarkCodable-t.build/DerivedSources-normal/arm64_32 -Xcc -I/Users/admin/builder/spi-builder-workspace/.derivedData/Build/Intermediates.noindex/MarkCodable.build/Debug-watchos/MarkCodable-t.build/DerivedSources/arm64_32 -Xcc -I/Users/admin/builder/spi-builder-workspace/.derivedData/Build/Intermediates.noindex/MarkCodable.build/Debug-watchos/MarkCodable-t.build/DerivedSources -Xcc -DSWIFT_PACKAGE -Xcc -DDEBUG\=1 -emit-objc-header -emit-objc-header-path /Users/admin/builder/spi-builder-workspace/.derivedData/Build/Intermediates.noindex/MarkCodable.build/Debug-watchos/MarkCodable-t.build/Objects-normal/arm64_32/MarkCodable-Swift.h -working-directory /Users/admin/builder/spi-builder-workspace/.swiftpm/xcode -experimental-emit-module-separately -disable-cmo
SwiftCompile normal arm64_32 Compiling\ BlockQuote.swift,\ CustomBlock.swift,\ ListItem.swift /Users/admin/builder/spi-builder-workspace/.dependencies/checkouts/swift-markdown/Sources/Markdown/Block\ Nodes/Block\ Container\ Blocks/BlockQuote.swift /Users/admin/builder/spi-builder-workspace/.dependencies/checkouts/swift-markdown/Sources/Markdown/Block\ Nodes/Block\ Container\ Blocks/CustomBlock.swift /Users/admin/builder/spi-builder-workspace/.dependencies/checkouts/swift-markdown/Sources/Markdown/Block\ Nodes/Block\ Container\ Blocks/ListItem.swift (in target 'Markdown' from project 'swift-markdown')
SwiftCompile normal arm64_32 /Users/admin/builder/spi-builder-workspace/.dependencies/checkouts/swift-markdown/Sources/Markdown/Block\ Nodes/Block\ Container\ Blocks/BlockQuote.swift (in target 'Markdown' from project 'swift-markdown')
cd /Users/admin/builder/spi-builder-workspace/.swiftpm/xcode
builtin-SwiftPerFileCompile BlockQuote.swift
SwiftCompile normal arm64_32 /Users/admin/builder/spi-builder-workspace/.dependencies/checkouts/swift-markdown/Sources/Markdown/Block\ Nodes/Block\ Container\ Blocks/CustomBlock.swift (in target 'Markdown' from project 'swift-markdown')
cd /Users/admin/builder/spi-builder-workspace/.swiftpm/xcode
builtin-SwiftPerFileCompile CustomBlock.swift
SwiftCompile normal arm64_32 /Users/admin/builder/spi-builder-workspace/.dependencies/checkouts/swift-markdown/Sources/Markdown/Block\ Nodes/Block\ Container\ Blocks/ListItem.swift (in target 'Markdown' from project 'swift-markdown')
cd /Users/admin/builder/spi-builder-workspace/.swiftpm/xcode
builtin-SwiftPerFileCompile ListItem.swift
SwiftEmitModule normal arm64_32 Emitting\ module\ for\ Markdown (in target 'Markdown' from project 'swift-markdown')
SwiftCompile normal arm64_32 (in target 'Markdown' from project 'swift-markdown')
cd /Users/admin/builder/spi-builder-workspace/.swiftpm/xcode
SwiftCompile normal arm64_32 Compiling\ MarkupFormatter.swift,\ MarkupTreeDumper.swift /Users/admin/builder/spi-builder-workspace/.dependencies/checkouts/swift-markdown/Sources/Markdown/Walker/Walkers/MarkupFormatter.swift /Users/admin/builder/spi-builder-workspace/.dependencies/checkouts/swift-markdown/Sources/Markdown/Walker/Walkers/MarkupTreeDumper.swift (in target 'Markdown' from project 'swift-markdown')
SwiftCompile normal arm64_32 /Users/admin/builder/spi-builder-workspace/.dependencies/checkouts/swift-markdown/Sources/Markdown/Walker/Walkers/MarkupFormatter.swift (in target 'Markdown' from project 'swift-markdown')
cd /Users/admin/builder/spi-builder-workspace/.swiftpm/xcode
builtin-SwiftPerFileCompile MarkupFormatter.swift
SwiftCompile normal arm64_32 /Users/admin/builder/spi-builder-workspace/.dependencies/checkouts/swift-markdown/Sources/Markdown/Walker/Walkers/MarkupTreeDumper.swift (in target 'Markdown' from project 'swift-markdown')
cd /Users/admin/builder/spi-builder-workspace/.swiftpm/xcode
builtin-SwiftPerFileCompile MarkupTreeDumper.swift
SwiftCompile normal arm64_32 Compiling\ MarkupRewriter.swift,\ BasicBlockContainer.swift,\ BasicInlineContainer.swift /Users/admin/builder/spi-builder-workspace/.dependencies/checkouts/swift-markdown/Sources/Markdown/Rewriter/MarkupRewriter.swift /Users/admin/builder/spi-builder-workspace/.dependencies/checkouts/swift-markdown/Sources/Markdown/Structural\ Restrictions/BasicBlockContainer.swift /Users/admin/builder/spi-builder-workspace/.dependencies/checkouts/swift-markdown/Sources/Markdown/Structural\ Restrictions/BasicInlineContainer.swift (in target 'Markdown' from project 'swift-markdown')
SwiftCompile normal arm64_32 /Users/admin/builder/spi-builder-workspace/.dependencies/checkouts/swift-markdown/Sources/Markdown/Rewriter/MarkupRewriter.swift (in target 'Markdown' from project 'swift-markdown')
cd /Users/admin/builder/spi-builder-workspace/.swiftpm/xcode
builtin-SwiftPerFileCompile MarkupRewriter.swift
SwiftCompile normal arm64_32 /Users/admin/builder/spi-builder-workspace/.dependencies/checkouts/swift-markdown/Sources/Markdown/Structural\ Restrictions/BasicBlockContainer.swift (in target 'Markdown' from project 'swift-markdown')
cd /Users/admin/builder/spi-builder-workspace/.swiftpm/xcode
builtin-SwiftPerFileCompile BasicBlockContainer.swift
SwiftCompile normal arm64_32 /Users/admin/builder/spi-builder-workspace/.dependencies/checkouts/swift-markdown/Sources/Markdown/Structural\ Restrictions/BasicInlineContainer.swift (in target 'Markdown' from project 'swift-markdown')
cd /Users/admin/builder/spi-builder-workspace/.swiftpm/xcode
builtin-SwiftPerFileCompile BasicInlineContainer.swift
SwiftCompile normal arm64_32 Compiling\ BlockContainer.swift,\ BlockMarkup.swift,\ InlineContainer.swift /Users/admin/builder/spi-builder-workspace/.dependencies/checkouts/swift-markdown/Sources/Markdown/Structural\ Restrictions/BlockContainer.swift /Users/admin/builder/spi-builder-workspace/.dependencies/checkouts/swift-markdown/Sources/Markdown/Structural\ Restrictions/BlockMarkup.swift /Users/admin/builder/spi-builder-workspace/.dependencies/checkouts/swift-markdown/Sources/Markdown/Structural\ Restrictions/InlineContainer.swift (in target 'Markdown' from project 'swift-markdown')
SwiftCompile normal arm64_32 /Users/admin/builder/spi-builder-workspace/.dependencies/checkouts/swift-markdown/Sources/Markdown/Structural\ Restrictions/BlockContainer.swift (in target 'Markdown' from project 'swift-markdown')
cd /Users/admin/builder/spi-builder-workspace/.swiftpm/xcode
builtin-SwiftPerFileCompile BlockContainer.swift
SwiftCompile normal arm64_32 /Users/admin/builder/spi-builder-workspace/.dependencies/checkouts/swift-markdown/Sources/Markdown/Structural\ Restrictions/BlockMarkup.swift (in target 'Markdown' from project 'swift-markdown')
cd /Users/admin/builder/spi-builder-workspace/.swiftpm/xcode
builtin-SwiftPerFileCompile BlockMarkup.swift
SwiftCompile normal arm64_32 /Users/admin/builder/spi-builder-workspace/.dependencies/checkouts/swift-markdown/Sources/Markdown/Structural\ Restrictions/InlineContainer.swift (in target 'Markdown' from project 'swift-markdown')
cd /Users/admin/builder/spi-builder-workspace/.swiftpm/xcode
builtin-SwiftPerFileCompile InlineContainer.swift
SwiftCompile normal arm64_32 Compiling\ InlineMarkup.swift,\ ListItemContainer.swift /Users/admin/builder/spi-builder-workspace/.dependencies/checkouts/swift-markdown/Sources/Markdown/Structural\ Restrictions/InlineMarkup.swift /Users/admin/builder/spi-builder-workspace/.dependencies/checkouts/swift-markdown/Sources/Markdown/Structural\ Restrictions/ListItemContainer.swift (in target 'Markdown' from project 'swift-markdown')
SwiftCompile normal arm64_32 /Users/admin/builder/spi-builder-workspace/.dependencies/checkouts/swift-markdown/Sources/Markdown/Structural\ Restrictions/InlineMarkup.swift (in target 'Markdown' from project 'swift-markdown')
cd /Users/admin/builder/spi-builder-workspace/.swiftpm/xcode
builtin-SwiftPerFileCompile InlineMarkup.swift
SwiftCompile normal arm64_32 /Users/admin/builder/spi-builder-workspace/.dependencies/checkouts/swift-markdown/Sources/Markdown/Structural\ Restrictions/ListItemContainer.swift (in target 'Markdown' from project 'swift-markdown')
cd /Users/admin/builder/spi-builder-workspace/.swiftpm/xcode
builtin-SwiftPerFileCompile ListItemContainer.swift
SwiftEmitModule normal arm64 Emitting\ module\ for\ Markdown (in target 'Markdown' from project 'swift-markdown')
SwiftCompile normal arm64 (in target 'Markdown' from project 'swift-markdown')
cd /Users/admin/builder/spi-builder-workspace/.swiftpm/xcode
SwiftDriverJobDiscovery normal arm64_32 Compiling InlineMarkup.swift, ListItemContainer.swift (in target 'Markdown' from project 'swift-markdown')
SwiftCompile normal arm64 Compiling\ Link.swift,\ Strikethrough.swift,\ Strong.swift /Users/admin/builder/spi-builder-workspace/.dependencies/checkouts/swift-markdown/Sources/Markdown/Inline\ Nodes/Inline\ Containers/Link.swift /Users/admin/builder/spi-builder-workspace/.dependencies/checkouts/swift-markdown/Sources/Markdown/Inline\ Nodes/Inline\ Containers/Strikethrough.swift /Users/admin/builder/spi-builder-workspace/.dependencies/checkouts/swift-markdown/Sources/Markdown/Inline\ Nodes/Inline\ Containers/Strong.swift (in target 'Markdown' from project 'swift-markdown')
SwiftCompile normal arm64 /Users/admin/builder/spi-builder-workspace/.dependencies/checkouts/swift-markdown/Sources/Markdown/Inline\ Nodes/Inline\ Containers/Link.swift (in target 'Markdown' from project 'swift-markdown')
cd /Users/admin/builder/spi-builder-workspace/.swiftpm/xcode
builtin-SwiftPerFileCompile Link.swift
SwiftCompile normal arm64 /Users/admin/builder/spi-builder-workspace/.dependencies/checkouts/swift-markdown/Sources/Markdown/Inline\ Nodes/Inline\ Containers/Strikethrough.swift (in target 'Markdown' from project 'swift-markdown')
cd /Users/admin/builder/spi-builder-workspace/.swiftpm/xcode
builtin-SwiftPerFileCompile Strikethrough.swift
SwiftCompile normal arm64 /Users/admin/builder/spi-builder-workspace/.dependencies/checkouts/swift-markdown/Sources/Markdown/Inline\ Nodes/Inline\ Containers/Strong.swift (in target 'Markdown' from project 'swift-markdown')
cd /Users/admin/builder/spi-builder-workspace/.swiftpm/xcode
builtin-SwiftPerFileCompile Strong.swift
SwiftCompile normal arm64 Compiling\ CollectionExtensions.swift,\ StringExtensions.swift,\ MarkupVisitor.swift /Users/admin/builder/spi-builder-workspace/.dependencies/checkouts/swift-markdown/Sources/Markdown/Utility/CollectionExtensions.swift /Users/admin/builder/spi-builder-workspace/.dependencies/checkouts/swift-markdown/Sources/Markdown/Utility/StringExtensions.swift /Users/admin/builder/spi-builder-workspace/.dependencies/checkouts/swift-markdown/Sources/Markdown/Visitor/MarkupVisitor.swift (in target 'Markdown' from project 'swift-markdown')
SwiftCompile normal arm64 /Users/admin/builder/spi-builder-workspace/.dependencies/checkouts/swift-markdown/Sources/Markdown/Utility/CollectionExtensions.swift (in target 'Markdown' from project 'swift-markdown')
cd /Users/admin/builder/spi-builder-workspace/.swiftpm/xcode
builtin-SwiftPerFileCompile CollectionExtensions.swift
SwiftCompile normal arm64 /Users/admin/builder/spi-builder-workspace/.dependencies/checkouts/swift-markdown/Sources/Markdown/Utility/StringExtensions.swift (in target 'Markdown' from project 'swift-markdown')
cd /Users/admin/builder/spi-builder-workspace/.swiftpm/xcode
builtin-SwiftPerFileCompile StringExtensions.swift
SwiftCompile normal arm64 /Users/admin/builder/spi-builder-workspace/.dependencies/checkouts/swift-markdown/Sources/Markdown/Visitor/MarkupVisitor.swift (in target 'Markdown' from project 'swift-markdown')
cd /Users/admin/builder/spi-builder-workspace/.swiftpm/xcode
builtin-SwiftPerFileCompile MarkupVisitor.swift
SwiftCompile normal arm64 Compiling\ SourceLocation.swift,\ Emphasis.swift,\ Image.swift /Users/admin/builder/spi-builder-workspace/.dependencies/checkouts/swift-markdown/Sources/Markdown/Infrastructure/SourceLocation.swift /Users/admin/builder/spi-builder-workspace/.dependencies/checkouts/swift-markdown/Sources/Markdown/Inline\ Nodes/Inline\ Containers/Emphasis.swift /Users/admin/builder/spi-builder-workspace/.dependencies/checkouts/swift-markdown/Sources/Markdown/Inline\ Nodes/Inline\ Containers/Image.swift (in target 'Markdown' from project 'swift-markdown')
SwiftCompile normal arm64 /Users/admin/builder/spi-builder-workspace/.dependencies/checkouts/swift-markdown/Sources/Markdown/Infrastructure/SourceLocation.swift (in target 'Markdown' from project 'swift-markdown')
cd /Users/admin/builder/spi-builder-workspace/.swiftpm/xcode
builtin-SwiftPerFileCompile SourceLocation.swift
SwiftCompile normal arm64 /Users/admin/builder/spi-builder-workspace/.dependencies/checkouts/swift-markdown/Sources/Markdown/Inline\ Nodes/Inline\ Containers/Emphasis.swift (in target 'Markdown' from project 'swift-markdown')
cd /Users/admin/builder/spi-builder-workspace/.swiftpm/xcode
builtin-SwiftPerFileCompile Emphasis.swift
SwiftCompile normal arm64 /Users/admin/builder/spi-builder-workspace/.dependencies/checkouts/swift-markdown/Sources/Markdown/Inline\ Nodes/Inline\ Containers/Image.swift (in target 'Markdown' from project 'swift-markdown')
cd /Users/admin/builder/spi-builder-workspace/.swiftpm/xcode
builtin-SwiftPerFileCompile Image.swift
SwiftCompile normal arm64 Compiling\ PlainTextConvertibleMarkup.swift,\ RawMarkup.swift,\ BlockDirective.swift,\ BlockQuote.swift /Users/admin/builder/spi-builder-workspace/.dependencies/checkouts/swift-markdown/Sources/Markdown/Base/PlainTextConvertibleMarkup.swift /Users/admin/builder/spi-builder-workspace/.dependencies/checkouts/swift-markdown/Sources/Markdown/Base/RawMarkup.swift /Users/admin/builder/spi-builder-workspace/.dependencies/checkouts/swift-markdown/Sources/Markdown/Block\ Nodes/Block\ Container\ Blocks/BlockDirective.swift /Users/admin/builder/spi-builder-workspace/.dependencies/checkouts/swift-markdown/Sources/Markdown/Block\ Nodes/Block\ Container\ Blocks/BlockQuote.swift (in target 'Markdown' from project 'swift-markdown')
SwiftCompile normal arm64 /Users/admin/builder/spi-builder-workspace/.dependencies/checkouts/swift-markdown/Sources/Markdown/Base/PlainTextConvertibleMarkup.swift (in target 'Markdown' from project 'swift-markdown')
cd /Users/admin/builder/spi-builder-workspace/.swiftpm/xcode
builtin-SwiftPerFileCompile PlainTextConvertibleMarkup.swift
SwiftCompile normal arm64 /Users/admin/builder/spi-builder-workspace/.dependencies/checkouts/swift-markdown/Sources/Markdown/Base/RawMarkup.swift (in target 'Markdown' from project 'swift-markdown')
cd /Users/admin/builder/spi-builder-workspace/.swiftpm/xcode
builtin-SwiftPerFileCompile RawMarkup.swift
SwiftCompile normal arm64 /Users/admin/builder/spi-builder-workspace/.dependencies/checkouts/swift-markdown/Sources/Markdown/Block\ Nodes/Block\ Container\ Blocks/BlockDirective.swift (in target 'Markdown' from project 'swift-markdown')
cd /Users/admin/builder/spi-builder-workspace/.swiftpm/xcode
builtin-SwiftPerFileCompile BlockDirective.swift
SwiftCompile normal arm64 /Users/admin/builder/spi-builder-workspace/.dependencies/checkouts/swift-markdown/Sources/Markdown/Block\ Nodes/Block\ Container\ Blocks/BlockQuote.swift (in target 'Markdown' from project 'swift-markdown')
cd /Users/admin/builder/spi-builder-workspace/.swiftpm/xcode
builtin-SwiftPerFileCompile BlockQuote.swift
SwiftDriverJobDiscovery normal arm64_32 Compiling MarkupRewriter.swift, BasicBlockContainer.swift, BasicInlineContainer.swift (in target 'Markdown' from project 'swift-markdown')
SwiftDriverJobDiscovery normal arm64_32 Compiling BlockContainer.swift, BlockMarkup.swift, InlineContainer.swift (in target 'Markdown' from project 'swift-markdown')
SwiftCompile normal arm64_32 Compiling\ AtomicCounter.swift,\ CharacterExtensions.swift /Users/admin/builder/spi-builder-workspace/.dependencies/checkouts/swift-markdown/Sources/Markdown/Utility/AtomicCounter.swift /Users/admin/builder/spi-builder-workspace/.dependencies/checkouts/swift-markdown/Sources/Markdown/Utility/CharacterExtensions.swift (in target 'Markdown' from project 'swift-markdown')
SwiftCompile normal arm64_32 /Users/admin/builder/spi-builder-workspace/.dependencies/checkouts/swift-markdown/Sources/Markdown/Utility/AtomicCounter.swift (in target 'Markdown' from project 'swift-markdown')
cd /Users/admin/builder/spi-builder-workspace/.swiftpm/xcode
builtin-SwiftPerFileCompile AtomicCounter.swift
SwiftCompile normal arm64_32 /Users/admin/builder/spi-builder-workspace/.dependencies/checkouts/swift-markdown/Sources/Markdown/Utility/CharacterExtensions.swift (in target 'Markdown' from project 'swift-markdown')
cd /Users/admin/builder/spi-builder-workspace/.swiftpm/xcode
builtin-SwiftPerFileCompile CharacterExtensions.swift
SwiftDriverJobDiscovery normal arm64_32 Compiling BlockQuote.swift, CustomBlock.swift, ListItem.swift (in target 'Markdown' from project 'swift-markdown')
SwiftEmitModule normal arm64 Emitting\ module\ for\ MarkCodable (in target 'MarkCodable' from project 'MarkCodable')
SwiftCompile normal arm64 (in target 'MarkCodable' from project 'MarkCodable')
cd /Users/admin/builder/spi-builder-workspace/.swiftpm/xcode
SwiftEmitModule normal arm64_32 Emitting\ module\ for\ MarkCodable (in target 'MarkCodable' from project 'MarkCodable')
SwiftCompile normal arm64_32 (in target 'MarkCodable' from project 'MarkCodable')
cd /Users/admin/builder/spi-builder-workspace/.swiftpm/xcode
SwiftEmitModule normal arm64 Emitting\ module\ for\ Pow (in target 'Pow' from project 'Pow')
/Users/admin/builder/spi-builder-workspace/.dependencies/checkouts/Pow/Sources/Pow/Effects/SmokeEffect.swift:120:40: error: cannot find type 'EmitterView' in scope
118 | var seed: UInt32
119 |
120 | func makeView(context: Context) -> EmitterView {
| `- error: cannot find type 'EmitterView' in scope
121 | let view = EmitterView()
122 |
/Users/admin/builder/spi-builder-workspace/.dependencies/checkouts/Pow/Sources/Pow/Effects/SmokeEffect.swift:120:28: error: cannot find type 'Context' in scope
118 | var seed: UInt32
119 |
120 | func makeView(context: Context) -> EmitterView {
| `- error: cannot find type 'Context' in scope
121 | let view = EmitterView()
122 |
/Users/admin/builder/spi-builder-workspace/.dependencies/checkouts/Pow/Sources/Pow/Effects/SmokeEffect.swift:170:29: error: cannot find type 'EmitterView' in scope
168 | }
169 |
170 | func updateView(_ view: EmitterView, context: Context) {
| `- error: cannot find type 'EmitterView' in scope
171 | view.emitterLayer.lifetime = isActive ? 1 : 0
172 | }
/Users/admin/builder/spi-builder-workspace/.dependencies/checkouts/Pow/Sources/Pow/Effects/SmokeEffect.swift:170:51: error: cannot find type 'Context' in scope
168 | }
169 |
170 | func updateView(_ view: EmitterView, context: Context) {
| `- error: cannot find type 'Context' in scope
171 | view.emitterLayer.lifetime = isActive ? 1 : 0
172 | }
/Users/admin/builder/spi-builder-workspace/.dependencies/checkouts/Pow/Sources/Pow/Effects/SmokeEffect.swift:111:32: error: cannot find type 'ViewRepresentable' in scope
109 | #endif
110 |
111 | private struct SmokeLayerView: ViewRepresentable {
| `- error: cannot find type 'ViewRepresentable' in scope
112 | var size: CGSize
113 |
Failed frontend command:
SwiftCompile normal arm64 (in target 'Pow' from project 'Pow')
cd /Users/admin/builder/spi-builder-workspace/.swiftpm/xcode
/Applications/Xcode-27.0.0-Release.Candidate.app/Contents/Developer/Toolchains/XcodeDefault.xctoolchain/usr/bin/swift-frontend -frontend -emit-module -experimental-skip-non-inlinable-function-bodies-without-types /Users/admin/builder/spi-builder-workspace/.derivedData/Build/Intermediates.noindex/Pow.build/Debug-watchos/Pow-t.build/DerivedSources/resource_bundle_accessor.swift /Users/admin/builder/spi-builder-workspace/.dependencies/checkouts/Pow/Sources/Pow/Effects/GlowEffect.swift /Users/admin/builder/spi-builder-workspace/.dependencies/checkouts/Pow/Sources/Pow/Effects/HapticFeedbackEffect.swift /Users/admin/builder/spi-builder-workspace/.dependencies/checkouts/Pow/Sources/Pow/Effects/JumpEffect.swift /Users/admin/builder/spi-builder-workspace/.dependencies/checkouts/Pow/Sources/Pow/Effects/PingEffect.swift /Users/admin/builder/spi-builder-workspace/.dependencies/checkouts/Pow/Sources/Pow/Effects/PulseEffect.swift /Users/admin/builder/spi-builder-workspace/.dependencies/checkouts/Pow/Sources/Pow/Effects/PushDownEffect.swift /Users/admin/builder/spi-builder-workspace/.dependencies/checkouts/Pow/Sources/Pow/Effects/RisingParticleEffect.swift /Users/admin/builder/spi-builder-workspace/.dependencies/checkouts/Pow/Sources/Pow/Effects/ShakeEffect.swift /Users/admin/builder/spi-builder-workspace/.dependencies/checkouts/Pow/Sources/Pow/Effects/ShineEffect.swift /Users/admin/builder/spi-builder-workspace/.dependencies/checkouts/Pow/Sources/Pow/Effects/SmokeEffect.swift /Users/admin/builder/spi-builder-workspace/.dependencies/checkouts/Pow/Sources/Pow/Effects/SoundEffect.swift /Users/admin/builder/spi-builder-workspace/.dependencies/checkouts/Pow/Sources/Pow/Effects/SpinEffect.swift /Users/admin/builder/spi-builder-workspace/.dependencies/checkouts/Pow/Sources/Pow/Effects/SprayEffect.swift /Users/admin/builder/spi-builder-workspace/.dependencies/checkouts/Pow/Sources/Pow/Effects/WiggleEffect.swift /Users/admin/builder/spi-builder-workspace/.dependencies/checkouts/Pow/Sources/Pow/Extensions/Animation+TimingCurves.swift /Users/admin/builder/spi-builder-workspace/.dependencies/checkouts/Pow/Sources/Pow/Extensions/CGAffineTransform+Shear.swift /Users/admin/builder/spi-builder-workspace/.dependencies/checkouts/Pow/Sources/Pow/Extensions/CGPoint+Utilities.swift /Users/admin/builder/spi-builder-workspace/.dependencies/checkouts/Pow/Sources/Pow/Extensions/CGRect+Utilities.swift /Users/admin/builder/spi-builder-workspace/.dependencies/checkouts/Pow/Sources/Pow/Extensions/CGSize+Utilities.swift /Users/admin/builder/spi-builder-workspace/.dependencies/checkouts/Pow/Sources/Pow/Extensions/Duration+TimeInterval.swift /Users/admin/builder/spi-builder-workspace/.dependencies/checkouts/Pow/Sources/Pow/Extensions/ProjectionTransform+Utilities.swift /Users/admin/builder/spi-builder-workspace/.dependencies/checkouts/Pow/Sources/Pow/Extensions/UnitPoint+CircularCoordinates.swift /Users/admin/builder/spi-builder-workspace/.dependencies/checkouts/Pow/Sources/Pow/Extensions/ViewModifier+DefaultAnimation.swift /Users/admin/builder/spi-builder-workspace/.dependencies/checkouts/Pow/Sources/Pow/Extensions/simd+Utilities.swift /Users/admin/builder/spi-builder-workspace/.dependencies/checkouts/Pow/Sources/Pow/Infrastructure/AngleControl.swift /Users/admin/builder/spi-builder-workspace/.dependencies/checkouts/Pow/Sources/Pow/Infrastructure/AnyAnimatableViewModifier.swift /Users/admin/builder/spi-builder-workspace/.dependencies/checkouts/Pow/Sources/Pow/Infrastructure/AnyChangeEffect.swift /Users/admin/builder/spi-builder-workspace/.dependencies/checkouts/Pow/Sources/Pow/Infrastructure/AnyContinuousEffect.swift /Users/admin/builder/spi-builder-workspace/.dependencies/checkouts/Pow/Sources/Pow/Infrastructure/AnyViewModifier.swift /Users/admin/builder/spi-builder-workspace/.dependencies/checkouts/Pow/Sources/Pow/Infrastructure/Haptics.swift /Users/admin/builder/spi-builder-workspace/.dependencies/checkouts/Pow/Sources/Pow/Infrastructure/MathUtilities.swift /Users/admin/builder/spi-builder-workspace/.dependencies/checkouts/Pow/Sources/Pow/Infrastructure/Namespace.swift /Users/admin/builder/spi-builder-workspace/.dependencies/checkouts/Pow/Sources/Pow/Infrastructure/OnChangeEffect.swift /Users/admin/builder/spi-builder-workspace/.dependencies/checkouts/Pow/Sources/Pow/Infrastructure/ParticleLayer.swift /Users/admin/builder/spi-builder-workspace/.dependencies/checkouts/Pow/Sources/Pow/Infrastructure/ProgressableAnimation.swift /Users/admin/builder/spi-builder-workspace/.dependencies/checkouts/Pow/Sources/Pow/Infrastructure/Scaled.swift /Users/admin/builder/spi-builder-workspace/.dependencies/checkouts/Pow/Sources/Pow/Infrastructure/SecondOrderDynamics.swift /Users/admin/builder/spi-builder-workspace/.dependencies/checkouts/Pow/Sources/Pow/Infrastructure/SeededRandomNumberGenerator.swift /Users/admin/builder/spi-builder-workspace/.dependencies/checkouts/Pow/Sources/Pow/Infrastructure/Simulative.swift /Users/admin/builder/spi-builder-workspace/.dependencies/checkouts/Pow/Sources/Pow/Infrastructure/Spring.swift /Users/admin/builder/spi-builder-workspace/.dependencies/checkouts/Pow/Sources/Pow/Infrastructure/TRS.swift /Users/admin/builder/spi-builder-workspace/.dependencies/checkouts/Pow/Sources/Pow/Infrastructure/Transform3DEffect.swift /Users/admin/builder/spi-builder-workspace/.dependencies/checkouts/Pow/Sources/Pow/Infrastructure/ViewRepresentable.swift /Users/admin/builder/spi-builder-workspace/.dependencies/checkouts/Pow/Sources/Pow/Infrastructure/WhileEffect.swift /Users/admin/builder/spi-builder-workspace/.dependencies/checkouts/Pow/Sources/Pow/Transitions/Anvil.swift /Users/admin/builder/spi-builder-workspace/.dependencies/checkouts/Pow/Sources/Pow/Transitions/Blinds.swift /Users/admin/builder/spi-builder-workspace/.dependencies/checkouts/Pow/Sources/Pow/Transitions/Blur.swift /Users/admin/builder/spi-builder-workspace/.dependencies/checkouts/Pow/Sources/Pow/Transitions/Boing.swift /Users/admin/builder/spi-builder-workspace/.dependencies/checkouts/Pow/Sources/Pow/Transitions/Clock.swift /Users/admin/builder/spi-builder-workspace/.dependencies/checkouts/Pow/Sources/Pow/Transitions/FilmExposure.swift /Users/admin/builder/spi-builder-workspace/.dependencies/checkouts/Pow/Sources/Pow/Transitions/Flicker.swift /Users/admin/builder/spi-builder-workspace/.dependencies/checkouts/Pow/Sources/Pow/Transitions/Flip.swift /Users/admin/builder/spi-builder-workspace/.dependencies/checkouts/Pow/Sources/Pow/Transitions/Glare.swift /Users/admin/builder/spi-builder-workspace/.dependencies/checkouts/Pow/Sources/Pow/Transitions/Iris.swift /Users/admin/builder/spi-builder-workspace/.dependencies/checkouts/Pow/Sources/Pow/Transitions/Move.swift /Users/admin/builder/spi-builder-workspace/.dependencies/checkouts/Pow/Sources/Pow/Transitions/Poof.swift /Users/admin/builder/spi-builder-workspace/.dependencies/checkouts/Pow/Sources/Pow/Transitions/Pop.swift /Users/admin/builder/spi-builder-workspace/.dependencies/checkouts/Pow/Sources/Pow/Transitions/Skid.swift /Users/admin/builder/spi-builder-workspace/.dependencies/checkouts/Pow/Sources/Pow/Transitions/Swoosh.swift /Users/admin/builder/spi-builder-workspace/.dependencies/checkouts/Pow/Sources/Pow/Transitions/Vanish.swift /Users/admin/builder/spi-builder-workspace/.dependencies/checkouts/Pow/Sources/Pow/Transitions/Wipe.swift /Users/admin/builder/spi-builder-workspace/.derivedData/Build/Intermediates.noindex/Pow.build/Debug-watchos/Pow-t.build/DerivedSources/GeneratedAssetSymbols.swift -target arm64-apple-watchos9.0 -module-can-import-version DeveloperToolsSupport 24.0.24 24.0.24 -module-can-import-version SwiftUI 8.0.84.1 8.0.84 -module-can-import-version UIKit 9127.0.84.1 9127.0.84 -disable-cross-import-overlay-search -load-resolved-plugin /Applications/Xcode-27.0.0-Release.Candidate.app/Contents/Developer/Platforms/WatchOS.platform/Developer/usr/lib/swift/host/plugins/libFoundationMacros.dylib\#/Applications/Xcode-27.0.0-Release.Candidate.app/Contents/Developer/Platforms/WatchOS.platform/Developer/usr/bin/swift-plugin-server\#FoundationMacros -load-resolved-plugin /Applications/Xcode-27.0.0-Release.Candidate.app/Contents/Developer/Platforms/WatchOS.platform/Developer/usr/lib/swift/host/plugins/libObservationMacros.dylib\#/Applications/Xcode-27.0.0-Release.Candidate.app/Contents/Developer/Platforms/WatchOS.platform/Developer/usr/bin/swift-plugin-server\#ObservationMacros -load-resolved-plugin /Applications/Xcode-27.0.0-Release.Candidate.app/Contents/Developer/Platforms/WatchOS.platform/Developer/usr/lib/swift/host/plugins/libPreviewsMacros.dylib\#/Applications/Xcode-27.0.0-Release.Candidate.app/Contents/Developer/Platforms/WatchOS.platform/Developer/usr/bin/swift-plugin-server\#PreviewsMacros -load-resolved-plugin /Applications/Xcode-27.0.0-Release.Candidate.app/Contents/Developer/Platforms/WatchOS.platform/Developer/usr/lib/swift/host/plugins/libSwiftMacros.dylib\#/Applications/Xcode-27.0.0-Release.Candidate.app/Contents/Developer/Platforms/WatchOS.platform/Developer/usr/bin/swift-plugin-server\#SwiftMacros -load-resolved-plugin /Applications/Xcode-27.0.0-Release.Candidate.app/Contents/Developer/Platforms/WatchOS.platform/Developer/usr/lib/swift/host/plugins/libSwiftUIMacros.dylib\#/Applications/Xcode-27.0.0-Release.Candidate.app/Contents/Developer/Platforms/WatchOS.platform/Developer/usr/bin/swift-plugin-server\#SwiftUIMacros -disable-implicit-swift-modules -Xcc -fno-implicit-modules -Xcc -fno-implicit-module-maps -explicit-swift-module-map-file /Users/admin/builder/spi-builder-workspace/.derivedData/Build/Intermediates.noindex/Pow.build/Debug-watchos/Pow-t.build/Objects-normal/arm64/Pow-dependencies-1.json -Xllvm -aarch64-use-tbi -enable-objc-interop -stack-check -sdk /Applications/Xcode-27.0.0-Release.Candidate.app/Contents/Developer/Platforms/WatchOS.platform/Developer/SDKs/WatchOS27.0.sdk -I /Users/admin/builder/spi-builder-workspace/.derivedData/Build/Products/Debug-watchos -Isystem /Applications/Xcode-27.0.0-Release.Candidate.app/Contents/Developer/Platforms/WatchOS.platform/Developer/usr/lib -F /Users/admin/builder/spi-builder-workspace/.derivedData/Build/Products/Debug-watchos -F /Applications/Xcode-27.0.0-Release.Candidate.app/Contents/Developer/Platforms/WatchOS.platform/Developer/Library/Frameworks -F /Applications/Xcode-27.0.0-Release.Candidate.app/Contents/Developer/Platforms/WatchOS.platform/Developer/SDKs/WatchOS27.0.sdk/Developer/Library/Frameworks -module-cache-path /Users/admin/builder/spi-builder-workspace/.derivedData/Build/Intermediates.noindex/SwiftExplicitPrecompiledModules -no-color-diagnostics -Xcc -fno-color-diagnostics -enable-testing -g -debug-info-format\=dwarf -dwarf-version\=4 -suppress-warnings -swift-version 5 -Onone -D SWIFT_PACKAGE -D DEBUG -D SWIFT_MODULE_RESOURCE_BUNDLE_AVAILABLE -D Xcode -serialize-debugging-options -enable-experimental-feature DebugDescriptionMacro -empty-abi-descriptor -validate-clang-modules-once -clang-build-session-file /Users/admin/builder/spi-builder-workspace/.derivedData/ModuleCache.noindex/Session.modulevalidation -Xcc -working-directory -Xcc /Users/admin/builder/spi-builder-workspace/.swiftpm/xcode -enable-anonymous-context-mangled-names -file-compilation-dir /Users/admin/builder/spi-builder-workspace/.swiftpm/xcode -Xcc -D_LIBCPP_HARDENING_MODE\=_LIBCPP_HARDENING_MODE_DEBUG -Xcc -ivfsstatcache -Xcc /Users/admin/builder/spi-builder-workspace/.derivedData/SDKStatCaches.noindex/watchos27.0-24R360-e829b21a6f8c9b70876ba0858053c04477534ef55a1706bf4c1112bbb242f0a2.sdkstatcache -Xcc -fmodules-prune-interval\=86400 -Xcc -fmodules-prune-after\=345600 -Xcc -I/Users/admin/builder/spi-builder-workspace/.derivedData/Build/Products/Debug-watchos/include -Xcc -I/Users/admin/builder/spi-builder-workspace/.derivedData/Build/Intermediates.noindex/Pow.build/Debug-watchos/Pow-t.build/DerivedSources-normal/arm64 -Xcc -I/Users/admin/builder/spi-builder-workspace/.derivedData/Build/Intermediates.noindex/Pow.build/Debug-watchos/Pow-t.build/DerivedSources/arm64 -Xcc -I/Users/admin/builder/spi-builder-workspace/.derivedData/Build/Intermediates.noindex/Pow.build/Debug-watchos/Pow-t.build/DerivedSources -Xcc -DSWIFT_PACKAGE -Xcc -DDEBUG\=1 -no-auto-bridging-header-chaining -module-name Pow -const-gather-protocols-file /Users/admin/builder/spi-builder-workspace/.derivedData/Build/Intermediates.noindex/Pow.build/Debug-watchos/Pow-t.build/Objects-normal/arm64/Pow_const_extract_protocols.json -disable-clang-spi -clang-target arm64-apple-watchos27.0 -target-sdk-version 27.0 -target-sdk-name watchos27.0 -in-process-plugin-server-path /Applications/Xcode-27.0.0-Release.Candidate.app/Contents/Developer/Toolchains/XcodeDefault.xctoolchain/usr/lib/swift/host/libSwiftInProcPluginServer.dylib -emit-module-doc-path /Users/admin/builder/spi-builder-workspace/.derivedData/Build/Intermediates.noindex/Pow.build/Debug-watchos/Pow-t.build/Objects-normal/arm64/Pow.swiftdoc -emit-module-source-info-path /Users/admin/builder/spi-builder-workspace/.derivedData/Build/Intermediates.noindex/Pow.build/Debug-watchos/Pow-t.build/Objects-normal/arm64/Pow.swiftsourceinfo -emit-objc-header-path /Users/admin/builder/spi-builder-workspace/.derivedData/Build/Intermediates.noindex/Pow.build/Debug-watchos/Pow-t.build/Objects-normal/arm64/Pow-Swift.h -serialize-diagnostics-path /Users/admin/builder/spi-builder-workspace/.derivedData/Build/Intermediates.noindex/Pow.build/Debug-watchos/Pow-t.build/Objects-normal/arm64/Pow-primary-emit-module.dia -emit-dependencies-path /Users/admin/builder/spi-builder-workspace/.derivedData/Build/Intermediates.noindex/Pow.build/Debug-watchos/Pow-t.build/Objects-normal/arm64/Pow-primary-emit-module.d -parse-as-library -o /Users/admin/builder/spi-builder-workspace/.derivedData/Build/Intermediates.noindex/Pow.build/Debug-watchos/Pow-t.build/Objects-normal/arm64/Pow.swiftmodule -emit-abi-descriptor-path /Users/admin/builder/spi-builder-workspace/.derivedData/Build/Intermediates.noindex/Pow.build/Debug-watchos/Pow-t.build/Objects-normal/arm64/Pow.abi.json
SwiftDriverJobDiscovery normal arm64 Compiling CollectionExtensions.swift, StringExtensions.swift, MarkupVisitor.swift (in target 'Markdown' from project 'swift-markdown')
SwiftEmitModule normal arm64_32 Emitting\ module\ for\ Pow (in target 'Pow' from project 'Pow')
SwiftCompile normal arm64_32 (in target 'Pow' from project 'Pow')
cd /Users/admin/builder/spi-builder-workspace/.swiftpm/xcode
/Users/admin/builder/spi-builder-workspace/.dependencies/checkouts/Pow/Sources/Pow/Effects/SmokeEffect.swift:120:40: error: cannot find type 'EmitterView' in scope
118 | var seed: UInt32
119 |
120 | func makeView(context: Context) -> EmitterView {
| `- error: cannot find type 'EmitterView' in scope
121 | let view = EmitterView()
122 |
/Users/admin/builder/spi-builder-workspace/.dependencies/checkouts/Pow/Sources/Pow/Effects/SmokeEffect.swift:120:28: error: cannot find type 'Context' in scope
118 | var seed: UInt32
119 |
120 | func makeView(context: Context) -> EmitterView {
| `- error: cannot find type 'Context' in scope
121 | let view = EmitterView()
122 |
/Users/admin/builder/spi-builder-workspace/.dependencies/checkouts/Pow/Sources/Pow/Effects/SmokeEffect.swift:170:29: error: cannot find type 'EmitterView' in scope
168 | }
169 |
170 | func updateView(_ view: EmitterView, context: Context) {
| `- error: cannot find type 'EmitterView' in scope
171 | view.emitterLayer.lifetime = isActive ? 1 : 0
172 | }
/Users/admin/builder/spi-builder-workspace/.dependencies/checkouts/Pow/Sources/Pow/Effects/SmokeEffect.swift:170:51: error: cannot find type 'Context' in scope
168 | }
169 |
170 | func updateView(_ view: EmitterView, context: Context) {
| `- error: cannot find type 'Context' in scope
171 | view.emitterLayer.lifetime = isActive ? 1 : 0
172 | }
SwiftDriverJobDiscovery normal arm64 Compiling Link.swift, Strikethrough.swift, Strong.swift (in target 'Markdown' from project 'swift-markdown')
SwiftCompile normal arm64_32 Compiling\ Flicker.swift,\ Flip.swift,\ Glare.swift,\ Iris.swift,\ Move.swift,\ Poof.swift /Users/admin/builder/spi-builder-workspace/.dependencies/checkouts/Pow/Sources/Pow/Transitions/Flicker.swift /Users/admin/builder/spi-builder-workspace/.dependencies/checkouts/Pow/Sources/Pow/Transitions/Flip.swift /Users/admin/builder/spi-builder-workspace/.dependencies/checkouts/Pow/Sources/Pow/Transitions/Glare.swift /Users/admin/builder/spi-builder-workspace/.dependencies/checkouts/Pow/Sources/Pow/Transitions/Iris.swift /Users/admin/builder/spi-builder-workspace/.dependencies/checkouts/Pow/Sources/Pow/Transitions/Move.swift /Users/admin/builder/spi-builder-workspace/.dependencies/checkouts/Pow/Sources/Pow/Transitions/Poof.swift (in target 'Pow' from project 'Pow')
SwiftCompile normal arm64_32 /Users/admin/builder/spi-builder-workspace/.dependencies/checkouts/Pow/Sources/Pow/Transitions/Flicker.swift (in target 'Pow' from project 'Pow')
cd /Users/admin/builder/spi-builder-workspace/.swiftpm/xcode
builtin-SwiftPerFileCompile Flicker.swift
SwiftCompile normal arm64_32 /Users/admin/builder/spi-builder-workspace/.dependencies/checkouts/Pow/Sources/Pow/Transitions/Flip.swift (in target 'Pow' from project 'Pow')
cd /Users/admin/builder/spi-builder-workspace/.swiftpm/xcode
builtin-SwiftPerFileCompile Flip.swift
SwiftCompile normal arm64_32 /Users/admin/builder/spi-builder-workspace/.dependencies/checkouts/Pow/Sources/Pow/Transitions/Glare.swift (in target 'Pow' from project 'Pow')
cd /Users/admin/builder/spi-builder-workspace/.swiftpm/xcode
builtin-SwiftPerFileCompile Glare.swift
SwiftCompile normal arm64_32 /Users/admin/builder/spi-builder-workspace/.dependencies/checkouts/Pow/Sources/Pow/Transitions/Iris.swift (in target 'Pow' from project 'Pow')
cd /Users/admin/builder/spi-builder-workspace/.swiftpm/xcode
builtin-SwiftPerFileCompile Iris.swift
SwiftCompile normal arm64_32 /Users/admin/builder/spi-builder-workspace/.dependencies/checkouts/Pow/Sources/Pow/Transitions/Move.swift (in target 'Pow' from project 'Pow')
cd /Users/admin/builder/spi-builder-workspace/.swiftpm/xcode
builtin-SwiftPerFileCompile Move.swift
SwiftCompile normal arm64_32 /Users/admin/builder/spi-builder-workspace/.dependencies/checkouts/Pow/Sources/Pow/Transitions/Poof.swift (in target 'Pow' from project 'Pow')
cd /Users/admin/builder/spi-builder-workspace/.swiftpm/xcode
builtin-SwiftPerFileCompile Poof.swift
SwiftDriverJobDiscovery normal arm64_32 Compiling AtomicCounter.swift, CharacterExtensions.swift (in target 'Markdown' from project 'swift-markdown')
SwiftCompile normal arm64_32 Compiling\ ProjectionTransform+Utilities.swift,\ UnitPoint+CircularCoordinates.swift,\ ViewModifier+DefaultAnimation.swift,\ simd+Utilities.swift,\ AngleControl.swift,\ AnyAnimatableViewModifier.swift /Users/admin/builder/spi-builder-workspace/.dependencies/checkouts/Pow/Sources/Pow/Extensions/ProjectionTransform+Utilities.swift /Users/admin/builder/spi-builder-workspace/.dependencies/checkouts/Pow/Sources/Pow/Extensions/UnitPoint+CircularCoordinates.swift /Users/admin/builder/spi-builder-workspace/.dependencies/checkouts/Pow/Sources/Pow/Extensions/ViewModifier+DefaultAnimation.swift /Users/admin/builder/spi-builder-workspace/.dependencies/checkouts/Pow/Sources/Pow/Extensions/simd+Utilities.swift /Users/admin/builder/spi-builder-workspace/.dependencies/checkouts/Pow/Sources/Pow/Infrastructure/AngleControl.swift /Users/admin/builder/spi-builder-workspace/.dependencies/checkouts/Pow/Sources/Pow/Infrastructure/AnyAnimatableViewModifier.swift (in target 'Pow' from project 'Pow')
/Users/admin/builder/spi-builder-workspace/.dependencies/checkouts/Pow/Sources/Pow/Extensions/ProjectionTransform+Utilities.swift:6:17: error: 'CATransform3D' is unavailable in watchOS
4 | internal extension ProjectionTransform {
5 | init(_ m: simd_double4x4) {
6 | let d = CATransform3D(
| `- error: 'CATransform3D' is unavailable in watchOS
7 | m11: m[0][0], m12: m[0][1], m13: m[0][2], m14: m[0][3],
8 | m21: m[1][0], m22: m[1][1], m23: m[1][2], m24: m[1][3],
/Applications/Xcode-27.0.0-Release.Candidate.app/Contents/Developer/Platforms/WatchOS.platform/Developer/SDKs/WatchOS27.0.sdk/System/Library/Frameworks/QuartzCore.framework/Headers/CATransform3D.h:17:8: note: 'CATransform3D' has been explicitly marked unavailable here
15 | /* Homogeneous three-dimensional transforms. */
16 |
17 | struct CATransform3D
| `- note: 'CATransform3D' has been explicitly marked unavailable here
18 | {
19 | CGFloat m11, m12, m13, m14;
SwiftCompile normal arm64_32 /Users/admin/builder/spi-builder-workspace/.dependencies/checkouts/Pow/Sources/Pow/Extensions/ProjectionTransform+Utilities.swift (in target 'Pow' from project 'Pow')
cd /Users/admin/builder/spi-builder-workspace/.swiftpm/xcode
builtin-SwiftPerFileCompile ProjectionTransform+Utilities.swift
SwiftCompile normal arm64_32 /Users/admin/builder/spi-builder-workspace/.dependencies/checkouts/Pow/Sources/Pow/Extensions/UnitPoint+CircularCoordinates.swift (in target 'Pow' from project 'Pow')
cd /Users/admin/builder/spi-builder-workspace/.swiftpm/xcode
builtin-SwiftPerFileCompile UnitPoint+CircularCoordinates.swift
SwiftCompile normal arm64_32 /Users/admin/builder/spi-builder-workspace/.dependencies/checkouts/Pow/Sources/Pow/Extensions/ViewModifier+DefaultAnimation.swift (in target 'Pow' from project 'Pow')
cd /Users/admin/builder/spi-builder-workspace/.swiftpm/xcode
builtin-SwiftPerFileCompile ViewModifier+DefaultAnimation.swift
SwiftCompile normal arm64_32 /Users/admin/builder/spi-builder-workspace/.dependencies/checkouts/Pow/Sources/Pow/Extensions/simd+Utilities.swift (in target 'Pow' from project 'Pow')
cd /Users/admin/builder/spi-builder-workspace/.swiftpm/xcode
builtin-SwiftPerFileCompile simd+Utilities.swift
SwiftCompile normal arm64_32 /Users/admin/builder/spi-builder-workspace/.dependencies/checkouts/Pow/Sources/Pow/Infrastructure/AngleControl.swift (in target 'Pow' from project 'Pow')
cd /Users/admin/builder/spi-builder-workspace/.swiftpm/xcode
builtin-SwiftPerFileCompile AngleControl.swift
SwiftCompile normal arm64_32 /Users/admin/builder/spi-builder-workspace/.dependencies/checkouts/Pow/Sources/Pow/Infrastructure/AnyAnimatableViewModifier.swift (in target 'Pow' from project 'Pow')
cd /Users/admin/builder/spi-builder-workspace/.swiftpm/xcode
builtin-SwiftPerFileCompile AnyAnimatableViewModifier.swift
SwiftCompile normal arm64_32 Compiling\ AnyChangeEffect.swift,\ AnyContinuousEffect.swift,\ AnyViewModifier.swift,\ Haptics.swift,\ MathUtilities.swift,\ Namespace.swift /Users/admin/builder/spi-builder-workspace/.dependencies/checkouts/Pow/Sources/Pow/Infrastructure/AnyChangeEffect.swift /Users/admin/builder/spi-builder-workspace/.dependencies/checkouts/Pow/Sources/Pow/Infrastructure/AnyContinuousEffect.swift /Users/admin/builder/spi-builder-workspace/.dependencies/checkouts/Pow/Sources/Pow/Infrastructure/AnyViewModifier.swift /Users/admin/builder/spi-builder-workspace/.dependencies/checkouts/Pow/Sources/Pow/Infrastructure/Haptics.swift /Users/admin/builder/spi-builder-workspace/.dependencies/checkouts/Pow/Sources/Pow/Infrastructure/MathUtilities.swift /Users/admin/builder/spi-builder-workspace/.dependencies/checkouts/Pow/Sources/Pow/Infrastructure/Namespace.swift (in target 'Pow' from project 'Pow')
SwiftCompile normal arm64_32 /Users/admin/builder/spi-builder-workspace/.dependencies/checkouts/Pow/Sources/Pow/Infrastructure/AnyChangeEffect.swift (in target 'Pow' from project 'Pow')
cd /Users/admin/builder/spi-builder-workspace/.swiftpm/xcode
builtin-SwiftPerFileCompile AnyChangeEffect.swift
SwiftCompile normal arm64_32 /Users/admin/builder/spi-builder-workspace/.dependencies/checkouts/Pow/Sources/Pow/Infrastructure/AnyContinuousEffect.swift (in target 'Pow' from project 'Pow')
cd /Users/admin/builder/spi-builder-workspace/.swiftpm/xcode
builtin-SwiftPerFileCompile AnyContinuousEffect.swift
SwiftCompile normal arm64_32 /Users/admin/builder/spi-builder-workspace/.dependencies/checkouts/Pow/Sources/Pow/Infrastructure/AnyViewModifier.swift (in target 'Pow' from project 'Pow')
cd /Users/admin/builder/spi-builder-workspace/.swiftpm/xcode
builtin-SwiftPerFileCompile AnyViewModifier.swift
SwiftCompile normal arm64_32 /Users/admin/builder/spi-builder-workspace/.dependencies/checkouts/Pow/Sources/Pow/Infrastructure/Haptics.swift (in target 'Pow' from project 'Pow')
cd /Users/admin/builder/spi-builder-workspace/.swiftpm/xcode
builtin-SwiftPerFileCompile Haptics.swift
SwiftCompile normal arm64_32 /Users/admin/builder/spi-builder-workspace/.dependencies/checkouts/Pow/Sources/Pow/Infrastructure/MathUtilities.swift (in target 'Pow' from project 'Pow')
cd /Users/admin/builder/spi-builder-workspace/.swiftpm/xcode
builtin-SwiftPerFileCompile MathUtilities.swift
SwiftCompile normal arm64_32 /Users/admin/builder/spi-builder-workspace/.dependencies/checkouts/Pow/Sources/Pow/Infrastructure/Namespace.swift (in target 'Pow' from project 'Pow')
cd /Users/admin/builder/spi-builder-workspace/.swiftpm/xcode
builtin-SwiftPerFileCompile Namespace.swift
SwiftDriverJobDiscovery normal arm64_32 Emitting module for MarkCodable (in target 'MarkCodable' from project 'MarkCodable')
SwiftDriver\ Compilation\ Requirements MarkCodable normal arm64_32 com.apple.xcode.tools.swift.compiler (in target 'MarkCodable' from project 'MarkCodable')
cd /Users/admin/builder/spi-builder-workspace/.swiftpm/xcode
builtin-Swift-Compilation-Requirements -- /Applications/Xcode-27.0.0-Release.Candidate.app/Contents/Developer/Toolchains/XcodeDefault.xctoolchain/usr/bin/swiftc -parse-as-library -module-name MarkCodable -Onone @/Users/admin/builder/spi-builder-workspace/.derivedData/Build/Intermediates.noindex/MarkCodable.build/Debug-watchos/MarkCodable-t.build/Objects-normal/arm64_32/MarkCodable.SwiftFileList -DSWIFT_PACKAGE -DDEBUG -DSWIFT_MODULE_RESOURCE_BUNDLE_UNAVAILABLE -Xcc -fmodule-map-file\=/Users/admin/builder/spi-builder-workspace/.dependencies/checkouts/swift-cmark/src/include/module.modulemap -Xcc -fmodule-map-file\=/Users/admin/builder/spi-builder-workspace/.derivedData/Build/Intermediates.noindex/GeneratedModuleMaps-watchos/cmark-gfm-extensions.modulemap -Xcc -fmodule-map-file\=/Users/admin/builder/spi-builder-workspace/.derivedData/Build/Intermediates.noindex/GeneratedModuleMaps-watchos/CAtomic.modulemap -DXcode -plugin-path /Applications/Xcode-27.0.0-Release.Candidate.app/Contents/Developer/Toolchains/XcodeDefault.xctoolchain/usr/lib/swift/host/plugins/testing -enable-experimental-feature DebugDescriptionMacro -sdk /Applications/Xcode-27.0.0-Release.Candidate.app/Contents/Developer/Platforms/WatchOS.platform/Developer/SDKs/WatchOS27.0.sdk -target arm64_32-apple-watchos9.0 -g -module-cache-path /Users/admin/builder/spi-builder-workspace/.derivedData/ModuleCache.noindex -Xfrontend -serialize-debugging-options -enable-testing -suppress-warnings -index-store-path /Users/admin/builder/spi-builder-workspace/.derivedData/Index.noindex/DataStore -Xcc -D_LIBCPP_HARDENING_MODE\=_LIBCPP_HARDENING_MODE_DEBUG -swift-version 5 -I /Users/admin/builder/spi-builder-workspace/.derivedData/Build/Products/Debug-watchos -Isystem /Applications/Xcode-27.0.0-Release.Candidate.app/Contents/Developer/Platforms/WatchOS.platform/Developer/usr/lib -F /Users/admin/builder/spi-builder-workspace/.derivedData/Build/Products/Debug-watchos/PackageFrameworks -F /Users/admin/builder/spi-builder-workspace/.derivedData/Build/Products/Debug-watchos -F /Applications/Xcode-27.0.0-Release.Candidate.app/Contents/Developer/Platforms/WatchOS.platform/Developer/Library/Frameworks -F /Applications/Xcode-27.0.0-Release.Candidate.app/Contents/Developer/Platforms/WatchOS.platform/Developer/SDKs/WatchOS27.0.sdk/Developer/Library/Frameworks -c -j10 -enable-batch-mode -incremental -Xcc -ivfsstatcache -Xcc /Users/admin/builder/spi-builder-workspace/.derivedData/SDKStatCaches.noindex/watchos27.0-24R360-e829b21a6f8c9b70876ba0858053c04477534ef55a1706bf4c1112bbb242f0a2.sdkstatcache -output-file-map /Users/admin/builder/spi-builder-workspace/.derivedData/Build/Intermediates.noindex/MarkCodable.build/Debug-watchos/MarkCodable-t.build/Objects-normal/arm64_32/MarkCodable-OutputFileMap.json -save-temps -no-color-diagnostics -explicit-module-build -module-cache-path /Users/admin/builder/spi-builder-workspace/.derivedData/Build/Intermediates.noindex/SwiftExplicitPrecompiledModules -clang-scanner-module-cache-path /Users/admin/builder/spi-builder-workspace/.derivedData/ModuleCache.noindex -sdk-module-cache-path /Users/admin/builder/spi-builder-workspace/.derivedData/SDKExplicitPrecompiledModules -emit-dependencies -emit-module -emit-module-path /Users/admin/builder/spi-builder-workspace/.derivedData/Build/Intermediates.noindex/MarkCodable.build/Debug-watchos/MarkCodable-t.build/Objects-normal/arm64_32/MarkCodable.swiftmodule -serialize-diagnostics -dependency-scan-serialize-diagnostics-path /Users/admin/builder/spi-builder-workspace/.derivedData/Build/Intermediates.noindex/MarkCodable.build/Debug-watchos/MarkCodable-t.build/Objects-normal/arm64_32/MarkCodable-dependency-scan.dia -validate-clang-modules-once -clang-build-session-file /Users/admin/builder/spi-builder-workspace/.derivedData/ModuleCache.noindex/Session.modulevalidation -Xcc -fmodules-prune-interval\=86400 -Xcc -fmodules-prune-after\=345600 -emit-const-values -const-gather-protocols-list /Users/admin/builder/spi-builder-workspace/.derivedData/Build/Intermediates.noindex/MarkCodable.build/Debug-watchos/MarkCodable-t.build/Objects-normal/arm64_32/MarkCodable_const_extract_protocols.json -Xcc -I/Users/admin/builder/spi-builder-workspace/.dependencies/checkouts/swift-cmark/src/include -Xcc -I/Users/admin/builder/spi-builder-workspace/.dependencies/checkouts/swift-cmark/extensions/include -Xcc -I/Users/admin/builder/spi-builder-workspace/.dependencies/checkouts/swift-markdown/Sources/CAtomic/include -Xcc -I/Users/admin/builder/spi-builder-workspace/.derivedData/Build/Products/Debug-watchos/include -Xcc -I/Users/admin/builder/spi-builder-workspace/.derivedData/Build/Intermediates.noindex/MarkCodable.build/Debug-watchos/MarkCodable-t.build/DerivedSources-normal/arm64_32 -Xcc -I/Users/admin/builder/spi-builder-workspace/.derivedData/Build/Intermediates.noindex/MarkCodable.build/Debug-watchos/MarkCodable-t.build/DerivedSources/arm64_32 -Xcc -I/Users/admin/builder/spi-builder-workspace/.derivedData/Build/Intermediates.noindex/MarkCodable.build/Debug-watchos/MarkCodable-t.build/DerivedSources -Xcc -DSWIFT_PACKAGE -Xcc -DDEBUG\=1 -emit-objc-header -emit-objc-header-path /Users/admin/builder/spi-builder-workspace/.derivedData/Build/Intermediates.noindex/MarkCodable.build/Debug-watchos/MarkCodable-t.build/Objects-normal/arm64_32/MarkCodable-Swift.h -working-directory /Users/admin/builder/spi-builder-workspace/.swiftpm/xcode -experimental-emit-module-separately -disable-cmo
SwiftDriverJobDiscovery normal arm64 Emitting module for MarkCodable (in target 'MarkCodable' from project 'MarkCodable')
SwiftDriver\ Compilation\ Requirements MarkCodable normal arm64 com.apple.xcode.tools.swift.compiler (in target 'MarkCodable' from project 'MarkCodable')
cd /Users/admin/builder/spi-builder-workspace/.swiftpm/xcode
builtin-Swift-Compilation-Requirements -- /Applications/Xcode-27.0.0-Release.Candidate.app/Contents/Developer/Toolchains/XcodeDefault.xctoolchain/usr/bin/swiftc -parse-as-library -module-name MarkCodable -Onone @/Users/admin/builder/spi-builder-workspace/.derivedData/Build/Intermediates.noindex/MarkCodable.build/Debug-watchos/MarkCodable-t.build/Objects-normal/arm64/MarkCodable.SwiftFileList -DSWIFT_PACKAGE -DDEBUG -DSWIFT_MODULE_RESOURCE_BUNDLE_UNAVAILABLE -Xcc -fmodule-map-file\=/Users/admin/builder/spi-builder-workspace/.dependencies/checkouts/swift-cmark/src/include/module.modulemap -Xcc -fmodule-map-file\=/Users/admin/builder/spi-builder-workspace/.derivedData/Build/Intermediates.noindex/GeneratedModuleMaps-watchos/cmark-gfm-extensions.modulemap -Xcc -fmodule-map-file\=/Users/admin/builder/spi-builder-workspace/.derivedData/Build/Intermediates.noindex/GeneratedModuleMaps-watchos/CAtomic.modulemap -DXcode -plugin-path /Applications/Xcode-27.0.0-Release.Candidate.app/Contents/Developer/Toolchains/XcodeDefault.xctoolchain/usr/lib/swift/host/plugins/testing -enable-experimental-feature DebugDescriptionMacro -sdk /Applications/Xcode-27.0.0-Release.Candidate.app/Contents/Developer/Platforms/WatchOS.platform/Developer/SDKs/WatchOS27.0.sdk -target arm64-apple-watchos9.0 -g -module-cache-path /Users/admin/builder/spi-builder-workspace/.derivedData/ModuleCache.noindex -Xfrontend -serialize-debugging-options -enable-testing -suppress-warnings -index-store-path /Users/admin/builder/spi-builder-workspace/.derivedData/Index.noindex/DataStore -Xcc -D_LIBCPP_HARDENING_MODE\=_LIBCPP_HARDENING_MODE_DEBUG -swift-version 5 -I /Users/admin/builder/spi-builder-workspace/.derivedData/Build/Products/Debug-watchos -Isystem /Applications/Xcode-27.0.0-Release.Candidate.app/Contents/Developer/Platforms/WatchOS.platform/Developer/usr/lib -F /Users/admin/builder/spi-builder-workspace/.derivedData/Build/Products/Debug-watchos/PackageFrameworks -F /Users/admin/builder/spi-builder-workspace/.derivedData/Build/Products/Debug-watchos -F /Applications/Xcode-27.0.0-Release.Candidate.app/Contents/Developer/Platforms/WatchOS.platform/Developer/Library/Frameworks -F /Applications/Xcode-27.0.0-Release.Candidate.app/Contents/Developer/Platforms/WatchOS.platform/Developer/SDKs/WatchOS27.0.sdk/Developer/Library/Frameworks -c -j10 -enable-batch-mode -incremental -Xcc -ivfsstatcache -Xcc /Users/admin/builder/spi-builder-workspace/.derivedData/SDKStatCaches.noindex/watchos27.0-24R360-e829b21a6f8c9b70876ba0858053c04477534ef55a1706bf4c1112bbb242f0a2.sdkstatcache -output-file-map /Users/admin/builder/spi-builder-workspace/.derivedData/Build/Intermediates.noindex/MarkCodable.build/Debug-watchos/MarkCodable-t.build/Objects-normal/arm64/MarkCodable-OutputFileMap.json -save-temps -no-color-diagnostics -explicit-module-build -module-cache-path /Users/admin/builder/spi-builder-workspace/.derivedData/Build/Intermediates.noindex/SwiftExplicitPrecompiledModules -clang-scanner-module-cache-path /Users/admin/builder/spi-builder-workspace/.derivedData/ModuleCache.noindex -sdk-module-cache-path /Users/admin/builder/spi-builder-workspace/.derivedData/SDKExplicitPrecompiledModules -emit-dependencies -emit-module -emit-module-path /Users/admin/builder/spi-builder-workspace/.derivedData/Build/Intermediates.noindex/MarkCodable.build/Debug-watchos/MarkCodable-t.build/Objects-normal/arm64/MarkCodable.swiftmodule -serialize-diagnostics -dependency-scan-serialize-diagnostics-path /Users/admin/builder/spi-builder-workspace/.derivedData/Build/Intermediates.noindex/MarkCodable.build/Debug-watchos/MarkCodable-t.build/Objects-normal/arm64/MarkCodable-dependency-scan.dia -validate-clang-modules-once -clang-build-session-file /Users/admin/builder/spi-builder-workspace/.derivedData/ModuleCache.noindex/Session.modulevalidation -Xcc -fmodules-prune-interval\=86400 -Xcc -fmodules-prune-after\=345600 -emit-const-values -const-gather-protocols-list /Users/admin/builder/spi-builder-workspace/.derivedData/Build/Intermediates.noindex/MarkCodable.build/Debug-watchos/MarkCodable-t.build/Objects-normal/arm64/MarkCodable_const_extract_protocols.json -Xcc -I/Users/admin/builder/spi-builder-workspace/.dependencies/checkouts/swift-cmark/src/include -Xcc -I/Users/admin/builder/spi-builder-workspace/.dependencies/checkouts/swift-cmark/extensions/include -Xcc -I/Users/admin/builder/spi-builder-workspace/.dependencies/checkouts/swift-markdown/Sources/CAtomic/include -Xcc -I/Users/admin/builder/spi-builder-workspace/.derivedData/Build/Products/Debug-watchos/include -Xcc -I/Users/admin/builder/spi-builder-workspace/.derivedData/Build/Intermediates.noindex/MarkCodable.build/Debug-watchos/MarkCodable-t.build/DerivedSources-normal/arm64 -Xcc -I/Users/admin/builder/spi-builder-workspace/.derivedData/Build/Intermediates.noindex/MarkCodable.build/Debug-watchos/MarkCodable-t.build/DerivedSources/arm64 -Xcc -I/Users/admin/builder/spi-builder-workspace/.derivedData/Build/Intermediates.noindex/MarkCodable.build/Debug-watchos/MarkCodable-t.build/DerivedSources -Xcc -DSWIFT_PACKAGE -Xcc -DDEBUG\=1 -emit-objc-header -emit-objc-header-path /Users/admin/builder/spi-builder-workspace/.derivedData/Build/Intermediates.noindex/MarkCodable.build/Debug-watchos/MarkCodable-t.build/Objects-normal/arm64/MarkCodable-Swift.h -working-directory /Users/admin/builder/spi-builder-workspace/.swiftpm/xcode -experimental-emit-module-separately -disable-cmo
Copy /Users/admin/builder/spi-builder-workspace/.derivedData/Build/Products/Debug-watchos/MarkCodable.swiftmodule/arm64_32-apple-watchos.swiftmodule /Users/admin/builder/spi-builder-workspace/.derivedData/Build/Intermediates.noindex/MarkCodable.build/Debug-watchos/MarkCodable-t.build/Objects-normal/arm64_32/MarkCodable.swiftmodule (in target 'MarkCodable' from project 'MarkCodable')
cd /Users/admin/builder/spi-builder-workspace/.dependencies/checkouts/MarkCodable
builtin-copy -exclude .DS_Store -exclude CVS -exclude .svn -exclude .git -exclude .hg -resolve-src-symlinks -rename /Users/admin/builder/spi-builder-workspace/.derivedData/Build/Intermediates.noindex/MarkCodable.build/Debug-watchos/MarkCodable-t.build/Objects-normal/arm64_32/MarkCodable.swiftmodule /Users/admin/builder/spi-builder-workspace/.derivedData/Build/Products/Debug-watchos/MarkCodable.swiftmodule/arm64_32-apple-watchos.swiftmodule
SwiftMergeGeneratedHeaders /Users/admin/builder/spi-builder-workspace/.derivedData/Build/Intermediates.noindex/GeneratedModuleMaps-watchos/MarkCodable-Swift.h /Users/admin/builder/spi-builder-workspace/.derivedData/Build/Intermediates.noindex/MarkCodable.build/Debug-watchos/MarkCodable-t.build/Objects-normal/arm64/MarkCodable-Swift.h /Users/admin/builder/spi-builder-workspace/.derivedData/Build/Intermediates.noindex/MarkCodable.build/Debug-watchos/MarkCodable-t.build/Objects-normal/arm64_32/MarkCodable-Swift.h (in target 'MarkCodable' from project 'MarkCodable')
cd /Users/admin/builder/spi-builder-workspace/.dependencies/checkouts/MarkCodable
builtin-swiftHeaderTool -arch arm64 /Users/admin/builder/spi-builder-workspace/.derivedData/Build/Intermediates.noindex/MarkCodable.build/Debug-watchos/MarkCodable-t.build/Objects-normal/arm64/MarkCodable-Swift.h -arch arm64_32 /Users/admin/builder/spi-builder-workspace/.derivedData/Build/Intermediates.noindex/MarkCodable.build/Debug-watchos/MarkCodable-t.build/Objects-normal/arm64_32/MarkCodable-Swift.h -o /Users/admin/builder/spi-builder-workspace/.derivedData/Build/Intermediates.noindex/GeneratedModuleMaps-watchos/MarkCodable-Swift.h
SwiftDriverJobDiscovery normal arm64 Compiling SourceLocation.swift, Emphasis.swift, Image.swift (in target 'Markdown' from project 'swift-markdown')
Copy /Users/admin/builder/spi-builder-workspace/.derivedData/Build/Products/Debug-watchos/MarkCodable.swiftmodule/arm64_32-apple-watchos.swiftdoc /Users/admin/builder/spi-builder-workspace/.derivedData/Build/Intermediates.noindex/MarkCodable.build/Debug-watchos/MarkCodable-t.build/Objects-normal/arm64_32/MarkCodable.swiftdoc (in target 'MarkCodable' from project 'MarkCodable')
cd /Users/admin/builder/spi-builder-workspace/.dependencies/checkouts/MarkCodable
builtin-copy -exclude .DS_Store -exclude CVS -exclude .svn -exclude .git -exclude .hg -resolve-src-symlinks -rename /Users/admin/builder/spi-builder-workspace/.derivedData/Build/Intermediates.noindex/MarkCodable.build/Debug-watchos/MarkCodable-t.build/Objects-normal/arm64_32/MarkCodable.swiftdoc /Users/admin/builder/spi-builder-workspace/.derivedData/Build/Products/Debug-watchos/MarkCodable.swiftmodule/arm64_32-apple-watchos.swiftdoc
Copy /Users/admin/builder/spi-builder-workspace/.derivedData/Build/Products/Debug-watchos/MarkCodable.swiftmodule/arm64_32-apple-watchos.abi.json /Users/admin/builder/spi-builder-workspace/.derivedData/Build/Intermediates.noindex/MarkCodable.build/Debug-watchos/MarkCodable-t.build/Objects-normal/arm64_32/MarkCodable.abi.json (in target 'MarkCodable' from project 'MarkCodable')
cd /Users/admin/builder/spi-builder-workspace/.dependencies/checkouts/MarkCodable
builtin-copy -exclude .DS_Store -exclude CVS -exclude .svn -exclude .git -exclude .hg -resolve-src-symlinks -rename /Users/admin/builder/spi-builder-workspace/.derivedData/Build/Intermediates.noindex/MarkCodable.build/Debug-watchos/MarkCodable-t.build/Objects-normal/arm64_32/MarkCodable.abi.json /Users/admin/builder/spi-builder-workspace/.derivedData/Build/Products/Debug-watchos/MarkCodable.swiftmodule/arm64_32-apple-watchos.abi.json
Copy /Users/admin/builder/spi-builder-workspace/.derivedData/Build/Products/Debug-watchos/MarkCodable.swiftmodule/arm64-apple-watchos.swiftmodule /Users/admin/builder/spi-builder-workspace/.derivedData/Build/Intermediates.noindex/MarkCodable.build/Debug-watchos/MarkCodable-t.build/Objects-normal/arm64/MarkCodable.swiftmodule (in target 'MarkCodable' from project 'MarkCodable')
cd /Users/admin/builder/spi-builder-workspace/.dependencies/checkouts/MarkCodable
builtin-copy -exclude .DS_Store -exclude CVS -exclude .svn -exclude .git -exclude .hg -resolve-src-symlinks -rename /Users/admin/builder/spi-builder-workspace/.derivedData/Build/Intermediates.noindex/MarkCodable.build/Debug-watchos/MarkCodable-t.build/Objects-normal/arm64/MarkCodable.swiftmodule /Users/admin/builder/spi-builder-workspace/.derivedData/Build/Products/Debug-watchos/MarkCodable.swiftmodule/arm64-apple-watchos.swiftmodule
Copy /Users/admin/builder/spi-builder-workspace/.derivedData/Build/Products/Debug-watchos/MarkCodable.swiftmodule/arm64-apple-watchos.swiftdoc /Users/admin/builder/spi-builder-workspace/.derivedData/Build/Intermediates.noindex/MarkCodable.build/Debug-watchos/MarkCodable-t.build/Objects-normal/arm64/MarkCodable.swiftdoc (in target 'MarkCodable' from project 'MarkCodable')
cd /Users/admin/builder/spi-builder-workspace/.dependencies/checkouts/MarkCodable
builtin-copy -exclude .DS_Store -exclude CVS -exclude .svn -exclude .git -exclude .hg -resolve-src-symlinks -rename /Users/admin/builder/spi-builder-workspace/.derivedData/Build/Intermediates.noindex/MarkCodable.build/Debug-watchos/MarkCodable-t.build/Objects-normal/arm64/MarkCodable.swiftdoc /Users/admin/builder/spi-builder-workspace/.derivedData/Build/Products/Debug-watchos/MarkCodable.swiftmodule/arm64-apple-watchos.swiftdoc
Copy /Users/admin/builder/spi-builder-workspace/.derivedData/Build/Products/Debug-watchos/MarkCodable.swiftmodule/arm64-apple-watchos.abi.json /Users/admin/builder/spi-builder-workspace/.derivedData/Build/Intermediates.noindex/MarkCodable.build/Debug-watchos/MarkCodable-t.build/Objects-normal/arm64/MarkCodable.abi.json (in target 'MarkCodable' from project 'MarkCodable')
cd /Users/admin/builder/spi-builder-workspace/.dependencies/checkouts/MarkCodable
builtin-copy -exclude .DS_Store -exclude CVS -exclude .svn -exclude .git -exclude .hg -resolve-src-symlinks -rename /Users/admin/builder/spi-builder-workspace/.derivedData/Build/Intermediates.noindex/MarkCodable.build/Debug-watchos/MarkCodable-t.build/Objects-normal/arm64/MarkCodable.abi.json /Users/admin/builder/spi-builder-workspace/.derivedData/Build/Products/Debug-watchos/MarkCodable.swiftmodule/arm64-apple-watchos.abi.json
Copy /Users/admin/builder/spi-builder-workspace/.derivedData/Build/Products/Debug-watchos/MarkCodable.swiftmodule/Project/arm64_32-apple-watchos.swiftsourceinfo /Users/admin/builder/spi-builder-workspace/.derivedData/Build/Intermediates.noindex/MarkCodable.build/Debug-watchos/MarkCodable-t.build/Objects-normal/arm64_32/MarkCodable.swiftsourceinfo (in target 'MarkCodable' from project 'MarkCodable')
cd /Users/admin/builder/spi-builder-workspace/.dependencies/checkouts/MarkCodable
builtin-copy -exclude .DS_Store -exclude CVS -exclude .svn -exclude .git -exclude .hg -resolve-src-symlinks -rename /Users/admin/builder/spi-builder-workspace/.derivedData/Build/Intermediates.noindex/MarkCodable.build/Debug-watchos/MarkCodable-t.build/Objects-normal/arm64_32/MarkCodable.swiftsourceinfo /Users/admin/builder/spi-builder-workspace/.derivedData/Build/Products/Debug-watchos/MarkCodable.swiftmodule/Project/arm64_32-apple-watchos.swiftsourceinfo
Copy /Users/admin/builder/spi-builder-workspace/.derivedData/Build/Products/Debug-watchos/MarkCodable.swiftmodule/Project/arm64-apple-watchos.swiftsourceinfo /Users/admin/builder/spi-builder-workspace/.derivedData/Build/Intermediates.noindex/MarkCodable.build/Debug-watchos/MarkCodable-t.build/Objects-normal/arm64/MarkCodable.swiftsourceinfo (in target 'MarkCodable' from project 'MarkCodable')
cd /Users/admin/builder/spi-builder-workspace/.dependencies/checkouts/MarkCodable
builtin-copy -exclude .DS_Store -exclude CVS -exclude .svn -exclude .git -exclude .hg -resolve-src-symlinks -rename /Users/admin/builder/spi-builder-workspace/.derivedData/Build/Intermediates.noindex/MarkCodable.build/Debug-watchos/MarkCodable-t.build/Objects-normal/arm64/MarkCodable.swiftsourceinfo /Users/admin/builder/spi-builder-workspace/.derivedData/Build/Products/Debug-watchos/MarkCodable.swiftmodule/Project/arm64-apple-watchos.swiftsourceinfo
SwiftCompile normal arm64 Compiling\ resource_bundle_accessor.swift,\ GlowEffect.swift,\ HapticFeedbackEffect.swift,\ JumpEffect.swift,\ PingEffect.swift,\ PulseEffect.swift,\ PushDownEffect.swift /Users/admin/builder/spi-builder-workspace/.derivedData/Build/Intermediates.noindex/Pow.build/Debug-watchos/Pow-t.build/DerivedSources/resource_bundle_accessor.swift /Users/admin/builder/spi-builder-workspace/.dependencies/checkouts/Pow/Sources/Pow/Effects/GlowEffect.swift /Users/admin/builder/spi-builder-workspace/.dependencies/checkouts/Pow/Sources/Pow/Effects/HapticFeedbackEffect.swift /Users/admin/builder/spi-builder-workspace/.dependencies/checkouts/Pow/Sources/Pow/Effects/JumpEffect.swift /Users/admin/builder/spi-builder-workspace/.dependencies/checkouts/Pow/Sources/Pow/Effects/PingEffect.swift /Users/admin/builder/spi-builder-workspace/.dependencies/checkouts/Pow/Sources/Pow/Effects/PulseEffect.swift /Users/admin/builder/spi-builder-workspace/.dependencies/checkouts/Pow/Sources/Pow/Effects/PushDownEffect.swift (in target 'Pow' from project 'Pow')
SwiftCompile normal arm64 /Users/admin/builder/spi-builder-workspace/.derivedData/Build/Intermediates.noindex/Pow.build/Debug-watchos/Pow-t.build/DerivedSources/resource_bundle_accessor.swift (in target 'Pow' from project 'Pow')
cd /Users/admin/builder/spi-builder-workspace/.swiftpm/xcode
builtin-SwiftPerFileCompile resource_bundle_accessor.swift
SwiftCompile normal arm64 /Users/admin/builder/spi-builder-workspace/.dependencies/checkouts/Pow/Sources/Pow/Effects/GlowEffect.swift (in target 'Pow' from project 'Pow')
cd /Users/admin/builder/spi-builder-workspace/.swiftpm/xcode
builtin-SwiftPerFileCompile GlowEffect.swift
SwiftCompile normal arm64 /Users/admin/builder/spi-builder-workspace/.dependencies/checkouts/Pow/Sources/Pow/Effects/HapticFeedbackEffect.swift (in target 'Pow' from project 'Pow')
cd /Users/admin/builder/spi-builder-workspace/.swiftpm/xcode
builtin-SwiftPerFileCompile HapticFeedbackEffect.swift
SwiftCompile normal arm64 /Users/admin/builder/spi-builder-workspace/.dependencies/checkouts/Pow/Sources/Pow/Effects/JumpEffect.swift (in target 'Pow' from project 'Pow')
cd /Users/admin/builder/spi-builder-workspace/.swiftpm/xcode
builtin-SwiftPerFileCompile JumpEffect.swift
SwiftCompile normal arm64 /Users/admin/builder/spi-builder-workspace/.dependencies/checkouts/Pow/Sources/Pow/Effects/PingEffect.swift (in target 'Pow' from project 'Pow')
cd /Users/admin/builder/spi-builder-workspace/.swiftpm/xcode
builtin-SwiftPerFileCompile PingEffect.swift
SwiftCompile normal arm64 /Users/admin/builder/spi-builder-workspace/.dependencies/checkouts/Pow/Sources/Pow/Effects/PulseEffect.swift (in target 'Pow' from project 'Pow')
cd /Users/admin/builder/spi-builder-workspace/.swiftpm/xcode
builtin-SwiftPerFileCompile PulseEffect.swift
SwiftCompile normal arm64 /Users/admin/builder/spi-builder-workspace/.dependencies/checkouts/Pow/Sources/Pow/Effects/PushDownEffect.swift (in target 'Pow' from project 'Pow')
cd /Users/admin/builder/spi-builder-workspace/.swiftpm/xcode
builtin-SwiftPerFileCompile PushDownEffect.swift
SwiftCompile normal arm64 Compiling\ Pop.swift,\ Skid.swift,\ Swoosh.swift,\ Vanish.swift,\ Wipe.swift,\ GeneratedAssetSymbols.swift /Users/admin/builder/spi-builder-workspace/.dependencies/checkouts/Pow/Sources/Pow/Transitions/Pop.swift /Users/admin/builder/spi-builder-workspace/.dependencies/checkouts/Pow/Sources/Pow/Transitions/Skid.swift /Users/admin/builder/spi-builder-workspace/.dependencies/checkouts/Pow/Sources/Pow/Transitions/Swoosh.swift /Users/admin/builder/spi-builder-workspace/.dependencies/checkouts/Pow/Sources/Pow/Transitions/Vanish.swift /Users/admin/builder/spi-builder-workspace/.dependencies/checkouts/Pow/Sources/Pow/Transitions/Wipe.swift /Users/admin/builder/spi-builder-workspace/.derivedData/Build/Intermediates.noindex/Pow.build/Debug-watchos/Pow-t.build/DerivedSources/GeneratedAssetSymbols.swift (in target 'Pow' from project 'Pow')
SwiftCompile normal arm64 /Users/admin/builder/spi-builder-workspace/.dependencies/checkouts/Pow/Sources/Pow/Transitions/Pop.swift (in target 'Pow' from project 'Pow')
cd /Users/admin/builder/spi-builder-workspace/.swiftpm/xcode
builtin-SwiftPerFileCompile Pop.swift
SwiftCompile normal arm64 /Users/admin/builder/spi-builder-workspace/.dependencies/checkouts/Pow/Sources/Pow/Transitions/Skid.swift (in target 'Pow' from project 'Pow')
cd /Users/admin/builder/spi-builder-workspace/.swiftpm/xcode
builtin-SwiftPerFileCompile Skid.swift
SwiftCompile normal arm64 /Users/admin/builder/spi-builder-workspace/.dependencies/checkouts/Pow/Sources/Pow/Transitions/Swoosh.swift (in target 'Pow' from project 'Pow')
cd /Users/admin/builder/spi-builder-workspace/.swiftpm/xcode
builtin-SwiftPerFileCompile Swoosh.swift
SwiftCompile normal arm64 /Users/admin/builder/spi-builder-workspace/.dependencies/checkouts/Pow/Sources/Pow/Transitions/Vanish.swift (in target 'Pow' from project 'Pow')
cd /Users/admin/builder/spi-builder-workspace/.swiftpm/xcode
builtin-SwiftPerFileCompile Vanish.swift
SwiftCompile normal arm64 /Users/admin/builder/spi-builder-workspace/.dependencies/checkouts/Pow/Sources/Pow/Transitions/Wipe.swift (in target 'Pow' from project 'Pow')
cd /Users/admin/builder/spi-builder-workspace/.swiftpm/xcode
builtin-SwiftPerFileCompile Wipe.swift
SwiftCompile normal arm64 /Users/admin/builder/spi-builder-workspace/.derivedData/Build/Intermediates.noindex/Pow.build/Debug-watchos/Pow-t.build/DerivedSources/GeneratedAssetSymbols.swift (in target 'Pow' from project 'Pow')
cd /Users/admin/builder/spi-builder-workspace/.swiftpm/xcode
builtin-SwiftPerFileCompile GeneratedAssetSymbols.swift
SwiftCompile normal arm64 Compiling\ AnyChangeEffect.swift,\ AnyContinuousEffect.swift,\ AnyViewModifier.swift,\ Haptics.swift,\ MathUtilities.swift,\ Namespace.swift /Users/admin/builder/spi-builder-workspace/.dependencies/checkouts/Pow/Sources/Pow/Infrastructure/AnyChangeEffect.swift /Users/admin/builder/spi-builder-workspace/.dependencies/checkouts/Pow/Sources/Pow/Infrastructure/AnyContinuousEffect.swift /Users/admin/builder/spi-builder-workspace/.dependencies/checkouts/Pow/Sources/Pow/Infrastructure/AnyViewModifier.swift /Users/admin/builder/spi-builder-workspace/.dependencies/checkouts/Pow/Sources/Pow/Infrastructure/Haptics.swift /Users/admin/builder/spi-builder-workspace/.dependencies/checkouts/Pow/Sources/Pow/Infrastructure/MathUtilities.swift /Users/admin/builder/spi-builder-workspace/.dependencies/checkouts/Pow/Sources/Pow/Infrastructure/Namespace.swift (in target 'Pow' from project 'Pow')
SwiftCompile normal arm64 /Users/admin/builder/spi-builder-workspace/.dependencies/checkouts/Pow/Sources/Pow/Infrastructure/AnyChangeEffect.swift (in target 'Pow' from project 'Pow')
cd /Users/admin/builder/spi-builder-workspace/.swiftpm/xcode
builtin-SwiftPerFileCompile AnyChangeEffect.swift
SwiftCompile normal arm64 /Users/admin/builder/spi-builder-workspace/.dependencies/checkouts/Pow/Sources/Pow/Infrastructure/AnyContinuousEffect.swift (in target 'Pow' from project 'Pow')
cd /Users/admin/builder/spi-builder-workspace/.swiftpm/xcode
builtin-SwiftPerFileCompile AnyContinuousEffect.swift
SwiftCompile normal arm64 /Users/admin/builder/spi-builder-workspace/.dependencies/checkouts/Pow/Sources/Pow/Infrastructure/AnyViewModifier.swift (in target 'Pow' from project 'Pow')
cd /Users/admin/builder/spi-builder-workspace/.swiftpm/xcode
builtin-SwiftPerFileCompile AnyViewModifier.swift
SwiftCompile normal arm64 /Users/admin/builder/spi-builder-workspace/.dependencies/checkouts/Pow/Sources/Pow/Infrastructure/Haptics.swift (in target 'Pow' from project 'Pow')
cd /Users/admin/builder/spi-builder-workspace/.swiftpm/xcode
builtin-SwiftPerFileCompile Haptics.swift
SwiftCompile normal arm64 /Users/admin/builder/spi-builder-workspace/.dependencies/checkouts/Pow/Sources/Pow/Infrastructure/MathUtilities.swift (in target 'Pow' from project 'Pow')
cd /Users/admin/builder/spi-builder-workspace/.swiftpm/xcode
builtin-SwiftPerFileCompile MathUtilities.swift
SwiftCompile normal arm64 /Users/admin/builder/spi-builder-workspace/.dependencies/checkouts/Pow/Sources/Pow/Infrastructure/Namespace.swift (in target 'Pow' from project 'Pow')
cd /Users/admin/builder/spi-builder-workspace/.swiftpm/xcode
builtin-SwiftPerFileCompile Namespace.swift
SwiftCompile normal arm64 Compiling\ Simulative.swift,\ Spring.swift,\ TRS.swift,\ Transform3DEffect.swift,\ ViewRepresentable.swift,\ WhileEffect.swift /Users/admin/builder/spi-builder-workspace/.dependencies/checkouts/Pow/Sources/Pow/Infrastructure/Simulative.swift /Users/admin/builder/spi-builder-workspace/.dependencies/checkouts/Pow/Sources/Pow/Infrastructure/Spring.swift /Users/admin/builder/spi-builder-workspace/.dependencies/checkouts/Pow/Sources/Pow/Infrastructure/TRS.swift /Users/admin/builder/spi-builder-workspace/.dependencies/checkouts/Pow/Sources/Pow/Infrastructure/Transform3DEffect.swift /Users/admin/builder/spi-builder-workspace/.dependencies/checkouts/Pow/Sources/Pow/Infrastructure/ViewRepresentable.swift /Users/admin/builder/spi-builder-workspace/.dependencies/checkouts/Pow/Sources/Pow/Infrastructure/WhileEffect.swift (in target 'Pow' from project 'Pow')
SwiftCompile normal arm64 /Users/admin/builder/spi-builder-workspace/.dependencies/checkouts/Pow/Sources/Pow/Infrastructure/Simulative.swift (in target 'Pow' from project 'Pow')
cd /Users/admin/builder/spi-builder-workspace/.swiftpm/xcode
builtin-SwiftPerFileCompile Simulative.swift
SwiftCompile normal arm64 /Users/admin/builder/spi-builder-workspace/.dependencies/checkouts/Pow/Sources/Pow/Infrastructure/Spring.swift (in target 'Pow' from project 'Pow')
cd /Users/admin/builder/spi-builder-workspace/.swiftpm/xcode
builtin-SwiftPerFileCompile Spring.swift
SwiftCompile normal arm64 /Users/admin/builder/spi-builder-workspace/.dependencies/checkouts/Pow/Sources/Pow/Infrastructure/TRS.swift (in target 'Pow' from project 'Pow')
cd /Users/admin/builder/spi-builder-workspace/.swiftpm/xcode
builtin-SwiftPerFileCompile TRS.swift
SwiftCompile normal arm64 /Users/admin/builder/spi-builder-workspace/.dependencies/checkouts/Pow/Sources/Pow/Infrastructure/Transform3DEffect.swift (in target 'Pow' from project 'Pow')
cd /Users/admin/builder/spi-builder-workspace/.swiftpm/xcode
builtin-SwiftPerFileCompile Transform3DEffect.swift
SwiftCompile normal arm64 /Users/admin/builder/spi-builder-workspace/.dependencies/checkouts/Pow/Sources/Pow/Infrastructure/ViewRepresentable.swift (in target 'Pow' from project 'Pow')
cd /Users/admin/builder/spi-builder-workspace/.swiftpm/xcode
builtin-SwiftPerFileCompile ViewRepresentable.swift
SwiftCompile normal arm64 /Users/admin/builder/spi-builder-workspace/.dependencies/checkouts/Pow/Sources/Pow/Infrastructure/WhileEffect.swift (in target 'Pow' from project 'Pow')
cd /Users/admin/builder/spi-builder-workspace/.swiftpm/xcode
builtin-SwiftPerFileCompile WhileEffect.swift
SwiftDriverJobDiscovery normal arm64 Compiling PlainTextConvertibleMarkup.swift, RawMarkup.swift, BlockDirective.swift, BlockQuote.swift (in target 'Markdown' from project 'swift-markdown')
SwiftCompile normal arm64 Compiling\ Anvil.swift,\ Blinds.swift,\ Blur.swift,\ Boing.swift,\ Clock.swift,\ FilmExposure.swift /Users/admin/builder/spi-builder-workspace/.dependencies/checkouts/Pow/Sources/Pow/Transitions/Anvil.swift /Users/admin/builder/spi-builder-workspace/.dependencies/checkouts/Pow/Sources/Pow/Transitions/Blinds.swift /Users/admin/builder/spi-builder-workspace/.dependencies/checkouts/Pow/Sources/Pow/Transitions/Blur.swift /Users/admin/builder/spi-builder-workspace/.dependencies/checkouts/Pow/Sources/Pow/Transitions/Boing.swift /Users/admin/builder/spi-builder-workspace/.dependencies/checkouts/Pow/Sources/Pow/Transitions/Clock.swift /Users/admin/builder/spi-builder-workspace/.dependencies/checkouts/Pow/Sources/Pow/Transitions/FilmExposure.swift (in target 'Pow' from project 'Pow')
SwiftCompile normal arm64 /Users/admin/builder/spi-builder-workspace/.dependencies/checkouts/Pow/Sources/Pow/Transitions/Anvil.swift (in target 'Pow' from project 'Pow')
cd /Users/admin/builder/spi-builder-workspace/.swiftpm/xcode
builtin-SwiftPerFileCompile Anvil.swift
SwiftCompile normal arm64 /Users/admin/builder/spi-builder-workspace/.dependencies/checkouts/Pow/Sources/Pow/Transitions/Blinds.swift (in target 'Pow' from project 'Pow')
cd /Users/admin/builder/spi-builder-workspace/.swiftpm/xcode
builtin-SwiftPerFileCompile Blinds.swift
SwiftCompile normal arm64 /Users/admin/builder/spi-builder-workspace/.dependencies/checkouts/Pow/Sources/Pow/Transitions/Blur.swift (in target 'Pow' from project 'Pow')
cd /Users/admin/builder/spi-builder-workspace/.swiftpm/xcode
builtin-SwiftPerFileCompile Blur.swift
SwiftCompile normal arm64 /Users/admin/builder/spi-builder-workspace/.dependencies/checkouts/Pow/Sources/Pow/Transitions/Boing.swift (in target 'Pow' from project 'Pow')
cd /Users/admin/builder/spi-builder-workspace/.swiftpm/xcode
builtin-SwiftPerFileCompile Boing.swift
SwiftCompile normal arm64 /Users/admin/builder/spi-builder-workspace/.dependencies/checkouts/Pow/Sources/Pow/Transitions/Clock.swift (in target 'Pow' from project 'Pow')
cd /Users/admin/builder/spi-builder-workspace/.swiftpm/xcode
builtin-SwiftPerFileCompile Clock.swift
SwiftCompile normal arm64 /Users/admin/builder/spi-builder-workspace/.dependencies/checkouts/Pow/Sources/Pow/Transitions/FilmExposure.swift (in target 'Pow' from project 'Pow')
cd /Users/admin/builder/spi-builder-workspace/.swiftpm/xcode
builtin-SwiftPerFileCompile FilmExposure.swift
SwiftDriverJobDiscovery normal arm64_32 Compiling MarkupFormatter.swift, MarkupTreeDumper.swift (in target 'Markdown' from project 'swift-markdown')
SwiftCompile normal arm64_32 Compiling\ OnChangeEffect.swift,\ ParticleLayer.swift,\ ProgressableAnimation.swift,\ Scaled.swift,\ SecondOrderDynamics.swift,\ SeededRandomNumberGenerator.swift /Users/admin/builder/spi-builder-workspace/.dependencies/checkouts/Pow/Sources/Pow/Infrastructure/OnChangeEffect.swift /Users/admin/builder/spi-builder-workspace/.dependencies/checkouts/Pow/Sources/Pow/Infrastructure/ParticleLayer.swift /Users/admin/builder/spi-builder-workspace/.dependencies/checkouts/Pow/Sources/Pow/Infrastructure/ProgressableAnimation.swift /Users/admin/builder/spi-builder-workspace/.dependencies/checkouts/Pow/Sources/Pow/Infrastructure/Scaled.swift /Users/admin/builder/spi-builder-workspace/.dependencies/checkouts/Pow/Sources/Pow/Infrastructure/SecondOrderDynamics.swift /Users/admin/builder/spi-builder-workspace/.dependencies/checkouts/Pow/Sources/Pow/Infrastructure/SeededRandomNumberGenerator.swift (in target 'Pow' from project 'Pow')
SwiftCompile normal arm64_32 /Users/admin/builder/spi-builder-workspace/.dependencies/checkouts/Pow/Sources/Pow/Infrastructure/OnChangeEffect.swift (in target 'Pow' from project 'Pow')
cd /Users/admin/builder/spi-builder-workspace/.swiftpm/xcode
builtin-SwiftPerFileCompile OnChangeEffect.swift
SwiftCompile normal arm64_32 /Users/admin/builder/spi-builder-workspace/.dependencies/checkouts/Pow/Sources/Pow/Infrastructure/ParticleLayer.swift (in target 'Pow' from project 'Pow')
cd /Users/admin/builder/spi-builder-workspace/.swiftpm/xcode
builtin-SwiftPerFileCompile ParticleLayer.swift
SwiftCompile normal arm64_32 /Users/admin/builder/spi-builder-workspace/.dependencies/checkouts/Pow/Sources/Pow/Infrastructure/ProgressableAnimation.swift (in target 'Pow' from project 'Pow')
cd /Users/admin/builder/spi-builder-workspace/.swiftpm/xcode
builtin-SwiftPerFileCompile ProgressableAnimation.swift
SwiftCompile normal arm64_32 /Users/admin/builder/spi-builder-workspace/.dependencies/checkouts/Pow/Sources/Pow/Infrastructure/Scaled.swift (in target 'Pow' from project 'Pow')
cd /Users/admin/builder/spi-builder-workspace/.swiftpm/xcode
builtin-SwiftPerFileCompile Scaled.swift
SwiftCompile normal arm64_32 /Users/admin/builder/spi-builder-workspace/.dependencies/checkouts/Pow/Sources/Pow/Infrastructure/SecondOrderDynamics.swift (in target 'Pow' from project 'Pow')
cd /Users/admin/builder/spi-builder-workspace/.swiftpm/xcode
builtin-SwiftPerFileCompile SecondOrderDynamics.swift
SwiftCompile normal arm64_32 /Users/admin/builder/spi-builder-workspace/.dependencies/checkouts/Pow/Sources/Pow/Infrastructure/SeededRandomNumberGenerator.swift (in target 'Pow' from project 'Pow')
cd /Users/admin/builder/spi-builder-workspace/.swiftpm/xcode
builtin-SwiftPerFileCompile SeededRandomNumberGenerator.swift
PruneExplicitPrecompiledModules /Users/admin/builder/spi-builder-workspace/.derivedData/SDKExplicitPrecompiledModules
PruneExplicitPrecompiledModules /Users/admin/builder/spi-builder-workspace/.derivedData/Build/Intermediates.noindex/SwiftExplicitPrecompiledModules
PruneExplicitPrecompiledModules /Users/admin/builder/spi-builder-workspace/.derivedData/Build/Intermediates.noindex/ExplicitPrecompiledModules
2026-09-19 18:47:11.526 xcodebuild[1175:6421] [MT] IDERunDestination: Supported platforms for the buildables in the current scheme is empty.
** BUILD FAILED **
The following build commands failed:
SwiftCompile normal arm64 (in target 'Pow' from project 'Pow')
SwiftEmitModule normal arm64 Emitting\ module\ for\ Pow (in target 'Pow' from project 'Pow')
Building workspace MarkWalkthrough with scheme MarkWalkthrough
(3 failures)
BUILD FAILURE 6.4 watchOS