Build Information
Failed to build DevRevSDK, reference main (528401), with Swift 6.4 for macOS (Xcode) using Xcode 27.0 on 9 Oct 2026 22:21:14 UTC.
Build Command
No build command. This typically means the build failed at an early stage where we determine the build command.Build Log
========================================
RunAll
========================================
Builder version: 5.1.1
Interrupt handler set up.
========================================
Checkout
========================================
Clone URL: https://github.com/devrev/devrev-sdk-ios.git
Reference: main
Initialized empty Git repository in /Users/admin/builder/spi-builder-workspace/.git/
From https://github.com/devrev/devrev-sdk-ios
* branch main -> FETCH_HEAD
* [new branch] main -> origin/main
HEAD is now at 528401f Release 3.0.7
Cloned https://github.com/devrev/devrev-sdk-ios.git
Revision (git rev-parse @):
528401fa13c8bff7874964f27777ad565a630f07
SUCCESS checkout https://github.com/devrev/devrev-sdk-ios.git at main
========================================
Build
========================================
Selected platform: macosXcodebuild
Swift version: 6.4
Building package at path: $PWD
https://github.com/devrev/devrev-sdk-ios.git
Command line invocation:
/Applications/Xcode-27.0.0.app/Contents/Developer/usr/bin/xcodebuild -IDEClonedSourcePackagesDirPathOverride=/Users/admin/builder/spi-builder-workspace/.dependencies -resolvePackageDependencies
Resolve Package Graph
checksum of downloaded artifact of binary target 'DevRevSDK' (7ef9e3799157814df7f68014eb20023e876bc4a518e64fc16f60238943a86d28) does not match checksum specified by the manifest (1f8aed844be8d2efc356002fb9b1d720f47ebc839dd6d5768e45fe817f29c41b)fatalError
Resolve Package Graph
checksum of downloaded artifact of binary target 'DevRevSDK' (7ef9e3799157814df7f68014eb20023e876bc4a518e64fc16f60238943a86d28) does not match checksum specified by the manifest (1f8aed844be8d2efc356002fb9b1d720f47ebc839dd6d5768e45fe817f29c41b)fatalError
Resolve Package Graph
checksum of downloaded artifact of binary target 'DevRevSDK' (7ef9e3799157814df7f68014eb20023e876bc4a518e64fc16f60238943a86d28) does not match checksum specified by the manifest (1f8aed844be8d2efc356002fb9b1d720f47ebc839dd6d5768e45fe817f29c41b)fatalError
Resolved source packages:
spi-builder-workspace: (null)
2026-10-09 18:21:12.129 xcodebuild[531:3075] Writing error result bundle to /var/folders/xq/y_g06wb113726d38xsyx71_h0000gn/T/ResultBundle_2026-09-10_18-21-0012.xcresult
xcodebuild: error: Could not resolve package dependencies:
checksum of downloaded artifact of binary target 'DevRevSDK' (7ef9e3799157814df7f68014eb20023e876bc4a518e64fc16f60238943a86d28) does not match checksum specified by the manifest (1f8aed844be8d2efc356002fb9b1d720f47ebc839dd6d5768e45fe817f29c41b)
fatalError
Command line invocation:
/Applications/Xcode-27.0.0.app/Contents/Developer/usr/bin/xcodebuild -IDEClonedSourcePackagesDirPathOverride=/Users/admin/builder/spi-builder-workspace/.dependencies -resolvePackageDependencies
Resolve Package Graph
checksum of downloaded artifact of binary target 'DevRevSDK' (7ef9e3799157814df7f68014eb20023e876bc4a518e64fc16f60238943a86d28) does not match checksum specified by the manifest (1f8aed844be8d2efc356002fb9b1d720f47ebc839dd6d5768e45fe817f29c41b)fatalError
Resolved source packages:
spi-builder-workspace: (null)
2026-10-09 18:21:14.231 xcodebuild[617:3765] Writing error result bundle to /var/folders/xq/y_g06wb113726d38xsyx71_h0000gn/T/ResultBundle_2026-09-10_18-21-0014.xcresult
xcodebuild: error: Could not resolve package dependencies:
checksum of downloaded artifact of binary target 'DevRevSDK' (7ef9e3799157814df7f68014eb20023e876bc4a518e64fc16f60238943a86d28) does not match checksum specified by the manifest (1f8aed844be8d2efc356002fb9b1d720f47ebc839dd6d5768e45fe817f29c41b)
fatalError
BUILD FAILURE 6.4 macosXcodebuild