Build Information
Failed to build GMSnagNav, reference main (42ea77), with Swift 6.3 for watchOS using Xcode 26.4 on 10 Oct 2026 16:39:29 UTC.
Build Command
env DEVELOPER_DIR=/Applications/Xcode-26.5.0.app xcrun xcodebuild -IDEClonedSourcePackagesDirPathOverride=$PWD/.dependencies -skipMacroValidation -skipPackagePluginValidation -derivedDataPath $PWD/.derivedData build -scheme GMSnagNav -destination generic/platform=watchOSBuild Log
========================================
RunAll
========================================
Builder version: 5.1.1
Interrupt handler set up.
========================================
Checkout
========================================
Clone URL: https://github.com/kerker00/GMSnagNav.git
Reference: main
Initialized empty Git repository in /Users/admin/builder/spi-builder-workspace/.git/
From https://github.com/kerker00/GMSnagNav
* branch main -> FETCH_HEAD
* [new branch] main -> origin/main
HEAD is now at 42ea775 Merge pull request #59 from kerker00/dev
Cloned https://github.com/kerker00/GMSnagNav.git
Revision (git rev-parse @):
42ea7758d049d49f37e4450002e2face2532ea08
SPI manifest file found: $PWD/.spi.yml
SUCCESS checkout https://github.com/kerker00/GMSnagNav.git at main
========================================
Build
========================================
Selected platform: watchOS
Swift version: 6.3
Building package at path: $PWD
https://github.com/kerker00/GMSnagNav.git
Command line invocation:
/Applications/Xcode-26.5.0.app/Contents/Developer/usr/bin/xcodebuild -IDEClonedSourcePackagesDirPathOverride=/Users/admin/builder/spi-builder-workspace/.dependencies -resolvePackageDependencies
Resolve Package Graph
Resolve Package Graph
Resolved source packages:
GMSnagNav: /Users/admin/builder/spi-builder-workspace
resolved source packages: GMSnagNav
2026-10-10 12:39:04.550 xcodebuild[541:3103] [MT] IDERunDestination: Supported platforms for the buildables in the current scheme is empty.
{
"default_localization" : "en",
"dependencies" : [
],
"manifest_display_name" : "GMSnagNav",
"name" : "GMSnagNav",
"path" : "/Users/admin/builder/spi-builder-workspace",
"platforms" : [
{
"name" : "macos",
"version" : "26.0"
},
{
"name" : "ios",
"version" : "26.0"
}
],
"products" : [
{
"name" : "GMSnagNav",
"targets" : [
"GMSnagNav"
],
"type" : {
"library" : [
"automatic"
]
}
}
],
"swift_languages_versions" : [
"6"
],
"targets" : [
{
"c99name" : "GMSnagNavTests",
"module_type" : "SwiftTarget",
"name" : "GMSnagNavTests",
"path" : "Tests/GMSnagNavTests",
"sources" : [
"AppKit/OutlineCoordinatorTests.swift",
"BadgeTests.swift",
"Core/DropResolutionTests.swift",
"Core/ExpansionChangesTests.swift",
"Core/FlatInsertionTests.swift",
"Core/OutlineDiffTests.swift",
"Core/OutlineDropTests.swift",
"Core/OutlineTreeTests.swift",
"Core/SelectionRevealTests.swift",
"Core/SpringLoadingTests.swift",
"Core/VisibleRowsTests.swift",
"GMSnagNavTests.swift",
"LocalizationTests.swift",
"NavigationTests.swift",
"RenamingTests.swift",
"Rendering/RenderingTests.swift",
"ReorderingTests.swift",
"SectionsTests.swift",
"SnagOutlineTests.swift",
"Support/TestItem.swift",
"UIKit/UIKitOutlineCoordinatorTests.swift"
],
"target_dependencies" : [
"GMSnagNav"
],
"type" : "test"
},
{
"c99name" : "GMSnagNav",
"module_type" : "SwiftTarget",
"name" : "GMSnagNav",
"path" : "Sources/GMSnagNav",
"product_memberships" : [
"GMSnagNav"
],
"resources" : [
{
"path" : "/Users/admin/builder/spi-builder-workspace/Sources/GMSnagNav/Resources/PrivacyInfo.xcprivacy",
"rule" : {
"process" : {
}
}
},
{
"path" : "/Users/admin/builder/spi-builder-workspace/Sources/GMSnagNav/Resources/de.lproj/Localizable.strings",
"rule" : {
"process" : {
"localization" : "de"
}
}
},
{
"path" : "/Users/admin/builder/spi-builder-workspace/Sources/GMSnagNav/Resources/en.lproj/Localizable.strings",
"rule" : {
"process" : {
"localization" : "en"
}
}
}
],
"sources" : [
"AppKit/AppKitOutlineRenderer.swift",
"AppKit/HostingCellView.swift",
"AppKit/NativeContextMenu.swift",
"AppKit/NodeBox.swift",
"AppKit/SnagOutlineView.swift",
"Badges.swift",
"CompactNavigation.swift",
"Core/ExpansionChanges.swift",
"Core/FlatInsertion.swift",
"Core/OutlineDiff.swift",
"Core/OutlineDrop.swift",
"Core/OutlineTree.swift",
"Core/SelectionReveal.swift",
"Core/SpringLoading.swift",
"Core/VisibleRows.swift",
"DragAndDrop.swift",
"DuplicateIDs.swift",
"EmptyContent.swift",
"GMSnagNav.swift",
"Navigation.swift",
"OutlineAppearance.swift",
"OutlineLabel.swift",
"OutlineMenuItem.swift",
"Renaming.swift",
"Reordering.swift",
"Reveal.swift",
"Sections.swift",
"SnagOutline.swift",
"SwipeActions.swift",
"TypeSelect.swift",
"UIKit/OutlineRowView.swift",
"UIKit/SnagCollectionView.swift",
"UIKit/UIKitOutlineRenderer.swift"
],
"type" : "library"
}
],
"tools_version" : "6.2"
}
{
"workspace" : {
"name" : "spi-builder-workspace",
"schemes" : [
"GMSnagNav"
]
}
}
2026-10-10 12:39:12.847 xcodebuild[658:3971] [MT] IDERunDestination: Supported platforms for the buildables in the current scheme is empty.
Running build ...
env DEVELOPER_DIR=/Applications/Xcode-26.5.0.app xcrun xcodebuild -IDEClonedSourcePackagesDirPathOverride=$PWD/.dependencies -skipMacroValidation -skipPackagePluginValidation -derivedDataPath $PWD/.derivedData build -scheme GMSnagNav -destination generic/platform=watchOS
Command line invocation:
/Applications/Xcode-26.5.0.app/Contents/Developer/usr/bin/xcodebuild -IDEClonedSourcePackagesDirPathOverride=/Users/admin/builder/spi-builder-workspace/.dependencies -skipMacroValidation -skipPackagePluginValidation -derivedDataPath /Users/admin/builder/spi-builder-workspace/.derivedData build -scheme GMSnagNav -destination generic/platform=watchOS
Resolve Package Graph
Resolved source packages:
GMSnagNav: /Users/admin/builder/spi-builder-workspace
ComputePackagePrebuildTargetDependencyGraph
Prepare packages
CreateBuildRequest
SendProjectDescription
CreateBuildOperation
ComputeTargetDependencyGraph
note: Building targets in dependency order
note: Target dependency graph (3 targets)
Target 'GMSnagNav' in project 'GMSnagNav'
➜ Explicit dependency on target 'GMSnagNav' in project 'GMSnagNav'
➜ Explicit dependency on target 'GMSnagNav_GMSnagNav' in project 'GMSnagNav'
Target 'GMSnagNav' in project 'GMSnagNav'
➜ Explicit dependency on target 'GMSnagNav_GMSnagNav' in project 'GMSnagNav'
Target 'GMSnagNav_GMSnagNav' in project 'GMSnagNav' (no dependencies)
GatherProvisioningInputs
CreateBuildDescription
ExecuteExternalTool /Applications/Xcode-26.5.0.app/Contents/Developer/Toolchains/XcodeDefault.xctoolchain/usr/bin/clang -v -E -dM -isysroot /Applications/Xcode-26.5.0.app/Contents/Developer/Platforms/WatchOS.platform/Developer/SDKs/WatchOS26.5.sdk -x c -c /dev/null
ExecuteExternalTool /Applications/Xcode-26.5.0.app/Contents/Developer/Toolchains/XcodeDefault.xctoolchain/usr/bin/swiftc --version
ExecuteExternalTool /Applications/Xcode-26.5.0.app/Contents/Developer/Toolchains/XcodeDefault.xctoolchain/usr/bin/ld -version_details
ReadFileContents /Applications/Xcode-26.5.0.app/Contents/Developer/Toolchains/XcodeDefault.xctoolchain/usr/share/docc/features.json
Build description signature: 73f3ccfd67fe43fed49ce8e7556915cc
Build description path: /Users/admin/builder/spi-builder-workspace/.derivedData/Build/Intermediates.noindex/XCBuildData/73f3ccfd67fe43fed49ce8e7556915cc.xcbuilddata
ClangStatCache /Applications/Xcode-26.5.0.app/Contents/Developer/Toolchains/XcodeDefault.xctoolchain/usr/bin/clang-stat-cache /Applications/Xcode-26.5.0.app/Contents/Developer/Platforms/WatchOS.platform/Developer/SDKs/WatchOS26.5.sdk /Users/admin/builder/spi-builder-workspace/.derivedData/SDKStatCaches.noindex/watchos26.5-23T570-688ef53f1462e2c8f657fdc38a81448f7931b973dfc65d9472806dbbc3af9379.sdkstatcache
cd /Users/admin/builder/spi-builder-workspace/.swiftpm/xcode
/Applications/Xcode-26.5.0.app/Contents/Developer/Toolchains/XcodeDefault.xctoolchain/usr/bin/clang-stat-cache /Applications/Xcode-26.5.0.app/Contents/Developer/Platforms/WatchOS.platform/Developer/SDKs/WatchOS26.5.sdk -o /Users/admin/builder/spi-builder-workspace/.derivedData/SDKStatCaches.noindex/watchos26.5-23T570-688ef53f1462e2c8f657fdc38a81448f7931b973dfc65d9472806dbbc3af9379.sdkstatcache
CreateBuildDirectory /Users/admin/builder/spi-builder-workspace/.derivedData/Build/Products
cd /Users/admin/builder/spi-builder-workspace/.swiftpm/xcode
builtin-create-build-directory /Users/admin/builder/spi-builder-workspace/.derivedData/Build/Products
CreateBuildDirectory /Users/admin/builder/spi-builder-workspace/.derivedData/Build/Intermediates.noindex
cd /Users/admin/builder/spi-builder-workspace/.swiftpm/xcode
builtin-create-build-directory /Users/admin/builder/spi-builder-workspace/.derivedData/Build/Intermediates.noindex
CreateBuildDirectory /Users/admin/builder/spi-builder-workspace/.derivedData/Build/Intermediates.noindex/ExplicitPrecompiledModules
cd /Users/admin/builder/spi-builder-workspace/.swiftpm/xcode
builtin-create-build-directory /Users/admin/builder/spi-builder-workspace/.derivedData/Build/Intermediates.noindex/ExplicitPrecompiledModules
CreateBuildDirectory /Users/admin/builder/spi-builder-workspace/.derivedData/Build/Intermediates.noindex/SwiftExplicitPrecompiledModules
cd /Users/admin/builder/spi-builder-workspace/.swiftpm/xcode
builtin-create-build-directory /Users/admin/builder/spi-builder-workspace/.derivedData/Build/Intermediates.noindex/SwiftExplicitPrecompiledModules
CreateBuildDirectory /Users/admin/builder/spi-builder-workspace/.derivedData/Build/Intermediates.noindex/EagerLinkingTBDs/Debug-watchos
cd /Users/admin/builder/spi-builder-workspace/.swiftpm/xcode
builtin-create-build-directory /Users/admin/builder/spi-builder-workspace/.derivedData/Build/Intermediates.noindex/EagerLinkingTBDs/Debug-watchos
CreateBuildDirectory /Users/admin/builder/spi-builder-workspace/.derivedData/Build/Products/Debug-watchos
cd /Users/admin/builder/spi-builder-workspace/.swiftpm/xcode
builtin-create-build-directory /Users/admin/builder/spi-builder-workspace/.derivedData/Build/Products/Debug-watchos
CreateBuildDirectory /Users/admin/builder/spi-builder-workspace/.derivedData/Build/Products/Debug-watchos/PackageFrameworks
cd /Users/admin/builder/spi-builder-workspace/.swiftpm/xcode
builtin-create-build-directory /Users/admin/builder/spi-builder-workspace/.derivedData/Build/Products/Debug-watchos/PackageFrameworks
MkDir /Users/admin/builder/spi-builder-workspace/.derivedData/Build/Products/Debug-watchos/GMSnagNav_GMSnagNav.bundle (in target 'GMSnagNav_GMSnagNav' from project 'GMSnagNav')
cd /Users/admin/builder/spi-builder-workspace
/bin/mkdir -p /Users/admin/builder/spi-builder-workspace/.derivedData/Build/Products/Debug-watchos/GMSnagNav_GMSnagNav.bundle
WriteAuxiliaryFile /Users/admin/builder/spi-builder-workspace/.derivedData/Build/Intermediates.noindex/GMSnagNav.build/Debug-watchos/GMSnagNav_GMSnagNav.build/GMSnagNav_GMSnagNav.DependencyStaticMetadataFileList (in target 'GMSnagNav_GMSnagNav' from project 'GMSnagNav')
cd /Users/admin/builder/spi-builder-workspace
write-file /Users/admin/builder/spi-builder-workspace/.derivedData/Build/Intermediates.noindex/GMSnagNav.build/Debug-watchos/GMSnagNav_GMSnagNav.build/GMSnagNav_GMSnagNav.DependencyStaticMetadataFileList
WriteAuxiliaryFile /Users/admin/builder/spi-builder-workspace/.derivedData/Build/Intermediates.noindex/GMSnagNav.build/Debug-watchos/GMSnagNav_GMSnagNav.build/GMSnagNav_GMSnagNav.DependencyMetadataFileList (in target 'GMSnagNav_GMSnagNav' from project 'GMSnagNav')
cd /Users/admin/builder/spi-builder-workspace
write-file /Users/admin/builder/spi-builder-workspace/.derivedData/Build/Intermediates.noindex/GMSnagNav.build/Debug-watchos/GMSnagNav_GMSnagNav.build/GMSnagNav_GMSnagNav.DependencyMetadataFileList
WriteAuxiliaryFile /Users/admin/builder/spi-builder-workspace/.derivedData/Build/Intermediates.noindex/GMSnagNav.build/Debug-watchos/GMSnagNav_GMSnagNav.build/empty-GMSnagNav_GMSnagNav.plist (in target 'GMSnagNav_GMSnagNav' from project 'GMSnagNav')
cd /Users/admin/builder/spi-builder-workspace
write-file /Users/admin/builder/spi-builder-workspace/.derivedData/Build/Intermediates.noindex/GMSnagNav.build/Debug-watchos/GMSnagNav_GMSnagNav.build/empty-GMSnagNav_GMSnagNav.plist
WriteAuxiliaryFile /Users/admin/builder/spi-builder-workspace/.derivedData/Build/Intermediates.noindex/GMSnagNav.build/Debug-watchos/GMSnagNav.build/Objects-normal/arm64_32/GMSnagNav.LinkFileList (in target 'GMSnagNav' from project 'GMSnagNav')
cd /Users/admin/builder/spi-builder-workspace
write-file /Users/admin/builder/spi-builder-workspace/.derivedData/Build/Intermediates.noindex/GMSnagNav.build/Debug-watchos/GMSnagNav.build/Objects-normal/arm64_32/GMSnagNav.LinkFileList
WriteAuxiliaryFile /Users/admin/builder/spi-builder-workspace/.derivedData/Build/Intermediates.noindex/GMSnagNav.build/Debug-watchos/GMSnagNav.build/Objects-normal/arm64_32/GMSnagNav.SwiftFileList (in target 'GMSnagNav' from project 'GMSnagNav')
cd /Users/admin/builder/spi-builder-workspace
write-file /Users/admin/builder/spi-builder-workspace/.derivedData/Build/Intermediates.noindex/GMSnagNav.build/Debug-watchos/GMSnagNav.build/Objects-normal/arm64_32/GMSnagNav.SwiftFileList
WriteAuxiliaryFile /Users/admin/builder/spi-builder-workspace/.derivedData/Build/Intermediates.noindex/GMSnagNav.build/Debug-watchos/GMSnagNav.build/Objects-normal/arm64_32/GMSnagNav_const_extract_protocols.json (in target 'GMSnagNav' from project 'GMSnagNav')
cd /Users/admin/builder/spi-builder-workspace
write-file /Users/admin/builder/spi-builder-workspace/.derivedData/Build/Intermediates.noindex/GMSnagNav.build/Debug-watchos/GMSnagNav.build/Objects-normal/arm64_32/GMSnagNav_const_extract_protocols.json
WriteAuxiliaryFile /Users/admin/builder/spi-builder-workspace/.derivedData/Build/Intermediates.noindex/GMSnagNav.build/Debug-watchos/GMSnagNav.build/Objects-normal/arm64_32/GMSnagNav.SwiftConstValuesFileList (in target 'GMSnagNav' from project 'GMSnagNav')
cd /Users/admin/builder/spi-builder-workspace
write-file /Users/admin/builder/spi-builder-workspace/.derivedData/Build/Intermediates.noindex/GMSnagNav.build/Debug-watchos/GMSnagNav.build/Objects-normal/arm64_32/GMSnagNav.SwiftConstValuesFileList
WriteAuxiliaryFile /Users/admin/builder/spi-builder-workspace/.derivedData/Build/Intermediates.noindex/GMSnagNav.build/Debug-watchos/GMSnagNav.build/Objects-normal/arm64_32/GMSnagNav-OutputFileMap.json (in target 'GMSnagNav' from project 'GMSnagNav')
cd /Users/admin/builder/spi-builder-workspace
write-file /Users/admin/builder/spi-builder-workspace/.derivedData/Build/Intermediates.noindex/GMSnagNav.build/Debug-watchos/GMSnagNav.build/Objects-normal/arm64_32/GMSnagNav-OutputFileMap.json
WriteAuxiliaryFile /Users/admin/builder/spi-builder-workspace/.derivedData/Build/Intermediates.noindex/GMSnagNav.build/Debug-watchos/GMSnagNav.build/Objects-normal/arm64/GMSnagNav_const_extract_protocols.json (in target 'GMSnagNav' from project 'GMSnagNav')
cd /Users/admin/builder/spi-builder-workspace
write-file /Users/admin/builder/spi-builder-workspace/.derivedData/Build/Intermediates.noindex/GMSnagNav.build/Debug-watchos/GMSnagNav.build/Objects-normal/arm64/GMSnagNav_const_extract_protocols.json
WriteAuxiliaryFile /Users/admin/builder/spi-builder-workspace/.derivedData/Build/Intermediates.noindex/GMSnagNav.build/Debug-watchos/GMSnagNav.build/Objects-normal/arm64/GMSnagNav.SwiftFileList (in target 'GMSnagNav' from project 'GMSnagNav')
cd /Users/admin/builder/spi-builder-workspace
write-file /Users/admin/builder/spi-builder-workspace/.derivedData/Build/Intermediates.noindex/GMSnagNav.build/Debug-watchos/GMSnagNav.build/Objects-normal/arm64/GMSnagNav.SwiftFileList
WriteAuxiliaryFile /Users/admin/builder/spi-builder-workspace/.derivedData/Build/Intermediates.noindex/GMSnagNav.build/Debug-watchos/GMSnagNav.build/Objects-normal/arm64/GMSnagNav.SwiftConstValuesFileList (in target 'GMSnagNav' from project 'GMSnagNav')
cd /Users/admin/builder/spi-builder-workspace
write-file /Users/admin/builder/spi-builder-workspace/.derivedData/Build/Intermediates.noindex/GMSnagNav.build/Debug-watchos/GMSnagNav.build/Objects-normal/arm64/GMSnagNav.SwiftConstValuesFileList
WriteAuxiliaryFile /Users/admin/builder/spi-builder-workspace/.derivedData/Build/Intermediates.noindex/GMSnagNav.build/Debug-watchos/GMSnagNav.build/Objects-normal/arm64/GMSnagNav.LinkFileList (in target 'GMSnagNav' from project 'GMSnagNav')
cd /Users/admin/builder/spi-builder-workspace
write-file /Users/admin/builder/spi-builder-workspace/.derivedData/Build/Intermediates.noindex/GMSnagNav.build/Debug-watchos/GMSnagNav.build/Objects-normal/arm64/GMSnagNav.LinkFileList
WriteAuxiliaryFile /Users/admin/builder/spi-builder-workspace/.derivedData/Build/Intermediates.noindex/GMSnagNav.build/Debug-watchos/GMSnagNav.build/Objects-normal/arm64/GMSnagNav-OutputFileMap.json (in target 'GMSnagNav' from project 'GMSnagNav')
cd /Users/admin/builder/spi-builder-workspace
write-file /Users/admin/builder/spi-builder-workspace/.derivedData/Build/Intermediates.noindex/GMSnagNav.build/Debug-watchos/GMSnagNav.build/Objects-normal/arm64/GMSnagNav-OutputFileMap.json
WriteAuxiliaryFile /Users/admin/builder/spi-builder-workspace/.derivedData/Build/Intermediates.noindex/GMSnagNav.build/Debug-watchos/GMSnagNav.build/GMSnagNav.modulemap (in target 'GMSnagNav' from project 'GMSnagNav')
cd /Users/admin/builder/spi-builder-workspace
write-file /Users/admin/builder/spi-builder-workspace/.derivedData/Build/Intermediates.noindex/GMSnagNav.build/Debug-watchos/GMSnagNav.build/GMSnagNav.modulemap
WriteAuxiliaryFile /Users/admin/builder/spi-builder-workspace/.derivedData/Build/Intermediates.noindex/GMSnagNav.build/Debug-watchos/GMSnagNav.build/GMSnagNav.DependencyStaticMetadataFileList (in target 'GMSnagNav' from project 'GMSnagNav')
cd /Users/admin/builder/spi-builder-workspace
write-file /Users/admin/builder/spi-builder-workspace/.derivedData/Build/Intermediates.noindex/GMSnagNav.build/Debug-watchos/GMSnagNav.build/GMSnagNav.DependencyStaticMetadataFileList
WriteAuxiliaryFile /Users/admin/builder/spi-builder-workspace/.derivedData/Build/Intermediates.noindex/GMSnagNav.build/Debug-watchos/GMSnagNav.build/GMSnagNav.DependencyMetadataFileList (in target 'GMSnagNav' from project 'GMSnagNav')
cd /Users/admin/builder/spi-builder-workspace
write-file /Users/admin/builder/spi-builder-workspace/.derivedData/Build/Intermediates.noindex/GMSnagNav.build/Debug-watchos/GMSnagNav.build/GMSnagNav.DependencyMetadataFileList
WriteAuxiliaryFile /Users/admin/builder/spi-builder-workspace/.derivedData/Build/Intermediates.noindex/GMSnagNav.build/Debug-watchos/GMSnagNav.build/DerivedSources/resource_bundle_accessor.swift (in target 'GMSnagNav' from project 'GMSnagNav')
cd /Users/admin/builder/spi-builder-workspace
write-file /Users/admin/builder/spi-builder-workspace/.derivedData/Build/Intermediates.noindex/GMSnagNav.build/Debug-watchos/GMSnagNav.build/DerivedSources/resource_bundle_accessor.swift
Copy /Users/admin/builder/spi-builder-workspace/.derivedData/Build/Intermediates.noindex/GeneratedModuleMaps-watchos/GMSnagNav.modulemap /Users/admin/builder/spi-builder-workspace/.derivedData/Build/Intermediates.noindex/GMSnagNav.build/Debug-watchos/GMSnagNav.build/GMSnagNav.modulemap (in target 'GMSnagNav' from project 'GMSnagNav')
cd /Users/admin/builder/spi-builder-workspace
builtin-copy -exclude .DS_Store -exclude CVS -exclude .svn -exclude .git -exclude .hg -resolve-src-symlinks /Users/admin/builder/spi-builder-workspace/.derivedData/Build/Intermediates.noindex/GMSnagNav.build/Debug-watchos/GMSnagNav.build/GMSnagNav.modulemap /Users/admin/builder/spi-builder-workspace/.derivedData/Build/Intermediates.noindex/GeneratedModuleMaps-watchos
ProcessInfoPlistFile /Users/admin/builder/spi-builder-workspace/.derivedData/Build/Products/Debug-watchos/GMSnagNav_GMSnagNav.bundle/Info.plist /Users/admin/builder/spi-builder-workspace/.derivedData/Build/Intermediates.noindex/GMSnagNav.build/Debug-watchos/GMSnagNav_GMSnagNav.build/empty-GMSnagNav_GMSnagNav.plist (in target 'GMSnagNav_GMSnagNav' from project 'GMSnagNav')
cd /Users/admin/builder/spi-builder-workspace
builtin-infoPlistUtility /Users/admin/builder/spi-builder-workspace/.derivedData/Build/Intermediates.noindex/GMSnagNav.build/Debug-watchos/GMSnagNav_GMSnagNav.build/empty-GMSnagNav_GMSnagNav.plist -producttype com.apple.product-type.bundle -expandbuildsettings -format binary -platform watchos -o /Users/admin/builder/spi-builder-workspace/.derivedData/Build/Products/Debug-watchos/GMSnagNav_GMSnagNav.bundle/Info.plist
CpResource /Users/admin/builder/spi-builder-workspace/.derivedData/Build/Products/Debug-watchos/GMSnagNav_GMSnagNav.bundle/PrivacyInfo.xcprivacy /Users/admin/builder/spi-builder-workspace/Sources/GMSnagNav/Resources/PrivacyInfo.xcprivacy (in target 'GMSnagNav_GMSnagNav' from project 'GMSnagNav')
cd /Users/admin/builder/spi-builder-workspace
builtin-copy -exclude .DS_Store -exclude CVS -exclude .svn -exclude .git -exclude .hg -resolve-src-symlinks /Users/admin/builder/spi-builder-workspace/Sources/GMSnagNav/Resources/PrivacyInfo.xcprivacy /Users/admin/builder/spi-builder-workspace/.derivedData/Build/Products/Debug-watchos/GMSnagNav_GMSnagNav.bundle
CpResource /Users/admin/builder/spi-builder-workspace/.derivedData/Build/Products/Debug-watchos/GMSnagNav_GMSnagNav.bundle/de.lproj/Localizable.strings /Users/admin/builder/spi-builder-workspace/Sources/GMSnagNav/Resources/de.lproj/Localizable.strings (in target 'GMSnagNav_GMSnagNav' from project 'GMSnagNav')
cd /Users/admin/builder/spi-builder-workspace
builtin-copy -exclude .DS_Store -exclude CVS -exclude .svn -exclude .git -exclude .hg -resolve-src-symlinks /Users/admin/builder/spi-builder-workspace/Sources/GMSnagNav/Resources/de.lproj/Localizable.strings /Users/admin/builder/spi-builder-workspace/.derivedData/Build/Products/Debug-watchos/GMSnagNav_GMSnagNav.bundle/de.lproj
CpResource /Users/admin/builder/spi-builder-workspace/.derivedData/Build/Products/Debug-watchos/GMSnagNav_GMSnagNav.bundle/en.lproj/Localizable.strings /Users/admin/builder/spi-builder-workspace/Sources/GMSnagNav/Resources/en.lproj/Localizable.strings (in target 'GMSnagNav_GMSnagNav' from project 'GMSnagNav')
cd /Users/admin/builder/spi-builder-workspace
builtin-copy -exclude .DS_Store -exclude CVS -exclude .svn -exclude .git -exclude .hg -resolve-src-symlinks /Users/admin/builder/spi-builder-workspace/Sources/GMSnagNav/Resources/en.lproj/Localizable.strings /Users/admin/builder/spi-builder-workspace/.derivedData/Build/Products/Debug-watchos/GMSnagNav_GMSnagNav.bundle/en.lproj
RegisterExecutionPolicyException /Users/admin/builder/spi-builder-workspace/.derivedData/Build/Products/Debug-watchos/GMSnagNav_GMSnagNav.bundle (in target 'GMSnagNav_GMSnagNav' from project 'GMSnagNav')
cd /Users/admin/builder/spi-builder-workspace
builtin-RegisterExecutionPolicyException /Users/admin/builder/spi-builder-workspace/.derivedData/Build/Products/Debug-watchos/GMSnagNav_GMSnagNav.bundle
Touch /Users/admin/builder/spi-builder-workspace/.derivedData/Build/Products/Debug-watchos/GMSnagNav_GMSnagNav.bundle (in target 'GMSnagNav_GMSnagNav' from project 'GMSnagNav')
cd /Users/admin/builder/spi-builder-workspace
/usr/bin/touch -c /Users/admin/builder/spi-builder-workspace/.derivedData/Build/Products/Debug-watchos/GMSnagNav_GMSnagNav.bundle
SwiftDriver GMSnagNav normal arm64 com.apple.xcode.tools.swift.compiler (in target 'GMSnagNav' from project 'GMSnagNav')
cd /Users/admin/builder/spi-builder-workspace/.swiftpm/xcode
builtin-SwiftDriver -- /Applications/Xcode-26.5.0.app/Contents/Developer/Toolchains/XcodeDefault.xctoolchain/usr/bin/swiftc -module-name GMSnagNav -Onone @/Users/admin/builder/spi-builder-workspace/.derivedData/Build/Intermediates.noindex/GMSnagNav.build/Debug-watchos/GMSnagNav.build/Objects-normal/arm64/GMSnagNav.SwiftFileList -DSWIFT_PACKAGE -DDEBUG -DSWIFT_MODULE_RESOURCE_BUNDLE_AVAILABLE -DXcode -plugin-path /Applications/Xcode-26.5.0.app/Contents/Developer/Toolchains/XcodeDefault.xctoolchain/usr/lib/swift/host/plugins/testing -enable-experimental-feature DebugDescriptionMacro -sdk /Applications/Xcode-26.5.0.app/Contents/Developer/Platforms/WatchOS.platform/Developer/SDKs/WatchOS26.5.sdk -target arm64-apple-watchos26.0 -g -module-cache-path /Users/admin/builder/spi-builder-workspace/.derivedData/ModuleCache.noindex -Xfrontend -serialize-debugging-options -profile-coverage-mapping -profile-generate -enable-testing -index-store-path /Users/admin/builder/spi-builder-workspace/.derivedData/Index.noindex/DataStore -Xcc -D_LIBCPP_HARDENING_MODE\=_LIBCPP_HARDENING_MODE_DEBUG -swift-version 6 -I /Users/admin/builder/spi-builder-workspace/.derivedData/Build/Products/Debug-watchos -Isystem /Applications/Xcode-26.5.0.app/Contents/Developer/Platforms/WatchOS.platform/Developer/usr/lib -F /Users/admin/builder/spi-builder-workspace/.derivedData/Build/Products/Debug-watchos -F /Applications/Xcode-26.5.0.app/Contents/Developer/Platforms/WatchOS.platform/Developer/Library/Frameworks -F /Applications/Xcode-26.5.0.app/Contents/Developer/Platforms/WatchOS.platform/Developer/SDKs/WatchOS26.5.sdk/Developer/Library/Frameworks -emit-localized-strings -emit-localized-strings-path /Users/admin/builder/spi-builder-workspace/.derivedData/Build/Intermediates.noindex/GMSnagNav.build/Debug-watchos/GMSnagNav.build/Objects-normal/arm64 -c -j10 -enable-batch-mode -incremental -Xcc -ivfsstatcache -Xcc /Users/admin/builder/spi-builder-workspace/.derivedData/SDKStatCaches.noindex/watchos26.5-23T570-688ef53f1462e2c8f657fdc38a81448f7931b973dfc65d9472806dbbc3af9379.sdkstatcache -output-file-map /Users/admin/builder/spi-builder-workspace/.derivedData/Build/Intermediates.noindex/GMSnagNav.build/Debug-watchos/GMSnagNav.build/Objects-normal/arm64/GMSnagNav-OutputFileMap.json -use-frontend-parseable-output -save-temps -no-color-diagnostics -explicit-module-build -module-cache-path /Users/admin/builder/spi-builder-workspace/.derivedData/Build/Intermediates.noindex/SwiftExplicitPrecompiledModules -clang-scanner-module-cache-path /Users/admin/builder/spi-builder-workspace/.derivedData/ModuleCache.noindex -sdk-module-cache-path /Users/admin/builder/spi-builder-workspace/.derivedData/ModuleCache.noindex -serialize-diagnostics -emit-dependencies -emit-module -emit-module-path /Users/admin/builder/spi-builder-workspace/.derivedData/Build/Intermediates.noindex/GMSnagNav.build/Debug-watchos/GMSnagNav.build/Objects-normal/arm64/GMSnagNav.swiftmodule -validate-clang-modules-once -clang-build-session-file /Users/admin/builder/spi-builder-workspace/.derivedData/ModuleCache.noindex/Session.modulevalidation -package-name spi_builder_workspace -Xcc -I/Users/admin/builder/spi-builder-workspace/.derivedData/Build/Intermediates.noindex/GMSnagNav.build/Debug-watchos/GMSnagNav.build/swift-overrides.hmap -emit-const-values -Xfrontend -const-gather-protocols-file -Xfrontend /Users/admin/builder/spi-builder-workspace/.derivedData/Build/Intermediates.noindex/GMSnagNav.build/Debug-watchos/GMSnagNav.build/Objects-normal/arm64/GMSnagNav_const_extract_protocols.json -Xcc -I/Users/admin/builder/spi-builder-workspace/.derivedData/Build/Products/Debug-watchos/include -Xcc -I/Users/admin/builder/spi-builder-workspace/.derivedData/Build/Intermediates.noindex/GMSnagNav.build/Debug-watchos/GMSnagNav.build/DerivedSources-normal/arm64 -Xcc -I/Users/admin/builder/spi-builder-workspace/.derivedData/Build/Intermediates.noindex/GMSnagNav.build/Debug-watchos/GMSnagNav.build/DerivedSources/arm64 -Xcc -I/Users/admin/builder/spi-builder-workspace/.derivedData/Build/Intermediates.noindex/GMSnagNav.build/Debug-watchos/GMSnagNav.build/DerivedSources -Xcc -DSWIFT_PACKAGE -Xcc -DDEBUG\=1 -emit-objc-header -emit-objc-header-path /Users/admin/builder/spi-builder-workspace/.derivedData/Build/Intermediates.noindex/GMSnagNav.build/Debug-watchos/GMSnagNav.build/Objects-normal/arm64/GMSnagNav-Swift.h -working-directory /Users/admin/builder/spi-builder-workspace/.swiftpm/xcode -experimental-emit-module-separately -disable-cmo
SwiftDriver GMSnagNav normal arm64_32 com.apple.xcode.tools.swift.compiler (in target 'GMSnagNav' from project 'GMSnagNav')
cd /Users/admin/builder/spi-builder-workspace/.swiftpm/xcode
builtin-SwiftDriver -- /Applications/Xcode-26.5.0.app/Contents/Developer/Toolchains/XcodeDefault.xctoolchain/usr/bin/swiftc -module-name GMSnagNav -Onone @/Users/admin/builder/spi-builder-workspace/.derivedData/Build/Intermediates.noindex/GMSnagNav.build/Debug-watchos/GMSnagNav.build/Objects-normal/arm64_32/GMSnagNav.SwiftFileList -DSWIFT_PACKAGE -DDEBUG -DSWIFT_MODULE_RESOURCE_BUNDLE_AVAILABLE -DXcode -plugin-path /Applications/Xcode-26.5.0.app/Contents/Developer/Toolchains/XcodeDefault.xctoolchain/usr/lib/swift/host/plugins/testing -enable-experimental-feature DebugDescriptionMacro -sdk /Applications/Xcode-26.5.0.app/Contents/Developer/Platforms/WatchOS.platform/Developer/SDKs/WatchOS26.5.sdk -target arm64_32-apple-watchos26.0 -g -module-cache-path /Users/admin/builder/spi-builder-workspace/.derivedData/ModuleCache.noindex -Xfrontend -serialize-debugging-options -profile-coverage-mapping -profile-generate -enable-testing -index-store-path /Users/admin/builder/spi-builder-workspace/.derivedData/Index.noindex/DataStore -Xcc -D_LIBCPP_HARDENING_MODE\=_LIBCPP_HARDENING_MODE_DEBUG -swift-version 6 -I /Users/admin/builder/spi-builder-workspace/.derivedData/Build/Products/Debug-watchos -Isystem /Applications/Xcode-26.5.0.app/Contents/Developer/Platforms/WatchOS.platform/Developer/usr/lib -F /Users/admin/builder/spi-builder-workspace/.derivedData/Build/Products/Debug-watchos -F /Applications/Xcode-26.5.0.app/Contents/Developer/Platforms/WatchOS.platform/Developer/Library/Frameworks -F /Applications/Xcode-26.5.0.app/Contents/Developer/Platforms/WatchOS.platform/Developer/SDKs/WatchOS26.5.sdk/Developer/Library/Frameworks -emit-localized-strings -emit-localized-strings-path /Users/admin/builder/spi-builder-workspace/.derivedData/Build/Intermediates.noindex/GMSnagNav.build/Debug-watchos/GMSnagNav.build/Objects-normal/arm64_32 -c -j10 -enable-batch-mode -incremental -Xcc -ivfsstatcache -Xcc /Users/admin/builder/spi-builder-workspace/.derivedData/SDKStatCaches.noindex/watchos26.5-23T570-688ef53f1462e2c8f657fdc38a81448f7931b973dfc65d9472806dbbc3af9379.sdkstatcache -output-file-map /Users/admin/builder/spi-builder-workspace/.derivedData/Build/Intermediates.noindex/GMSnagNav.build/Debug-watchos/GMSnagNav.build/Objects-normal/arm64_32/GMSnagNav-OutputFileMap.json -use-frontend-parseable-output -save-temps -no-color-diagnostics -explicit-module-build -module-cache-path /Users/admin/builder/spi-builder-workspace/.derivedData/Build/Intermediates.noindex/SwiftExplicitPrecompiledModules -clang-scanner-module-cache-path /Users/admin/builder/spi-builder-workspace/.derivedData/ModuleCache.noindex -sdk-module-cache-path /Users/admin/builder/spi-builder-workspace/.derivedData/ModuleCache.noindex -serialize-diagnostics -emit-dependencies -emit-module -emit-module-path /Users/admin/builder/spi-builder-workspace/.derivedData/Build/Intermediates.noindex/GMSnagNav.build/Debug-watchos/GMSnagNav.build/Objects-normal/arm64_32/GMSnagNav.swiftmodule -validate-clang-modules-once -clang-build-session-file /Users/admin/builder/spi-builder-workspace/.derivedData/ModuleCache.noindex/Session.modulevalidation -package-name spi_builder_workspace -Xcc -I/Users/admin/builder/spi-builder-workspace/.derivedData/Build/Intermediates.noindex/GMSnagNav.build/Debug-watchos/GMSnagNav.build/swift-overrides.hmap -emit-const-values -Xfrontend -const-gather-protocols-file -Xfrontend /Users/admin/builder/spi-builder-workspace/.derivedData/Build/Intermediates.noindex/GMSnagNav.build/Debug-watchos/GMSnagNav.build/Objects-normal/arm64_32/GMSnagNav_const_extract_protocols.json -Xcc -I/Users/admin/builder/spi-builder-workspace/.derivedData/Build/Products/Debug-watchos/include -Xcc -I/Users/admin/builder/spi-builder-workspace/.derivedData/Build/Intermediates.noindex/GMSnagNav.build/Debug-watchos/GMSnagNav.build/DerivedSources-normal/arm64_32 -Xcc -I/Users/admin/builder/spi-builder-workspace/.derivedData/Build/Intermediates.noindex/GMSnagNav.build/Debug-watchos/GMSnagNav.build/DerivedSources/arm64_32 -Xcc -I/Users/admin/builder/spi-builder-workspace/.derivedData/Build/Intermediates.noindex/GMSnagNav.build/Debug-watchos/GMSnagNav.build/DerivedSources -Xcc -DSWIFT_PACKAGE -Xcc -DDEBUG\=1 -emit-objc-header -emit-objc-header-path /Users/admin/builder/spi-builder-workspace/.derivedData/Build/Intermediates.noindex/GMSnagNav.build/Debug-watchos/GMSnagNav.build/Objects-normal/arm64_32/GMSnagNav-Swift.h -working-directory /Users/admin/builder/spi-builder-workspace/.swiftpm/xcode -experimental-emit-module-separately -disable-cmo
SwiftExplicitDependencyGeneratePcm arm64 /Users/admin/builder/spi-builder-workspace/.derivedData/ModuleCache.noindex/_AvailabilityInternal-EOZA7RNZF83GHAFYVNANSPB7K.pcm
SwiftExplicitDependencyGeneratePcm arm64 /Users/admin/builder/spi-builder-workspace/.derivedData/ModuleCache.noindex/ptrauth-6RRLJFTMP964BUOH3ZA18NCET.pcm
SwiftExplicitDependencyGeneratePcm arm64 /Users/admin/builder/spi-builder-workspace/.derivedData/ModuleCache.noindex/DeveloperToolsSupport-3Z5QE87KGVW8G2DDTR9K1HB9K.pcm
SwiftExplicitDependencyGeneratePcm arm64 /Users/admin/builder/spi-builder-workspace/.derivedData/ModuleCache.noindex/_Builtin_stdbool-3K0NS9706ZZKMB26W34N7NRJO.pcm
SwiftExplicitDependencyGeneratePcm arm64 /Users/admin/builder/spi-builder-workspace/.derivedData/ModuleCache.noindex/SwiftShims-BSAA6BK72NLSMMSC85W2FICHH.pcm
SwiftExplicitDependencyGeneratePcm arm64 /Users/admin/builder/spi-builder-workspace/.derivedData/ModuleCache.noindex/_Builtin_float-2WT5Y9SB362ACJMEXFZK7ZNN2.pcm
SwiftExplicitDependencyGeneratePcm arm64 /Users/admin/builder/spi-builder-workspace/.derivedData/ModuleCache.noindex/_Builtin_stddef-7O9IMW3SKT9J5KMH1DFSCTUT2.pcm
SwiftExplicitDependencyGeneratePcm arm64 /Users/admin/builder/spi-builder-workspace/.derivedData/ModuleCache.noindex/_SwiftConcurrencyShims-6JV4TIBCO35VV8QOUUP4HYHU8.pcm
SwiftExplicitDependencyGeneratePcm arm64 /Users/admin/builder/spi-builder-workspace/.derivedData/ModuleCache.noindex/_Builtin_stdarg-30UO0JZ3BZL3UJMXZ8NY7BG2N.pcm
SwiftExplicitDependencyGeneratePcm arm64 /Users/admin/builder/spi-builder-workspace/.derivedData/ModuleCache.noindex/ptrcheck-B3DWAI23K1VSBZ9B4HQFDUGA9.pcm
SwiftExplicitDependencyGeneratePcm arm64_32 /Users/admin/builder/spi-builder-workspace/.derivedData/ModuleCache.noindex/SwiftShims-Y9UOIV5KSIS0KDX5BDVVAMKQ.pcm
SwiftExplicitDependencyGeneratePcm arm64_32 /Users/admin/builder/spi-builder-workspace/.derivedData/ModuleCache.noindex/_Builtin_stddef-44ZBBCAVH9H95PIUL2R06EPNN.pcm
SwiftExplicitDependencyGeneratePcm arm64_32 /Users/admin/builder/spi-builder-workspace/.derivedData/ModuleCache.noindex/_Builtin_float-BHCK2B2ROVBMZ91A2DBMECP3P.pcm
SwiftExplicitDependencyGeneratePcm arm64_32 /Users/admin/builder/spi-builder-workspace/.derivedData/ModuleCache.noindex/DeveloperToolsSupport-2GO81KTT8NADYY1YLL3E6R3U0.pcm
SwiftExplicitDependencyGeneratePcm arm64_32 /Users/admin/builder/spi-builder-workspace/.derivedData/ModuleCache.noindex/ptrcheck-AUKOWKLJ5LR59DLJDZ0QMNHKP.pcm
SwiftExplicitDependencyGeneratePcm arm64_32 /Users/admin/builder/spi-builder-workspace/.derivedData/ModuleCache.noindex/_Builtin_stdbool-29VZCTHK280GJHA571SXG9ASG.pcm
SwiftExplicitDependencyGeneratePcm arm64_32 /Users/admin/builder/spi-builder-workspace/.derivedData/ModuleCache.noindex/_AvailabilityInternal-DLHW2QV8S38P9IRN7DKDTHEP9.pcm
SwiftExplicitDependencyGeneratePcm arm64_32 /Users/admin/builder/spi-builder-workspace/.derivedData/ModuleCache.noindex/ptrauth-EIGELRNUEL7SAJU41BKCUDR6K.pcm
SwiftExplicitDependencyGeneratePcm arm64_32 /Users/admin/builder/spi-builder-workspace/.derivedData/ModuleCache.noindex/_SwiftConcurrencyShims-49MSOLZ7F449TZ0TRVKQIVZNP.pcm
SwiftExplicitDependencyGeneratePcm arm64_32 /Users/admin/builder/spi-builder-workspace/.derivedData/ModuleCache.noindex/_Builtin_stdarg-2846LW51WR3FJYNEE769BGM54.pcm
SwiftExplicitDependencyGeneratePcm arm64 /Users/admin/builder/spi-builder-workspace/.derivedData/ModuleCache.noindex/_DarwinFoundation1-227SNA2OQZAYY2EILOQ4OZWWI.pcm
SwiftExplicitDependencyGeneratePcm arm64_32 /Users/admin/builder/spi-builder-workspace/.derivedData/ModuleCache.noindex/_DarwinFoundation1-BH2JKT0EOE6EKNI1RBDKTQWZU.pcm
SwiftExplicitDependencyGeneratePcm arm64 /Users/admin/builder/spi-builder-workspace/.derivedData/ModuleCache.noindex/_Builtin_limits-BZZBOTGJQZJ01O3UJXM4TUTUN.pcm
SwiftExplicitDependencyGeneratePcm arm64 /Users/admin/builder/spi-builder-workspace/.derivedData/ModuleCache.noindex/_DarwinFoundation2-AWB6S4FOQZ2F9R5HPQGPXLQM1.pcm
SwiftExplicitDependencyGeneratePcm arm64_32 /Users/admin/builder/spi-builder-workspace/.derivedData/ModuleCache.noindex/_DarwinFoundation2-9GSSHE2BT8BHCO2O1DDAW0NKJ.pcm
SwiftExplicitDependencyGeneratePcm arm64_32 /Users/admin/builder/spi-builder-workspace/.derivedData/ModuleCache.noindex/_Builtin_limits-6HWMASE09GWITZD3QJ535CHWD.pcm
SwiftExplicitDependencyGeneratePcm arm64 /Users/admin/builder/spi-builder-workspace/.derivedData/ModuleCache.noindex/_Builtin_tgmath-52S12NPAFZC0JNVGTPT0KX4GS.pcm
SwiftExplicitDependencyGeneratePcm arm64 /Users/admin/builder/spi-builder-workspace/.derivedData/ModuleCache.noindex/_Builtin_stdint-ZZ44XETV7JCUHQPW9HSEGAW0.pcm
SwiftExplicitDependencyGeneratePcm arm64 /Users/admin/builder/spi-builder-workspace/.derivedData/ModuleCache.noindex/sys_types-44TDJXBNABH6YIBIB1L6UJG2A.pcm
SwiftExplicitDependencyGeneratePcm arm64_32 /Users/admin/builder/spi-builder-workspace/.derivedData/ModuleCache.noindex/_Builtin_tgmath-CLWIHJL0E1YNNKOM2DFNKXLSN.pcm
SwiftExplicitDependencyGeneratePcm arm64_32 /Users/admin/builder/spi-builder-workspace/.derivedData/ModuleCache.noindex/_Builtin_stdint-A5GOZXANJIP53GSEWN310YNNY.pcm
SwiftExplicitDependencyGeneratePcm arm64_32 /Users/admin/builder/spi-builder-workspace/.derivedData/ModuleCache.noindex/sys_types-7PPBQQMP9WOPXZY9PV3O6HWOJ.pcm
SwiftExplicitDependencyGeneratePcm arm64 /Users/admin/builder/spi-builder-workspace/.derivedData/ModuleCache.noindex/_DarwinFoundation3-DG1LCR8UJOFMAEKZ4QOY33HZX.pcm
SwiftExplicitDependencyGeneratePcm arm64 /Users/admin/builder/spi-builder-workspace/.derivedData/ModuleCache.noindex/_Builtin_stdatomic-4FPXSGJ3807R0A98B7RJ7KO3P.pcm
SwiftExplicitDependencyGeneratePcm arm64 /Users/admin/builder/spi-builder-workspace/.derivedData/ModuleCache.noindex/_Builtin_intrinsics-9F51UDMJGCH2YPDOXH60OPSS9.pcm
SwiftExplicitDependencyGeneratePcm arm64_32 /Users/admin/builder/spi-builder-workspace/.derivedData/ModuleCache.noindex/_Builtin_intrinsics-3R0A4SIF6N104KFIOXPA025L7.pcm
SwiftExplicitDependencyGeneratePcm arm64_32 /Users/admin/builder/spi-builder-workspace/.derivedData/ModuleCache.noindex/_DarwinFoundation3-86NTIOJMBO32S9WDN64L1LC6L.pcm
SwiftExplicitDependencyGeneratePcm arm64_32 /Users/admin/builder/spi-builder-workspace/.derivedData/ModuleCache.noindex/_Builtin_stdatomic-5U5ITJZ0O5PNT4FRT0VIAZW0S.pcm
SwiftExplicitDependencyGeneratePcm arm64 /Users/admin/builder/spi-builder-workspace/.derivedData/ModuleCache.noindex/_Builtin_inttypes-9RH3ZGRF7L0UFIAA3RWNP3416.pcm
SwiftExplicitDependencyGeneratePcm arm64_32 /Users/admin/builder/spi-builder-workspace/.derivedData/ModuleCache.noindex/_Builtin_inttypes-IK3B20A93OGK2P0MVMMPHD49.pcm
SwiftExplicitDependencyGeneratePcm arm64 /Users/admin/builder/spi-builder-workspace/.derivedData/ModuleCache.noindex/Darwin-16I5UGYPDATFKFISIN5OQGOVM.pcm
SwiftExplicitDependencyGeneratePcm arm64_32 /Users/admin/builder/spi-builder-workspace/.derivedData/ModuleCache.noindex/Darwin-7EOY6B0FYD3NKAS35RMGXP5LK.pcm
SwiftExplicitDependencyGeneratePcm arm64_32 /Users/admin/builder/spi-builder-workspace/.derivedData/ModuleCache.noindex/simd-1DNCP4NJ53D3H5JQJ5PMHIZO9.pcm
SwiftExplicitDependencyGeneratePcm arm64 /Users/admin/builder/spi-builder-workspace/.derivedData/ModuleCache.noindex/simd-4FRD9SUHM7EOTN524JYBMDL9S.pcm
SwiftExplicitDependencyGeneratePcm arm64_32 /Users/admin/builder/spi-builder-workspace/.derivedData/ModuleCache.noindex/ObjectiveC-MY1YPPP48ZKLRCFMRI5GO9R.pcm
SwiftExplicitDependencyGeneratePcm arm64_32 /Users/admin/builder/spi-builder-workspace/.derivedData/ModuleCache.noindex/MachO-AZNX121YHV7UPYG4ADKN4OZAW.pcm
SwiftExplicitDependencyGeneratePcm arm64 /Users/admin/builder/spi-builder-workspace/.derivedData/ModuleCache.noindex/MachO-5ONAD48ZCP7NZVK80MAC9ZP1V.pcm
SwiftExplicitDependencyGeneratePcm arm64 /Users/admin/builder/spi-builder-workspace/.derivedData/ModuleCache.noindex/ObjectiveC-8UETU9VIN6TLHAJS803FFNIGA.pcm
SwiftExplicitDependencyGeneratePcm arm64 /Users/admin/builder/spi-builder-workspace/.derivedData/ModuleCache.noindex/os_object-DJJBVMOS2UUUVOJOUK4V18IDX.pcm
SwiftExplicitDependencyGeneratePcm arm64_32 /Users/admin/builder/spi-builder-workspace/.derivedData/ModuleCache.noindex/os_object-E0CVHB9RT7I5F6HKP5IXA5JJN.pcm
SwiftExplicitDependencyGeneratePcm arm64 /Users/admin/builder/spi-builder-workspace/.derivedData/ModuleCache.noindex/os_workgroup-B77XM89IDYHHAHLL7HI5JSCBX.pcm
SwiftExplicitDependencyGeneratePcm arm64_32 /Users/admin/builder/spi-builder-workspace/.derivedData/ModuleCache.noindex/os_workgroup-3O8OVEKEFKDEG3VCH3RTEZ94B.pcm
SwiftExplicitDependencyGeneratePcm arm64 /Users/admin/builder/spi-builder-workspace/.derivedData/ModuleCache.noindex/Spatial-9HRB93N5VW6PYLGE8T0EFPCBN.pcm
SwiftExplicitDependencyGeneratePcm arm64_32 /Users/admin/builder/spi-builder-workspace/.derivedData/ModuleCache.noindex/Spatial-85VKLU4REP851J02ULVCRFSGO.pcm
SwiftExplicitDependencyGeneratePcm arm64_32 /Users/admin/builder/spi-builder-workspace/.derivedData/ModuleCache.noindex/Dispatch-1FJ1MI5CEQAKDW1VL40ZXGEZX.pcm
SwiftExplicitDependencyGeneratePcm arm64 /Users/admin/builder/spi-builder-workspace/.derivedData/ModuleCache.noindex/Dispatch-VJEF7PUQ9LH822JVM5XG6MK1.pcm
SwiftExplicitDependencyGeneratePcm arm64 /Users/admin/builder/spi-builder-workspace/.derivedData/ModuleCache.noindex/XPC-BSDTMJV05ILJA5FSICCCI2OL5.pcm
SwiftExplicitDependencyGeneratePcm arm64 /Users/admin/builder/spi-builder-workspace/.derivedData/ModuleCache.noindex/CoreFoundation-DJJGOYJ4YNQ64CSPYCZOO8QAP.pcm
SwiftExplicitDependencyGeneratePcm arm64_32 /Users/admin/builder/spi-builder-workspace/.derivedData/ModuleCache.noindex/XPC-OZIOUFM4EDBR3SQ2IFY2FZJ3.pcm
SwiftExplicitDependencyGeneratePcm arm64_32 /Users/admin/builder/spi-builder-workspace/.derivedData/ModuleCache.noindex/CoreFoundation-2WN2GWDD3XFIB7PUN7AGTCXVV.pcm
SwiftExplicitDependencyGeneratePcm arm64_32 /Users/admin/builder/spi-builder-workspace/.derivedData/ModuleCache.noindex/os-AZZ732J76QGJY33B6R5MIFKZA.pcm
SwiftExplicitDependencyGeneratePcm arm64 /Users/admin/builder/spi-builder-workspace/.derivedData/ModuleCache.noindex/os-7D8S9K5739H2BVJ8T4L2OULD4.pcm
SwiftExplicitDependencyGeneratePcm arm64_32 /Users/admin/builder/spi-builder-workspace/.derivedData/ModuleCache.noindex/CoreGraphics-F524NRJVGDPKYF3PEKGNT518N.pcm
SwiftExplicitDependencyGeneratePcm arm64_32 /Users/admin/builder/spi-builder-workspace/.derivedData/ModuleCache.noindex/Security-7N2K583MEDYU75HOC5BPDGNTH.pcm
SwiftExplicitDependencyGeneratePcm arm64 /Users/admin/builder/spi-builder-workspace/.derivedData/ModuleCache.noindex/Security-AURWBFXY7JXCFHSY4JJOY36RH.pcm
SwiftExplicitDependencyGeneratePcm arm64 /Users/admin/builder/spi-builder-workspace/.derivedData/ModuleCache.noindex/CoreGraphics-3MA5R5UK6GBUOC4P4OFE5VS19.pcm
SwiftExplicitDependencyGeneratePcm arm64_32 /Users/admin/builder/spi-builder-workspace/.derivedData/ModuleCache.noindex/Foundation-83JWXXASQB5K8FJA2ZIQES3E6.pcm
SwiftExplicitDependencyGeneratePcm arm64 /Users/admin/builder/spi-builder-workspace/.derivedData/ModuleCache.noindex/Foundation-EK2FWRD3ACYA8LSCWDBUAPYS5.pcm
SwiftExplicitDependencyGeneratePcm arm64_32 /Users/admin/builder/spi-builder-workspace/.derivedData/ModuleCache.noindex/CoreVideo-7UOSE33Y508V1V3IPWM55SEZC.pcm
SwiftExplicitDependencyGeneratePcm arm64_32 /Users/admin/builder/spi-builder-workspace/.derivedData/ModuleCache.noindex/CoreText-79NY5LWZ8HPESJI0AO0MYLN5D.pcm
SwiftExplicitDependencyGeneratePcm arm64 /Users/admin/builder/spi-builder-workspace/.derivedData/ModuleCache.noindex/CoreText-EYJRKUQ27WCB1HTRB56IBRY9B.pcm
SwiftExplicitDependencyGeneratePcm arm64 /Users/admin/builder/spi-builder-workspace/.derivedData/ModuleCache.noindex/CoreVideo-985TMIA44BSS94Q117Y6639D7.pcm
SwiftExplicitDependencyGeneratePcm arm64_32 /Users/admin/builder/spi-builder-workspace/.derivedData/ModuleCache.noindex/SceneKit-DZKRMK5BXOV0TLACMEA27SHW.pcm
SwiftExplicitDependencyGeneratePcm arm64_32 /Users/admin/builder/spi-builder-workspace/.derivedData/ModuleCache.noindex/QuartzCore-12USPEGADCHTKDTUZCOAXAM63.pcm
SwiftExplicitDependencyGeneratePcm arm64_32 /Users/admin/builder/spi-builder-workspace/.derivedData/ModuleCache.noindex/DataDetection-660BRTUFP46NFLQACAZMXQDZB.pcm
SwiftExplicitDependencyGeneratePcm arm64_32 /Users/admin/builder/spi-builder-workspace/.derivedData/ModuleCache.noindex/CoreTransferable-6PBL3PO6Z26Q2BWB0QQ5I7VZX.pcm
SwiftExplicitDependencyGeneratePcm arm64_32 /Users/admin/builder/spi-builder-workspace/.derivedData/ModuleCache.noindex/OSLog-15NEI8TBYNL7NGXG5C7ESCAFJ.pcm
SwiftExplicitDependencyGeneratePcm arm64_32 /Users/admin/builder/spi-builder-workspace/.derivedData/ModuleCache.noindex/Accessibility-17K8378OMR05GTGTUM9VDIHIV.pcm
SwiftExplicitDependencyGeneratePcm arm64_32 /Users/admin/builder/spi-builder-workspace/.derivedData/ModuleCache.noindex/UIUtilities-E19SAMDRKGYT98T5FC7RGOWDF.pcm
SwiftExplicitDependencyGeneratePcm arm64_32 /Users/admin/builder/spi-builder-workspace/.derivedData/ModuleCache.noindex/UniformTypeIdentifiers-DXPJZXQJE91T5VU8IBTRGQ22W.pcm
SwiftExplicitDependencyGeneratePcm arm64_32 /Users/admin/builder/spi-builder-workspace/.derivedData/ModuleCache.noindex/_LocationEssentials-9706A5MOX5KXDOCNJXGJGUFY2.pcm
SwiftExplicitDependencyGeneratePcm arm64_32 /Users/admin/builder/spi-builder-workspace/.derivedData/ModuleCache.noindex/Symbols-5HQJBE5PYI2IPZ7PAHAX63AGK.pcm
SwiftExplicitDependencyGeneratePcm arm64 /Users/admin/builder/spi-builder-workspace/.derivedData/ModuleCache.noindex/DataDetection-3EK58L9949CR2MZEX1ZGTH50R.pcm
SwiftExplicitDependencyGeneratePcm arm64 /Users/admin/builder/spi-builder-workspace/.derivedData/ModuleCache.noindex/QuartzCore-576A9DFY3Z78V6WR7Q5C98BU1.pcm
SwiftExplicitDependencyGeneratePcm arm64 /Users/admin/builder/spi-builder-workspace/.derivedData/ModuleCache.noindex/CoreData-KH2054L0187VNCJO73VAG9O3.pcm
SwiftExplicitDependencyGeneratePcm arm64 /Users/admin/builder/spi-builder-workspace/.derivedData/ModuleCache.noindex/UniformTypeIdentifiers-E4TOLLH4NNWUYTNS6P5YENY2U.pcm
SwiftExplicitDependencyGeneratePcm arm64_32 /Users/admin/builder/spi-builder-workspace/.derivedData/ModuleCache.noindex/CoreLocation-GIR83NPBEVL0I6ENJTC7DBH8.pcm
SwiftExplicitDependencyGeneratePcm arm64 /Users/admin/builder/spi-builder-workspace/.derivedData/ModuleCache.noindex/UIUtilities-1QO3USC2GRAXGF6SE42B3HQP1.pcm
SwiftExplicitDependencyGeneratePcm arm64 /Users/admin/builder/spi-builder-workspace/.derivedData/ModuleCache.noindex/CoreTransferable-A9D9L35UIWR6GL3GRYS68ZDXA.pcm
SwiftExplicitDependencyGeneratePcm arm64 /Users/admin/builder/spi-builder-workspace/.derivedData/ModuleCache.noindex/_LocationEssentials-DSWGD8ZEJ2T3Y469RUJ3X9HQX.pcm
SwiftExplicitDependencyGeneratePcm arm64 /Users/admin/builder/spi-builder-workspace/.derivedData/ModuleCache.noindex/UserNotifications-76B3ZCYYCXK8MRR2RYV6828AT.pcm
SwiftExplicitDependencyGeneratePcm arm64_32 /Users/admin/builder/spi-builder-workspace/.derivedData/ModuleCache.noindex/SwiftUICore-7GKJV7A5WP0EZL149SPH61M31.pcm
SwiftExplicitDependencyGeneratePcm arm64 /Users/admin/builder/spi-builder-workspace/.derivedData/ModuleCache.noindex/Accessibility-6NVQ8KS1ZT8WH1VMRAAMMHEW6.pcm
SwiftExplicitDependencyGeneratePcm arm64 /Users/admin/builder/spi-builder-workspace/.derivedData/ModuleCache.noindex/Symbols-8BE6DNRL8LFORV399JKUZ6RM1.pcm
SwiftExplicitDependencyGeneratePcm arm64 /Users/admin/builder/spi-builder-workspace/.derivedData/ModuleCache.noindex/OSLog-BGTA5CIZOXOV3QB3D2PVT5DN0.pcm
SwiftExplicitDependencyGeneratePcm arm64_32 /Users/admin/builder/spi-builder-workspace/.derivedData/ModuleCache.noindex/CoreData-14E7KK9ZSVMD3TP8ZW2GV0X4S.pcm
SwiftExplicitDependencyGeneratePcm arm64 /Users/admin/builder/spi-builder-workspace/.derivedData/ModuleCache.noindex/CoreLocation-78GSJB7V4F8SP5KDY69F1WWGK.pcm
SwiftExplicitDependencyGeneratePcm arm64 /Users/admin/builder/spi-builder-workspace/.derivedData/ModuleCache.noindex/SceneKit-6HYRLALRAOP1AZY7LNZH5YW4P.pcm
SwiftExplicitDependencyGeneratePcm arm64_32 /Users/admin/builder/spi-builder-workspace/.derivedData/ModuleCache.noindex/UserNotifications-4FDK30O6696DXAYXRVALE4S01.pcm
SwiftExplicitDependencyGeneratePcm arm64 /Users/admin/builder/spi-builder-workspace/.derivedData/ModuleCache.noindex/SwiftUICore-9LNO6LEESD9O6WBBN6EGBLDNN.pcm
SwiftExplicitDependencyGeneratePcm arm64 /Users/admin/builder/spi-builder-workspace/.derivedData/ModuleCache.noindex/UIKit-C5I9NHZ0ZNO9H8865LVB1667Z.pcm
SwiftExplicitDependencyGeneratePcm arm64_32 /Users/admin/builder/spi-builder-workspace/.derivedData/ModuleCache.noindex/UIKit-6S0NXV803QSHD7MRFKRAJT7GD.pcm
SwiftExplicitDependencyGeneratePcm arm64 /Users/admin/builder/spi-builder-workspace/.derivedData/ModuleCache.noindex/MapKit-EDZES24QYIBRWK9AI32W480UY.pcm
SwiftExplicitDependencyGeneratePcm arm64 /Users/admin/builder/spi-builder-workspace/.derivedData/ModuleCache.noindex/HomeKit-3WIXGCOLRTKFPGQP6DP56OPJ5.pcm
SwiftExplicitDependencyGeneratePcm arm64_32 /Users/admin/builder/spi-builder-workspace/.derivedData/ModuleCache.noindex/HomeKit-EMRJRHKDIWFWP77UY7M07RU7Q.pcm
SwiftExplicitDependencyGeneratePcm arm64_32 /Users/admin/builder/spi-builder-workspace/.derivedData/ModuleCache.noindex/MapKit-12CEZMJRZNHXTHFMD4Y02O9KK.pcm
SwiftExplicitDependencyGeneratePcm arm64 /Users/admin/builder/spi-builder-workspace/.derivedData/ModuleCache.noindex/WatchKit-17IHUIUIOEW19NIXQ7W20M1X8.pcm
SwiftExplicitDependencyGeneratePcm arm64_32 /Users/admin/builder/spi-builder-workspace/.derivedData/ModuleCache.noindex/WatchKit-D66XOXFVU5LFAMA60XKFW15CJ.pcm
SwiftExplicitDependencyGeneratePcm arm64 /Users/admin/builder/spi-builder-workspace/.derivedData/ModuleCache.noindex/SwiftUI-CG6ECLZX98OUCDX22DNETYRI5.pcm
SwiftExplicitDependencyGeneratePcm arm64_32 /Users/admin/builder/spi-builder-workspace/.derivedData/ModuleCache.noindex/SwiftUI-125OTHMG1VS2A2YX0HQ9TNHR.pcm
SwiftEmitModule normal arm64 Emitting\ module\ for\ GMSnagNav (in target 'GMSnagNav' from project 'GMSnagNav')
EmitSwiftModule normal arm64 (in target 'GMSnagNav' from project 'GMSnagNav')
cd /Users/admin/builder/spi-builder-workspace/.swiftpm/xcode
SwiftCompile normal arm64 Compiling\ OutlineRowView.swift,\ SnagCollectionView.swift,\ UIKitOutlineRenderer.swift /Users/admin/builder/spi-builder-workspace/Sources/GMSnagNav/UIKit/OutlineRowView.swift /Users/admin/builder/spi-builder-workspace/Sources/GMSnagNav/UIKit/SnagCollectionView.swift /Users/admin/builder/spi-builder-workspace/Sources/GMSnagNav/UIKit/UIKitOutlineRenderer.swift (in target 'GMSnagNav' from project 'GMSnagNav')
SwiftCompile normal arm64 /Users/admin/builder/spi-builder-workspace/Sources/GMSnagNav/UIKit/OutlineRowView.swift (in target 'GMSnagNav' from project 'GMSnagNav')
cd /Users/admin/builder/spi-builder-workspace/.swiftpm/xcode
SwiftCompile normal arm64 /Users/admin/builder/spi-builder-workspace/Sources/GMSnagNav/UIKit/SnagCollectionView.swift (in target 'GMSnagNav' from project 'GMSnagNav')
cd /Users/admin/builder/spi-builder-workspace/.swiftpm/xcode
SwiftCompile normal arm64 /Users/admin/builder/spi-builder-workspace/Sources/GMSnagNav/UIKit/UIKitOutlineRenderer.swift (in target 'GMSnagNav' from project 'GMSnagNav')
cd /Users/admin/builder/spi-builder-workspace/.swiftpm/xcode
SwiftCompile normal arm64 Compiling\ OutlineLabel.swift,\ OutlineMenuItem.swift,\ Renaming.swift /Users/admin/builder/spi-builder-workspace/Sources/GMSnagNav/OutlineLabel.swift /Users/admin/builder/spi-builder-workspace/Sources/GMSnagNav/OutlineMenuItem.swift /Users/admin/builder/spi-builder-workspace/Sources/GMSnagNav/Renaming.swift (in target 'GMSnagNav' from project 'GMSnagNav')
SwiftCompile normal arm64 /Users/admin/builder/spi-builder-workspace/Sources/GMSnagNav/OutlineLabel.swift (in target 'GMSnagNav' from project 'GMSnagNav')
cd /Users/admin/builder/spi-builder-workspace/.swiftpm/xcode
SwiftCompile normal arm64 /Users/admin/builder/spi-builder-workspace/Sources/GMSnagNav/OutlineMenuItem.swift (in target 'GMSnagNav' from project 'GMSnagNav')
cd /Users/admin/builder/spi-builder-workspace/.swiftpm/xcode
/Users/admin/builder/spi-builder-workspace/Sources/GMSnagNav/OutlineMenuItem.swift:112:9: error: 'Menu' is unavailable in watchOS
Menu {
^~~~
SwiftUI.Menu:3:15: note: 'Menu' has been explicitly marked unavailable here
public struct Menu<Label, Content> : View where Label : View, Content : View {
^
/Users/admin/builder/spi-builder-workspace/Sources/GMSnagNav/OutlineMenuItem.swift:112:9: error: 'init(content:label:)' is unavailable in watchOS
Menu {
^~~~
SwiftUI.Menu.init:2:20: note: 'init(content:label:)' has been explicitly marked unavailable here
nonisolated public init(@ViewBuilder content: () -> Content, @ViewBuilder label: () -> Label)}
^
SwiftCompile normal arm64 /Users/admin/builder/spi-builder-workspace/Sources/GMSnagNav/Renaming.swift (in target 'GMSnagNav' from project 'GMSnagNav')
cd /Users/admin/builder/spi-builder-workspace/.swiftpm/xcode
/Users/admin/builder/spi-builder-workspace/Sources/GMSnagNav/Renaming.swift:169:5: error: 'init(text:selection:prompt:axis:label:)' is unavailable in watchOS
TextField(text: $name, selection: $selection) {
^~~~~~~~~
SwiftUI.TextField.init:2:20: note: 'init(text:selection:prompt:axis:label:)' has been explicitly marked unavailable here
nonisolated public init(text: Binding<String>, selection: Binding<TextSelection?>, prompt: Text? = nil, axis: Axis? = nil, @ViewBuilder label: () -> Label)}
^
Failed frontend command:
/Applications/Xcode-26.5.0.app/Contents/Developer/Toolchains/XcodeDefault.xctoolchain/usr/bin/swift-frontend -frontend -c /Users/admin/builder/spi-builder-workspace/.derivedData/Build/Intermediates.noindex/GMSnagNav.build/Debug-watchos/GMSnagNav.build/DerivedSources/resource_bundle_accessor.swift /Users/admin/builder/spi-builder-workspace/Sources/GMSnagNav/AppKit/AppKitOutlineRenderer.swift /Users/admin/builder/spi-builder-workspace/Sources/GMSnagNav/AppKit/HostingCellView.swift /Users/admin/builder/spi-builder-workspace/Sources/GMSnagNav/AppKit/NativeContextMenu.swift /Users/admin/builder/spi-builder-workspace/Sources/GMSnagNav/AppKit/NodeBox.swift /Users/admin/builder/spi-builder-workspace/Sources/GMSnagNav/AppKit/SnagOutlineView.swift /Users/admin/builder/spi-builder-workspace/Sources/GMSnagNav/Badges.swift /Users/admin/builder/spi-builder-workspace/Sources/GMSnagNav/CompactNavigation.swift /Users/admin/builder/spi-builder-workspace/Sources/GMSnagNav/Core/ExpansionChanges.swift /Users/admin/builder/spi-builder-workspace/Sources/GMSnagNav/Core/FlatInsertion.swift /Users/admin/builder/spi-builder-workspace/Sources/GMSnagNav/Core/OutlineDiff.swift /Users/admin/builder/spi-builder-workspace/Sources/GMSnagNav/Core/OutlineDrop.swift /Users/admin/builder/spi-builder-workspace/Sources/GMSnagNav/Core/OutlineTree.swift /Users/admin/builder/spi-builder-workspace/Sources/GMSnagNav/Core/SelectionReveal.swift /Users/admin/builder/spi-builder-workspace/Sources/GMSnagNav/Core/SpringLoading.swift /Users/admin/builder/spi-builder-workspace/Sources/GMSnagNav/Core/VisibleRows.swift /Users/admin/builder/spi-builder-workspace/Sources/GMSnagNav/DragAndDrop.swift /Users/admin/builder/spi-builder-workspace/Sources/GMSnagNav/DuplicateIDs.swift /Users/admin/builder/spi-builder-workspace/Sources/GMSnagNav/EmptyContent.swift /Users/admin/builder/spi-builder-workspace/Sources/GMSnagNav/GMSnagNav.swift /Users/admin/builder/spi-builder-workspace/Sources/GMSnagNav/Navigation.swift /Users/admin/builder/spi-builder-workspace/Sources/GMSnagNav/OutlineAppearance.swift -primary-file /Users/admin/builder/spi-builder-workspace/Sources/GMSnagNav/OutlineLabel.swift -primary-file /Users/admin/builder/spi-builder-workspace/Sources/GMSnagNav/OutlineMenuItem.swift -primary-file /Users/admin/builder/spi-builder-workspace/Sources/GMSnagNav/Renaming.swift /Users/admin/builder/spi-builder-workspace/Sources/GMSnagNav/Reordering.swift /Users/admin/builder/spi-builder-workspace/Sources/GMSnagNav/Reveal.swift /Users/admin/builder/spi-builder-workspace/Sources/GMSnagNav/Sections.swift /Users/admin/builder/spi-builder-workspace/Sources/GMSnagNav/SnagOutline.swift /Users/admin/builder/spi-builder-workspace/Sources/GMSnagNav/SwipeActions.swift /Users/admin/builder/spi-builder-workspace/Sources/GMSnagNav/TypeSelect.swift /Users/admin/builder/spi-builder-workspace/Sources/GMSnagNav/UIKit/OutlineRowView.swift /Users/admin/builder/spi-builder-workspace/Sources/GMSnagNav/UIKit/SnagCollectionView.swift /Users/admin/builder/spi-builder-workspace/Sources/GMSnagNav/UIKit/UIKitOutlineRenderer.swift -supplementary-output-file-map /Users/admin/builder/spi-builder-workspace/.derivedData/Build/Intermediates.noindex/GMSnagNav.build/Debug-watchos/GMSnagNav.build/Objects-normal/arm64/supplementaryOutputs-13 -emit-localized-strings -emit-localized-strings-path /Users/admin/builder/spi-builder-workspace/.derivedData/Build/Intermediates.noindex/GMSnagNav.build/Debug-watchos/GMSnagNav.build/Objects-normal/arm64 -target arm64-apple-watchos26.0 -load-resolved-plugin /Applications/Xcode-26.5.0.app/Contents/Developer/Platforms/WatchOS.platform/Developer/usr/lib/swift/host/plugins/libFoundationMacros.dylib\#/Applications/Xcode-26.5.0.app/Contents/Developer/Platforms/WatchOS.platform/Developer/usr/bin/swift-plugin-server\#FoundationMacros -load-resolved-plugin /Applications/Xcode-26.5.0.app/Contents/Developer/Platforms/WatchOS.platform/Developer/usr/lib/swift/host/plugins/libObservationMacros.dylib\#/Applications/Xcode-26.5.0.app/Contents/Developer/Platforms/WatchOS.platform/Developer/usr/bin/swift-plugin-server\#ObservationMacros -load-resolved-plugin /Applications/Xcode-26.5.0.app/Contents/Developer/Platforms/WatchOS.platform/Developer/usr/lib/swift/host/plugins/libPreviewsMacros.dylib\#/Applications/Xcode-26.5.0.app/Contents/Developer/Platforms/WatchOS.platform/Developer/usr/bin/swift-plugin-server\#PreviewsMacros -load-resolved-plugin /Applications/Xcode-26.5.0.app/Contents/Developer/Platforms/WatchOS.platform/Developer/usr/lib/swift/host/plugins/libSwiftMacros.dylib\#/Applications/Xcode-26.5.0.app/Contents/Developer/Platforms/WatchOS.platform/Developer/usr/bin/swift-plugin-server\#SwiftMacros -load-resolved-plugin /Applications/Xcode-26.5.0.app/Contents/Developer/Platforms/WatchOS.platform/Developer/usr/lib/swift/host/plugins/libSwiftUIMacros.dylib\#/Applications/Xcode-26.5.0.app/Contents/Developer/Platforms/WatchOS.platform/Developer/usr/bin/swift-plugin-server\#SwiftUIMacros -disable-implicit-swift-modules -Xcc -fno-implicit-modules -Xcc -fno-implicit-module-maps -explicit-swift-module-map-file /Users/admin/builder/spi-builder-workspace/.derivedData/Build/Intermediates.noindex/GMSnagNav.build/Debug-watchos/GMSnagNav.build/Objects-normal/arm64/GMSnagNav-dependencies-1.json -debug-module-path /Users/admin/builder/spi-builder-workspace/.derivedData/Build/Intermediates.noindex/GMSnagNav.build/Debug-watchos/GMSnagNav.build/Objects-normal/arm64/GMSnagNav.swiftmodule -Xllvm -aarch64-use-tbi -enable-objc-interop -stack-check -sdk /Applications/Xcode-26.5.0.app/Contents/Developer/Platforms/WatchOS.platform/Developer/SDKs/WatchOS26.5.sdk -I /Users/admin/builder/spi-builder-workspace/.derivedData/Build/Products/Debug-watchos -Isystem /Applications/Xcode-26.5.0.app/Contents/Developer/Platforms/WatchOS.platform/Developer/usr/lib -F /Users/admin/builder/spi-builder-workspace/.derivedData/Build/Products/Debug-watchos -F /Applications/Xcode-26.5.0.app/Contents/Developer/Platforms/WatchOS.platform/Developer/Library/Frameworks -F /Applications/Xcode-26.5.0.app/Contents/Developer/Platforms/WatchOS.platform/Developer/SDKs/WatchOS26.5.sdk/Developer/Library/Frameworks -no-color-diagnostics -Xcc -fno-color-diagnostics -enable-testing -g -debug-info-format\=dwarf -dwarf-version\=5 -module-cache-path /Users/admin/builder/spi-builder-workspace/.derivedData/Build/Intermediates.noindex/SwiftExplicitPrecompiledModules -profile-generate -profile-coverage-mapping -swift-version 6 -Onone -D SWIFT_PACKAGE -D DEBUG -D SWIFT_MODULE_RESOURCE_BUNDLE_AVAILABLE -D Xcode -serialize-debugging-options -const-gather-protocols-file /Users/admin/builder/spi-builder-workspace/.derivedData/Build/Intermediates.noindex/GMSnagNav.build/Debug-watchos/GMSnagNav.build/Objects-normal/arm64/GMSnagNav_const_extract_protocols.json -enable-experimental-feature DebugDescriptionMacro -empty-abi-descriptor -validate-clang-modules-once -clang-build-session-file /Users/admin/builder/spi-builder-workspace/.derivedData/ModuleCache.noindex/Session.modulevalidation -Xcc -working-directory -Xcc /Users/admin/builder/spi-builder-workspace/.swiftpm/xcode -enable-anonymous-context-mangled-names -file-compilation-dir /Users/admin/builder/spi-builder-workspace/.swiftpm/xcode -Xcc -D_LIBCPP_HARDENING_MODE\=_LIBCPP_HARDENING_MODE_DEBUG -Xcc -ivfsstatcache -Xcc /Users/admin/builder/spi-builder-workspace/.derivedData/SDKStatCaches.noindex/watchos26.5-23T570-688ef53f1462e2c8f657fdc38a81448f7931b973dfc65d9472806dbbc3af9379.sdkstatcache -Xcc -I/Users/admin/builder/spi-builder-workspace/.derivedData/Build/Intermediates.noindex/GMSnagNav.build/Debug-watchos/GMSnagNav.build/swift-overrides.hmap -Xcc -I/Users/admin/builder/spi-builder-workspace/.derivedData/Build/Products/Debug-watchos/include -Xcc -I/Users/admin/builder/spi-builder-workspace/.derivedData/Build/Intermediates.noindex/GMSnagNav.build/Debug-watchos/GMSnagNav.build/DerivedSources-normal/arm64 -Xcc -I/Users/admin/builder/spi-builder-workspace/.derivedData/Build/Intermediates.noindex/GMSnagNav.build/Debug-watchos/GMSnagNav.build/DerivedSources/arm64 -Xcc -I/Users/admin/builder/spi-builder-workspace/.derivedData/Build/Intermediates.noindex/GMSnagNav.build/Debug-watchos/GMSnagNav.build/DerivedSources -Xcc -DSWIFT_PACKAGE -Xcc -DDEBUG\=1 -no-auto-bridging-header-chaining -module-name GMSnagNav -package-name spi_builder_workspace -frontend-parseable-output -disable-clang-spi -clang-target arm64-apple-watchos26.5 -target-sdk-version 26.5 -target-sdk-name watchos26.5 -in-process-plugin-server-path /Applications/Xcode-26.5.0.app/Contents/Developer/Toolchains/XcodeDefault.xctoolchain/usr/lib/swift/host/libSwiftInProcPluginServer.dylib -o /Users/admin/builder/spi-builder-workspace/.derivedData/Build/Intermediates.noindex/GMSnagNav.build/Debug-watchos/GMSnagNav.build/Objects-normal/arm64/OutlineLabel.o -o /Users/admin/builder/spi-builder-workspace/.derivedData/Build/Intermediates.noindex/GMSnagNav.build/Debug-watchos/GMSnagNav.build/Objects-normal/arm64/OutlineMenuItem.o -o /Users/admin/builder/spi-builder-workspace/.derivedData/Build/Intermediates.noindex/GMSnagNav.build/Debug-watchos/GMSnagNav.build/Objects-normal/arm64/Renaming.o -index-unit-output-path /GMSnagNav.build/Debug-watchos/GMSnagNav.build/Objects-normal/arm64/OutlineLabel.o -index-unit-output-path /GMSnagNav.build/Debug-watchos/GMSnagNav.build/Objects-normal/arm64/OutlineMenuItem.o -index-unit-output-path /GMSnagNav.build/Debug-watchos/GMSnagNav.build/Objects-normal/arm64/Renaming.o -index-store-path /Users/admin/builder/spi-builder-workspace/.derivedData/Index.noindex/DataStore -index-system-modules
SwiftCompile normal arm64 Compiling\ Reordering.swift,\ Reveal.swift,\ Sections.swift /Users/admin/builder/spi-builder-workspace/Sources/GMSnagNav/Reordering.swift /Users/admin/builder/spi-builder-workspace/Sources/GMSnagNav/Reveal.swift /Users/admin/builder/spi-builder-workspace/Sources/GMSnagNav/Sections.swift (in target 'GMSnagNav' from project 'GMSnagNav')
SwiftCompile normal arm64 /Users/admin/builder/spi-builder-workspace/Sources/GMSnagNav/Reordering.swift (in target 'GMSnagNav' from project 'GMSnagNav')
cd /Users/admin/builder/spi-builder-workspace/.swiftpm/xcode
SwiftCompile normal arm64 /Users/admin/builder/spi-builder-workspace/Sources/GMSnagNav/Reveal.swift (in target 'GMSnagNav' from project 'GMSnagNav')
cd /Users/admin/builder/spi-builder-workspace/.swiftpm/xcode
SwiftCompile normal arm64 /Users/admin/builder/spi-builder-workspace/Sources/GMSnagNav/Sections.swift (in target 'GMSnagNav' from project 'GMSnagNav')
cd /Users/admin/builder/spi-builder-workspace/.swiftpm/xcode
SwiftCompile normal arm64 Compiling\ SnagOutline.swift,\ SwipeActions.swift,\ TypeSelect.swift /Users/admin/builder/spi-builder-workspace/Sources/GMSnagNav/SnagOutline.swift /Users/admin/builder/spi-builder-workspace/Sources/GMSnagNav/SwipeActions.swift /Users/admin/builder/spi-builder-workspace/Sources/GMSnagNav/TypeSelect.swift (in target 'GMSnagNav' from project 'GMSnagNav')
SwiftCompile normal arm64 /Users/admin/builder/spi-builder-workspace/Sources/GMSnagNav/SnagOutline.swift (in target 'GMSnagNav' from project 'GMSnagNav')
cd /Users/admin/builder/spi-builder-workspace/.swiftpm/xcode
/Users/admin/builder/spi-builder-workspace/Sources/GMSnagNav/SnagOutline.swift:151:7: error: cannot find 'UIKitOutlineRenderer' in scope
UIKitOutlineRenderer(
^~~~~~~~~~~~~~~~~~~~
/Users/admin/builder/spi-builder-workspace/Sources/GMSnagNav/SnagOutline.swift:277:15: warning: 'contextMenu(menuItems:)' was deprecated in watchOS 7.0
content.contextMenu { menu([]) }
^
SwiftCompile normal arm64 /Users/admin/builder/spi-builder-workspace/Sources/GMSnagNav/SwipeActions.swift (in target 'GMSnagNav' from project 'GMSnagNav')
cd /Users/admin/builder/spi-builder-workspace/.swiftpm/xcode
SwiftCompile normal arm64 /Users/admin/builder/spi-builder-workspace/Sources/GMSnagNav/TypeSelect.swift (in target 'GMSnagNav' from project 'GMSnagNav')
cd /Users/admin/builder/spi-builder-workspace/.swiftpm/xcode
SwiftCompile normal arm64 Compiling\ GMSnagNav.swift,\ Navigation.swift,\ OutlineAppearance.swift /Users/admin/builder/spi-builder-workspace/Sources/GMSnagNav/GMSnagNav.swift /Users/admin/builder/spi-builder-workspace/Sources/GMSnagNav/Navigation.swift /Users/admin/builder/spi-builder-workspace/Sources/GMSnagNav/OutlineAppearance.swift (in target 'GMSnagNav' from project 'GMSnagNav')
SwiftCompile normal arm64 /Users/admin/builder/spi-builder-workspace/Sources/GMSnagNav/GMSnagNav.swift (in target 'GMSnagNav' from project 'GMSnagNav')
cd /Users/admin/builder/spi-builder-workspace/.swiftpm/xcode
SwiftCompile normal arm64 /Users/admin/builder/spi-builder-workspace/Sources/GMSnagNav/Navigation.swift (in target 'GMSnagNav' from project 'GMSnagNav')
cd /Users/admin/builder/spi-builder-workspace/.swiftpm/xcode
SwiftCompile normal arm64 /Users/admin/builder/spi-builder-workspace/Sources/GMSnagNav/OutlineAppearance.swift (in target 'GMSnagNav' from project 'GMSnagNav')
cd /Users/admin/builder/spi-builder-workspace/.swiftpm/xcode
SwiftCompile normal arm64 Compiling\ DragAndDrop.swift,\ DuplicateIDs.swift,\ EmptyContent.swift /Users/admin/builder/spi-builder-workspace/Sources/GMSnagNav/DragAndDrop.swift /Users/admin/builder/spi-builder-workspace/Sources/GMSnagNav/DuplicateIDs.swift /Users/admin/builder/spi-builder-workspace/Sources/GMSnagNav/EmptyContent.swift (in target 'GMSnagNav' from project 'GMSnagNav')
SwiftCompile normal arm64 /Users/admin/builder/spi-builder-workspace/Sources/GMSnagNav/DragAndDrop.swift (in target 'GMSnagNav' from project 'GMSnagNav')
cd /Users/admin/builder/spi-builder-workspace/.swiftpm/xcode
SwiftCompile normal arm64 /Users/admin/builder/spi-builder-workspace/Sources/GMSnagNav/DuplicateIDs.swift (in target 'GMSnagNav' from project 'GMSnagNav')
cd /Users/admin/builder/spi-builder-workspace/.swiftpm/xcode
SwiftCompile normal arm64 /Users/admin/builder/spi-builder-workspace/Sources/GMSnagNav/EmptyContent.swift (in target 'GMSnagNav' from project 'GMSnagNav')
cd /Users/admin/builder/spi-builder-workspace/.swiftpm/xcode
SwiftCompile normal arm64 Compiling\ NodeBox.swift,\ SnagOutlineView.swift,\ Badges.swift,\ CompactNavigation.swift /Users/admin/builder/spi-builder-workspace/Sources/GMSnagNav/AppKit/NodeBox.swift /Users/admin/builder/spi-builder-workspace/Sources/GMSnagNav/AppKit/SnagOutlineView.swift /Users/admin/builder/spi-builder-workspace/Sources/GMSnagNav/Badges.swift /Users/admin/builder/spi-builder-workspace/Sources/GMSnagNav/CompactNavigation.swift (in target 'GMSnagNav' from project 'GMSnagNav')
SwiftCompile normal arm64 /Users/admin/builder/spi-builder-workspace/Sources/GMSnagNav/AppKit/NodeBox.swift (in target 'GMSnagNav' from project 'GMSnagNav')
cd /Users/admin/builder/spi-builder-workspace/.swiftpm/xcode
SwiftCompile normal arm64 /Users/admin/builder/spi-builder-workspace/Sources/GMSnagNav/AppKit/SnagOutlineView.swift (in target 'GMSnagNav' from project 'GMSnagNav')
cd /Users/admin/builder/spi-builder-workspace/.swiftpm/xcode
SwiftCompile normal arm64 /Users/admin/builder/spi-builder-workspace/Sources/GMSnagNav/Badges.swift (in target 'GMSnagNav' from project 'GMSnagNav')
cd /Users/admin/builder/spi-builder-workspace/.swiftpm/xcode
SwiftCompile normal arm64 /Users/admin/builder/spi-builder-workspace/Sources/GMSnagNav/CompactNavigation.swift (in target 'GMSnagNav' from project 'GMSnagNav')
cd /Users/admin/builder/spi-builder-workspace/.swiftpm/xcode
SwiftCompile normal arm64 Compiling\ resource_bundle_accessor.swift,\ AppKitOutlineRenderer.swift,\ HostingCellView.swift,\ NativeContextMenu.swift /Users/admin/builder/spi-builder-workspace/.derivedData/Build/Intermediates.noindex/GMSnagNav.build/Debug-watchos/GMSnagNav.build/DerivedSources/resource_bundle_accessor.swift /Users/admin/builder/spi-builder-workspace/Sources/GMSnagNav/AppKit/AppKitOutlineRenderer.swift /Users/admin/builder/spi-builder-workspace/Sources/GMSnagNav/AppKit/HostingCellView.swift /Users/admin/builder/spi-builder-workspace/Sources/GMSnagNav/AppKit/NativeContextMenu.swift (in target 'GMSnagNav' from project 'GMSnagNav')
SwiftCompile normal arm64 /Users/admin/builder/spi-builder-workspace/.derivedData/Build/Intermediates.noindex/GMSnagNav.build/Debug-watchos/GMSnagNav.build/DerivedSources/resource_bundle_accessor.swift (in target 'GMSnagNav' from project 'GMSnagNav')
cd /Users/admin/builder/spi-builder-workspace/.swiftpm/xcode
SwiftCompile normal arm64 /Users/admin/builder/spi-builder-workspace/Sources/GMSnagNav/AppKit/AppKitOutlineRenderer.swift (in target 'GMSnagNav' from project 'GMSnagNav')
cd /Users/admin/builder/spi-builder-workspace/.swiftpm/xcode
SwiftCompile normal arm64 /Users/admin/builder/spi-builder-workspace/Sources/GMSnagNav/AppKit/HostingCellView.swift (in target 'GMSnagNav' from project 'GMSnagNav')
cd /Users/admin/builder/spi-builder-workspace/.swiftpm/xcode
SwiftCompile normal arm64 /Users/admin/builder/spi-builder-workspace/Sources/GMSnagNav/AppKit/NativeContextMenu.swift (in target 'GMSnagNav' from project 'GMSnagNav')
cd /Users/admin/builder/spi-builder-workspace/.swiftpm/xcode
SwiftCompile normal arm64 Compiling\ ExpansionChanges.swift,\ FlatInsertion.swift,\ OutlineDiff.swift,\ OutlineDrop.swift /Users/admin/builder/spi-builder-workspace/Sources/GMSnagNav/Core/ExpansionChanges.swift /Users/admin/builder/spi-builder-workspace/Sources/GMSnagNav/Core/FlatInsertion.swift /Users/admin/builder/spi-builder-workspace/Sources/GMSnagNav/Core/OutlineDiff.swift /Users/admin/builder/spi-builder-workspace/Sources/GMSnagNav/Core/OutlineDrop.swift (in target 'GMSnagNav' from project 'GMSnagNav')
SwiftCompile normal arm64 /Users/admin/builder/spi-builder-workspace/Sources/GMSnagNav/Core/ExpansionChanges.swift (in target 'GMSnagNav' from project 'GMSnagNav')
cd /Users/admin/builder/spi-builder-workspace/.swiftpm/xcode
SwiftCompile normal arm64 /Users/admin/builder/spi-builder-workspace/Sources/GMSnagNav/Core/FlatInsertion.swift (in target 'GMSnagNav' from project 'GMSnagNav')
cd /Users/admin/builder/spi-builder-workspace/.swiftpm/xcode
SwiftCompile normal arm64 /Users/admin/builder/spi-builder-workspace/Sources/GMSnagNav/Core/OutlineDiff.swift (in target 'GMSnagNav' from project 'GMSnagNav')
cd /Users/admin/builder/spi-builder-workspace/.swiftpm/xcode
SwiftCompile normal arm64 /Users/admin/builder/spi-builder-workspace/Sources/GMSnagNav/Core/OutlineDrop.swift (in target 'GMSnagNav' from project 'GMSnagNav')
cd /Users/admin/builder/spi-builder-workspace/.swiftpm/xcode
SwiftEmitModule normal arm64_32 Emitting\ module\ for\ GMSnagNav (in target 'GMSnagNav' from project 'GMSnagNav')
EmitSwiftModule normal arm64_32 (in target 'GMSnagNav' from project 'GMSnagNav')
cd /Users/admin/builder/spi-builder-workspace/.swiftpm/xcode
SwiftDriverJobDiscovery normal arm64 Compiling OutlineRowView.swift, SnagCollectionView.swift, UIKitOutlineRenderer.swift (in target 'GMSnagNav' from project 'GMSnagNav')
SwiftCompile normal arm64_32 Compiling\ NodeBox.swift,\ SnagOutlineView.swift,\ Badges.swift,\ CompactNavigation.swift /Users/admin/builder/spi-builder-workspace/Sources/GMSnagNav/AppKit/NodeBox.swift /Users/admin/builder/spi-builder-workspace/Sources/GMSnagNav/AppKit/SnagOutlineView.swift /Users/admin/builder/spi-builder-workspace/Sources/GMSnagNav/Badges.swift /Users/admin/builder/spi-builder-workspace/Sources/GMSnagNav/CompactNavigation.swift (in target 'GMSnagNav' from project 'GMSnagNav')
SwiftCompile normal arm64_32 /Users/admin/builder/spi-builder-workspace/Sources/GMSnagNav/AppKit/NodeBox.swift (in target 'GMSnagNav' from project 'GMSnagNav')
cd /Users/admin/builder/spi-builder-workspace/.swiftpm/xcode
SwiftCompile normal arm64_32 /Users/admin/builder/spi-builder-workspace/Sources/GMSnagNav/AppKit/SnagOutlineView.swift (in target 'GMSnagNav' from project 'GMSnagNav')
cd /Users/admin/builder/spi-builder-workspace/.swiftpm/xcode
SwiftCompile normal arm64_32 /Users/admin/builder/spi-builder-workspace/Sources/GMSnagNav/Badges.swift (in target 'GMSnagNav' from project 'GMSnagNav')
cd /Users/admin/builder/spi-builder-workspace/.swiftpm/xcode
SwiftCompile normal arm64_32 /Users/admin/builder/spi-builder-workspace/Sources/GMSnagNav/CompactNavigation.swift (in target 'GMSnagNav' from project 'GMSnagNav')
cd /Users/admin/builder/spi-builder-workspace/.swiftpm/xcode
SwiftDriverJobDiscovery normal arm64 Compiling ExpansionChanges.swift, FlatInsertion.swift, OutlineDiff.swift, OutlineDrop.swift (in target 'GMSnagNav' from project 'GMSnagNav')
SwiftCompile normal arm64_32 Compiling\ Reordering.swift,\ Reveal.swift,\ Sections.swift /Users/admin/builder/spi-builder-workspace/Sources/GMSnagNav/Reordering.swift /Users/admin/builder/spi-builder-workspace/Sources/GMSnagNav/Reveal.swift /Users/admin/builder/spi-builder-workspace/Sources/GMSnagNav/Sections.swift (in target 'GMSnagNav' from project 'GMSnagNav')
SwiftCompile normal arm64_32 /Users/admin/builder/spi-builder-workspace/Sources/GMSnagNav/Reordering.swift (in target 'GMSnagNav' from project 'GMSnagNav')
cd /Users/admin/builder/spi-builder-workspace/.swiftpm/xcode
SwiftCompile normal arm64_32 /Users/admin/builder/spi-builder-workspace/Sources/GMSnagNav/Reveal.swift (in target 'GMSnagNav' from project 'GMSnagNav')
cd /Users/admin/builder/spi-builder-workspace/.swiftpm/xcode
SwiftCompile normal arm64_32 /Users/admin/builder/spi-builder-workspace/Sources/GMSnagNav/Sections.swift (in target 'GMSnagNav' from project 'GMSnagNav')
cd /Users/admin/builder/spi-builder-workspace/.swiftpm/xcode
SwiftDriverJobDiscovery normal arm64 Emitting module for GMSnagNav (in target 'GMSnagNav' from project 'GMSnagNav')
SwiftDriver\ Compilation\ Requirements GMSnagNav normal arm64 com.apple.xcode.tools.swift.compiler (in target 'GMSnagNav' from project 'GMSnagNav')
cd /Users/admin/builder/spi-builder-workspace/.swiftpm/xcode
builtin-Swift-Compilation-Requirements -- /Applications/Xcode-26.5.0.app/Contents/Developer/Toolchains/XcodeDefault.xctoolchain/usr/bin/swiftc -module-name GMSnagNav -Onone @/Users/admin/builder/spi-builder-workspace/.derivedData/Build/Intermediates.noindex/GMSnagNav.build/Debug-watchos/GMSnagNav.build/Objects-normal/arm64/GMSnagNav.SwiftFileList -DSWIFT_PACKAGE -DDEBUG -DSWIFT_MODULE_RESOURCE_BUNDLE_AVAILABLE -DXcode -plugin-path /Applications/Xcode-26.5.0.app/Contents/Developer/Toolchains/XcodeDefault.xctoolchain/usr/lib/swift/host/plugins/testing -enable-experimental-feature DebugDescriptionMacro -sdk /Applications/Xcode-26.5.0.app/Contents/Developer/Platforms/WatchOS.platform/Developer/SDKs/WatchOS26.5.sdk -target arm64-apple-watchos26.0 -g -module-cache-path /Users/admin/builder/spi-builder-workspace/.derivedData/ModuleCache.noindex -Xfrontend -serialize-debugging-options -profile-coverage-mapping -profile-generate -enable-testing -index-store-path /Users/admin/builder/spi-builder-workspace/.derivedData/Index.noindex/DataStore -Xcc -D_LIBCPP_HARDENING_MODE\=_LIBCPP_HARDENING_MODE_DEBUG -swift-version 6 -I /Users/admin/builder/spi-builder-workspace/.derivedData/Build/Products/Debug-watchos -Isystem /Applications/Xcode-26.5.0.app/Contents/Developer/Platforms/WatchOS.platform/Developer/usr/lib -F /Users/admin/builder/spi-builder-workspace/.derivedData/Build/Products/Debug-watchos -F /Applications/Xcode-26.5.0.app/Contents/Developer/Platforms/WatchOS.platform/Developer/Library/Frameworks -F /Applications/Xcode-26.5.0.app/Contents/Developer/Platforms/WatchOS.platform/Developer/SDKs/WatchOS26.5.sdk/Developer/Library/Frameworks -emit-localized-strings -emit-localized-strings-path /Users/admin/builder/spi-builder-workspace/.derivedData/Build/Intermediates.noindex/GMSnagNav.build/Debug-watchos/GMSnagNav.build/Objects-normal/arm64 -c -j10 -enable-batch-mode -incremental -Xcc -ivfsstatcache -Xcc /Users/admin/builder/spi-builder-workspace/.derivedData/SDKStatCaches.noindex/watchos26.5-23T570-688ef53f1462e2c8f657fdc38a81448f7931b973dfc65d9472806dbbc3af9379.sdkstatcache -output-file-map /Users/admin/builder/spi-builder-workspace/.derivedData/Build/Intermediates.noindex/GMSnagNav.build/Debug-watchos/GMSnagNav.build/Objects-normal/arm64/GMSnagNav-OutputFileMap.json -use-frontend-parseable-output -save-temps -no-color-diagnostics -explicit-module-build -module-cache-path /Users/admin/builder/spi-builder-workspace/.derivedData/Build/Intermediates.noindex/SwiftExplicitPrecompiledModules -clang-scanner-module-cache-path /Users/admin/builder/spi-builder-workspace/.derivedData/ModuleCache.noindex -sdk-module-cache-path /Users/admin/builder/spi-builder-workspace/.derivedData/ModuleCache.noindex -serialize-diagnostics -emit-dependencies -emit-module -emit-module-path /Users/admin/builder/spi-builder-workspace/.derivedData/Build/Intermediates.noindex/GMSnagNav.build/Debug-watchos/GMSnagNav.build/Objects-normal/arm64/GMSnagNav.swiftmodule -validate-clang-modules-once -clang-build-session-file /Users/admin/builder/spi-builder-workspace/.derivedData/ModuleCache.noindex/Session.modulevalidation -package-name spi_builder_workspace -Xcc -I/Users/admin/builder/spi-builder-workspace/.derivedData/Build/Intermediates.noindex/GMSnagNav.build/Debug-watchos/GMSnagNav.build/swift-overrides.hmap -emit-const-values -Xfrontend -const-gather-protocols-file -Xfrontend /Users/admin/builder/spi-builder-workspace/.derivedData/Build/Intermediates.noindex/GMSnagNav.build/Debug-watchos/GMSnagNav.build/Objects-normal/arm64/GMSnagNav_const_extract_protocols.json -Xcc -I/Users/admin/builder/spi-builder-workspace/.derivedData/Build/Products/Debug-watchos/include -Xcc -I/Users/admin/builder/spi-builder-workspace/.derivedData/Build/Intermediates.noindex/GMSnagNav.build/Debug-watchos/GMSnagNav.build/DerivedSources-normal/arm64 -Xcc -I/Users/admin/builder/spi-builder-workspace/.derivedData/Build/Intermediates.noindex/GMSnagNav.build/Debug-watchos/GMSnagNav.build/DerivedSources/arm64 -Xcc -I/Users/admin/builder/spi-builder-workspace/.derivedData/Build/Intermediates.noindex/GMSnagNav.build/Debug-watchos/GMSnagNav.build/DerivedSources -Xcc -DSWIFT_PACKAGE -Xcc -DDEBUG\=1 -emit-objc-header -emit-objc-header-path /Users/admin/builder/spi-builder-workspace/.derivedData/Build/Intermediates.noindex/GMSnagNav.build/Debug-watchos/GMSnagNav.build/Objects-normal/arm64/GMSnagNav-Swift.h -working-directory /Users/admin/builder/spi-builder-workspace/.swiftpm/xcode -experimental-emit-module-separately -disable-cmo
SwiftDriverJobDiscovery normal arm64_32 Emitting module for GMSnagNav (in target 'GMSnagNav' from project 'GMSnagNav')
SwiftDriver\ Compilation\ Requirements GMSnagNav normal arm64_32 com.apple.xcode.tools.swift.compiler (in target 'GMSnagNav' from project 'GMSnagNav')
cd /Users/admin/builder/spi-builder-workspace/.swiftpm/xcode
builtin-Swift-Compilation-Requirements -- /Applications/Xcode-26.5.0.app/Contents/Developer/Toolchains/XcodeDefault.xctoolchain/usr/bin/swiftc -module-name GMSnagNav -Onone @/Users/admin/builder/spi-builder-workspace/.derivedData/Build/Intermediates.noindex/GMSnagNav.build/Debug-watchos/GMSnagNav.build/Objects-normal/arm64_32/GMSnagNav.SwiftFileList -DSWIFT_PACKAGE -DDEBUG -DSWIFT_MODULE_RESOURCE_BUNDLE_AVAILABLE -DXcode -plugin-path /Applications/Xcode-26.5.0.app/Contents/Developer/Toolchains/XcodeDefault.xctoolchain/usr/lib/swift/host/plugins/testing -enable-experimental-feature DebugDescriptionMacro -sdk /Applications/Xcode-26.5.0.app/Contents/Developer/Platforms/WatchOS.platform/Developer/SDKs/WatchOS26.5.sdk -target arm64_32-apple-watchos26.0 -g -module-cache-path /Users/admin/builder/spi-builder-workspace/.derivedData/ModuleCache.noindex -Xfrontend -serialize-debugging-options -profile-coverage-mapping -profile-generate -enable-testing -index-store-path /Users/admin/builder/spi-builder-workspace/.derivedData/Index.noindex/DataStore -Xcc -D_LIBCPP_HARDENING_MODE\=_LIBCPP_HARDENING_MODE_DEBUG -swift-version 6 -I /Users/admin/builder/spi-builder-workspace/.derivedData/Build/Products/Debug-watchos -Isystem /Applications/Xcode-26.5.0.app/Contents/Developer/Platforms/WatchOS.platform/Developer/usr/lib -F /Users/admin/builder/spi-builder-workspace/.derivedData/Build/Products/Debug-watchos -F /Applications/Xcode-26.5.0.app/Contents/Developer/Platforms/WatchOS.platform/Developer/Library/Frameworks -F /Applications/Xcode-26.5.0.app/Contents/Developer/Platforms/WatchOS.platform/Developer/SDKs/WatchOS26.5.sdk/Developer/Library/Frameworks -emit-localized-strings -emit-localized-strings-path /Users/admin/builder/spi-builder-workspace/.derivedData/Build/Intermediates.noindex/GMSnagNav.build/Debug-watchos/GMSnagNav.build/Objects-normal/arm64_32 -c -j10 -enable-batch-mode -incremental -Xcc -ivfsstatcache -Xcc /Users/admin/builder/spi-builder-workspace/.derivedData/SDKStatCaches.noindex/watchos26.5-23T570-688ef53f1462e2c8f657fdc38a81448f7931b973dfc65d9472806dbbc3af9379.sdkstatcache -output-file-map /Users/admin/builder/spi-builder-workspace/.derivedData/Build/Intermediates.noindex/GMSnagNav.build/Debug-watchos/GMSnagNav.build/Objects-normal/arm64_32/GMSnagNav-OutputFileMap.json -use-frontend-parseable-output -save-temps -no-color-diagnostics -explicit-module-build -module-cache-path /Users/admin/builder/spi-builder-workspace/.derivedData/Build/Intermediates.noindex/SwiftExplicitPrecompiledModules -clang-scanner-module-cache-path /Users/admin/builder/spi-builder-workspace/.derivedData/ModuleCache.noindex -sdk-module-cache-path /Users/admin/builder/spi-builder-workspace/.derivedData/ModuleCache.noindex -serialize-diagnostics -emit-dependencies -emit-module -emit-module-path /Users/admin/builder/spi-builder-workspace/.derivedData/Build/Intermediates.noindex/GMSnagNav.build/Debug-watchos/GMSnagNav.build/Objects-normal/arm64_32/GMSnagNav.swiftmodule -validate-clang-modules-once -clang-build-session-file /Users/admin/builder/spi-builder-workspace/.derivedData/ModuleCache.noindex/Session.modulevalidation -package-name spi_builder_workspace -Xcc -I/Users/admin/builder/spi-builder-workspace/.derivedData/Build/Intermediates.noindex/GMSnagNav.build/Debug-watchos/GMSnagNav.build/swift-overrides.hmap -emit-const-values -Xfrontend -const-gather-protocols-file -Xfrontend /Users/admin/builder/spi-builder-workspace/.derivedData/Build/Intermediates.noindex/GMSnagNav.build/Debug-watchos/GMSnagNav.build/Objects-normal/arm64_32/GMSnagNav_const_extract_protocols.json -Xcc -I/Users/admin/builder/spi-builder-workspace/.derivedData/Build/Products/Debug-watchos/include -Xcc -I/Users/admin/builder/spi-builder-workspace/.derivedData/Build/Intermediates.noindex/GMSnagNav.build/Debug-watchos/GMSnagNav.build/DerivedSources-normal/arm64_32 -Xcc -I/Users/admin/builder/spi-builder-workspace/.derivedData/Build/Intermediates.noindex/GMSnagNav.build/Debug-watchos/GMSnagNav.build/DerivedSources/arm64_32 -Xcc -I/Users/admin/builder/spi-builder-workspace/.derivedData/Build/Intermediates.noindex/GMSnagNav.build/Debug-watchos/GMSnagNav.build/DerivedSources -Xcc -DSWIFT_PACKAGE -Xcc -DDEBUG\=1 -emit-objc-header -emit-objc-header-path /Users/admin/builder/spi-builder-workspace/.derivedData/Build/Intermediates.noindex/GMSnagNav.build/Debug-watchos/GMSnagNav.build/Objects-normal/arm64_32/GMSnagNav-Swift.h -working-directory /Users/admin/builder/spi-builder-workspace/.swiftpm/xcode -experimental-emit-module-separately -disable-cmo
SwiftCompile normal arm64_32 Compiling\ GMSnagNav.swift,\ Navigation.swift,\ OutlineAppearance.swift /Users/admin/builder/spi-builder-workspace/Sources/GMSnagNav/GMSnagNav.swift /Users/admin/builder/spi-builder-workspace/Sources/GMSnagNav/Navigation.swift /Users/admin/builder/spi-builder-workspace/Sources/GMSnagNav/OutlineAppearance.swift (in target 'GMSnagNav' from project 'GMSnagNav')
SwiftCompile normal arm64_32 /Users/admin/builder/spi-builder-workspace/Sources/GMSnagNav/GMSnagNav.swift (in target 'GMSnagNav' from project 'GMSnagNav')
cd /Users/admin/builder/spi-builder-workspace/.swiftpm/xcode
SwiftCompile normal arm64_32 /Users/admin/builder/spi-builder-workspace/Sources/GMSnagNav/Navigation.swift (in target 'GMSnagNav' from project 'GMSnagNav')
cd /Users/admin/builder/spi-builder-workspace/.swiftpm/xcode
SwiftCompile normal arm64_32 /Users/admin/builder/spi-builder-workspace/Sources/GMSnagNav/OutlineAppearance.swift (in target 'GMSnagNav' from project 'GMSnagNav')
cd /Users/admin/builder/spi-builder-workspace/.swiftpm/xcode
SwiftMergeGeneratedHeaders /Users/admin/builder/spi-builder-workspace/.derivedData/Build/Intermediates.noindex/GeneratedModuleMaps-watchos/GMSnagNav-Swift.h /Users/admin/builder/spi-builder-workspace/.derivedData/Build/Intermediates.noindex/GMSnagNav.build/Debug-watchos/GMSnagNav.build/Objects-normal/arm64/GMSnagNav-Swift.h /Users/admin/builder/spi-builder-workspace/.derivedData/Build/Intermediates.noindex/GMSnagNav.build/Debug-watchos/GMSnagNav.build/Objects-normal/arm64_32/GMSnagNav-Swift.h (in target 'GMSnagNav' from project 'GMSnagNav')
cd /Users/admin/builder/spi-builder-workspace
builtin-swiftHeaderTool -arch arm64 /Users/admin/builder/spi-builder-workspace/.derivedData/Build/Intermediates.noindex/GMSnagNav.build/Debug-watchos/GMSnagNav.build/Objects-normal/arm64/GMSnagNav-Swift.h -arch arm64_32 /Users/admin/builder/spi-builder-workspace/.derivedData/Build/Intermediates.noindex/GMSnagNav.build/Debug-watchos/GMSnagNav.build/Objects-normal/arm64_32/GMSnagNav-Swift.h -o /Users/admin/builder/spi-builder-workspace/.derivedData/Build/Intermediates.noindex/GeneratedModuleMaps-watchos/GMSnagNav-Swift.h
SwiftDriverJobDiscovery normal arm64 Compiling resource_bundle_accessor.swift, AppKitOutlineRenderer.swift, HostingCellView.swift, NativeContextMenu.swift (in target 'GMSnagNav' from project 'GMSnagNav')
Copy /Users/admin/builder/spi-builder-workspace/.derivedData/Build/Products/Debug-watchos/GMSnagNav.swiftmodule/arm64_32-apple-watchos.swiftmodule /Users/admin/builder/spi-builder-workspace/.derivedData/Build/Intermediates.noindex/GMSnagNav.build/Debug-watchos/GMSnagNav.build/Objects-normal/arm64_32/GMSnagNav.swiftmodule (in target 'GMSnagNav' from project 'GMSnagNav')
cd /Users/admin/builder/spi-builder-workspace
builtin-copy -exclude .DS_Store -exclude CVS -exclude .svn -exclude .git -exclude .hg -resolve-src-symlinks -rename /Users/admin/builder/spi-builder-workspace/.derivedData/Build/Intermediates.noindex/GMSnagNav.build/Debug-watchos/GMSnagNav.build/Objects-normal/arm64_32/GMSnagNav.swiftmodule /Users/admin/builder/spi-builder-workspace/.derivedData/Build/Products/Debug-watchos/GMSnagNav.swiftmodule/arm64_32-apple-watchos.swiftmodule
Copy /Users/admin/builder/spi-builder-workspace/.derivedData/Build/Products/Debug-watchos/GMSnagNav.swiftmodule/arm64_32-apple-watchos.swiftdoc /Users/admin/builder/spi-builder-workspace/.derivedData/Build/Intermediates.noindex/GMSnagNav.build/Debug-watchos/GMSnagNav.build/Objects-normal/arm64_32/GMSnagNav.swiftdoc (in target 'GMSnagNav' from project 'GMSnagNav')
cd /Users/admin/builder/spi-builder-workspace
builtin-copy -exclude .DS_Store -exclude CVS -exclude .svn -exclude .git -exclude .hg -resolve-src-symlinks -rename /Users/admin/builder/spi-builder-workspace/.derivedData/Build/Intermediates.noindex/GMSnagNav.build/Debug-watchos/GMSnagNav.build/Objects-normal/arm64_32/GMSnagNav.swiftdoc /Users/admin/builder/spi-builder-workspace/.derivedData/Build/Products/Debug-watchos/GMSnagNav.swiftmodule/arm64_32-apple-watchos.swiftdoc
Copy /Users/admin/builder/spi-builder-workspace/.derivedData/Build/Products/Debug-watchos/GMSnagNav.swiftmodule/arm64_32-apple-watchos.abi.json /Users/admin/builder/spi-builder-workspace/.derivedData/Build/Intermediates.noindex/GMSnagNav.build/Debug-watchos/GMSnagNav.build/Objects-normal/arm64_32/GMSnagNav.abi.json (in target 'GMSnagNav' from project 'GMSnagNav')
cd /Users/admin/builder/spi-builder-workspace
builtin-copy -exclude .DS_Store -exclude CVS -exclude .svn -exclude .git -exclude .hg -resolve-src-symlinks -rename /Users/admin/builder/spi-builder-workspace/.derivedData/Build/Intermediates.noindex/GMSnagNav.build/Debug-watchos/GMSnagNav.build/Objects-normal/arm64_32/GMSnagNav.abi.json /Users/admin/builder/spi-builder-workspace/.derivedData/Build/Products/Debug-watchos/GMSnagNav.swiftmodule/arm64_32-apple-watchos.abi.json
Copy /Users/admin/builder/spi-builder-workspace/.derivedData/Build/Products/Debug-watchos/GMSnagNav.swiftmodule/arm64-apple-watchos.swiftmodule /Users/admin/builder/spi-builder-workspace/.derivedData/Build/Intermediates.noindex/GMSnagNav.build/Debug-watchos/GMSnagNav.build/Objects-normal/arm64/GMSnagNav.swiftmodule (in target 'GMSnagNav' from project 'GMSnagNav')
cd /Users/admin/builder/spi-builder-workspace
builtin-copy -exclude .DS_Store -exclude CVS -exclude .svn -exclude .git -exclude .hg -resolve-src-symlinks -rename /Users/admin/builder/spi-builder-workspace/.derivedData/Build/Intermediates.noindex/GMSnagNav.build/Debug-watchos/GMSnagNav.build/Objects-normal/arm64/GMSnagNav.swiftmodule /Users/admin/builder/spi-builder-workspace/.derivedData/Build/Products/Debug-watchos/GMSnagNav.swiftmodule/arm64-apple-watchos.swiftmodule
Copy /Users/admin/builder/spi-builder-workspace/.derivedData/Build/Products/Debug-watchos/GMSnagNav.swiftmodule/arm64-apple-watchos.swiftdoc /Users/admin/builder/spi-builder-workspace/.derivedData/Build/Intermediates.noindex/GMSnagNav.build/Debug-watchos/GMSnagNav.build/Objects-normal/arm64/GMSnagNav.swiftdoc (in target 'GMSnagNav' from project 'GMSnagNav')
cd /Users/admin/builder/spi-builder-workspace
builtin-copy -exclude .DS_Store -exclude CVS -exclude .svn -exclude .git -exclude .hg -resolve-src-symlinks -rename /Users/admin/builder/spi-builder-workspace/.derivedData/Build/Intermediates.noindex/GMSnagNav.build/Debug-watchos/GMSnagNav.build/Objects-normal/arm64/GMSnagNav.swiftdoc /Users/admin/builder/spi-builder-workspace/.derivedData/Build/Products/Debug-watchos/GMSnagNav.swiftmodule/arm64-apple-watchos.swiftdoc
Copy /Users/admin/builder/spi-builder-workspace/.derivedData/Build/Products/Debug-watchos/GMSnagNav.swiftmodule/arm64-apple-watchos.abi.json /Users/admin/builder/spi-builder-workspace/.derivedData/Build/Intermediates.noindex/GMSnagNav.build/Debug-watchos/GMSnagNav.build/Objects-normal/arm64/GMSnagNav.abi.json (in target 'GMSnagNav' from project 'GMSnagNav')
cd /Users/admin/builder/spi-builder-workspace
builtin-copy -exclude .DS_Store -exclude CVS -exclude .svn -exclude .git -exclude .hg -resolve-src-symlinks -rename /Users/admin/builder/spi-builder-workspace/.derivedData/Build/Intermediates.noindex/GMSnagNav.build/Debug-watchos/GMSnagNav.build/Objects-normal/arm64/GMSnagNav.abi.json /Users/admin/builder/spi-builder-workspace/.derivedData/Build/Products/Debug-watchos/GMSnagNav.swiftmodule/arm64-apple-watchos.abi.json
Copy /Users/admin/builder/spi-builder-workspace/.derivedData/Build/Products/Debug-watchos/GMSnagNav.swiftmodule/Project/arm64_32-apple-watchos.swiftsourceinfo /Users/admin/builder/spi-builder-workspace/.derivedData/Build/Intermediates.noindex/GMSnagNav.build/Debug-watchos/GMSnagNav.build/Objects-normal/arm64_32/GMSnagNav.swiftsourceinfo (in target 'GMSnagNav' from project 'GMSnagNav')
cd /Users/admin/builder/spi-builder-workspace
builtin-copy -exclude .DS_Store -exclude CVS -exclude .svn -exclude .git -exclude .hg -resolve-src-symlinks -rename /Users/admin/builder/spi-builder-workspace/.derivedData/Build/Intermediates.noindex/GMSnagNav.build/Debug-watchos/GMSnagNav.build/Objects-normal/arm64_32/GMSnagNav.swiftsourceinfo /Users/admin/builder/spi-builder-workspace/.derivedData/Build/Products/Debug-watchos/GMSnagNav.swiftmodule/Project/arm64_32-apple-watchos.swiftsourceinfo
Copy /Users/admin/builder/spi-builder-workspace/.derivedData/Build/Products/Debug-watchos/GMSnagNav.swiftmodule/Project/arm64-apple-watchos.swiftsourceinfo /Users/admin/builder/spi-builder-workspace/.derivedData/Build/Intermediates.noindex/GMSnagNav.build/Debug-watchos/GMSnagNav.build/Objects-normal/arm64/GMSnagNav.swiftsourceinfo (in target 'GMSnagNav' from project 'GMSnagNav')
cd /Users/admin/builder/spi-builder-workspace
builtin-copy -exclude .DS_Store -exclude CVS -exclude .svn -exclude .git -exclude .hg -resolve-src-symlinks -rename /Users/admin/builder/spi-builder-workspace/.derivedData/Build/Intermediates.noindex/GMSnagNav.build/Debug-watchos/GMSnagNav.build/Objects-normal/arm64/GMSnagNav.swiftsourceinfo /Users/admin/builder/spi-builder-workspace/.derivedData/Build/Products/Debug-watchos/GMSnagNav.swiftmodule/Project/arm64-apple-watchos.swiftsourceinfo
SwiftCompile normal arm64_32 Compiling\ DragAndDrop.swift,\ DuplicateIDs.swift,\ EmptyContent.swift /Users/admin/builder/spi-builder-workspace/Sources/GMSnagNav/DragAndDrop.swift /Users/admin/builder/spi-builder-workspace/Sources/GMSnagNav/DuplicateIDs.swift /Users/admin/builder/spi-builder-workspace/Sources/GMSnagNav/EmptyContent.swift (in target 'GMSnagNav' from project 'GMSnagNav')
SwiftCompile normal arm64_32 /Users/admin/builder/spi-builder-workspace/Sources/GMSnagNav/DragAndDrop.swift (in target 'GMSnagNav' from project 'GMSnagNav')
cd /Users/admin/builder/spi-builder-workspace/.swiftpm/xcode
SwiftCompile normal arm64_32 /Users/admin/builder/spi-builder-workspace/Sources/GMSnagNav/DuplicateIDs.swift (in target 'GMSnagNav' from project 'GMSnagNav')
cd /Users/admin/builder/spi-builder-workspace/.swiftpm/xcode
SwiftCompile normal arm64_32 /Users/admin/builder/spi-builder-workspace/Sources/GMSnagNav/EmptyContent.swift (in target 'GMSnagNav' from project 'GMSnagNav')
cd /Users/admin/builder/spi-builder-workspace/.swiftpm/xcode
2026-10-10 12:39:14.377 xcodebuild[665:4036] [MT] IDERunDestination: Supported platforms for the buildables in the current scheme is empty.
** BUILD FAILED **
The following build commands failed:
SwiftCompile normal arm64 /Users/admin/builder/spi-builder-workspace/Sources/GMSnagNav/OutlineMenuItem.swift (in target 'GMSnagNav' from project 'GMSnagNav')
SwiftCompile normal arm64 /Users/admin/builder/spi-builder-workspace/Sources/GMSnagNav/Renaming.swift (in target 'GMSnagNav' from project 'GMSnagNav')
SwiftCompile normal arm64 Compiling\ OutlineLabel.swift,\ OutlineMenuItem.swift,\ Renaming.swift /Users/admin/builder/spi-builder-workspace/Sources/GMSnagNav/OutlineLabel.swift /Users/admin/builder/spi-builder-workspace/Sources/GMSnagNav/OutlineMenuItem.swift /Users/admin/builder/spi-builder-workspace/Sources/GMSnagNav/Renaming.swift (in target 'GMSnagNav' from project 'GMSnagNav')
SwiftCompile normal arm64 /Users/admin/builder/spi-builder-workspace/Sources/GMSnagNav/SnagOutline.swift (in target 'GMSnagNav' from project 'GMSnagNav')
Building workspace spi-builder-workspace with scheme GMSnagNav
(5 failures)
Command line invocation:
/Applications/Xcode-26.5.0.app/Contents/Developer/usr/bin/xcodebuild -IDEClonedSourcePackagesDirPathOverride=/Users/admin/builder/spi-builder-workspace/.dependencies -resolvePackageDependencies
Resolve Package Graph
Resolved source packages:
GMSnagNav: /Users/admin/builder/spi-builder-workspace
resolved source packages: GMSnagNav
2026-10-10 12:39:25.360 xcodebuild[852:4876] [MT] IDERunDestination: Supported platforms for the buildables in the current scheme is empty.
{
"default_localization" : "en",
"dependencies" : [
],
"manifest_display_name" : "GMSnagNav",
"name" : "GMSnagNav",
"path" : "/Users/admin/builder/spi-builder-workspace",
"platforms" : [
{
"name" : "macos",
"version" : "26.0"
},
{
"name" : "ios",
"version" : "26.0"
}
],
"products" : [
{
"name" : "GMSnagNav",
"targets" : [
"GMSnagNav"
],
"type" : {
"library" : [
"automatic"
]
}
}
],
"swift_languages_versions" : [
"6"
],
"targets" : [
{
"c99name" : "GMSnagNavTests",
"module_type" : "SwiftTarget",
"name" : "GMSnagNavTests",
"path" : "Tests/GMSnagNavTests",
"sources" : [
"AppKit/OutlineCoordinatorTests.swift",
"BadgeTests.swift",
"Core/DropResolutionTests.swift",
"Core/ExpansionChangesTests.swift",
"Core/FlatInsertionTests.swift",
"Core/OutlineDiffTests.swift",
"Core/OutlineDropTests.swift",
"Core/OutlineTreeTests.swift",
"Core/SelectionRevealTests.swift",
"Core/SpringLoadingTests.swift",
"Core/VisibleRowsTests.swift",
"GMSnagNavTests.swift",
"LocalizationTests.swift",
"NavigationTests.swift",
"RenamingTests.swift",
"Rendering/RenderingTests.swift",
"ReorderingTests.swift",
"SectionsTests.swift",
"SnagOutlineTests.swift",
"Support/TestItem.swift",
"UIKit/UIKitOutlineCoordinatorTests.swift"
],
"target_dependencies" : [
"GMSnagNav"
],
"type" : "test"
},
{
"c99name" : "GMSnagNav",
"module_type" : "SwiftTarget",
"name" : "GMSnagNav",
"path" : "Sources/GMSnagNav",
"product_memberships" : [
"GMSnagNav"
],
"resources" : [
{
"path" : "/Users/admin/builder/spi-builder-workspace/Sources/GMSnagNav/Resources/PrivacyInfo.xcprivacy",
"rule" : {
"process" : {
}
}
},
{
"path" : "/Users/admin/builder/spi-builder-workspace/Sources/GMSnagNav/Resources/de.lproj/Localizable.strings",
"rule" : {
"process" : {
"localization" : "de"
}
}
},
{
"path" : "/Users/admin/builder/spi-builder-workspace/Sources/GMSnagNav/Resources/en.lproj/Localizable.strings",
"rule" : {
"process" : {
"localization" : "en"
}
}
}
],
"sources" : [
"AppKit/AppKitOutlineRenderer.swift",
"AppKit/HostingCellView.swift",
"AppKit/NativeContextMenu.swift",
"AppKit/NodeBox.swift",
"AppKit/SnagOutlineView.swift",
"Badges.swift",
"CompactNavigation.swift",
"Core/ExpansionChanges.swift",
"Core/FlatInsertion.swift",
"Core/OutlineDiff.swift",
"Core/OutlineDrop.swift",
"Core/OutlineTree.swift",
"Core/SelectionReveal.swift",
"Core/SpringLoading.swift",
"Core/VisibleRows.swift",
"DragAndDrop.swift",
"DuplicateIDs.swift",
"EmptyContent.swift",
"GMSnagNav.swift",
"Navigation.swift",
"OutlineAppearance.swift",
"OutlineLabel.swift",
"OutlineMenuItem.swift",
"Renaming.swift",
"Reordering.swift",
"Reveal.swift",
"Sections.swift",
"SnagOutline.swift",
"SwipeActions.swift",
"TypeSelect.swift",
"UIKit/OutlineRowView.swift",
"UIKit/SnagCollectionView.swift",
"UIKit/UIKitOutlineRenderer.swift"
],
"type" : "library"
}
],
"tools_version" : "6.2"
}
{
"workspace" : {
"name" : "spi-builder-workspace",
"schemes" : [
"GMSnagNav"
]
}
}
2026-10-10 12:39:26.486 xcodebuild[862:4953] [MT] IDERunDestination: Supported platforms for the buildables in the current scheme is empty.
Running build ...
env DEVELOPER_DIR=/Applications/Xcode-26.5.0.app xcrun xcodebuild -IDEClonedSourcePackagesDirPathOverride=$PWD/.dependencies -skipMacroValidation -skipPackagePluginValidation -derivedDataPath $PWD/.derivedData build -scheme GMSnagNav -destination generic/platform=watchOS
Command line invocation:
/Applications/Xcode-26.5.0.app/Contents/Developer/usr/bin/xcodebuild -IDEClonedSourcePackagesDirPathOverride=/Users/admin/builder/spi-builder-workspace/.dependencies -skipMacroValidation -skipPackagePluginValidation -derivedDataPath /Users/admin/builder/spi-builder-workspace/.derivedData build -scheme GMSnagNav -destination generic/platform=watchOS
Resolve Package Graph
Resolved source packages:
GMSnagNav: /Users/admin/builder/spi-builder-workspace
ComputePackagePrebuildTargetDependencyGraph
Prepare packages
CreateBuildRequest
SendProjectDescription
CreateBuildOperation
ComputeTargetDependencyGraph
note: Building targets in dependency order
note: Target dependency graph (3 targets)
Target 'GMSnagNav' in project 'GMSnagNav'
➜ Explicit dependency on target 'GMSnagNav' in project 'GMSnagNav'
➜ Explicit dependency on target 'GMSnagNav_GMSnagNav' in project 'GMSnagNav'
Target 'GMSnagNav' in project 'GMSnagNav'
➜ Explicit dependency on target 'GMSnagNav_GMSnagNav' in project 'GMSnagNav'
Target 'GMSnagNav_GMSnagNav' in project 'GMSnagNav' (no dependencies)
GatherProvisioningInputs
CreateBuildDescription
ClangStatCache /Applications/Xcode-26.5.0.app/Contents/Developer/Toolchains/XcodeDefault.xctoolchain/usr/bin/clang-stat-cache /Applications/Xcode-26.5.0.app/Contents/Developer/Platforms/WatchOS.platform/Developer/SDKs/WatchOS26.5.sdk /Users/admin/builder/spi-builder-workspace/.derivedData/SDKStatCaches.noindex/watchos26.5-23T570-688ef53f1462e2c8f657fdc38a81448f7931b973dfc65d9472806dbbc3af9379.sdkstatcache
cd /Users/admin/builder/spi-builder-workspace/.swiftpm/xcode
/Applications/Xcode-26.5.0.app/Contents/Developer/Toolchains/XcodeDefault.xctoolchain/usr/bin/clang-stat-cache /Applications/Xcode-26.5.0.app/Contents/Developer/Platforms/WatchOS.platform/Developer/SDKs/WatchOS26.5.sdk -o /Users/admin/builder/spi-builder-workspace/.derivedData/SDKStatCaches.noindex/watchos26.5-23T570-688ef53f1462e2c8f657fdc38a81448f7931b973dfc65d9472806dbbc3af9379.sdkstatcache
SwiftDriver GMSnagNav normal arm64_32 com.apple.xcode.tools.swift.compiler (in target 'GMSnagNav' from project 'GMSnagNav')
cd /Users/admin/builder/spi-builder-workspace/.swiftpm/xcode
builtin-SwiftDriver -- /Applications/Xcode-26.5.0.app/Contents/Developer/Toolchains/XcodeDefault.xctoolchain/usr/bin/swiftc -module-name GMSnagNav -Onone @/Users/admin/builder/spi-builder-workspace/.derivedData/Build/Intermediates.noindex/GMSnagNav.build/Debug-watchos/GMSnagNav.build/Objects-normal/arm64_32/GMSnagNav.SwiftFileList -DSWIFT_PACKAGE -DDEBUG -DSWIFT_MODULE_RESOURCE_BUNDLE_AVAILABLE -DXcode -plugin-path /Applications/Xcode-26.5.0.app/Contents/Developer/Toolchains/XcodeDefault.xctoolchain/usr/lib/swift/host/plugins/testing -enable-experimental-feature DebugDescriptionMacro -sdk /Applications/Xcode-26.5.0.app/Contents/Developer/Platforms/WatchOS.platform/Developer/SDKs/WatchOS26.5.sdk -target arm64_32-apple-watchos26.0 -g -module-cache-path /Users/admin/builder/spi-builder-workspace/.derivedData/ModuleCache.noindex -Xfrontend -serialize-debugging-options -profile-coverage-mapping -profile-generate -enable-testing -index-store-path /Users/admin/builder/spi-builder-workspace/.derivedData/Index.noindex/DataStore -Xcc -D_LIBCPP_HARDENING_MODE\=_LIBCPP_HARDENING_MODE_DEBUG -swift-version 6 -I /Users/admin/builder/spi-builder-workspace/.derivedData/Build/Products/Debug-watchos -Isystem /Applications/Xcode-26.5.0.app/Contents/Developer/Platforms/WatchOS.platform/Developer/usr/lib -F /Users/admin/builder/spi-builder-workspace/.derivedData/Build/Products/Debug-watchos -F /Applications/Xcode-26.5.0.app/Contents/Developer/Platforms/WatchOS.platform/Developer/Library/Frameworks -F /Applications/Xcode-26.5.0.app/Contents/Developer/Platforms/WatchOS.platform/Developer/SDKs/WatchOS26.5.sdk/Developer/Library/Frameworks -emit-localized-strings -emit-localized-strings-path /Users/admin/builder/spi-builder-workspace/.derivedData/Build/Intermediates.noindex/GMSnagNav.build/Debug-watchos/GMSnagNav.build/Objects-normal/arm64_32 -c -j10 -enable-batch-mode -incremental -Xcc -ivfsstatcache -Xcc /Users/admin/builder/spi-builder-workspace/.derivedData/SDKStatCaches.noindex/watchos26.5-23T570-688ef53f1462e2c8f657fdc38a81448f7931b973dfc65d9472806dbbc3af9379.sdkstatcache -output-file-map /Users/admin/builder/spi-builder-workspace/.derivedData/Build/Intermediates.noindex/GMSnagNav.build/Debug-watchos/GMSnagNav.build/Objects-normal/arm64_32/GMSnagNav-OutputFileMap.json -use-frontend-parseable-output -save-temps -no-color-diagnostics -explicit-module-build -module-cache-path /Users/admin/builder/spi-builder-workspace/.derivedData/Build/Intermediates.noindex/SwiftExplicitPrecompiledModules -clang-scanner-module-cache-path /Users/admin/builder/spi-builder-workspace/.derivedData/ModuleCache.noindex -sdk-module-cache-path /Users/admin/builder/spi-builder-workspace/.derivedData/ModuleCache.noindex -serialize-diagnostics -emit-dependencies -emit-module -emit-module-path /Users/admin/builder/spi-builder-workspace/.derivedData/Build/Intermediates.noindex/GMSnagNav.build/Debug-watchos/GMSnagNav.build/Objects-normal/arm64_32/GMSnagNav.swiftmodule -validate-clang-modules-once -clang-build-session-file /Users/admin/builder/spi-builder-workspace/.derivedData/ModuleCache.noindex/Session.modulevalidation -package-name spi_builder_workspace -Xcc -I/Users/admin/builder/spi-builder-workspace/.derivedData/Build/Intermediates.noindex/GMSnagNav.build/Debug-watchos/GMSnagNav.build/swift-overrides.hmap -emit-const-values -Xfrontend -const-gather-protocols-file -Xfrontend /Users/admin/builder/spi-builder-workspace/.derivedData/Build/Intermediates.noindex/GMSnagNav.build/Debug-watchos/GMSnagNav.build/Objects-normal/arm64_32/GMSnagNav_const_extract_protocols.json -Xcc -I/Users/admin/builder/spi-builder-workspace/.derivedData/Build/Products/Debug-watchos/include -Xcc -I/Users/admin/builder/spi-builder-workspace/.derivedData/Build/Intermediates.noindex/GMSnagNav.build/Debug-watchos/GMSnagNav.build/DerivedSources-normal/arm64_32 -Xcc -I/Users/admin/builder/spi-builder-workspace/.derivedData/Build/Intermediates.noindex/GMSnagNav.build/Debug-watchos/GMSnagNav.build/DerivedSources/arm64_32 -Xcc -I/Users/admin/builder/spi-builder-workspace/.derivedData/Build/Intermediates.noindex/GMSnagNav.build/Debug-watchos/GMSnagNav.build/DerivedSources -Xcc -DSWIFT_PACKAGE -Xcc -DDEBUG\=1 -emit-objc-header -emit-objc-header-path /Users/admin/builder/spi-builder-workspace/.derivedData/Build/Intermediates.noindex/GMSnagNav.build/Debug-watchos/GMSnagNav.build/Objects-normal/arm64_32/GMSnagNav-Swift.h -working-directory /Users/admin/builder/spi-builder-workspace/.swiftpm/xcode -experimental-emit-module-separately -disable-cmo
SwiftDriver GMSnagNav normal arm64 com.apple.xcode.tools.swift.compiler (in target 'GMSnagNav' from project 'GMSnagNav')
cd /Users/admin/builder/spi-builder-workspace/.swiftpm/xcode
builtin-SwiftDriver -- /Applications/Xcode-26.5.0.app/Contents/Developer/Toolchains/XcodeDefault.xctoolchain/usr/bin/swiftc -module-name GMSnagNav -Onone @/Users/admin/builder/spi-builder-workspace/.derivedData/Build/Intermediates.noindex/GMSnagNav.build/Debug-watchos/GMSnagNav.build/Objects-normal/arm64/GMSnagNav.SwiftFileList -DSWIFT_PACKAGE -DDEBUG -DSWIFT_MODULE_RESOURCE_BUNDLE_AVAILABLE -DXcode -plugin-path /Applications/Xcode-26.5.0.app/Contents/Developer/Toolchains/XcodeDefault.xctoolchain/usr/lib/swift/host/plugins/testing -enable-experimental-feature DebugDescriptionMacro -sdk /Applications/Xcode-26.5.0.app/Contents/Developer/Platforms/WatchOS.platform/Developer/SDKs/WatchOS26.5.sdk -target arm64-apple-watchos26.0 -g -module-cache-path /Users/admin/builder/spi-builder-workspace/.derivedData/ModuleCache.noindex -Xfrontend -serialize-debugging-options -profile-coverage-mapping -profile-generate -enable-testing -index-store-path /Users/admin/builder/spi-builder-workspace/.derivedData/Index.noindex/DataStore -Xcc -D_LIBCPP_HARDENING_MODE\=_LIBCPP_HARDENING_MODE_DEBUG -swift-version 6 -I /Users/admin/builder/spi-builder-workspace/.derivedData/Build/Products/Debug-watchos -Isystem /Applications/Xcode-26.5.0.app/Contents/Developer/Platforms/WatchOS.platform/Developer/usr/lib -F /Users/admin/builder/spi-builder-workspace/.derivedData/Build/Products/Debug-watchos -F /Applications/Xcode-26.5.0.app/Contents/Developer/Platforms/WatchOS.platform/Developer/Library/Frameworks -F /Applications/Xcode-26.5.0.app/Contents/Developer/Platforms/WatchOS.platform/Developer/SDKs/WatchOS26.5.sdk/Developer/Library/Frameworks -emit-localized-strings -emit-localized-strings-path /Users/admin/builder/spi-builder-workspace/.derivedData/Build/Intermediates.noindex/GMSnagNav.build/Debug-watchos/GMSnagNav.build/Objects-normal/arm64 -c -j10 -enable-batch-mode -incremental -Xcc -ivfsstatcache -Xcc /Users/admin/builder/spi-builder-workspace/.derivedData/SDKStatCaches.noindex/watchos26.5-23T570-688ef53f1462e2c8f657fdc38a81448f7931b973dfc65d9472806dbbc3af9379.sdkstatcache -output-file-map /Users/admin/builder/spi-builder-workspace/.derivedData/Build/Intermediates.noindex/GMSnagNav.build/Debug-watchos/GMSnagNav.build/Objects-normal/arm64/GMSnagNav-OutputFileMap.json -use-frontend-parseable-output -save-temps -no-color-diagnostics -explicit-module-build -module-cache-path /Users/admin/builder/spi-builder-workspace/.derivedData/Build/Intermediates.noindex/SwiftExplicitPrecompiledModules -clang-scanner-module-cache-path /Users/admin/builder/spi-builder-workspace/.derivedData/ModuleCache.noindex -sdk-module-cache-path /Users/admin/builder/spi-builder-workspace/.derivedData/ModuleCache.noindex -serialize-diagnostics -emit-dependencies -emit-module -emit-module-path /Users/admin/builder/spi-builder-workspace/.derivedData/Build/Intermediates.noindex/GMSnagNav.build/Debug-watchos/GMSnagNav.build/Objects-normal/arm64/GMSnagNav.swiftmodule -validate-clang-modules-once -clang-build-session-file /Users/admin/builder/spi-builder-workspace/.derivedData/ModuleCache.noindex/Session.modulevalidation -package-name spi_builder_workspace -Xcc -I/Users/admin/builder/spi-builder-workspace/.derivedData/Build/Intermediates.noindex/GMSnagNav.build/Debug-watchos/GMSnagNav.build/swift-overrides.hmap -emit-const-values -Xfrontend -const-gather-protocols-file -Xfrontend /Users/admin/builder/spi-builder-workspace/.derivedData/Build/Intermediates.noindex/GMSnagNav.build/Debug-watchos/GMSnagNav.build/Objects-normal/arm64/GMSnagNav_const_extract_protocols.json -Xcc -I/Users/admin/builder/spi-builder-workspace/.derivedData/Build/Products/Debug-watchos/include -Xcc -I/Users/admin/builder/spi-builder-workspace/.derivedData/Build/Intermediates.noindex/GMSnagNav.build/Debug-watchos/GMSnagNav.build/DerivedSources-normal/arm64 -Xcc -I/Users/admin/builder/spi-builder-workspace/.derivedData/Build/Intermediates.noindex/GMSnagNav.build/Debug-watchos/GMSnagNav.build/DerivedSources/arm64 -Xcc -I/Users/admin/builder/spi-builder-workspace/.derivedData/Build/Intermediates.noindex/GMSnagNav.build/Debug-watchos/GMSnagNav.build/DerivedSources -Xcc -DSWIFT_PACKAGE -Xcc -DDEBUG\=1 -emit-objc-header -emit-objc-header-path /Users/admin/builder/spi-builder-workspace/.derivedData/Build/Intermediates.noindex/GMSnagNav.build/Debug-watchos/GMSnagNav.build/Objects-normal/arm64/GMSnagNav-Swift.h -working-directory /Users/admin/builder/spi-builder-workspace/.swiftpm/xcode -experimental-emit-module-separately -disable-cmo
SwiftCompile normal arm64_32 Compiling\ DragAndDrop.swift,\ DuplicateIDs.swift,\ EmptyContent.swift /Users/admin/builder/spi-builder-workspace/Sources/GMSnagNav/DragAndDrop.swift /Users/admin/builder/spi-builder-workspace/Sources/GMSnagNav/DuplicateIDs.swift /Users/admin/builder/spi-builder-workspace/Sources/GMSnagNav/EmptyContent.swift (in target 'GMSnagNav' from project 'GMSnagNav')
SwiftCompile normal arm64_32 /Users/admin/builder/spi-builder-workspace/Sources/GMSnagNav/DragAndDrop.swift (in target 'GMSnagNav' from project 'GMSnagNav')
cd /Users/admin/builder/spi-builder-workspace/.swiftpm/xcode
SwiftCompile normal arm64_32 /Users/admin/builder/spi-builder-workspace/Sources/GMSnagNav/DuplicateIDs.swift (in target 'GMSnagNav' from project 'GMSnagNav')
cd /Users/admin/builder/spi-builder-workspace/.swiftpm/xcode
SwiftCompile normal arm64_32 /Users/admin/builder/spi-builder-workspace/Sources/GMSnagNav/EmptyContent.swift (in target 'GMSnagNav' from project 'GMSnagNav')
cd /Users/admin/builder/spi-builder-workspace/.swiftpm/xcode
SwiftCompile normal arm64_32 Compiling\ OutlineLabel.swift,\ OutlineMenuItem.swift,\ Renaming.swift /Users/admin/builder/spi-builder-workspace/Sources/GMSnagNav/OutlineLabel.swift /Users/admin/builder/spi-builder-workspace/Sources/GMSnagNav/OutlineMenuItem.swift /Users/admin/builder/spi-builder-workspace/Sources/GMSnagNav/Renaming.swift (in target 'GMSnagNav' from project 'GMSnagNav')
SwiftCompile normal arm64_32 /Users/admin/builder/spi-builder-workspace/Sources/GMSnagNav/OutlineLabel.swift (in target 'GMSnagNav' from project 'GMSnagNav')
cd /Users/admin/builder/spi-builder-workspace/.swiftpm/xcode
SwiftCompile normal arm64_32 /Users/admin/builder/spi-builder-workspace/Sources/GMSnagNav/OutlineMenuItem.swift (in target 'GMSnagNav' from project 'GMSnagNav')
cd /Users/admin/builder/spi-builder-workspace/.swiftpm/xcode
SwiftCompile normal arm64_32 /Users/admin/builder/spi-builder-workspace/Sources/GMSnagNav/Renaming.swift (in target 'GMSnagNav' from project 'GMSnagNav')
cd /Users/admin/builder/spi-builder-workspace/.swiftpm/xcode
SwiftCompile normal arm64_32 Compiling\ Reordering.swift,\ Reveal.swift,\ Sections.swift /Users/admin/builder/spi-builder-workspace/Sources/GMSnagNav/Reordering.swift /Users/admin/builder/spi-builder-workspace/Sources/GMSnagNav/Reveal.swift /Users/admin/builder/spi-builder-workspace/Sources/GMSnagNav/Sections.swift (in target 'GMSnagNav' from project 'GMSnagNav')
SwiftCompile normal arm64_32 /Users/admin/builder/spi-builder-workspace/Sources/GMSnagNav/Reordering.swift (in target 'GMSnagNav' from project 'GMSnagNav')
cd /Users/admin/builder/spi-builder-workspace/.swiftpm/xcode
SwiftCompile normal arm64_32 /Users/admin/builder/spi-builder-workspace/Sources/GMSnagNav/Reveal.swift (in target 'GMSnagNav' from project 'GMSnagNav')
cd /Users/admin/builder/spi-builder-workspace/.swiftpm/xcode
SwiftCompile normal arm64_32 /Users/admin/builder/spi-builder-workspace/Sources/GMSnagNav/Sections.swift (in target 'GMSnagNav' from project 'GMSnagNav')
cd /Users/admin/builder/spi-builder-workspace/.swiftpm/xcode
SwiftCompile normal arm64_32 Compiling\ OutlineRowView.swift,\ SnagCollectionView.swift,\ UIKitOutlineRenderer.swift /Users/admin/builder/spi-builder-workspace/Sources/GMSnagNav/UIKit/OutlineRowView.swift /Users/admin/builder/spi-builder-workspace/Sources/GMSnagNav/UIKit/SnagCollectionView.swift /Users/admin/builder/spi-builder-workspace/Sources/GMSnagNav/UIKit/UIKitOutlineRenderer.swift (in target 'GMSnagNav' from project 'GMSnagNav')
SwiftCompile normal arm64_32 /Users/admin/builder/spi-builder-workspace/Sources/GMSnagNav/UIKit/OutlineRowView.swift (in target 'GMSnagNav' from project 'GMSnagNav')
cd /Users/admin/builder/spi-builder-workspace/.swiftpm/xcode
SwiftCompile normal arm64_32 /Users/admin/builder/spi-builder-workspace/Sources/GMSnagNav/UIKit/SnagCollectionView.swift (in target 'GMSnagNav' from project 'GMSnagNav')
cd /Users/admin/builder/spi-builder-workspace/.swiftpm/xcode
SwiftCompile normal arm64_32 /Users/admin/builder/spi-builder-workspace/Sources/GMSnagNav/UIKit/UIKitOutlineRenderer.swift (in target 'GMSnagNav' from project 'GMSnagNav')
cd /Users/admin/builder/spi-builder-workspace/.swiftpm/xcode
SwiftEmitModule normal arm64_32 Emitting\ module\ for\ GMSnagNav (in target 'GMSnagNav' from project 'GMSnagNav')
EmitSwiftModule normal arm64_32 (in target 'GMSnagNav' from project 'GMSnagNav')
cd /Users/admin/builder/spi-builder-workspace/.swiftpm/xcode
SwiftCompile normal arm64_32 Compiling\ resource_bundle_accessor.swift,\ AppKitOutlineRenderer.swift,\ HostingCellView.swift,\ NativeContextMenu.swift /Users/admin/builder/spi-builder-workspace/.derivedData/Build/Intermediates.noindex/GMSnagNav.build/Debug-watchos/GMSnagNav.build/DerivedSources/resource_bundle_accessor.swift /Users/admin/builder/spi-builder-workspace/Sources/GMSnagNav/AppKit/AppKitOutlineRenderer.swift /Users/admin/builder/spi-builder-workspace/Sources/GMSnagNav/AppKit/HostingCellView.swift /Users/admin/builder/spi-builder-workspace/Sources/GMSnagNav/AppKit/NativeContextMenu.swift (in target 'GMSnagNav' from project 'GMSnagNav')
SwiftCompile normal arm64_32 /Users/admin/builder/spi-builder-workspace/.derivedData/Build/Intermediates.noindex/GMSnagNav.build/Debug-watchos/GMSnagNav.build/DerivedSources/resource_bundle_accessor.swift (in target 'GMSnagNav' from project 'GMSnagNav')
cd /Users/admin/builder/spi-builder-workspace/.swiftpm/xcode
SwiftCompile normal arm64_32 /Users/admin/builder/spi-builder-workspace/Sources/GMSnagNav/AppKit/AppKitOutlineRenderer.swift (in target 'GMSnagNav' from project 'GMSnagNav')
cd /Users/admin/builder/spi-builder-workspace/.swiftpm/xcode
SwiftCompile normal arm64_32 /Users/admin/builder/spi-builder-workspace/Sources/GMSnagNav/AppKit/HostingCellView.swift (in target 'GMSnagNav' from project 'GMSnagNav')
cd /Users/admin/builder/spi-builder-workspace/.swiftpm/xcode
SwiftCompile normal arm64_32 /Users/admin/builder/spi-builder-workspace/Sources/GMSnagNav/AppKit/NativeContextMenu.swift (in target 'GMSnagNav' from project 'GMSnagNav')
cd /Users/admin/builder/spi-builder-workspace/.swiftpm/xcode
SwiftCompile normal arm64_32 Compiling\ NodeBox.swift,\ SnagOutlineView.swift,\ Badges.swift,\ CompactNavigation.swift /Users/admin/builder/spi-builder-workspace/Sources/GMSnagNav/AppKit/NodeBox.swift /Users/admin/builder/spi-builder-workspace/Sources/GMSnagNav/AppKit/SnagOutlineView.swift /Users/admin/builder/spi-builder-workspace/Sources/GMSnagNav/Badges.swift /Users/admin/builder/spi-builder-workspace/Sources/GMSnagNav/CompactNavigation.swift (in target 'GMSnagNav' from project 'GMSnagNav')
SwiftCompile normal arm64_32 /Users/admin/builder/spi-builder-workspace/Sources/GMSnagNav/AppKit/NodeBox.swift (in target 'GMSnagNav' from project 'GMSnagNav')
cd /Users/admin/builder/spi-builder-workspace/.swiftpm/xcode
SwiftCompile normal arm64_32 /Users/admin/builder/spi-builder-workspace/Sources/GMSnagNav/AppKit/SnagOutlineView.swift (in target 'GMSnagNav' from project 'GMSnagNav')
cd /Users/admin/builder/spi-builder-workspace/.swiftpm/xcode
SwiftCompile normal arm64_32 /Users/admin/builder/spi-builder-workspace/Sources/GMSnagNav/Badges.swift (in target 'GMSnagNav' from project 'GMSnagNav')
cd /Users/admin/builder/spi-builder-workspace/.swiftpm/xcode
SwiftCompile normal arm64_32 /Users/admin/builder/spi-builder-workspace/Sources/GMSnagNav/CompactNavigation.swift (in target 'GMSnagNav' from project 'GMSnagNav')
cd /Users/admin/builder/spi-builder-workspace/.swiftpm/xcode
SwiftCompile normal arm64_32 Compiling\ ExpansionChanges.swift,\ FlatInsertion.swift,\ OutlineDiff.swift,\ OutlineDrop.swift /Users/admin/builder/spi-builder-workspace/Sources/GMSnagNav/Core/ExpansionChanges.swift /Users/admin/builder/spi-builder-workspace/Sources/GMSnagNav/Core/FlatInsertion.swift /Users/admin/builder/spi-builder-workspace/Sources/GMSnagNav/Core/OutlineDiff.swift /Users/admin/builder/spi-builder-workspace/Sources/GMSnagNav/Core/OutlineDrop.swift (in target 'GMSnagNav' from project 'GMSnagNav')
SwiftCompile normal arm64_32 /Users/admin/builder/spi-builder-workspace/Sources/GMSnagNav/Core/ExpansionChanges.swift (in target 'GMSnagNav' from project 'GMSnagNav')
cd /Users/admin/builder/spi-builder-workspace/.swiftpm/xcode
SwiftCompile normal arm64_32 /Users/admin/builder/spi-builder-workspace/Sources/GMSnagNav/Core/FlatInsertion.swift (in target 'GMSnagNav' from project 'GMSnagNav')
cd /Users/admin/builder/spi-builder-workspace/.swiftpm/xcode
SwiftCompile normal arm64_32 /Users/admin/builder/spi-builder-workspace/Sources/GMSnagNav/Core/OutlineDiff.swift (in target 'GMSnagNav' from project 'GMSnagNav')
cd /Users/admin/builder/spi-builder-workspace/.swiftpm/xcode
SwiftCompile normal arm64_32 /Users/admin/builder/spi-builder-workspace/Sources/GMSnagNav/Core/OutlineDrop.swift (in target 'GMSnagNav' from project 'GMSnagNav')
cd /Users/admin/builder/spi-builder-workspace/.swiftpm/xcode
SwiftCompile normal arm64_32 Compiling\ GMSnagNav.swift,\ Navigation.swift,\ OutlineAppearance.swift /Users/admin/builder/spi-builder-workspace/Sources/GMSnagNav/GMSnagNav.swift /Users/admin/builder/spi-builder-workspace/Sources/GMSnagNav/Navigation.swift /Users/admin/builder/spi-builder-workspace/Sources/GMSnagNav/OutlineAppearance.swift (in target 'GMSnagNav' from project 'GMSnagNav')
SwiftCompile normal arm64_32 /Users/admin/builder/spi-builder-workspace/Sources/GMSnagNav/GMSnagNav.swift (in target 'GMSnagNav' from project 'GMSnagNav')
cd /Users/admin/builder/spi-builder-workspace/.swiftpm/xcode
SwiftCompile normal arm64_32 /Users/admin/builder/spi-builder-workspace/Sources/GMSnagNav/Navigation.swift (in target 'GMSnagNav' from project 'GMSnagNav')
cd /Users/admin/builder/spi-builder-workspace/.swiftpm/xcode
SwiftCompile normal arm64_32 /Users/admin/builder/spi-builder-workspace/Sources/GMSnagNav/OutlineAppearance.swift (in target 'GMSnagNav' from project 'GMSnagNav')
cd /Users/admin/builder/spi-builder-workspace/.swiftpm/xcode
SwiftCompile normal arm64_32 Compiling\ OutlineTree.swift,\ SelectionReveal.swift,\ SpringLoading.swift,\ VisibleRows.swift /Users/admin/builder/spi-builder-workspace/Sources/GMSnagNav/Core/OutlineTree.swift /Users/admin/builder/spi-builder-workspace/Sources/GMSnagNav/Core/SelectionReveal.swift /Users/admin/builder/spi-builder-workspace/Sources/GMSnagNav/Core/SpringLoading.swift /Users/admin/builder/spi-builder-workspace/Sources/GMSnagNav/Core/VisibleRows.swift (in target 'GMSnagNav' from project 'GMSnagNav')
SwiftCompile normal arm64_32 /Users/admin/builder/spi-builder-workspace/Sources/GMSnagNav/Core/OutlineTree.swift (in target 'GMSnagNav' from project 'GMSnagNav')
cd /Users/admin/builder/spi-builder-workspace/.swiftpm/xcode
SwiftCompile normal arm64_32 /Users/admin/builder/spi-builder-workspace/Sources/GMSnagNav/Core/SelectionReveal.swift (in target 'GMSnagNav' from project 'GMSnagNav')
cd /Users/admin/builder/spi-builder-workspace/.swiftpm/xcode
SwiftCompile normal arm64_32 /Users/admin/builder/spi-builder-workspace/Sources/GMSnagNav/Core/SpringLoading.swift (in target 'GMSnagNav' from project 'GMSnagNav')
cd /Users/admin/builder/spi-builder-workspace/.swiftpm/xcode
SwiftCompile normal arm64_32 /Users/admin/builder/spi-builder-workspace/Sources/GMSnagNav/Core/VisibleRows.swift (in target 'GMSnagNav' from project 'GMSnagNav')
cd /Users/admin/builder/spi-builder-workspace/.swiftpm/xcode
SwiftEmitModule normal arm64 Emitting\ module\ for\ GMSnagNav (in target 'GMSnagNav' from project 'GMSnagNav')
EmitSwiftModule normal arm64 (in target 'GMSnagNav' from project 'GMSnagNav')
cd /Users/admin/builder/spi-builder-workspace/.swiftpm/xcode
SwiftDriverJobDiscovery normal arm64_32 Compiling OutlineRowView.swift, SnagCollectionView.swift, UIKitOutlineRenderer.swift (in target 'GMSnagNav' from project 'GMSnagNav')
SwiftCompile normal arm64 Compiling\ OutlineAppearance.swift,\ OutlineLabel.swift /Users/admin/builder/spi-builder-workspace/Sources/GMSnagNav/OutlineAppearance.swift /Users/admin/builder/spi-builder-workspace/Sources/GMSnagNav/OutlineLabel.swift (in target 'GMSnagNav' from project 'GMSnagNav')
SwiftCompile normal arm64 /Users/admin/builder/spi-builder-workspace/Sources/GMSnagNav/OutlineAppearance.swift (in target 'GMSnagNav' from project 'GMSnagNav')
cd /Users/admin/builder/spi-builder-workspace/.swiftpm/xcode
SwiftCompile normal arm64 /Users/admin/builder/spi-builder-workspace/Sources/GMSnagNav/OutlineLabel.swift (in target 'GMSnagNav' from project 'GMSnagNav')
cd /Users/admin/builder/spi-builder-workspace/.swiftpm/xcode
SwiftDriverJobDiscovery normal arm64_32 Compiling resource_bundle_accessor.swift, AppKitOutlineRenderer.swift, HostingCellView.swift, NativeContextMenu.swift (in target 'GMSnagNav' from project 'GMSnagNav')
SwiftCompile normal arm64 Compiling\ OutlineMenuItem.swift,\ Renaming.swift /Users/admin/builder/spi-builder-workspace/Sources/GMSnagNav/OutlineMenuItem.swift /Users/admin/builder/spi-builder-workspace/Sources/GMSnagNav/Renaming.swift (in target 'GMSnagNav' from project 'GMSnagNav')
Failed frontend command:
/Applications/Xcode-26.5.0.app/Contents/Developer/Toolchains/XcodeDefault.xctoolchain/usr/bin/swift-frontend -frontend -c /Users/admin/builder/spi-builder-workspace/.derivedData/Build/Intermediates.noindex/GMSnagNav.build/Debug-watchos/GMSnagNav.build/DerivedSources/resource_bundle_accessor.swift /Users/admin/builder/spi-builder-workspace/Sources/GMSnagNav/AppKit/AppKitOutlineRenderer.swift /Users/admin/builder/spi-builder-workspace/Sources/GMSnagNav/AppKit/HostingCellView.swift /Users/admin/builder/spi-builder-workspace/Sources/GMSnagNav/AppKit/NativeContextMenu.swift /Users/admin/builder/spi-builder-workspace/Sources/GMSnagNav/AppKit/NodeBox.swift /Users/admin/builder/spi-builder-workspace/Sources/GMSnagNav/AppKit/SnagOutlineView.swift /Users/admin/builder/spi-builder-workspace/Sources/GMSnagNav/Badges.swift /Users/admin/builder/spi-builder-workspace/Sources/GMSnagNav/CompactNavigation.swift /Users/admin/builder/spi-builder-workspace/Sources/GMSnagNav/Core/ExpansionChanges.swift /Users/admin/builder/spi-builder-workspace/Sources/GMSnagNav/Core/FlatInsertion.swift /Users/admin/builder/spi-builder-workspace/Sources/GMSnagNav/Core/OutlineDiff.swift /Users/admin/builder/spi-builder-workspace/Sources/GMSnagNav/Core/OutlineDrop.swift /Users/admin/builder/spi-builder-workspace/Sources/GMSnagNav/Core/OutlineTree.swift /Users/admin/builder/spi-builder-workspace/Sources/GMSnagNav/Core/SelectionReveal.swift /Users/admin/builder/spi-builder-workspace/Sources/GMSnagNav/Core/SpringLoading.swift /Users/admin/builder/spi-builder-workspace/Sources/GMSnagNav/Core/VisibleRows.swift /Users/admin/builder/spi-builder-workspace/Sources/GMSnagNav/DragAndDrop.swift /Users/admin/builder/spi-builder-workspace/Sources/GMSnagNav/DuplicateIDs.swift /Users/admin/builder/spi-builder-workspace/Sources/GMSnagNav/EmptyContent.swift /Users/admin/builder/spi-builder-workspace/Sources/GMSnagNav/GMSnagNav.swift /Users/admin/builder/spi-builder-workspace/Sources/GMSnagNav/Navigation.swift /Users/admin/builder/spi-builder-workspace/Sources/GMSnagNav/OutlineAppearance.swift /Users/admin/builder/spi-builder-workspace/Sources/GMSnagNav/OutlineLabel.swift -primary-file /Users/admin/builder/spi-builder-workspace/Sources/GMSnagNav/OutlineMenuItem.swift -primary-file /Users/admin/builder/spi-builder-workspace/Sources/GMSnagNav/Renaming.swift /Users/admin/builder/spi-builder-workspace/Sources/GMSnagNav/Reordering.swift /Users/admin/builder/spi-builder-workspace/Sources/GMSnagNav/Reveal.swift /Users/admin/builder/spi-builder-workspace/Sources/GMSnagNav/Sections.swift /Users/admin/builder/spi-builder-workspace/Sources/GMSnagNav/SnagOutline.swift /Users/admin/builder/spi-builder-workspace/Sources/GMSnagNav/SwipeActions.swift /Users/admin/builder/spi-builder-workspace/Sources/GMSnagNav/TypeSelect.swift /Users/admin/builder/spi-builder-workspace/Sources/GMSnagNav/UIKit/OutlineRowView.swift /Users/admin/builder/spi-builder-workspace/Sources/GMSnagNav/UIKit/SnagCollectionView.swift /Users/admin/builder/spi-builder-workspace/Sources/GMSnagNav/UIKit/UIKitOutlineRenderer.swift -emit-dependencies-path /Users/admin/builder/spi-builder-workspace/.derivedData/Build/Intermediates.noindex/GMSnagNav.build/Debug-watchos/GMSnagNav.build/Objects-normal/arm64/OutlineMenuItem.d -emit-const-values-path /Users/admin/builder/spi-builder-workspace/.derivedData/Build/Intermediates.noindex/GMSnagNav.build/Debug-watchos/GMSnagNav.build/Objects-normal/arm64/OutlineMenuItem.swiftconstvalues -emit-reference-dependencies-path /Users/admin/builder/spi-builder-workspace/.derivedData/Build/Intermediates.noindex/GMSnagNav.build/Debug-watchos/GMSnagNav.build/Objects-normal/arm64/OutlineMenuItem.swiftdeps -serialize-diagnostics-path /Users/admin/builder/spi-builder-workspace/.derivedData/Build/Intermediates.noindex/GMSnagNav.build/Debug-watchos/GMSnagNav.build/Objects-normal/arm64/OutlineMenuItem.dia -emit-dependencies-path /Users/admin/builder/spi-builder-workspace/.derivedData/Build/Intermediates.noindex/GMSnagNav.build/Debug-watchos/GMSnagNav.build/Objects-normal/arm64/Renaming.d -emit-const-values-path /Users/admin/builder/spi-builder-workspace/.derivedData/Build/Intermediates.noindex/GMSnagNav.build/Debug-watchos/GMSnagNav.build/Objects-normal/arm64/Renaming.swiftconstvalues -emit-reference-dependencies-path /Users/admin/builder/spi-builder-workspace/.derivedData/Build/Intermediates.noindex/GMSnagNav.build/Debug-watchos/GMSnagNav.build/Objects-normal/arm64/Renaming.swiftdeps -serialize-diagnostics-path /Users/admin/builder/spi-builder-workspace/.derivedData/Build/Intermediates.noindex/GMSnagNav.build/Debug-watchos/GMSnagNav.build/Objects-normal/arm64/Renaming.dia -emit-localized-strings -emit-localized-strings-path /Users/admin/builder/spi-builder-workspace/.derivedData/Build/Intermediates.noindex/GMSnagNav.build/Debug-watchos/GMSnagNav.build/Objects-normal/arm64 -target arm64-apple-watchos26.0 -load-resolved-plugin /Applications/Xcode-26.5.0.app/Contents/Developer/Platforms/WatchOS.platform/Developer/usr/lib/swift/host/plugins/libFoundationMacros.dylib\#/Applications/Xcode-26.5.0.app/Contents/Developer/Platforms/WatchOS.platform/Developer/usr/bin/swift-plugin-server\#FoundationMacros -load-resolved-plugin /Applications/Xcode-26.5.0.app/Contents/Developer/Platforms/WatchOS.platform/Developer/usr/lib/swift/host/plugins/libObservationMacros.dylib\#/Applications/Xcode-26.5.0.app/Contents/Developer/Platforms/WatchOS.platform/Developer/usr/bin/swift-plugin-server\#ObservationMacros -load-resolved-plugin /Applications/Xcode-26.5.0.app/Contents/Developer/Platforms/WatchOS.platform/Developer/usr/lib/swift/host/plugins/libPreviewsMacros.dylib\#/Applications/Xcode-26.5.0.app/Contents/Developer/Platforms/WatchOS.platform/Developer/usr/bin/swift-plugin-server\#PreviewsMacros -load-resolved-plugin /Applications/Xcode-26.5.0.app/Contents/Developer/Platforms/WatchOS.platform/Developer/usr/lib/swift/host/plugins/libSwiftMacros.dylib\#/Applications/Xcode-26.5.0.app/Contents/Developer/Platforms/WatchOS.platform/Developer/usr/bin/swift-plugin-server\#SwiftMacros -load-resolved-plugin /Applications/Xcode-26.5.0.app/Contents/Developer/Platforms/WatchOS.platform/Developer/usr/lib/swift/host/plugins/libSwiftUIMacros.dylib\#/Applications/Xcode-26.5.0.app/Contents/Developer/Platforms/WatchOS.platform/Developer/usr/bin/swift-plugin-server\#SwiftUIMacros -disable-implicit-swift-modules -Xcc -fno-implicit-modules -Xcc -fno-implicit-module-maps -explicit-swift-module-map-file /Users/admin/builder/spi-builder-workspace/.derivedData/Build/Intermediates.noindex/GMSnagNav.build/Debug-watchos/GMSnagNav.build/Objects-normal/arm64/GMSnagNav-dependencies-2.json -debug-module-path /Users/admin/builder/spi-builder-workspace/.derivedData/Build/Intermediates.noindex/GMSnagNav.build/Debug-watchos/GMSnagNav.build/Objects-normal/arm64/GMSnagNav.swiftmodule -Xllvm -aarch64-use-tbi -enable-objc-interop -stack-check -sdk /Applications/Xcode-26.5.0.app/Contents/Developer/Platforms/WatchOS.platform/Developer/SDKs/WatchOS26.5.sdk -I /Users/admin/builder/spi-builder-workspace/.derivedData/Build/Products/Debug-watchos -Isystem /Applications/Xcode-26.5.0.app/Contents/Developer/Platforms/WatchOS.platform/Developer/usr/lib -F /Users/admin/builder/spi-builder-workspace/.derivedData/Build/Products/Debug-watchos -F /Applications/Xcode-26.5.0.app/Contents/Developer/Platforms/WatchOS.platform/Developer/Library/Frameworks -F /Applications/Xcode-26.5.0.app/Contents/Developer/Platforms/WatchOS.platform/Developer/SDKs/WatchOS26.5.sdk/Developer/Library/Frameworks -no-color-diagnostics -Xcc -fno-color-diagnostics -enable-testing -g -debug-info-format\=dwarf -dwarf-version\=5 -module-cache-path /Users/admin/builder/spi-builder-workspace/.derivedData/Build/Intermediates.noindex/SwiftExplicitPrecompiledModules -profile-generate -profile-coverage-mapping -swift-version 6 -Onone -D SWIFT_PACKAGE -D DEBUG -D SWIFT_MODULE_RESOURCE_BUNDLE_AVAILABLE -D Xcode -serialize-debugging-options -const-gather-protocols-file /Users/admin/builder/spi-builder-workspace/.derivedData/Build/Intermediates.noindex/GMSnagNav.build/Debug-watchos/GMSnagNav.build/Objects-normal/arm64/GMSnagNav_const_extract_protocols.json -enable-experimental-feature DebugDescriptionMacro -empty-abi-descriptor -validate-clang-modules-once -clang-build-session-file /Users/admin/builder/spi-builder-workspace/.derivedData/ModuleCache.noindex/Session.modulevalidation -Xcc -working-directory -Xcc /Users/admin/builder/spi-builder-workspace/.swiftpm/xcode -enable-anonymous-context-mangled-names -file-compilation-dir /Users/admin/builder/spi-builder-workspace/.swiftpm/xcode -Xcc -D_LIBCPP_HARDENING_MODE\=_LIBCPP_HARDENING_MODE_DEBUG -Xcc -ivfsstatcache -Xcc /Users/admin/builder/spi-builder-workspace/.derivedData/SDKStatCaches.noindex/watchos26.5-23T570-688ef53f1462e2c8f657fdc38a81448f7931b973dfc65d9472806dbbc3af9379.sdkstatcache -Xcc -I/Users/admin/builder/spi-builder-workspace/.derivedData/Build/Intermediates.noindex/GMSnagNav.build/Debug-watchos/GMSnagNav.build/swift-overrides.hmap -Xcc -I/Users/admin/builder/spi-builder-workspace/.derivedData/Build/Products/Debug-watchos/include -Xcc -I/Users/admin/builder/spi-builder-workspace/.derivedData/Build/Intermediates.noindex/GMSnagNav.build/Debug-watchos/GMSnagNav.build/DerivedSources-normal/arm64 -Xcc -I/Users/admin/builder/spi-builder-workspace/.derivedData/Build/Intermediates.noindex/GMSnagNav.build/Debug-watchos/GMSnagNav.build/DerivedSources/arm64 -Xcc -I/Users/admin/builder/spi-builder-workspace/.derivedData/Build/Intermediates.noindex/GMSnagNav.build/Debug-watchos/GMSnagNav.build/DerivedSources -Xcc -DSWIFT_PACKAGE -Xcc -DDEBUG\=1 -no-auto-bridging-header-chaining -module-name GMSnagNav -package-name spi_builder_workspace -frontend-parseable-output -disable-clang-spi -clang-target arm64-apple-watchos26.5 -target-sdk-version 26.5 -target-sdk-name watchos26.5 -in-process-plugin-server-path /Applications/Xcode-26.5.0.app/Contents/Developer/Toolchains/XcodeDefault.xctoolchain/usr/lib/swift/host/libSwiftInProcPluginServer.dylib -o /Users/admin/builder/spi-builder-workspace/.derivedData/Build/Intermediates.noindex/GMSnagNav.build/Debug-watchos/GMSnagNav.build/Objects-normal/arm64/OutlineMenuItem.o -o /Users/admin/builder/spi-builder-workspace/.derivedData/Build/Intermediates.noindex/GMSnagNav.build/Debug-watchos/GMSnagNav.build/Objects-normal/arm64/Renaming.o -index-unit-output-path /GMSnagNav.build/Debug-watchos/GMSnagNav.build/Objects-normal/arm64/OutlineMenuItem.o -index-unit-output-path /GMSnagNav.build/Debug-watchos/GMSnagNav.build/Objects-normal/arm64/Renaming.o -index-store-path /Users/admin/builder/spi-builder-workspace/.derivedData/Index.noindex/DataStore -index-system-modules
SwiftCompile normal arm64 /Users/admin/builder/spi-builder-workspace/Sources/GMSnagNav/OutlineMenuItem.swift (in target 'GMSnagNav' from project 'GMSnagNav')
cd /Users/admin/builder/spi-builder-workspace/.swiftpm/xcode
/Users/admin/builder/spi-builder-workspace/Sources/GMSnagNav/OutlineMenuItem.swift:112:9: error: 'Menu' is unavailable in watchOS
Menu {
^~~~
SwiftUI.Menu:3:15: note: 'Menu' has been explicitly marked unavailable here
public struct Menu<Label, Content> : View where Label : View, Content : View {
^
/Users/admin/builder/spi-builder-workspace/Sources/GMSnagNav/OutlineMenuItem.swift:112:9: error: 'init(content:label:)' is unavailable in watchOS
Menu {
^~~~
SwiftUI.Menu.init:2:20: note: 'init(content:label:)' has been explicitly marked unavailable here
nonisolated public init(@ViewBuilder content: () -> Content, @ViewBuilder label: () -> Label)}
^
SwiftCompile normal arm64 /Users/admin/builder/spi-builder-workspace/Sources/GMSnagNav/Renaming.swift (in target 'GMSnagNav' from project 'GMSnagNav')
cd /Users/admin/builder/spi-builder-workspace/.swiftpm/xcode
/Users/admin/builder/spi-builder-workspace/Sources/GMSnagNav/Renaming.swift:169:5: error: 'init(text:selection:prompt:axis:label:)' is unavailable in watchOS
TextField(text: $name, selection: $selection) {
^~~~~~~~~
SwiftUI.TextField.init:2:20: note: 'init(text:selection:prompt:axis:label:)' has been explicitly marked unavailable here
nonisolated public init(text: Binding<String>, selection: Binding<TextSelection?>, prompt: Text? = nil, axis: Axis? = nil, @ViewBuilder label: () -> Label)}
^
SwiftCompile normal arm64 Compiling\ NodeBox.swift,\ SnagOutlineView.swift,\ Badges.swift /Users/admin/builder/spi-builder-workspace/Sources/GMSnagNav/AppKit/NodeBox.swift /Users/admin/builder/spi-builder-workspace/Sources/GMSnagNav/AppKit/SnagOutlineView.swift /Users/admin/builder/spi-builder-workspace/Sources/GMSnagNav/Badges.swift (in target 'GMSnagNav' from project 'GMSnagNav')
SwiftCompile normal arm64 /Users/admin/builder/spi-builder-workspace/Sources/GMSnagNav/AppKit/NodeBox.swift (in target 'GMSnagNav' from project 'GMSnagNav')
cd /Users/admin/builder/spi-builder-workspace/.swiftpm/xcode
SwiftCompile normal arm64 /Users/admin/builder/spi-builder-workspace/Sources/GMSnagNav/AppKit/SnagOutlineView.swift (in target 'GMSnagNav' from project 'GMSnagNav')
cd /Users/admin/builder/spi-builder-workspace/.swiftpm/xcode
SwiftCompile normal arm64 /Users/admin/builder/spi-builder-workspace/Sources/GMSnagNav/Badges.swift (in target 'GMSnagNav' from project 'GMSnagNav')
cd /Users/admin/builder/spi-builder-workspace/.swiftpm/xcode
SwiftDriverJobDiscovery normal arm64_32 Compiling OutlineTree.swift, SelectionReveal.swift, SpringLoading.swift, VisibleRows.swift (in target 'GMSnagNav' from project 'GMSnagNav')
SwiftCompile normal arm64 Compiling\ SwipeActions.swift,\ TypeSelect.swift /Users/admin/builder/spi-builder-workspace/Sources/GMSnagNav/SwipeActions.swift /Users/admin/builder/spi-builder-workspace/Sources/GMSnagNav/TypeSelect.swift (in target 'GMSnagNav' from project 'GMSnagNav')
SwiftCompile normal arm64 /Users/admin/builder/spi-builder-workspace/Sources/GMSnagNav/SwipeActions.swift (in target 'GMSnagNav' from project 'GMSnagNav')
cd /Users/admin/builder/spi-builder-workspace/.swiftpm/xcode
SwiftCompile normal arm64 /Users/admin/builder/spi-builder-workspace/Sources/GMSnagNav/TypeSelect.swift (in target 'GMSnagNav' from project 'GMSnagNav')
cd /Users/admin/builder/spi-builder-workspace/.swiftpm/xcode
SwiftCompile normal arm64 Compiling\ SpringLoading.swift,\ VisibleRows.swift,\ DragAndDrop.swift /Users/admin/builder/spi-builder-workspace/Sources/GMSnagNav/Core/SpringLoading.swift /Users/admin/builder/spi-builder-workspace/Sources/GMSnagNav/Core/VisibleRows.swift /Users/admin/builder/spi-builder-workspace/Sources/GMSnagNav/DragAndDrop.swift (in target 'GMSnagNav' from project 'GMSnagNav')
SwiftCompile normal arm64 /Users/admin/builder/spi-builder-workspace/Sources/GMSnagNav/Core/SpringLoading.swift (in target 'GMSnagNav' from project 'GMSnagNav')
cd /Users/admin/builder/spi-builder-workspace/.swiftpm/xcode
SwiftCompile normal arm64 /Users/admin/builder/spi-builder-workspace/Sources/GMSnagNav/Core/VisibleRows.swift (in target 'GMSnagNav' from project 'GMSnagNav')
cd /Users/admin/builder/spi-builder-workspace/.swiftpm/xcode
SwiftCompile normal arm64 /Users/admin/builder/spi-builder-workspace/Sources/GMSnagNav/DragAndDrop.swift (in target 'GMSnagNav' from project 'GMSnagNav')
cd /Users/admin/builder/spi-builder-workspace/.swiftpm/xcode
SwiftDriverJobDiscovery normal arm64_32 Compiling ExpansionChanges.swift, FlatInsertion.swift, OutlineDiff.swift, OutlineDrop.swift (in target 'GMSnagNav' from project 'GMSnagNav')
SwiftCompile normal arm64_32 Compiling\ SnagOutline.swift,\ SwipeActions.swift,\ TypeSelect.swift /Users/admin/builder/spi-builder-workspace/Sources/GMSnagNav/SnagOutline.swift /Users/admin/builder/spi-builder-workspace/Sources/GMSnagNav/SwipeActions.swift /Users/admin/builder/spi-builder-workspace/Sources/GMSnagNav/TypeSelect.swift (in target 'GMSnagNav' from project 'GMSnagNav')
SwiftCompile normal arm64_32 /Users/admin/builder/spi-builder-workspace/Sources/GMSnagNav/SnagOutline.swift (in target 'GMSnagNav' from project 'GMSnagNav')
cd /Users/admin/builder/spi-builder-workspace/.swiftpm/xcode
SwiftCompile normal arm64_32 /Users/admin/builder/spi-builder-workspace/Sources/GMSnagNav/SwipeActions.swift (in target 'GMSnagNav' from project 'GMSnagNav')
cd /Users/admin/builder/spi-builder-workspace/.swiftpm/xcode
SwiftCompile normal arm64_32 /Users/admin/builder/spi-builder-workspace/Sources/GMSnagNav/TypeSelect.swift (in target 'GMSnagNav' from project 'GMSnagNav')
cd /Users/admin/builder/spi-builder-workspace/.swiftpm/xcode
SwiftDriverJobDiscovery normal arm64 Compiling OutlineAppearance.swift, OutlineLabel.swift (in target 'GMSnagNav' from project 'GMSnagNav')
SwiftCompile normal arm64 Compiling\ Sections.swift,\ SnagOutline.swift /Users/admin/builder/spi-builder-workspace/Sources/GMSnagNav/Sections.swift /Users/admin/builder/spi-builder-workspace/Sources/GMSnagNav/SnagOutline.swift (in target 'GMSnagNav' from project 'GMSnagNav')
2026-10-10 12:39:27.359 xcodebuild[865:4984] [MT] IDERunDestination: Supported platforms for the buildables in the current scheme is empty.
** BUILD FAILED **
The following build commands failed:
SwiftCompile normal arm64 Compiling\ OutlineMenuItem.swift,\ Renaming.swift /Users/admin/builder/spi-builder-workspace/Sources/GMSnagNav/OutlineMenuItem.swift /Users/admin/builder/spi-builder-workspace/Sources/GMSnagNav/Renaming.swift (in target 'GMSnagNav' from project 'GMSnagNav')
SwiftCompile normal arm64 /Users/admin/builder/spi-builder-workspace/Sources/GMSnagNav/OutlineMenuItem.swift (in target 'GMSnagNav' from project 'GMSnagNav')
SwiftCompile normal arm64 /Users/admin/builder/spi-builder-workspace/Sources/GMSnagNav/Renaming.swift (in target 'GMSnagNav' from project 'GMSnagNav')
Building workspace spi-builder-workspace with scheme GMSnagNav
(4 failures)
BUILD FAILURE 6.3 watchOS