Build Information
Failed to build ZaberMotionLib, reference 10.2.0 (df8ea7), with Swift 6.2 for Wasm on 13 Oct 2026 04:09:11 UTC.
Build Command
bash -c docker run --pull=always --rm -v "checkouts-53886768-0":/host -w "$PWD" -e JAVA_HOME="/root/.sdkman/candidates/java/current" -e SPI_BUILD="1" -e SPI_PROCESSING="1" registry.gitlab.com/saguaro1/spi-images:wasm-6.2-latest swift build --swift-sdk swift-6.2-RELEASE_wasm 2>&1Build Log
========================================
RunAll
========================================
Builder version: 5.1.1
Interrupt handler set up.
========================================
Checkout
========================================
Clone URL: https://github.com/zabertech/zaber-motion-lib-swift.git
Reference: 10.2.0
Initialized empty Git repository in /host/spi-builder-workspace/.git/
hint: Using 'master' as the name for the initial branch. This default branch name
hint: is subject to change. To configure the initial branch name to use in all
hint: of your new repositories, which will suppress this warning, call:
hint:
hint: git config --global init.defaultBranch <name>
hint:
hint: Names commonly chosen instead of 'master' are 'main', 'trunk' and
hint: 'development'. The just-created branch can be renamed via this command:
hint:
hint: git branch -m <name>
From https://github.com/zabertech/zaber-motion-lib-swift
* tag 10.2.0 -> FETCH_HEAD
HEAD is now at df8ea7b 10.2.0
Cloned https://github.com/zabertech/zaber-motion-lib-swift.git
Revision (git rev-parse @):
df8ea7bd6c6ae17b995f33b45d861fc65dcb6231
SUCCESS checkout https://github.com/zabertech/zaber-motion-lib-swift.git at 10.2.0
========================================
Build
========================================
Selected platform: wasm
Swift version: 6.2
Building package at path: $PWD
https://github.com/zabertech/zaber-motion-lib-swift.git
Running build ...
bash -c docker run --pull=always --rm -v "checkouts-53886768-0":/host -w "$PWD" -e JAVA_HOME="/root/.sdkman/candidates/java/current" -e SPI_BUILD="1" -e SPI_PROCESSING="1" registry.gitlab.com/saguaro1/spi-images:wasm-6.2-latest swift build --swift-sdk swift-6.2-RELEASE_wasm 2>&1
wasm-6.2-latest: Pulling from saguaro1/spi-images
Digest: sha256:c092ff8dc506a2a30e6239b6992792fd4f7dfaaa46cac3b3c48d8fe35e954282
Status: Image is up to date for registry.gitlab.com/saguaro1/spi-images:wasm-6.2-latest
warning: 'spi-builder-workspace': /host/spi-builder-workspace/Package.swift:6:10: warning: Events are not supported on Linux due to the absence of the Combine framework.
4 |
5 | #if os(Linux)
6 | #warning("Events are not supported on Linux due to the absence of the Combine framework.")
| `- warning: Events are not supported on Linux due to the absence of the Combine framework.
7 | #elseif os(Windows)
8 | #warning("Events are not supported on Windows due to the absence of the Combine framework.")
Fetching https://github.com/mongodb/swift-bson
[1/3391] Fetching swift-bson
Fetched https://github.com/mongodb/swift-bson from cache (0.49s)
Computing version for https://github.com/mongodb/swift-bson
Computed https://github.com/mongodb/swift-bson at 3.1.0 (1.37s)
Fetching https://github.com/apple/swift-nio
Fetching https://github.com/swift-extras/swift-extras-base64
Fetching https://github.com/swift-extras/swift-extras-json
Fetching https://github.com/Quick/Nimble.git
[1/1094] Fetching swift-extras-json
[1095/2048] Fetching swift-extras-json, swift-extras-base64
Fetched https://github.com/swift-extras/swift-extras-base64 from cache (0.43s)
[1/19986] Fetching nimble
[3199/106383] Fetching nimble, swift-nio
Fetched https://github.com/swift-extras/swift-extras-json from cache (1.62s)
Fetched https://github.com/Quick/Nimble.git from cache (1.63s)
[16416/86397] Fetching swift-nio
Fetched https://github.com/apple/swift-nio from cache (3.65s)
Computing version for https://github.com/swift-extras/swift-extras-base64
Computed https://github.com/swift-extras/swift-extras-base64 at 0.5.0 (3.82s)
Computing version for https://github.com/swift-extras/swift-extras-json
Computed https://github.com/swift-extras/swift-extras-json at 0.6.0 (0.16s)
Computing version for https://github.com/Quick/Nimble.git
Computed https://github.com/Quick/Nimble.git at 8.1.2 (0.16s)
Computing version for https://github.com/apple/swift-nio
Computed https://github.com/apple/swift-nio at 2.104.0 (0.34s)
Fetching https://github.com/apple/swift-system.git
Fetching https://github.com/apple/swift-atomics.git
Fetching https://github.com/apple/swift-collections.git
[1/1889] Fetching swift-atomics
[436/30633] Fetching swift-atomics, swift-collections
[437/37921] Fetching swift-atomics, swift-collections, swift-system
Fetched https://github.com/apple/swift-atomics.git from cache (1.16s)
Fetched https://github.com/apple/swift-system.git from cache (1.16s)
Fetched https://github.com/apple/swift-collections.git from cache (1.17s)
Computing version for https://github.com/apple/swift-atomics.git
Computed https://github.com/apple/swift-atomics.git at 1.3.1 (1.32s)
Computing version for https://github.com/apple/swift-system.git
Computed https://github.com/apple/swift-system.git at 1.8.1 (0.17s)
Computing version for https://github.com/apple/swift-collections.git
Computed https://github.com/apple/swift-collections.git at 1.7.3 (0.23s)
Creating working copy for https://github.com/mongodb/swift-bson
Working copy of https://github.com/mongodb/swift-bson resolved at 3.1.0
Creating working copy for https://github.com/apple/swift-atomics.git
Working copy of https://github.com/apple/swift-atomics.git resolved at 1.3.1
Creating working copy for https://github.com/apple/swift-system.git
Working copy of https://github.com/apple/swift-system.git resolved at 1.8.1
Creating working copy for https://github.com/Quick/Nimble.git
Working copy of https://github.com/Quick/Nimble.git resolved at 8.1.2
Creating working copy for https://github.com/apple/swift-collections.git
Working copy of https://github.com/apple/swift-collections.git resolved at 1.7.3
Creating working copy for https://github.com/apple/swift-nio
Working copy of https://github.com/apple/swift-nio resolved at 2.104.0
Creating working copy for https://github.com/swift-extras/swift-extras-json
Working copy of https://github.com/swift-extras/swift-extras-json resolved at 0.6.0
Creating working copy for https://github.com/swift-extras/swift-extras-base64
Working copy of https://github.com/swift-extras/swift-extras-base64 resolved at 0.5.0
Building for debugging...
[0/48] Write sources
[34/48] Compiling CNIOWindows WSAStartup.c
[35/48] Compiling CNIOWASI CNIOWASI.c
[36/48] Compiling CNIOWindows shim.c
[37/48] Compiling CNIOLinux shim.c
[38/48] Compiling _AtomicsShims.c
[39/48] Compiling CNIOPosix event_loop_id.c
[39/48] Compiling CNIOOpenBSD shim.c
[41/48] Write sources
[42/48] Compiling CNIODarwin shim.c
[43/48] Compiling CNIOLinux liburing_shims.c
[44/48] Compiling CNIOFreeBSD shim.c
[45/48] Write swift-version-24593BA9C3E375BF.txt
[46/101] Compiling c-nioatomics.c
[47/119] Compiling c-atomics.c
[49/126] Compiling Atomics ManagedAtomic.swift
[50/126] Compiling Atomics ManagedAtomicLazyReference.swift
[51/128] Emitting module InternalCollectionsUtilities
[54/132] Compiling Atomics AtomicStorage.swift
[55/132] Compiling Atomics AtomicValue.swift
[56/132] Emitting module ExtrasJSON
[59/132] Compiling Atomics OptionalRawRepresentable.swift
[60/132] Compiling Atomics RawRepresentable.swift
[61/132] Compiling Atomics AtomicBool.swift
[62/132] Compiling Atomics UnsafeAtomic.swift
[63/132] Compiling Atomics UnsafeAtomicLazyReference.swift
[64/132] Compiling Atomics AtomicReference.swift
[65/132] Compiling Atomics AtomicMemoryOrderings.swift
[66/132] Compiling Atomics DoubleWord.swift
[68/132] Compiling Atomics AtomicInteger.swift
[69/132] Compiling Atomics AtomicOptionalWrappable.swift
[72/132] Compiling Atomics IntegerConformances.swift
[73/132] Compiling Atomics PointerConformances.swift
[74/132] Compiling Atomics Primitives.native.swift
[77/132] Compiling ExtrasBase64 DecodingError.swift
[90/132] Compiling InternalCollectionsUtilities UnsafeRawBufferPointer+Extras.swift
[91/132] Compiling InternalCollectionsUtilities _SortedCollection.swift
[92/132] Compiling InternalCollectionsUtilities _UniqueCollection.swift
[94/132] Compiling Atomics IntegerOperations.swift
[95/132] Compiling Atomics Unmanaged extensions.swift
[98/132] Compiling _NIODataStructures PriorityQueue.swift
[99/132] Compiling _NIODataStructures _TinyArray.swift
[100/132] Compiling NIOConcurrencyHelpers NIOAtomic.swift
[101/132] Compiling InternalCollectionsUtilities MutableSpan+Extras.swift
[102/132] Compiling InternalCollectionsUtilities OutputSpan+Extras.swift
[103/132] Compiling InternalCollectionsUtilities RandomAccessCollection+Offsets.swift
[104/132] Compiling InternalCollectionsUtilities Span+Extras.swift
[105/132] Compiling InternalCollectionsUtilities _UnsafeBitSet+_Word.swift
[106/132] Compiling InternalCollectionsUtilities _UnsafeBitSet.swift
[107/132] Compiling InternalCollectionsUtilities UnsafeBufferPointer+Extras.swift
[108/132] Compiling InternalCollectionsUtilities UnsafeMutableBufferPointer+Extras.swift
[109/132] Compiling _NIOBase64 Base64.swift
[110/132] Emitting module _NIOBase64
[111/132] Compiling ExtrasJSON JSONValue.swift
[112/133] Compiling ExtrasJSON DocumentReader.swift
[113/134] Compiling ExtrasBase64 Base64.swift
[115/134] Emitting module UnitsInternal
[118/134] Compiling UnitsInternal Units.swift
[121/135] Emitting module NIOConcurrencyHelpers
[122/139] Emitting module SpanPreview
[123/139] Compiling SpanPreview OutputSpan+InputSpanHelpers.swift
[124/139] Compiling SpanPreview InputSpan.swift
[125/139] Compiling SpanPreview MutableSpan+InputSpanHelpers.swift
[127/140] Compiling ExtrasJSON JSONParser.swift
[128/163] Compiling NIOConcurrencyHelpers lock.swift
[129/177] Compiling _NIODataStructures Heap.swift
[130/177] Emitting module _NIODataStructures
[133/184] Compiling NIOConcurrencyHelpers NIOThreadPoolWorkAvailable.swift
[134/184] Compiling NIOConcurrencyHelpers NIOLock.swift
[135/184] Compiling NIOConcurrencyHelpers atomics.swift
[136/184] Compiling NIOConcurrencyHelpers NIOLockedValueBox.swift
[138/185] Emitting module Atomics
[139/185] Emitting module ExtrasBase64
[140/185] Compiling DequeModule UniqueDeque+Consumption.swift
[141/185] Compiling DequeModule UniqueDeque+ContainerOperations.swift
[142/185] Compiling DequeModule UniqueDeque+Deprecations.swift
[143/185] Compiling DequeModule UniqueDeque+Descriptions.swift
[144/185] Compiling DequeModule UniqueDeque+Equatable.swift
[145/185] Compiling DequeModule UniqueDeque+Hashable.swift
[146/185] Compiling DequeModule UniqueDeque+Initializers.swift
[147/185] Compiling DequeModule UniqueDeque+Insertions.swift
[148/185] Compiling DequeModule UniqueDeque+Iterable.swift
[149/185] Compiling DequeModule UniqueDeque+Prepend.swift
[150/185] Compiling DequeModule UniqueDeque+Removals.swift
[151/190] Compiling DequeModule RigidDeque+Prepend.swift
[152/190] Compiling DequeModule RigidDeque+Removals.swift
[153/190] Compiling DequeModule RigidDeque+Replacements.swift
[154/190] Compiling DequeModule RigidDeque+Testing.swift
[155/190] Compiling DequeModule RigidDeque.swift
[156/190] Compiling DequeModule UniqueDeque+Append.swift
[157/190] Compiling DequeModule _DequeBuffer.swift
[158/190] Compiling DequeModule _DequeBufferHeader.swift
[159/190] Compiling DequeModule RigidDeque+Append.swift
[160/190] Compiling DequeModule RigidDeque+Consumption.swift
[161/190] Compiling DequeModule RigidDeque+ContainerOperations.swift
[162/190] Compiling DequeModule RigidDeque+Deprecations.swift
[163/190] Compiling DequeModule RigidDeque+Descriptions.swift
[164/190] Compiling DequeModule RigidDeque+Equatable.swift
[165/190] Compiling DequeModule RigidDeque+Hashable.swift
[166/190] Compiling DequeModule RigidDeque+Initializers.swift
[167/190] Compiling DequeModule RigidDeque+Insertions.swift
[168/190] Compiling DequeModule RigidDeque+Iterable.swift
[169/190] Compiling DequeModule Deque+Collection.swift
[170/190] Compiling DequeModule Deque+CustomReflectable.swift
[171/190] Compiling DequeModule Deque+Descriptions.swift
[173/191] Compiling DequeModule Deque+Codable.swift
[177/191] Compiling DequeModule Deque+Equatable.swift
[178/191] Compiling DequeModule Deque+ExpressibleByArrayLiteral.swift
[179/191] Compiling DequeModule Deque+Extras.swift
[180/191] Compiling DequeModule Deque+Hashable.swift
[181/191] Compiling DequeModule Deque+Testing.swift
[182/191] Compiling DequeModule Deque._Storage.swift
[183/191] Compiling DequeModule Deque._UnsafeHandle.swift
[184/191] Compiling DequeModule Deque.swift
[185/191] Compiling ExtrasBase64 Chromium.swift
[187/192] Emitting module DequeModule
[188/192] Compiling DequeModule UniqueDeque+Replacements.swift
[189/192] Compiling DequeModule UniqueDeque.swift
[190/192] Compiling DequeModule _DequeSlot.swift
[191/192] Compiling DequeModule _UnsafeDequeHandle.swift
[192/192] Compiling DequeModule _UnsafeDequeSegments.swift
[194/257] Compiling NIOCore NIOCoreSendableMetatype.swift
[195/257] Compiling NIOCore NIODecodedAsyncSequence.swift
[196/257] Compiling NIOCore NIOLoopBound.swift
[197/257] Compiling NIOCore NIOPooledRecvBufferAllocator.swift
[198/257] Compiling NIOCore NIOScheduledCallback.swift
[199/257] Compiling NIOCore NIOSendable.swift
[200/257] Compiling NIOCore NIOSplitLinesMessageDecoder.swift
[201/257] Compiling NIOCore NIOTransportAccessibleChannelCore.swift
[202/257] Compiling NIOCore RecvByteBufferAllocator.swift
[203/265] Compiling NIOCore IPProtocol.swift
[204/265] Compiling NIOCore IntegerBitPacking.swift
[205/265] Compiling NIOCore IntegerTypes.swift
[206/265] Compiling NIOCore Interfaces.swift
[207/265] Compiling NIOCore Linux.swift
[208/265] Compiling NIOCore MarkedCircularBuffer.swift
[209/265] Compiling NIOCore MulticastChannel.swift
[210/265] Compiling NIOCore NIOAny.swift
[211/265] Compiling NIOCore NIOCloseOnErrorHandler.swift
[212/265] Compiling NIOCore AddressedEnvelope.swift
[213/265] Compiling NIOCore AsyncAwaitSupport.swift
[214/265] Compiling NIOCore AsyncChannel.swift
[215/265] Compiling NIOCore AsyncChannelHandler.swift
[216/265] Compiling NIOCore AsyncChannelInboundStream.swift
[217/265] Compiling NIOCore AsyncChannelOutboundWriter.swift
[218/265] Compiling NIOCore NIOAsyncSequenceProducer.swift
[219/265] Compiling NIOCore NIOAsyncSequenceProducerStrategies.swift
[220/265] Compiling NIOCore NIOAsyncWriter.swift
[221/265] Compiling NIOCore SingleStepByteToMessageDecoder.swift
[222/265] Compiling NIOCore SocketAddresses.swift
[223/265] Compiling NIOCore SocketOptionProvider.swift
[224/265] Compiling NIOCore SystemCallHelpers.swift
[225/265] Compiling NIOCore TimeAmount+Duration.swift
[226/265] Compiling NIOCore TypeAssistedChannelHandler.swift
[227/265] Compiling NIOCore UniversalBootstrapSupport.swift
[228/265] Compiling NIOCore Utilities.swift
[229/265] Compiling NIOCore NIOThrowingAsyncSequenceProducer.swift
[230/265] Compiling NIOCore BSDSocketAPI.swift
[231/265] Compiling NIOCore ByteBuffer-aux.swift
[232/265] Compiling NIOCore ByteBuffer-binaryEncodedLengthPrefix.swift
[233/265] Compiling NIOCore ByteBuffer-conversions.swift
[234/265] Compiling NIOCore ByteBuffer-core.swift
[235/265] Compiling NIOCore ByteBuffer-hex.swift
[236/265] Compiling NIOCore ByteBuffer-int.swift
[237/265] Compiling NIOCore ByteBuffer-lengthPrefix.swift
[238/265] Compiling NIOCore EventLoopFuture+Deprecated.swift
[239/265] Compiling NIOCore EventLoopFuture+WithEventLoop.swift
[240/265] Compiling NIOCore EventLoopFuture.swift
[241/265] Compiling NIOCore FileDescriptor.swift
[242/265] Compiling NIOCore FileHandle.swift
[243/265] Compiling NIOCore FileRegion.swift
[244/265] Compiling NIOCore GlobalSingletons.swift
[245/265] Compiling NIOCore IO.swift
[246/265] Compiling NIOCore IOData.swift
[247/265] Compiling NIOCore CircularBuffer.swift
[248/265] Compiling NIOCore Codec.swift
[249/265] Compiling NIOCore ConvenienceOptionSupport.swift
[250/265] Compiling NIOCore DeadChannel.swift
[251/265] Compiling NIOCore DispatchQueue+WithFuture.swift
[252/265] Compiling NIOCore EventLoop+Deprecated.swift
[253/265] Compiling NIOCore EventLoop+SerialExecutor.swift
[254/265] Compiling NIOCore EventLoop.swift
[255/265] Compiling NIOCore EventLoopFuture+AssumeIsolated.swift
[256/265] Compiling NIOCore ByteBuffer-multi-int.swift
[257/265] Compiling NIOCore ByteBuffer-quicBinaryEncodingStrategy.swift
[258/265] Compiling NIOCore ByteBuffer-views.swift
[259/265] Compiling NIOCore Channel.swift
[260/265] Compiling NIOCore ChannelHandler.swift
[261/265] Compiling NIOCore ChannelHandlers.swift
[262/265] Compiling NIOCore ChannelInvoker.swift
[263/265] Compiling NIOCore ChannelOption.swift
[264/265] Compiling NIOCore ChannelPipeline.swift
[265/265] Emitting module NIOCore
[267/320] Compiling NIOPosix BSDSocketAPICommon.swift
/host/spi-builder-workspace/.build/checkouts/swift-nio/Sources/NIOPosix/BaseSocketChannel+AccessibleTransport.swift:17:11: error: cannot find type 'BaseSocketChannel' in scope
15 | import NIOCore
16 |
17 | extension BaseSocketChannel where SocketType: BaseSocket {
| `- error: cannot find type 'BaseSocketChannel' in scope
18 | /// The underlying transport type backing this channel.
19 | typealias Transport = NIOBSDSocket.Handle
/host/spi-builder-workspace/.build/checkouts/swift-nio/Sources/NIOPosix/BaseSocketChannel+AccessibleTransport.swift:27:11: error: cannot find type 'BaseSocketChannel' in scope
25 | }
26 |
27 | extension BaseSocketChannel where SocketType: PipePair {
| `- error: cannot find type 'BaseSocketChannel' in scope
28 | /// The underlying transport type backing this channel.
29 | typealias Transport = NIOBSDSocket.PipeHandle
/host/spi-builder-workspace/.build/checkouts/swift-nio/Sources/NIOPosix/BaseSocketChannel+AccessibleTransport.swift:42:11: error: cannot find type 'SocketChannel' in scope
40 | }
41 |
42 | extension SocketChannel: NIOTransportAccessibleChannelCore {}
| `- error: cannot find type 'SocketChannel' in scope
43 | extension ServerSocketChannel: NIOTransportAccessibleChannelCore {}
44 | extension DatagramChannel: NIOTransportAccessibleChannelCore {}
/host/spi-builder-workspace/.build/checkouts/swift-nio/Sources/NIOPosix/BaseSocketChannel+AccessibleTransport.swift:43:11: error: cannot find type 'ServerSocketChannel' in scope
41 |
42 | extension SocketChannel: NIOTransportAccessibleChannelCore {}
43 | extension ServerSocketChannel: NIOTransportAccessibleChannelCore {}
| `- error: cannot find type 'ServerSocketChannel' in scope
44 | extension DatagramChannel: NIOTransportAccessibleChannelCore {}
45 | extension PipeChannel: NIOTransportAccessibleChannelCore {}
/host/spi-builder-workspace/.build/checkouts/swift-nio/Sources/NIOPosix/BaseSocketChannel+AccessibleTransport.swift:44:11: error: cannot find type 'DatagramChannel' in scope
42 | extension SocketChannel: NIOTransportAccessibleChannelCore {}
43 | extension ServerSocketChannel: NIOTransportAccessibleChannelCore {}
44 | extension DatagramChannel: NIOTransportAccessibleChannelCore {}
| `- error: cannot find type 'DatagramChannel' in scope
45 | extension PipeChannel: NIOTransportAccessibleChannelCore {}
46 |
/host/spi-builder-workspace/.build/checkouts/swift-nio/Sources/NIOPosix/BaseSocketChannel+AccessibleTransport.swift:45:11: error: cannot find type 'PipeChannel' in scope
43 | extension ServerSocketChannel: NIOTransportAccessibleChannelCore {}
44 | extension DatagramChannel: NIOTransportAccessibleChannelCore {}
45 | extension PipeChannel: NIOTransportAccessibleChannelCore {}
| `- error: cannot find type 'PipeChannel' in scope
46 |
/host/spi-builder-workspace/.build/checkouts/swift-nio/Sources/NIOPosix/BaseSocketChannel+AccessibleTransport.swift:17:29: error: 'where' clause cannot be applied to a non-generic top-level declaration
15 | import NIOCore
16 |
17 | extension BaseSocketChannel where SocketType: BaseSocket {
| `- error: 'where' clause cannot be applied to a non-generic top-level declaration
18 | /// The underlying transport type backing this channel.
19 | typealias Transport = NIOBSDSocket.Handle
/host/spi-builder-workspace/.build/checkouts/swift-nio/Sources/NIOPosix/BaseSocketChannel+AccessibleTransport.swift:27:29: error: 'where' clause cannot be applied to a non-generic top-level declaration
25 | }
26 |
27 | extension BaseSocketChannel where SocketType: PipePair {
| `- error: 'where' clause cannot be applied to a non-generic top-level declaration
28 | /// The underlying transport type backing this channel.
29 | typealias Transport = NIOBSDSocket.PipeHandle
[268/320] Compiling NIOPosix BSDSocketAPIPosix.swift
/host/spi-builder-workspace/.build/checkouts/swift-nio/Sources/NIOPosix/BaseSocketChannel+AccessibleTransport.swift:17:11: error: cannot find type 'BaseSocketChannel' in scope
15 | import NIOCore
16 |
17 | extension BaseSocketChannel where SocketType: BaseSocket {
| `- error: cannot find type 'BaseSocketChannel' in scope
18 | /// The underlying transport type backing this channel.
19 | typealias Transport = NIOBSDSocket.Handle
/host/spi-builder-workspace/.build/checkouts/swift-nio/Sources/NIOPosix/BaseSocketChannel+AccessibleTransport.swift:27:11: error: cannot find type 'BaseSocketChannel' in scope
25 | }
26 |
27 | extension BaseSocketChannel where SocketType: PipePair {
| `- error: cannot find type 'BaseSocketChannel' in scope
28 | /// The underlying transport type backing this channel.
29 | typealias Transport = NIOBSDSocket.PipeHandle
/host/spi-builder-workspace/.build/checkouts/swift-nio/Sources/NIOPosix/BaseSocketChannel+AccessibleTransport.swift:42:11: error: cannot find type 'SocketChannel' in scope
40 | }
41 |
42 | extension SocketChannel: NIOTransportAccessibleChannelCore {}
| `- error: cannot find type 'SocketChannel' in scope
43 | extension ServerSocketChannel: NIOTransportAccessibleChannelCore {}
44 | extension DatagramChannel: NIOTransportAccessibleChannelCore {}
/host/spi-builder-workspace/.build/checkouts/swift-nio/Sources/NIOPosix/BaseSocketChannel+AccessibleTransport.swift:43:11: error: cannot find type 'ServerSocketChannel' in scope
41 |
42 | extension SocketChannel: NIOTransportAccessibleChannelCore {}
43 | extension ServerSocketChannel: NIOTransportAccessibleChannelCore {}
| `- error: cannot find type 'ServerSocketChannel' in scope
44 | extension DatagramChannel: NIOTransportAccessibleChannelCore {}
45 | extension PipeChannel: NIOTransportAccessibleChannelCore {}
/host/spi-builder-workspace/.build/checkouts/swift-nio/Sources/NIOPosix/BaseSocketChannel+AccessibleTransport.swift:44:11: error: cannot find type 'DatagramChannel' in scope
42 | extension SocketChannel: NIOTransportAccessibleChannelCore {}
43 | extension ServerSocketChannel: NIOTransportAccessibleChannelCore {}
44 | extension DatagramChannel: NIOTransportAccessibleChannelCore {}
| `- error: cannot find type 'DatagramChannel' in scope
45 | extension PipeChannel: NIOTransportAccessibleChannelCore {}
46 |
/host/spi-builder-workspace/.build/checkouts/swift-nio/Sources/NIOPosix/BaseSocketChannel+AccessibleTransport.swift:45:11: error: cannot find type 'PipeChannel' in scope
43 | extension ServerSocketChannel: NIOTransportAccessibleChannelCore {}
44 | extension DatagramChannel: NIOTransportAccessibleChannelCore {}
45 | extension PipeChannel: NIOTransportAccessibleChannelCore {}
| `- error: cannot find type 'PipeChannel' in scope
46 |
/host/spi-builder-workspace/.build/checkouts/swift-nio/Sources/NIOPosix/BaseSocketChannel+AccessibleTransport.swift:17:29: error: 'where' clause cannot be applied to a non-generic top-level declaration
15 | import NIOCore
16 |
17 | extension BaseSocketChannel where SocketType: BaseSocket {
| `- error: 'where' clause cannot be applied to a non-generic top-level declaration
18 | /// The underlying transport type backing this channel.
19 | typealias Transport = NIOBSDSocket.Handle
/host/spi-builder-workspace/.build/checkouts/swift-nio/Sources/NIOPosix/BaseSocketChannel+AccessibleTransport.swift:27:29: error: 'where' clause cannot be applied to a non-generic top-level declaration
25 | }
26 |
27 | extension BaseSocketChannel where SocketType: PipePair {
| `- error: 'where' clause cannot be applied to a non-generic top-level declaration
28 | /// The underlying transport type backing this channel.
29 | typealias Transport = NIOBSDSocket.PipeHandle
[269/320] Compiling NIOPosix BSDSocketAPIWindows.swift
/host/spi-builder-workspace/.build/checkouts/swift-nio/Sources/NIOPosix/BaseSocketChannel+AccessibleTransport.swift:17:11: error: cannot find type 'BaseSocketChannel' in scope
15 | import NIOCore
16 |
17 | extension BaseSocketChannel where SocketType: BaseSocket {
| `- error: cannot find type 'BaseSocketChannel' in scope
18 | /// The underlying transport type backing this channel.
19 | typealias Transport = NIOBSDSocket.Handle
/host/spi-builder-workspace/.build/checkouts/swift-nio/Sources/NIOPosix/BaseSocketChannel+AccessibleTransport.swift:27:11: error: cannot find type 'BaseSocketChannel' in scope
25 | }
26 |
27 | extension BaseSocketChannel where SocketType: PipePair {
| `- error: cannot find type 'BaseSocketChannel' in scope
28 | /// The underlying transport type backing this channel.
29 | typealias Transport = NIOBSDSocket.PipeHandle
/host/spi-builder-workspace/.build/checkouts/swift-nio/Sources/NIOPosix/BaseSocketChannel+AccessibleTransport.swift:42:11: error: cannot find type 'SocketChannel' in scope
40 | }
41 |
42 | extension SocketChannel: NIOTransportAccessibleChannelCore {}
| `- error: cannot find type 'SocketChannel' in scope
43 | extension ServerSocketChannel: NIOTransportAccessibleChannelCore {}
44 | extension DatagramChannel: NIOTransportAccessibleChannelCore {}
/host/spi-builder-workspace/.build/checkouts/swift-nio/Sources/NIOPosix/BaseSocketChannel+AccessibleTransport.swift:43:11: error: cannot find type 'ServerSocketChannel' in scope
41 |
42 | extension SocketChannel: NIOTransportAccessibleChannelCore {}
43 | extension ServerSocketChannel: NIOTransportAccessibleChannelCore {}
| `- error: cannot find type 'ServerSocketChannel' in scope
44 | extension DatagramChannel: NIOTransportAccessibleChannelCore {}
45 | extension PipeChannel: NIOTransportAccessibleChannelCore {}
/host/spi-builder-workspace/.build/checkouts/swift-nio/Sources/NIOPosix/BaseSocketChannel+AccessibleTransport.swift:44:11: error: cannot find type 'DatagramChannel' in scope
42 | extension SocketChannel: NIOTransportAccessibleChannelCore {}
43 | extension ServerSocketChannel: NIOTransportAccessibleChannelCore {}
44 | extension DatagramChannel: NIOTransportAccessibleChannelCore {}
| `- error: cannot find type 'DatagramChannel' in scope
45 | extension PipeChannel: NIOTransportAccessibleChannelCore {}
46 |
/host/spi-builder-workspace/.build/checkouts/swift-nio/Sources/NIOPosix/BaseSocketChannel+AccessibleTransport.swift:45:11: error: cannot find type 'PipeChannel' in scope
43 | extension ServerSocketChannel: NIOTransportAccessibleChannelCore {}
44 | extension DatagramChannel: NIOTransportAccessibleChannelCore {}
45 | extension PipeChannel: NIOTransportAccessibleChannelCore {}
| `- error: cannot find type 'PipeChannel' in scope
46 |
/host/spi-builder-workspace/.build/checkouts/swift-nio/Sources/NIOPosix/BaseSocketChannel+AccessibleTransport.swift:17:29: error: 'where' clause cannot be applied to a non-generic top-level declaration
15 | import NIOCore
16 |
17 | extension BaseSocketChannel where SocketType: BaseSocket {
| `- error: 'where' clause cannot be applied to a non-generic top-level declaration
18 | /// The underlying transport type backing this channel.
19 | typealias Transport = NIOBSDSocket.Handle
/host/spi-builder-workspace/.build/checkouts/swift-nio/Sources/NIOPosix/BaseSocketChannel+AccessibleTransport.swift:27:29: error: 'where' clause cannot be applied to a non-generic top-level declaration
25 | }
26 |
27 | extension BaseSocketChannel where SocketType: PipePair {
| `- error: 'where' clause cannot be applied to a non-generic top-level declaration
28 | /// The underlying transport type backing this channel.
29 | typealias Transport = NIOBSDSocket.PipeHandle
[270/320] Compiling NIOPosix BaseSocket.swift
/host/spi-builder-workspace/.build/checkouts/swift-nio/Sources/NIOPosix/BaseSocketChannel+AccessibleTransport.swift:17:11: error: cannot find type 'BaseSocketChannel' in scope
15 | import NIOCore
16 |
17 | extension BaseSocketChannel where SocketType: BaseSocket {
| `- error: cannot find type 'BaseSocketChannel' in scope
18 | /// The underlying transport type backing this channel.
19 | typealias Transport = NIOBSDSocket.Handle
/host/spi-builder-workspace/.build/checkouts/swift-nio/Sources/NIOPosix/BaseSocketChannel+AccessibleTransport.swift:27:11: error: cannot find type 'BaseSocketChannel' in scope
25 | }
26 |
27 | extension BaseSocketChannel where SocketType: PipePair {
| `- error: cannot find type 'BaseSocketChannel' in scope
28 | /// The underlying transport type backing this channel.
29 | typealias Transport = NIOBSDSocket.PipeHandle
/host/spi-builder-workspace/.build/checkouts/swift-nio/Sources/NIOPosix/BaseSocketChannel+AccessibleTransport.swift:42:11: error: cannot find type 'SocketChannel' in scope
40 | }
41 |
42 | extension SocketChannel: NIOTransportAccessibleChannelCore {}
| `- error: cannot find type 'SocketChannel' in scope
43 | extension ServerSocketChannel: NIOTransportAccessibleChannelCore {}
44 | extension DatagramChannel: NIOTransportAccessibleChannelCore {}
/host/spi-builder-workspace/.build/checkouts/swift-nio/Sources/NIOPosix/BaseSocketChannel+AccessibleTransport.swift:43:11: error: cannot find type 'ServerSocketChannel' in scope
41 |
42 | extension SocketChannel: NIOTransportAccessibleChannelCore {}
43 | extension ServerSocketChannel: NIOTransportAccessibleChannelCore {}
| `- error: cannot find type 'ServerSocketChannel' in scope
44 | extension DatagramChannel: NIOTransportAccessibleChannelCore {}
45 | extension PipeChannel: NIOTransportAccessibleChannelCore {}
/host/spi-builder-workspace/.build/checkouts/swift-nio/Sources/NIOPosix/BaseSocketChannel+AccessibleTransport.swift:44:11: error: cannot find type 'DatagramChannel' in scope
42 | extension SocketChannel: NIOTransportAccessibleChannelCore {}
43 | extension ServerSocketChannel: NIOTransportAccessibleChannelCore {}
44 | extension DatagramChannel: NIOTransportAccessibleChannelCore {}
| `- error: cannot find type 'DatagramChannel' in scope
45 | extension PipeChannel: NIOTransportAccessibleChannelCore {}
46 |
/host/spi-builder-workspace/.build/checkouts/swift-nio/Sources/NIOPosix/BaseSocketChannel+AccessibleTransport.swift:45:11: error: cannot find type 'PipeChannel' in scope
43 | extension ServerSocketChannel: NIOTransportAccessibleChannelCore {}
44 | extension DatagramChannel: NIOTransportAccessibleChannelCore {}
45 | extension PipeChannel: NIOTransportAccessibleChannelCore {}
| `- error: cannot find type 'PipeChannel' in scope
46 |
/host/spi-builder-workspace/.build/checkouts/swift-nio/Sources/NIOPosix/BaseSocketChannel+AccessibleTransport.swift:17:29: error: 'where' clause cannot be applied to a non-generic top-level declaration
15 | import NIOCore
16 |
17 | extension BaseSocketChannel where SocketType: BaseSocket {
| `- error: 'where' clause cannot be applied to a non-generic top-level declaration
18 | /// The underlying transport type backing this channel.
19 | typealias Transport = NIOBSDSocket.Handle
/host/spi-builder-workspace/.build/checkouts/swift-nio/Sources/NIOPosix/BaseSocketChannel+AccessibleTransport.swift:27:29: error: 'where' clause cannot be applied to a non-generic top-level declaration
25 | }
26 |
27 | extension BaseSocketChannel where SocketType: PipePair {
| `- error: 'where' clause cannot be applied to a non-generic top-level declaration
28 | /// The underlying transport type backing this channel.
29 | typealias Transport = NIOBSDSocket.PipeHandle
[271/320] Compiling NIOPosix BaseSocketChannel+AccessibleTransport.swift
/host/spi-builder-workspace/.build/checkouts/swift-nio/Sources/NIOPosix/BaseSocketChannel+AccessibleTransport.swift:17:11: error: cannot find type 'BaseSocketChannel' in scope
15 | import NIOCore
16 |
17 | extension BaseSocketChannel where SocketType: BaseSocket {
| `- error: cannot find type 'BaseSocketChannel' in scope
18 | /// The underlying transport type backing this channel.
19 | typealias Transport = NIOBSDSocket.Handle
/host/spi-builder-workspace/.build/checkouts/swift-nio/Sources/NIOPosix/BaseSocketChannel+AccessibleTransport.swift:27:11: error: cannot find type 'BaseSocketChannel' in scope
25 | }
26 |
27 | extension BaseSocketChannel where SocketType: PipePair {
| `- error: cannot find type 'BaseSocketChannel' in scope
28 | /// The underlying transport type backing this channel.
29 | typealias Transport = NIOBSDSocket.PipeHandle
/host/spi-builder-workspace/.build/checkouts/swift-nio/Sources/NIOPosix/BaseSocketChannel+AccessibleTransport.swift:42:11: error: cannot find type 'SocketChannel' in scope
40 | }
41 |
42 | extension SocketChannel: NIOTransportAccessibleChannelCore {}
| `- error: cannot find type 'SocketChannel' in scope
43 | extension ServerSocketChannel: NIOTransportAccessibleChannelCore {}
44 | extension DatagramChannel: NIOTransportAccessibleChannelCore {}
/host/spi-builder-workspace/.build/checkouts/swift-nio/Sources/NIOPosix/BaseSocketChannel+AccessibleTransport.swift:43:11: error: cannot find type 'ServerSocketChannel' in scope
41 |
42 | extension SocketChannel: NIOTransportAccessibleChannelCore {}
43 | extension ServerSocketChannel: NIOTransportAccessibleChannelCore {}
| `- error: cannot find type 'ServerSocketChannel' in scope
44 | extension DatagramChannel: NIOTransportAccessibleChannelCore {}
45 | extension PipeChannel: NIOTransportAccessibleChannelCore {}
/host/spi-builder-workspace/.build/checkouts/swift-nio/Sources/NIOPosix/BaseSocketChannel+AccessibleTransport.swift:44:11: error: cannot find type 'DatagramChannel' in scope
42 | extension SocketChannel: NIOTransportAccessibleChannelCore {}
43 | extension ServerSocketChannel: NIOTransportAccessibleChannelCore {}
44 | extension DatagramChannel: NIOTransportAccessibleChannelCore {}
| `- error: cannot find type 'DatagramChannel' in scope
45 | extension PipeChannel: NIOTransportAccessibleChannelCore {}
46 |
/host/spi-builder-workspace/.build/checkouts/swift-nio/Sources/NIOPosix/BaseSocketChannel+AccessibleTransport.swift:45:11: error: cannot find type 'PipeChannel' in scope
43 | extension ServerSocketChannel: NIOTransportAccessibleChannelCore {}
44 | extension DatagramChannel: NIOTransportAccessibleChannelCore {}
45 | extension PipeChannel: NIOTransportAccessibleChannelCore {}
| `- error: cannot find type 'PipeChannel' in scope
46 |
/host/spi-builder-workspace/.build/checkouts/swift-nio/Sources/NIOPosix/BaseSocketChannel+AccessibleTransport.swift:17:29: error: 'where' clause cannot be applied to a non-generic top-level declaration
15 | import NIOCore
16 |
17 | extension BaseSocketChannel where SocketType: BaseSocket {
| `- error: 'where' clause cannot be applied to a non-generic top-level declaration
18 | /// The underlying transport type backing this channel.
19 | typealias Transport = NIOBSDSocket.Handle
/host/spi-builder-workspace/.build/checkouts/swift-nio/Sources/NIOPosix/BaseSocketChannel+AccessibleTransport.swift:27:29: error: 'where' clause cannot be applied to a non-generic top-level declaration
25 | }
26 |
27 | extension BaseSocketChannel where SocketType: PipePair {
| `- error: 'where' clause cannot be applied to a non-generic top-level declaration
28 | /// The underlying transport type backing this channel.
29 | typealias Transport = NIOBSDSocket.PipeHandle
[272/320] Compiling NIOPosix BaseSocketChannel+SocketOptionProvider.swift
/host/spi-builder-workspace/.build/checkouts/swift-nio/Sources/NIOPosix/BaseSocketChannel+AccessibleTransport.swift:17:11: error: cannot find type 'BaseSocketChannel' in scope
15 | import NIOCore
16 |
17 | extension BaseSocketChannel where SocketType: BaseSocket {
| `- error: cannot find type 'BaseSocketChannel' in scope
18 | /// The underlying transport type backing this channel.
19 | typealias Transport = NIOBSDSocket.Handle
/host/spi-builder-workspace/.build/checkouts/swift-nio/Sources/NIOPosix/BaseSocketChannel+AccessibleTransport.swift:27:11: error: cannot find type 'BaseSocketChannel' in scope
25 | }
26 |
27 | extension BaseSocketChannel where SocketType: PipePair {
| `- error: cannot find type 'BaseSocketChannel' in scope
28 | /// The underlying transport type backing this channel.
29 | typealias Transport = NIOBSDSocket.PipeHandle
/host/spi-builder-workspace/.build/checkouts/swift-nio/Sources/NIOPosix/BaseSocketChannel+AccessibleTransport.swift:42:11: error: cannot find type 'SocketChannel' in scope
40 | }
41 |
42 | extension SocketChannel: NIOTransportAccessibleChannelCore {}
| `- error: cannot find type 'SocketChannel' in scope
43 | extension ServerSocketChannel: NIOTransportAccessibleChannelCore {}
44 | extension DatagramChannel: NIOTransportAccessibleChannelCore {}
/host/spi-builder-workspace/.build/checkouts/swift-nio/Sources/NIOPosix/BaseSocketChannel+AccessibleTransport.swift:43:11: error: cannot find type 'ServerSocketChannel' in scope
41 |
42 | extension SocketChannel: NIOTransportAccessibleChannelCore {}
43 | extension ServerSocketChannel: NIOTransportAccessibleChannelCore {}
| `- error: cannot find type 'ServerSocketChannel' in scope
44 | extension DatagramChannel: NIOTransportAccessibleChannelCore {}
45 | extension PipeChannel: NIOTransportAccessibleChannelCore {}
/host/spi-builder-workspace/.build/checkouts/swift-nio/Sources/NIOPosix/BaseSocketChannel+AccessibleTransport.swift:44:11: error: cannot find type 'DatagramChannel' in scope
42 | extension SocketChannel: NIOTransportAccessibleChannelCore {}
43 | extension ServerSocketChannel: NIOTransportAccessibleChannelCore {}
44 | extension DatagramChannel: NIOTransportAccessibleChannelCore {}
| `- error: cannot find type 'DatagramChannel' in scope
45 | extension PipeChannel: NIOTransportAccessibleChannelCore {}
46 |
/host/spi-builder-workspace/.build/checkouts/swift-nio/Sources/NIOPosix/BaseSocketChannel+AccessibleTransport.swift:45:11: error: cannot find type 'PipeChannel' in scope
43 | extension ServerSocketChannel: NIOTransportAccessibleChannelCore {}
44 | extension DatagramChannel: NIOTransportAccessibleChannelCore {}
45 | extension PipeChannel: NIOTransportAccessibleChannelCore {}
| `- error: cannot find type 'PipeChannel' in scope
46 |
/host/spi-builder-workspace/.build/checkouts/swift-nio/Sources/NIOPosix/BaseSocketChannel+AccessibleTransport.swift:17:29: error: 'where' clause cannot be applied to a non-generic top-level declaration
15 | import NIOCore
16 |
17 | extension BaseSocketChannel where SocketType: BaseSocket {
| `- error: 'where' clause cannot be applied to a non-generic top-level declaration
18 | /// The underlying transport type backing this channel.
19 | typealias Transport = NIOBSDSocket.Handle
/host/spi-builder-workspace/.build/checkouts/swift-nio/Sources/NIOPosix/BaseSocketChannel+AccessibleTransport.swift:27:29: error: 'where' clause cannot be applied to a non-generic top-level declaration
25 | }
26 |
27 | extension BaseSocketChannel where SocketType: PipePair {
| `- error: 'where' clause cannot be applied to a non-generic top-level declaration
28 | /// The underlying transport type backing this channel.
29 | typealias Transport = NIOBSDSocket.PipeHandle
[273/320] Compiling NIOPosix BaseSocketChannel.swift
/host/spi-builder-workspace/.build/checkouts/swift-nio/Sources/NIOPosix/BaseSocketChannel+AccessibleTransport.swift:17:11: error: cannot find type 'BaseSocketChannel' in scope
15 | import NIOCore
16 |
17 | extension BaseSocketChannel where SocketType: BaseSocket {
| `- error: cannot find type 'BaseSocketChannel' in scope
18 | /// The underlying transport type backing this channel.
19 | typealias Transport = NIOBSDSocket.Handle
/host/spi-builder-workspace/.build/checkouts/swift-nio/Sources/NIOPosix/BaseSocketChannel+AccessibleTransport.swift:27:11: error: cannot find type 'BaseSocketChannel' in scope
25 | }
26 |
27 | extension BaseSocketChannel where SocketType: PipePair {
| `- error: cannot find type 'BaseSocketChannel' in scope
28 | /// The underlying transport type backing this channel.
29 | typealias Transport = NIOBSDSocket.PipeHandle
/host/spi-builder-workspace/.build/checkouts/swift-nio/Sources/NIOPosix/BaseSocketChannel+AccessibleTransport.swift:42:11: error: cannot find type 'SocketChannel' in scope
40 | }
41 |
42 | extension SocketChannel: NIOTransportAccessibleChannelCore {}
| `- error: cannot find type 'SocketChannel' in scope
43 | extension ServerSocketChannel: NIOTransportAccessibleChannelCore {}
44 | extension DatagramChannel: NIOTransportAccessibleChannelCore {}
/host/spi-builder-workspace/.build/checkouts/swift-nio/Sources/NIOPosix/BaseSocketChannel+AccessibleTransport.swift:43:11: error: cannot find type 'ServerSocketChannel' in scope
41 |
42 | extension SocketChannel: NIOTransportAccessibleChannelCore {}
43 | extension ServerSocketChannel: NIOTransportAccessibleChannelCore {}
| `- error: cannot find type 'ServerSocketChannel' in scope
44 | extension DatagramChannel: NIOTransportAccessibleChannelCore {}
45 | extension PipeChannel: NIOTransportAccessibleChannelCore {}
/host/spi-builder-workspace/.build/checkouts/swift-nio/Sources/NIOPosix/BaseSocketChannel+AccessibleTransport.swift:44:11: error: cannot find type 'DatagramChannel' in scope
42 | extension SocketChannel: NIOTransportAccessibleChannelCore {}
43 | extension ServerSocketChannel: NIOTransportAccessibleChannelCore {}
44 | extension DatagramChannel: NIOTransportAccessibleChannelCore {}
| `- error: cannot find type 'DatagramChannel' in scope
45 | extension PipeChannel: NIOTransportAccessibleChannelCore {}
46 |
/host/spi-builder-workspace/.build/checkouts/swift-nio/Sources/NIOPosix/BaseSocketChannel+AccessibleTransport.swift:45:11: error: cannot find type 'PipeChannel' in scope
43 | extension ServerSocketChannel: NIOTransportAccessibleChannelCore {}
44 | extension DatagramChannel: NIOTransportAccessibleChannelCore {}
45 | extension PipeChannel: NIOTransportAccessibleChannelCore {}
| `- error: cannot find type 'PipeChannel' in scope
46 |
/host/spi-builder-workspace/.build/checkouts/swift-nio/Sources/NIOPosix/BaseSocketChannel+AccessibleTransport.swift:17:29: error: 'where' clause cannot be applied to a non-generic top-level declaration
15 | import NIOCore
16 |
17 | extension BaseSocketChannel where SocketType: BaseSocket {
| `- error: 'where' clause cannot be applied to a non-generic top-level declaration
18 | /// The underlying transport type backing this channel.
19 | typealias Transport = NIOBSDSocket.Handle
/host/spi-builder-workspace/.build/checkouts/swift-nio/Sources/NIOPosix/BaseSocketChannel+AccessibleTransport.swift:27:29: error: 'where' clause cannot be applied to a non-generic top-level declaration
25 | }
26 |
27 | extension BaseSocketChannel where SocketType: PipePair {
| `- error: 'where' clause cannot be applied to a non-generic top-level declaration
28 | /// The underlying transport type backing this channel.
29 | typealias Transport = NIOBSDSocket.PipeHandle
error: emit-module command failed with exit code 1 (use -v to see invocation)
[274/327] Emitting module NIOPosix
/host/spi-builder-workspace/.build/checkouts/swift-nio/Sources/NIOPosix/BaseSocketChannel+AccessibleTransport.swift:17:11: error: cannot find type 'BaseSocketChannel' in scope
15 | import NIOCore
16 |
17 | extension BaseSocketChannel where SocketType: BaseSocket {
| `- error: cannot find type 'BaseSocketChannel' in scope
18 | /// The underlying transport type backing this channel.
19 | typealias Transport = NIOBSDSocket.Handle
/host/spi-builder-workspace/.build/checkouts/swift-nio/Sources/NIOPosix/BaseSocketChannel+AccessibleTransport.swift:27:11: error: cannot find type 'BaseSocketChannel' in scope
25 | }
26 |
27 | extension BaseSocketChannel where SocketType: PipePair {
| `- error: cannot find type 'BaseSocketChannel' in scope
28 | /// The underlying transport type backing this channel.
29 | typealias Transport = NIOBSDSocket.PipeHandle
/host/spi-builder-workspace/.build/checkouts/swift-nio/Sources/NIOPosix/BaseSocketChannel+AccessibleTransport.swift:42:11: error: cannot find type 'SocketChannel' in scope
40 | }
41 |
42 | extension SocketChannel: NIOTransportAccessibleChannelCore {}
| `- error: cannot find type 'SocketChannel' in scope
43 | extension ServerSocketChannel: NIOTransportAccessibleChannelCore {}
44 | extension DatagramChannel: NIOTransportAccessibleChannelCore {}
/host/spi-builder-workspace/.build/checkouts/swift-nio/Sources/NIOPosix/BaseSocketChannel+AccessibleTransport.swift:43:11: error: cannot find type 'ServerSocketChannel' in scope
41 |
42 | extension SocketChannel: NIOTransportAccessibleChannelCore {}
43 | extension ServerSocketChannel: NIOTransportAccessibleChannelCore {}
| `- error: cannot find type 'ServerSocketChannel' in scope
44 | extension DatagramChannel: NIOTransportAccessibleChannelCore {}
45 | extension PipeChannel: NIOTransportAccessibleChannelCore {}
/host/spi-builder-workspace/.build/checkouts/swift-nio/Sources/NIOPosix/BaseSocketChannel+AccessibleTransport.swift:44:11: error: cannot find type 'DatagramChannel' in scope
42 | extension SocketChannel: NIOTransportAccessibleChannelCore {}
43 | extension ServerSocketChannel: NIOTransportAccessibleChannelCore {}
44 | extension DatagramChannel: NIOTransportAccessibleChannelCore {}
| `- error: cannot find type 'DatagramChannel' in scope
45 | extension PipeChannel: NIOTransportAccessibleChannelCore {}
46 |
/host/spi-builder-workspace/.build/checkouts/swift-nio/Sources/NIOPosix/BaseSocketChannel+AccessibleTransport.swift:45:11: error: cannot find type 'PipeChannel' in scope
43 | extension ServerSocketChannel: NIOTransportAccessibleChannelCore {}
44 | extension DatagramChannel: NIOTransportAccessibleChannelCore {}
45 | extension PipeChannel: NIOTransportAccessibleChannelCore {}
| `- error: cannot find type 'PipeChannel' in scope
46 |
[275/327] Compiling NIOPosix MultiThreadedEventLoopGroup.swift
[276/327] Compiling NIOPosix NIOPosixSendableMetatype.swift
[277/327] Compiling NIOPosix NIORandomizedDNSResolver.swift
[278/327] Compiling NIOPosix NIOThreadPool.swift
[279/327] Compiling NIOPosix NonBlockingFileIO.swift
[280/327] Compiling NIOPosix PendingDatagramWritesManager.swift
[281/327] Compiling NIOPosix PendingWritesManager.swift
[282/327] Compiling NIOPosix SelectorWSAPoll.swift
[283/327] Compiling NIOPosix ServerSocket.swift
[284/327] Compiling NIOPosix Socket.swift
[285/327] Compiling NIOPosix SocketChannel.swift
[286/327] Compiling NIOPosix SocketProtocols.swift
[287/327] Compiling NIOPosix StructuredConcurrencyHelpers.swift
[288/327] Compiling NIOPosix System.swift
[289/327] Compiling NIOPosix Selectable.swift
[290/327] Compiling NIOPosix SelectableChannel.swift
[291/327] Compiling NIOPosix SelectableEventLoop.swift
[292/327] Compiling NIOPosix SelectorEpoll.swift
[293/327] Compiling NIOPosix SelectorGeneric.swift
[294/327] Compiling NIOPosix SelectorKqueue.swift
[295/327] Compiling NIOPosix SelectorUring.swift
[296/327] Compiling NIOPosix BaseStreamSocketChannel.swift
[297/327] Compiling NIOPosix Bootstrap.swift
[298/327] Compiling NIOPosix ControlMessage.swift
[299/327] Compiling NIOPosix DatagramVectorReadManager.swift
[300/327] Compiling NIOPosix Errors+Any.swift
[301/327] Compiling NIOPosix FileDescriptor.swift
[302/327] Compiling NIOPosix GetaddrinfoResolver.swift
[303/327] Compiling NIOPosix PipeChannel.swift
[304/327] Compiling NIOPosix PipePair.swift
[305/327] Compiling NIOPosix Pool.swift
[306/327] Compiling NIOPosix PosixSingletons+ConcurrencyTakeOver.swift
[307/327] Compiling NIOPosix PosixSingletons.swift
[308/327] Compiling NIOPosix RawSocketBootstrap.swift
[309/327] Compiling NIOPosix Resolver.swift
[310/327] Compiling NIOPosix HappyEyeballs.swift
[311/327] Compiling NIOPosix IO.swift
[312/327] Compiling NIOPosix IntegerBitPacking.swift
[313/327] Compiling NIOPosix IntegerTypes.swift
[314/327] Compiling NIOPosix Linux.swift
[315/327] Compiling NIOPosix LinuxCPUSet.swift
[316/327] Compiling NIOPosix LinuxUring.swift
[317/327] Compiling NIOPosix Thread.swift
[318/327] Compiling NIOPosix ThreadPosix.swift
[319/327] Compiling NIOPosix ThreadWindows.swift
[320/327] Compiling NIOPosix Utilities.swift
[321/327] Compiling NIOPosix VsockAddress.swift
[322/327] Compiling NIOPosix VsockChannelEvents.swift
[323/327] Compiling NIOPosix Windows.swift
BUILD FAILURE 6.2 wasm