Build Information
Failed to build grpc-swift-nio-transport, reference 2.10.0 (ff4420), with Swift 6.1 for Wasm on 21 Sep 2026 16:13:58 UTC.
Build Command
bash -c docker run --pull=always --rm -v "checkouts-54344845-0":/host -w "$PWD" -e JAVA_HOME="/root/.sdkman/candidates/java/current" -e SPI_BUILD="1" -e SPI_PROCESSING="1" registry.gitlab.com/saguaro1/spi-images:wasm-6.1-latest swift build --swift-sdk wasm32-unknown-wasi 2>&1Build Log
========================================
RunAll
========================================
Builder version: 5.1.0
Interrupt handler set up.
========================================
Checkout
========================================
Clone URL: https://github.com/grpc/grpc-swift-nio-transport.git
Reference: 2.10.0
Initialized empty Git repository in /host/spi-builder-workspace/.git/
hint: Using 'master' as the name for the initial branch. This default branch name
hint: is subject to change. To configure the initial branch name to use in all
hint: of your new repositories, which will suppress this warning, call:
hint:
hint: git config --global init.defaultBranch <name>
hint:
hint: Names commonly chosen instead of 'master' are 'main', 'trunk' and
hint: 'development'. The just-created branch can be renamed via this command:
hint:
hint: git branch -m <name>
From https://github.com/grpc/grpc-swift-nio-transport
* tag 2.10.0 -> FETCH_HEAD
HEAD is now at ff4420d Compute the transport-specific context once per connection (#194)
Cloned https://github.com/grpc/grpc-swift-nio-transport.git
Revision (git rev-parse @):
ff4420d7c33cc998a590b0761630d67f76bc291e
SPI manifest file found: $PWD/.spi.yml
SUCCESS checkout https://github.com/grpc/grpc-swift-nio-transport.git at 2.10.0
========================================
Build
========================================
Selected platform: wasm
Swift version: 6.1
Building package at path: $PWD
https://github.com/grpc/grpc-swift-nio-transport.git
https://github.com/grpc/grpc-swift-nio-transport.git
WARNING: environment variable SUPPRESS_SWIFT_6_FLAGS is not set
Running build ...
bash -c docker run --pull=always --rm -v "checkouts-54344845-0":/host -w "$PWD" -e JAVA_HOME="/root/.sdkman/candidates/java/current" -e SPI_BUILD="1" -e SPI_PROCESSING="1" registry.gitlab.com/saguaro1/spi-images:wasm-6.1-latest swift build --swift-sdk wasm32-unknown-wasi -Xswiftc -Xfrontend -Xswiftc -stats-output-dir -Xswiftc -Xfrontend -Xswiftc .stats -Xswiftc -strict-concurrency=complete -Xswiftc -enable-upcoming-feature -Xswiftc StrictConcurrency -Xswiftc -enable-upcoming-feature -Xswiftc DisableOutwardActorInference -Xswiftc -enable-upcoming-feature -Xswiftc GlobalActorIsolatedTypesUsability -Xswiftc -enable-upcoming-feature -Xswiftc InferSendableFromCaptures 2>&1
wasm-6.1-latest: Pulling from saguaro1/spi-images
Digest: sha256:beceeede496da67681f4fa220a6b97cc098a0178841a413735f598dc6bbaf4c8
Status: Image is up to date for registry.gitlab.com/saguaro1/spi-images:wasm-6.1-latest
Fetching https://github.com/apple/swift-certificates.git
Fetching https://github.com/apple/swift-nio-extras.git
Fetching https://github.com/apple/swift-nio-http2.git
Fetching https://github.com/apple/swift-nio-ssl.git
Fetching https://github.com/apple/swift-nio-transport-services.git
Fetching https://github.com/apple/swift-asn1.git
[1/16065] Fetching swift-nio-ssl
[805/23639] Fetching swift-nio-ssl, swift-certificates
[806/26502] Fetching swift-nio-ssl, swift-certificates, swift-nio-transport-services
[9224/33192] Fetching swift-nio-ssl, swift-certificates, swift-nio-transport-services, swift-nio-extras
[14160/45444] Fetching swift-nio-ssl, swift-certificates, swift-nio-transport-services, swift-nio-extras, swift-nio-http2
Fetched https://github.com/apple/swift-nio-extras.git from cache (0.66s)
Fetching https://github.com/apple/swift-nio.git
[17632/38754] Fetching swift-nio-ssl, swift-certificates, swift-nio-transport-services, swift-nio-http2
[38755/40737] Fetching swift-nio-ssl, swift-certificates, swift-nio-transport-services, swift-nio-http2, swift-asn1
Fetched https://github.com/apple/swift-nio-transport-services.git from cache (1.12s)
Fetched https://github.com/apple/swift-asn1.git from cache (1.12s)
Fetched https://github.com/apple/swift-certificates.git from cache (1.12s)
Fetching https://github.com/grpc/grpc-swift-2.git
Fetched https://github.com/apple/swift-nio-http2.git from cache (1.13s)
Fetched https://github.com/apple/swift-nio-ssl.git from cache (1.13s)
[1/86065] Fetching swift-nio
[1723/117309] Fetching swift-nio, grpc-swift-2
Fetched https://github.com/grpc/grpc-swift-2.git from cache (1.11s)
[60246/86065] Fetching swift-nio
Fetched https://github.com/apple/swift-nio.git from cache (3.29s)
Computing version for https://github.com/apple/swift-nio-http2.git
Computed https://github.com/apple/swift-nio-http2.git at 1.46.0 (4.37s)
Fetching https://github.com/apple/swift-atomics.git
[1/1875] Fetching swift-atomics
Fetched https://github.com/apple/swift-atomics.git from cache (0.56s)
Computing version for https://github.com/grpc/grpc-swift-2.git
Computed https://github.com/grpc/grpc-swift-2.git at 2.4.3 (0.82s)
Fetching https://github.com/apple/swift-collections.git
[1/27352] Fetching swift-collections
Fetched https://github.com/apple/swift-collections.git from cache (1.25s)
Computing version for https://github.com/apple/swift-atomics.git
Computed https://github.com/apple/swift-atomics.git at 1.3.1 (1.50s)
Computing version for https://github.com/apple/swift-nio-ssl.git
Computed https://github.com/apple/swift-nio-ssl.git at 2.37.5 (0.26s)
Computing version for https://github.com/apple/swift-nio.git
Computed https://github.com/apple/swift-nio.git at 2.103.0 (0.45s)
Fetching https://github.com/apple/swift-system.git
[1/6898] Fetching swift-system
Fetched https://github.com/apple/swift-system.git from cache (0.72s)
Computing version for https://github.com/apple/swift-collections.git
Computed https://github.com/apple/swift-collections.git at 1.6.0 (1.06s)
Computing version for https://github.com/apple/swift-certificates.git
Computed https://github.com/apple/swift-certificates.git at 1.20.0 (0.98s)
Fetching https://github.com/apple/swift-crypto.git
[1/18549] Fetching swift-crypto
Fetched https://github.com/apple/swift-crypto.git from cache (1.21s)
Computing version for https://github.com/apple/swift-asn1.git
Computed https://github.com/apple/swift-asn1.git at 1.7.3 (1.49s)
Computing version for https://github.com/apple/swift-nio-transport-services.git
Computed https://github.com/apple/swift-nio-transport-services.git at 1.28.0 (0.24s)
Computing version for https://github.com/apple/swift-nio-extras.git
Computed https://github.com/apple/swift-nio-extras.git at 1.35.1 (0.34s)
Fetching https://github.com/apple/swift-log.git
Fetching https://github.com/apple/swift-async-algorithms.git
Fetching https://github.com/swift-server/swift-service-lifecycle.git
Fetching https://github.com/apple/swift-http-structured-headers.git
Fetching https://github.com/apple/swift-algorithms.git
Fetching https://github.com/apple/swift-http-types.git
[1/8132] Fetching swift-log
[2/10067] Fetching swift-log, swift-http-types
[3649/11320] Fetching swift-log, swift-http-types, swift-http-structured-headers
[5702/14163] Fetching swift-log, swift-http-types, swift-http-structured-headers, swift-service-lifecycle
[11728/20308] Fetching swift-log, swift-http-types, swift-http-structured-headers, swift-service-lifecycle, swift-algorithms
Fetched https://github.com/apple/swift-http-types.git from cache (0.50s)
[11109/18373] Fetching swift-log, swift-http-structured-headers, swift-service-lifecycle, swift-algorithms
[18374/25096] Fetching swift-log, swift-http-structured-headers, swift-service-lifecycle, swift-algorithms, swift-async-algorithms
Fetched https://github.com/apple/swift-http-structured-headers.git from cache (1.11s)
Fetched https://github.com/swift-server/swift-service-lifecycle.git from cache (1.11s)
Fetched https://github.com/apple/swift-async-algorithms.git from cache (1.11s)
Fetched https://github.com/apple/swift-algorithms.git from cache (1.11s)
Fetched https://github.com/apple/swift-log.git from cache (1.11s)
Computing version for https://github.com/apple/swift-algorithms.git
Computed https://github.com/apple/swift-algorithms.git at 1.2.1 (2.06s)
Fetching https://github.com/apple/swift-numerics.git
[1/6640] Fetching swift-numerics
Fetched https://github.com/apple/swift-numerics.git from cache (0.62s)
Computing version for https://github.com/apple/swift-numerics.git
Computed https://github.com/apple/swift-numerics.git at 1.1.1 (0.86s)
Computing version for https://github.com/swift-server/swift-service-lifecycle.git
Computed https://github.com/swift-server/swift-service-lifecycle.git at 2.12.0 (0.24s)
Computing version for https://github.com/apple/swift-log.git
Computed https://github.com/apple/swift-log.git at 1.15.1 (0.24s)
Computing version for https://github.com/apple/swift-async-algorithms.git
Computed https://github.com/apple/swift-async-algorithms.git at 1.1.5 (0.27s)
Computing version for https://github.com/apple/swift-http-structured-headers.git
Computed https://github.com/apple/swift-http-structured-headers.git at 1.7.0 (0.23s)
Computing version for https://github.com/apple/swift-http-types.git
Computed https://github.com/apple/swift-http-types.git at 1.8.0 (0.25s)
Computing version for https://github.com/apple/swift-system.git
Computed https://github.com/apple/swift-system.git at 1.8.1 (0.27s)
Computing version for https://github.com/apple/swift-crypto.git
Computed https://github.com/apple/swift-crypto.git at 4.5.2 (0.80s)
Creating working copy for https://github.com/apple/swift-nio-http2.git
Working copy of https://github.com/apple/swift-nio-http2.git resolved at 1.46.0
Creating working copy for https://github.com/apple/swift-crypto.git
Working copy of https://github.com/apple/swift-crypto.git resolved at 4.5.2
Creating working copy for https://github.com/apple/swift-nio-extras.git
Working copy of https://github.com/apple/swift-nio-extras.git resolved at 1.35.1
Creating working copy for https://github.com/apple/swift-nio-ssl.git
Working copy of https://github.com/apple/swift-nio-ssl.git resolved at 2.37.5
Creating working copy for https://github.com/apple/swift-atomics.git
Working copy of https://github.com/apple/swift-atomics.git resolved at 1.3.1
Creating working copy for https://github.com/apple/swift-async-algorithms.git
Working copy of https://github.com/apple/swift-async-algorithms.git resolved at 1.1.5
Creating working copy for https://github.com/apple/swift-numerics.git
Working copy of https://github.com/apple/swift-numerics.git resolved at 1.1.1
Creating working copy for https://github.com/apple/swift-asn1.git
Working copy of https://github.com/apple/swift-asn1.git resolved at 1.7.3
Creating working copy for https://github.com/apple/swift-http-structured-headers.git
Working copy of https://github.com/apple/swift-http-structured-headers.git resolved at 1.7.0
Creating working copy for https://github.com/apple/swift-algorithms.git
Working copy of https://github.com/apple/swift-algorithms.git resolved at 1.2.1
Creating working copy for https://github.com/apple/swift-certificates.git
Working copy of https://github.com/apple/swift-certificates.git resolved at 1.20.0
Creating working copy for https://github.com/apple/swift-nio.git
Working copy of https://github.com/apple/swift-nio.git resolved at 2.103.0
Creating working copy for https://github.com/apple/swift-nio-transport-services.git
Working copy of https://github.com/apple/swift-nio-transport-services.git resolved at 1.28.0
Creating working copy for https://github.com/swift-server/swift-service-lifecycle.git
Working copy of https://github.com/swift-server/swift-service-lifecycle.git resolved at 2.12.0
Creating working copy for https://github.com/apple/swift-system.git
Working copy of https://github.com/apple/swift-system.git resolved at 1.8.1
Creating working copy for https://github.com/grpc/grpc-swift-2.git
Working copy of https://github.com/grpc/grpc-swift-2.git resolved at 2.4.3
Creating working copy for https://github.com/apple/swift-collections.git
Working copy of https://github.com/apple/swift-collections.git resolved at 1.6.0
Creating working copy for https://github.com/apple/swift-log.git
Working copy of https://github.com/apple/swift-log.git resolved at 1.15.1
Creating working copy for https://github.com/apple/swift-http-types.git
Working copy of https://github.com/apple/swift-http-types.git resolved at 1.8.0
Building for debugging...
[0/826] Write sources
[35/826] Compiling CNIOWindows WSAStartup.c
[36/826] Compiling CNIOWASI CNIOWASI.c
[36/826] Compiling CNIOWindows shim.c
[38/826] Compiling CNIOOpenBSD shim.c
[39/826] Compiling CNIOPosix event_loop_id.c
[39/826] Compiling CXKCPShims shims.c
[41/826] Compiling _AtomicsShims.c
[42/826] Compiling CNIOLinux liburing_shims.c
[43/826] Compiling CNIOLinux shim.c
[44/826] Compiling SimpleFIPS202.c
[45/826] Compiling KeccakHash.c
[46/826] Compiling KeccakSponge.c
[47/826] Compiling CNIOFreeBSD shim.c
[48/826] Compiling CNIODarwin shim.c
[49/826] Compiling CNIOLLHTTP c_nio_http.c
[50/826] Compiling fiat_p256_adx_sqr.S
[51/826] Compiling fiat_p256_adx_mul.S
[52/826] Compiling CNIOLLHTTP c_nio_api.c
[53/826] Compiling fiat_curve25519_adx_square.S
[54/826] Compiling fiat_curve25519_adx_mul.S
[55/826] Write swift-version-24593BA9C3E375BF.txt
[56/830] Compiling CNIOBoringSSLShims shims.c
[57/832] Compiling CNIOLLHTTP c_nio_llhttp.c
In file included from /host/spi-builder-workspace/.build/checkouts/swift-nio-ssl/Sources/CNIOBoringSSL/ssl/tls_method.cc:17:
/host/spi-builder-workspace/.build/checkouts/swift-nio-ssl/Sources/CNIOBoringSSL/ssl/../crypto/internal.h:32:10: fatal error: 'pthread.h' file not found
32 | #include <pthread.h>
| ^~~~~~~~~~~
1 error generated.
[58/832] Compiling tls_method.cc
In file included from /host/spi-builder-workspace/.build/checkouts/swift-nio-ssl/Sources/CNIOBoringSSL/ssl/tls13_server.cc:32:
/host/spi-builder-workspace/.build/checkouts/swift-nio-ssl/Sources/CNIOBoringSSL/ssl/../crypto/internal.h:32:10: fatal error: 'pthread.h' file not found
32 | #include <pthread.h>
| ^~~~~~~~~~~
[58/832] Compiling tls13_server.cc
In file included from /host/spi-builder-workspace/.build/checkouts/swift-nio-ssl/Sources/CNIOBoringSSL/ssl/tls13_enc.cc:34:
/host/spi-builder-workspace/.build/checkouts/swift-nio-ssl/Sources/CNIOBoringSSL/ssl/../crypto/internal.h:32:10: fatal error: 'pthread.h' file not found
32 | #include <pthread.h>
| ^~~~~~~~~~~
[58/832] Compiling tls13_enc.cc
<unknown>:0: warning: upcoming feature 'InferSendableFromCaptures' is already enabled as of Swift version 6
<unknown>:0: warning: upcoming feature 'GlobalActorIsolatedTypesUsability' is already enabled as of Swift version 6
<unknown>:0: warning: upcoming feature 'DisableOutwardActorInference' is already enabled as of Swift version 6
[59/832] Emitting module _NIOBase64
<unknown>:0: warning: upcoming feature 'InferSendableFromCaptures' is already enabled as of Swift version 6
<unknown>:0: warning: upcoming feature 'GlobalActorIsolatedTypesUsability' is already enabled as of Swift version 6
<unknown>:0: warning: upcoming feature 'DisableOutwardActorInference' is already enabled as of Swift version 6
<unknown>:0: warning: upcoming feature 'InferSendableFromCaptures' is already enabled as of Swift version 6
<unknown>:0: warning: upcoming feature 'GlobalActorIsolatedTypesUsability' is already enabled as of Swift version 6
<unknown>:0: warning: upcoming feature 'DisableOutwardActorInference' is already enabled as of Swift version 6
In file included from /host/spi-builder-workspace/.build/checkouts/swift-nio-ssl/Sources/CNIOBoringSSL/ssl/tls_record.cc:19:
/host/spi-builder-workspace/.build/checkouts/swift-nio-ssl/Sources/CNIOBoringSSL/ssl/../crypto/internal.h:32:10: fatal error: 'pthread.h' file not found
32 | #include <pthread.h>
| ^~~~~~~~~~~
[59/832] Compiling tls_record.cc
[59/832] Compiling KeccakP-1600-opt64.c
Running build ...
bash -c docker run --pull=always --rm -v "checkouts-54344845-0":/host -w "$PWD" -e JAVA_HOME="/root/.sdkman/candidates/java/current" -e SPI_BUILD="1" -e SPI_PROCESSING="1" registry.gitlab.com/saguaro1/spi-images:wasm-6.1-latest swift build --swift-sdk wasm32-unknown-wasi 2>&1
wasm-6.1-latest: Pulling from saguaro1/spi-images
Digest: sha256:beceeede496da67681f4fa220a6b97cc098a0178841a413735f598dc6bbaf4c8
Status: Image is up to date for registry.gitlab.com/saguaro1/spi-images:wasm-6.1-latest
[0/1] Planning build
Building for debugging...
[0/769] Compiling md5-x86_64-linux.S
[1/769] Compiling md5-x86_64-apple.S
[2/769] Compiling fiat_curve25519_adx_square.S
[3/769] Compiling fiat_p256_adx_mul.S
[4/769] Compiling fiat_curve25519_adx_mul.S
[5/769] Compiling fiat_p256_adx_sqr.S
[6/769] Write swift-version-24593BA9C3E375BF.txt
[7/769] Compiling CCryptoBoringSSLShims shims.c
[9/775] Emitting module _NIODataStructures
[10/775] Emitting module _NIOBase64
In file included from /host/spi-builder-workspace/.build/checkouts/swift-nio-ssl/Sources/CNIOBoringSSL/ssl/tls13_enc.cc:34:
/host/spi-builder-workspace/.build/checkouts/swift-nio-ssl/Sources/CNIOBoringSSL/ssl/../crypto/internal.h:32:10: fatal error: 'pthread.h' file not found
32 | #include <pthread.h>
| ^~~~~~~~~~~
1 error generated.
[10/775] Compiling tls13_enc.cc
[10/775] Compiling KeccakP-1600-opt64.c
[10/775] Compiling tls13_server.cc
[10/775] Compiling tls_record.cc
[10/775] Compiling tls_method.cc
In file included from /host/spi-builder-workspace/.build/checkouts/swift-nio-ssl/Sources/CNIOBoringSSL/ssl/tls13_client.cc:30:
/host/spi-builder-workspace/.build/checkouts/swift-nio-ssl/Sources/CNIOBoringSSL/ssl/../crypto/internal.h:32:10: fatal error: 'pthread.h' file not found
32 | #include <pthread.h>
| ^~~~~~~~~~~
[10/775] Compiling tls13_client.cc
BUILD FAILURE 6.1 wasm