The Swift Package Index logo.Swift Package Index

Build Information

Failed to build Mint, reference 0.18.0 (7bc67a), with Swift 6.4 for watchOS using Xcode 27.0 on 22 Sep 2026 10:08:40 UTC.

Build Command

env DEVELOPER_DIR=/Applications/Xcode-27.0.0-Release.Candidate.app xcrun xcodebuild -IDEClonedSourcePackagesDirPathOverride=$PWD/.dependencies -skipMacroValidation -skipPackagePluginValidation -derivedDataPath $PWD/.derivedData build -scheme Mint-Package -destination generic/platform=watchOS

Build Log

SwiftEmitModule normal arm64 Emitting\ module\ for\ PathKit (in target 'PathKit' from project 'PathKit')
SwiftCompile normal arm64 (in target 'PathKit' from project 'PathKit')
    cd /Users/admin/builder/spi-builder-workspace/.swiftpm/xcode

SwiftCompile normal arm64 Compiling\ PathKit.swift /Users/admin/builder/spi-builder-workspace/.dependencies/checkouts/PathKit/Sources/PathKit.swift (in target 'PathKit' from project 'PathKit')
SwiftCompile normal arm64 /Users/admin/builder/spi-builder-workspace/.dependencies/checkouts/PathKit/Sources/PathKit.swift (in target 'PathKit' from project 'PathKit')
    cd /Users/admin/builder/spi-builder-workspace/.swiftpm/xcode
    builtin-SwiftPerFileCompile PathKit.swift
SwiftEmitModule normal arm64_32 Emitting\ module\ for\ PathKit (in target 'PathKit' from project 'PathKit')
SwiftCompile normal arm64_32 (in target 'PathKit' from project 'PathKit')
    cd /Users/admin/builder/spi-builder-workspace/.swiftpm/xcode

SwiftCompile normal arm64_32 Compiling\ PathKit.swift /Users/admin/builder/spi-builder-workspace/.dependencies/checkouts/PathKit/Sources/PathKit.swift (in target 'PathKit' from project 'PathKit')
SwiftCompile normal arm64_32 /Users/admin/builder/spi-builder-workspace/.dependencies/checkouts/PathKit/Sources/PathKit.swift (in target 'PathKit' from project 'PathKit')
    cd /Users/admin/builder/spi-builder-workspace/.swiftpm/xcode
    builtin-SwiftPerFileCompile PathKit.swift
SwiftEmitModule normal arm64_32 Emitting\ module\ for\ Rainbow (in target 'Rainbow' from project 'Rainbow')
SwiftCompile normal arm64_32 (in target 'Rainbow' from project 'Rainbow')
    cd /Users/admin/builder/spi-builder-workspace/.swiftpm/xcode

SwiftCompile normal arm64_32 Compiling\ StringGenerator.swift /Users/admin/builder/spi-builder-workspace/.dependencies/checkouts/Rainbow/Sources/StringGenerator.swift (in target 'Rainbow' from project 'Rainbow')
SwiftCompile normal arm64_32 /Users/admin/builder/spi-builder-workspace/.dependencies/checkouts/Rainbow/Sources/StringGenerator.swift (in target 'Rainbow' from project 'Rainbow')
    cd /Users/admin/builder/spi-builder-workspace/.swiftpm/xcode
    builtin-SwiftPerFileCompile StringGenerator.swift
SwiftEmitModule normal arm64 Emitting\ module\ for\ Rainbow (in target 'Rainbow' from project 'Rainbow')
SwiftCompile normal arm64 (in target 'Rainbow' from project 'Rainbow')
    cd /Users/admin/builder/spi-builder-workspace/.swiftpm/xcode

SwiftCompile normal arm64 Compiling\ Style.swift /Users/admin/builder/spi-builder-workspace/.dependencies/checkouts/Rainbow/Sources/Style.swift (in target 'Rainbow' from project 'Rainbow')
SwiftCompile normal arm64 /Users/admin/builder/spi-builder-workspace/.dependencies/checkouts/Rainbow/Sources/Style.swift (in target 'Rainbow' from project 'Rainbow')
    cd /Users/admin/builder/spi-builder-workspace/.swiftpm/xcode
    builtin-SwiftPerFileCompile Style.swift
SwiftCompile normal arm64_32 Compiling\ OutputTarget.swift,\ Rainbow.swift /Users/admin/builder/spi-builder-workspace/.dependencies/checkouts/Rainbow/Sources/OutputTarget.swift /Users/admin/builder/spi-builder-workspace/.dependencies/checkouts/Rainbow/Sources/Rainbow.swift (in target 'Rainbow' from project 'Rainbow')
SwiftCompile normal arm64_32 /Users/admin/builder/spi-builder-workspace/.dependencies/checkouts/Rainbow/Sources/OutputTarget.swift (in target 'Rainbow' from project 'Rainbow')
    cd /Users/admin/builder/spi-builder-workspace/.swiftpm/xcode
    builtin-SwiftPerFileCompile OutputTarget.swift
SwiftCompile normal arm64_32 /Users/admin/builder/spi-builder-workspace/.dependencies/checkouts/Rainbow/Sources/Rainbow.swift (in target 'Rainbow' from project 'Rainbow')
    cd /Users/admin/builder/spi-builder-workspace/.swiftpm/xcode
    builtin-SwiftPerFileCompile Rainbow.swift
SwiftCompile normal arm64_32 Compiling\ Style.swift /Users/admin/builder/spi-builder-workspace/.dependencies/checkouts/Rainbow/Sources/Style.swift (in target 'Rainbow' from project 'Rainbow')
SwiftCompile normal arm64_32 /Users/admin/builder/spi-builder-workspace/.dependencies/checkouts/Rainbow/Sources/Style.swift (in target 'Rainbow' from project 'Rainbow')
    cd /Users/admin/builder/spi-builder-workspace/.swiftpm/xcode
    builtin-SwiftPerFileCompile Style.swift
SwiftExplicitDependencyGeneratePcm arm64_32 /Users/admin/builder/spi-builder-workspace/.derivedData/SDKExplicitPrecompiledModules/_SwiftConcurrencyShims-6RTBPQ03V7BM9SPRK8SUE055H.pcm
SwiftDriverJobDiscovery normal arm64_32 Emitting module for PathKit (in target 'PathKit' from project 'PathKit')
SwiftDriver\ Compilation\ Requirements PathKit normal arm64_32 com.apple.xcode.tools.swift.compiler (in target 'PathKit' from project 'PathKit')
    cd /Users/admin/builder/spi-builder-workspace/.swiftpm/xcode
    builtin-Swift-Compilation-Requirements -- /Applications/Xcode-27.0.0-Release.Candidate.app/Contents/Developer/Toolchains/XcodeDefault.xctoolchain/usr/bin/swiftc -parse-as-library -module-name PathKit -Onone @/Users/admin/builder/spi-builder-workspace/.derivedData/Build/Intermediates.noindex/PathKit.build/Debug-watchos/PathKit-t.build/Objects-normal/arm64_32/PathKit.SwiftFileList -DSWIFT_PACKAGE -DDEBUG -DSWIFT_MODULE_RESOURCE_BUNDLE_UNAVAILABLE -DXcode -plugin-path /Applications/Xcode-27.0.0-Release.Candidate.app/Contents/Developer/Toolchains/XcodeDefault.xctoolchain/usr/lib/swift/host/plugins/testing -enable-experimental-feature DebugDescriptionMacro -sdk /Applications/Xcode-27.0.0-Release.Candidate.app/Contents/Developer/Platforms/WatchOS.platform/Developer/SDKs/WatchOS27.0.sdk -target arm64_32-apple-watchos9.0 -g -module-cache-path /Users/admin/builder/spi-builder-workspace/.derivedData/ModuleCache.noindex -Xfrontend -serialize-debugging-options -profile-coverage-mapping -profile-generate -enable-testing -suppress-warnings -index-store-path /Users/admin/builder/spi-builder-workspace/.derivedData/Index.noindex/DataStore -Xcc -D_LIBCPP_HARDENING_MODE\=_LIBCPP_HARDENING_MODE_DEBUG -swift-version 4.2 -I /Users/admin/builder/spi-builder-workspace/.derivedData/Build/Products/Debug-watchos -Isystem /Applications/Xcode-27.0.0-Release.Candidate.app/Contents/Developer/Platforms/WatchOS.platform/Developer/usr/lib -F /Users/admin/builder/spi-builder-workspace/.derivedData/Build/Products/Debug-watchos -F /Applications/Xcode-27.0.0-Release.Candidate.app/Contents/Developer/Platforms/WatchOS.platform/Developer/Library/Frameworks -F /Applications/Xcode-27.0.0-Release.Candidate.app/Contents/Developer/Platforms/WatchOS.platform/Developer/SDKs/WatchOS27.0.sdk/Developer/Library/Frameworks -c -j10 -enable-batch-mode -incremental -Xcc -ivfsstatcache -Xcc /Users/admin/builder/spi-builder-workspace/.derivedData/SDKStatCaches.noindex/watchos27.0-24R360-e829b21a6f8c9b70876ba0858053c04477534ef55a1706bf4c1112bbb242f0a2.sdkstatcache -output-file-map /Users/admin/builder/spi-builder-workspace/.derivedData/Build/Intermediates.noindex/PathKit.build/Debug-watchos/PathKit-t.build/Objects-normal/arm64_32/PathKit-OutputFileMap.json -save-temps -no-color-diagnostics -emit-dependencies -emit-module -emit-module-path /Users/admin/builder/spi-builder-workspace/.derivedData/Build/Intermediates.noindex/PathKit.build/Debug-watchos/PathKit-t.build/Objects-normal/arm64_32/PathKit.swiftmodule -serialize-diagnostics -validate-clang-modules-once -clang-build-session-file /Users/admin/builder/spi-builder-workspace/.derivedData/ModuleCache.noindex/Session.modulevalidation -Xcc -fmodules-prune-interval\=86400 -Xcc -fmodules-prune-after\=345600 -emit-const-values -const-gather-protocols-list /Users/admin/builder/spi-builder-workspace/.derivedData/Build/Intermediates.noindex/PathKit.build/Debug-watchos/PathKit-t.build/Objects-normal/arm64_32/PathKit_const_extract_protocols.json -Xcc -I/Users/admin/builder/spi-builder-workspace/.derivedData/Build/Products/Debug-watchos/include -Xcc -I/Users/admin/builder/spi-builder-workspace/.derivedData/Build/Intermediates.noindex/PathKit.build/Debug-watchos/PathKit-t.build/DerivedSources-normal/arm64_32 -Xcc -I/Users/admin/builder/spi-builder-workspace/.derivedData/Build/Intermediates.noindex/PathKit.build/Debug-watchos/PathKit-t.build/DerivedSources/arm64_32 -Xcc -I/Users/admin/builder/spi-builder-workspace/.derivedData/Build/Intermediates.noindex/PathKit.build/Debug-watchos/PathKit-t.build/DerivedSources -Xcc -DSWIFT_PACKAGE -Xcc -DDEBUG\=1 -emit-objc-header -emit-objc-header-path /Users/admin/builder/spi-builder-workspace/.derivedData/Build/Intermediates.noindex/PathKit.build/Debug-watchos/PathKit-t.build/Objects-normal/arm64_32/PathKit-Swift.h -working-directory /Users/admin/builder/spi-builder-workspace/.swiftpm/xcode -experimental-emit-module-separately -disable-cmo
SwiftDriverJobDiscovery normal arm64_32 Emitting module for Rainbow (in target 'Rainbow' from project 'Rainbow')
SwiftDriver\ Compilation\ Requirements Rainbow normal arm64_32 com.apple.xcode.tools.swift.compiler (in target 'Rainbow' from project 'Rainbow')
    cd /Users/admin/builder/spi-builder-workspace/.swiftpm/xcode
    builtin-Swift-Compilation-Requirements -- /Applications/Xcode-27.0.0-Release.Candidate.app/Contents/Developer/Toolchains/XcodeDefault.xctoolchain/usr/bin/swiftc -parse-as-library -module-name Rainbow -Onone @/Users/admin/builder/spi-builder-workspace/.derivedData/Build/Intermediates.noindex/Rainbow.build/Debug-watchos/Rainbow-t.build/Objects-normal/arm64_32/Rainbow.SwiftFileList -DSWIFT_PACKAGE -DDEBUG -DSWIFT_MODULE_RESOURCE_BUNDLE_UNAVAILABLE -DXcode -plugin-path /Applications/Xcode-27.0.0-Release.Candidate.app/Contents/Developer/Toolchains/XcodeDefault.xctoolchain/usr/lib/swift/host/plugins/testing -enable-experimental-feature DebugDescriptionMacro -sdk /Applications/Xcode-27.0.0-Release.Candidate.app/Contents/Developer/Platforms/WatchOS.platform/Developer/SDKs/WatchOS27.0.sdk -target arm64_32-apple-watchos9.0 -g -module-cache-path /Users/admin/builder/spi-builder-workspace/.derivedData/ModuleCache.noindex -Xfrontend -serialize-debugging-options -profile-coverage-mapping -profile-generate -enable-testing -suppress-warnings -index-store-path /Users/admin/builder/spi-builder-workspace/.derivedData/Index.noindex/DataStore -Xcc -D_LIBCPP_HARDENING_MODE\=_LIBCPP_HARDENING_MODE_DEBUG -swift-version 4 -I /Users/admin/builder/spi-builder-workspace/.derivedData/Build/Products/Debug-watchos -Isystem /Applications/Xcode-27.0.0-Release.Candidate.app/Contents/Developer/Platforms/WatchOS.platform/Developer/usr/lib -F /Users/admin/builder/spi-builder-workspace/.derivedData/Build/Products/Debug-watchos -F /Applications/Xcode-27.0.0-Release.Candidate.app/Contents/Developer/Platforms/WatchOS.platform/Developer/Library/Frameworks -F /Applications/Xcode-27.0.0-Release.Candidate.app/Contents/Developer/Platforms/WatchOS.platform/Developer/SDKs/WatchOS27.0.sdk/Developer/Library/Frameworks -c -j10 -enable-batch-mode -incremental -Xcc -ivfsstatcache -Xcc /Users/admin/builder/spi-builder-workspace/.derivedData/SDKStatCaches.noindex/watchos27.0-24R360-e829b21a6f8c9b70876ba0858053c04477534ef55a1706bf4c1112bbb242f0a2.sdkstatcache -output-file-map /Users/admin/builder/spi-builder-workspace/.derivedData/Build/Intermediates.noindex/Rainbow.build/Debug-watchos/Rainbow-t.build/Objects-normal/arm64_32/Rainbow-OutputFileMap.json -save-temps -no-color-diagnostics -emit-dependencies -emit-module -emit-module-path /Users/admin/builder/spi-builder-workspace/.derivedData/Build/Intermediates.noindex/Rainbow.build/Debug-watchos/Rainbow-t.build/Objects-normal/arm64_32/Rainbow.swiftmodule -serialize-diagnostics -validate-clang-modules-once -clang-build-session-file /Users/admin/builder/spi-builder-workspace/.derivedData/ModuleCache.noindex/Session.modulevalidation -Xcc -fmodules-prune-interval\=86400 -Xcc -fmodules-prune-after\=345600 -emit-const-values -const-gather-protocols-list /Users/admin/builder/spi-builder-workspace/.derivedData/Build/Intermediates.noindex/Rainbow.build/Debug-watchos/Rainbow-t.build/Objects-normal/arm64_32/Rainbow_const_extract_protocols.json -Xcc -I/Users/admin/builder/spi-builder-workspace/.derivedData/Build/Products/Debug-watchos/include -Xcc -I/Users/admin/builder/spi-builder-workspace/.derivedData/Build/Intermediates.noindex/Rainbow.build/Debug-watchos/Rainbow-t.build/DerivedSources-normal/arm64_32 -Xcc -I/Users/admin/builder/spi-builder-workspace/.derivedData/Build/Intermediates.noindex/Rainbow.build/Debug-watchos/Rainbow-t.build/DerivedSources/arm64_32 -Xcc -I/Users/admin/builder/spi-builder-workspace/.derivedData/Build/Intermediates.noindex/Rainbow.build/Debug-watchos/Rainbow-t.build/DerivedSources -Xcc -DSWIFT_PACKAGE -Xcc -DDEBUG\=1 -emit-objc-header -emit-objc-header-path /Users/admin/builder/spi-builder-workspace/.derivedData/Build/Intermediates.noindex/Rainbow.build/Debug-watchos/Rainbow-t.build/Objects-normal/arm64_32/Rainbow-Swift.h -working-directory /Users/admin/builder/spi-builder-workspace/.swiftpm/xcode -experimental-emit-module-separately -disable-cmo
SwiftExplicitDependencyGeneratePcm arm64 /Users/admin/builder/spi-builder-workspace/.derivedData/SDKExplicitPrecompiledModules/ptrcheck-AIF0NDOYZ8ORBNHQAQR5NNB8M.pcm
Copy /Users/admin/builder/spi-builder-workspace/.derivedData/Build/Products/Debug-watchos/Rainbow.swiftmodule/arm64_32-apple-watchos.swiftmodule /Users/admin/builder/spi-builder-workspace/.derivedData/Build/Intermediates.noindex/Rainbow.build/Debug-watchos/Rainbow-t.build/Objects-normal/arm64_32/Rainbow.swiftmodule (in target 'Rainbow' from project 'Rainbow')
    cd /Users/admin/builder/spi-builder-workspace/.dependencies/checkouts/Rainbow
    builtin-copy -exclude .DS_Store -exclude CVS -exclude .svn -exclude .git -exclude .hg -resolve-src-symlinks -rename /Users/admin/builder/spi-builder-workspace/.derivedData/Build/Intermediates.noindex/Rainbow.build/Debug-watchos/Rainbow-t.build/Objects-normal/arm64_32/Rainbow.swiftmodule /Users/admin/builder/spi-builder-workspace/.derivedData/Build/Products/Debug-watchos/Rainbow.swiftmodule/arm64_32-apple-watchos.swiftmodule
Copy /Users/admin/builder/spi-builder-workspace/.derivedData/Build/Products/Debug-watchos/Rainbow.swiftmodule/arm64_32-apple-watchos.swiftdoc /Users/admin/builder/spi-builder-workspace/.derivedData/Build/Intermediates.noindex/Rainbow.build/Debug-watchos/Rainbow-t.build/Objects-normal/arm64_32/Rainbow.swiftdoc (in target 'Rainbow' from project 'Rainbow')
    cd /Users/admin/builder/spi-builder-workspace/.dependencies/checkouts/Rainbow
    builtin-copy -exclude .DS_Store -exclude CVS -exclude .svn -exclude .git -exclude .hg -resolve-src-symlinks -rename /Users/admin/builder/spi-builder-workspace/.derivedData/Build/Intermediates.noindex/Rainbow.build/Debug-watchos/Rainbow-t.build/Objects-normal/arm64_32/Rainbow.swiftdoc /Users/admin/builder/spi-builder-workspace/.derivedData/Build/Products/Debug-watchos/Rainbow.swiftmodule/arm64_32-apple-watchos.swiftdoc
SwiftDriverJobDiscovery normal arm64 Emitting module for PathKit (in target 'PathKit' from project 'PathKit')
Copy /Users/admin/builder/spi-builder-workspace/.derivedData/Build/Products/Debug-watchos/Rainbow.swiftmodule/arm64_32-apple-watchos.abi.json /Users/admin/builder/spi-builder-workspace/.derivedData/Build/Intermediates.noindex/Rainbow.build/Debug-watchos/Rainbow-t.build/Objects-normal/arm64_32/Rainbow.abi.json (in target 'Rainbow' from project 'Rainbow')
    cd /Users/admin/builder/spi-builder-workspace/.dependencies/checkouts/Rainbow
    builtin-copy -exclude .DS_Store -exclude CVS -exclude .svn -exclude .git -exclude .hg -resolve-src-symlinks -rename /Users/admin/builder/spi-builder-workspace/.derivedData/Build/Intermediates.noindex/Rainbow.build/Debug-watchos/Rainbow-t.build/Objects-normal/arm64_32/Rainbow.abi.json /Users/admin/builder/spi-builder-workspace/.derivedData/Build/Products/Debug-watchos/Rainbow.swiftmodule/arm64_32-apple-watchos.abi.json
Copy /Users/admin/builder/spi-builder-workspace/.derivedData/Build/Products/Debug-watchos/Rainbow.swiftmodule/Project/arm64_32-apple-watchos.swiftsourceinfo /Users/admin/builder/spi-builder-workspace/.derivedData/Build/Intermediates.noindex/Rainbow.build/Debug-watchos/Rainbow-t.build/Objects-normal/arm64_32/Rainbow.swiftsourceinfo (in target 'Rainbow' from project 'Rainbow')
    cd /Users/admin/builder/spi-builder-workspace/.dependencies/checkouts/Rainbow
    builtin-copy -exclude .DS_Store -exclude CVS -exclude .svn -exclude .git -exclude .hg -resolve-src-symlinks -rename /Users/admin/builder/spi-builder-workspace/.derivedData/Build/Intermediates.noindex/Rainbow.build/Debug-watchos/Rainbow-t.build/Objects-normal/arm64_32/Rainbow.swiftsourceinfo /Users/admin/builder/spi-builder-workspace/.derivedData/Build/Products/Debug-watchos/Rainbow.swiftmodule/Project/arm64_32-apple-watchos.swiftsourceinfo
SwiftDriver\ Compilation\ Requirements PathKit normal arm64 com.apple.xcode.tools.swift.compiler (in target 'PathKit' from project 'PathKit')
    cd /Users/admin/builder/spi-builder-workspace/.swiftpm/xcode
    builtin-Swift-Compilation-Requirements -- /Applications/Xcode-27.0.0-Release.Candidate.app/Contents/Developer/Toolchains/XcodeDefault.xctoolchain/usr/bin/swiftc -parse-as-library -module-name PathKit -Onone @/Users/admin/builder/spi-builder-workspace/.derivedData/Build/Intermediates.noindex/PathKit.build/Debug-watchos/PathKit-t.build/Objects-normal/arm64/PathKit.SwiftFileList -DSWIFT_PACKAGE -DDEBUG -DSWIFT_MODULE_RESOURCE_BUNDLE_UNAVAILABLE -DXcode -plugin-path /Applications/Xcode-27.0.0-Release.Candidate.app/Contents/Developer/Toolchains/XcodeDefault.xctoolchain/usr/lib/swift/host/plugins/testing -enable-experimental-feature DebugDescriptionMacro -sdk /Applications/Xcode-27.0.0-Release.Candidate.app/Contents/Developer/Platforms/WatchOS.platform/Developer/SDKs/WatchOS27.0.sdk -target arm64-apple-watchos9.0 -g -module-cache-path /Users/admin/builder/spi-builder-workspace/.derivedData/ModuleCache.noindex -Xfrontend -serialize-debugging-options -profile-coverage-mapping -profile-generate -enable-testing -suppress-warnings -index-store-path /Users/admin/builder/spi-builder-workspace/.derivedData/Index.noindex/DataStore -Xcc -D_LIBCPP_HARDENING_MODE\=_LIBCPP_HARDENING_MODE_DEBUG -swift-version 4.2 -I /Users/admin/builder/spi-builder-workspace/.derivedData/Build/Products/Debug-watchos -Isystem /Applications/Xcode-27.0.0-Release.Candidate.app/Contents/Developer/Platforms/WatchOS.platform/Developer/usr/lib -F /Users/admin/builder/spi-builder-workspace/.derivedData/Build/Products/Debug-watchos -F /Applications/Xcode-27.0.0-Release.Candidate.app/Contents/Developer/Platforms/WatchOS.platform/Developer/Library/Frameworks -F /Applications/Xcode-27.0.0-Release.Candidate.app/Contents/Developer/Platforms/WatchOS.platform/Developer/SDKs/WatchOS27.0.sdk/Developer/Library/Frameworks -c -j10 -enable-batch-mode -incremental -Xcc -ivfsstatcache -Xcc /Users/admin/builder/spi-builder-workspace/.derivedData/SDKStatCaches.noindex/watchos27.0-24R360-e829b21a6f8c9b70876ba0858053c04477534ef55a1706bf4c1112bbb242f0a2.sdkstatcache -output-file-map /Users/admin/builder/spi-builder-workspace/.derivedData/Build/Intermediates.noindex/PathKit.build/Debug-watchos/PathKit-t.build/Objects-normal/arm64/PathKit-OutputFileMap.json -save-temps -no-color-diagnostics -emit-dependencies -emit-module -emit-module-path /Users/admin/builder/spi-builder-workspace/.derivedData/Build/Intermediates.noindex/PathKit.build/Debug-watchos/PathKit-t.build/Objects-normal/arm64/PathKit.swiftmodule -serialize-diagnostics -validate-clang-modules-once -clang-build-session-file /Users/admin/builder/spi-builder-workspace/.derivedData/ModuleCache.noindex/Session.modulevalidation -Xcc -fmodules-prune-interval\=86400 -Xcc -fmodules-prune-after\=345600 -emit-const-values -const-gather-protocols-list /Users/admin/builder/spi-builder-workspace/.derivedData/Build/Intermediates.noindex/PathKit.build/Debug-watchos/PathKit-t.build/Objects-normal/arm64/PathKit_const_extract_protocols.json -Xcc -I/Users/admin/builder/spi-builder-workspace/.derivedData/Build/Products/Debug-watchos/include -Xcc -I/Users/admin/builder/spi-builder-workspace/.derivedData/Build/Intermediates.noindex/PathKit.build/Debug-watchos/PathKit-t.build/DerivedSources-normal/arm64 -Xcc -I/Users/admin/builder/spi-builder-workspace/.derivedData/Build/Intermediates.noindex/PathKit.build/Debug-watchos/PathKit-t.build/DerivedSources/arm64 -Xcc -I/Users/admin/builder/spi-builder-workspace/.derivedData/Build/Intermediates.noindex/PathKit.build/Debug-watchos/PathKit-t.build/DerivedSources -Xcc -DSWIFT_PACKAGE -Xcc -DDEBUG\=1 -emit-objc-header -emit-objc-header-path /Users/admin/builder/spi-builder-workspace/.derivedData/Build/Intermediates.noindex/PathKit.build/Debug-watchos/PathKit-t.build/Objects-normal/arm64/PathKit-Swift.h -working-directory /Users/admin/builder/spi-builder-workspace/.swiftpm/xcode -experimental-emit-module-separately -disable-cmo
Copy /Users/admin/builder/spi-builder-workspace/.derivedData/Build/Products/Debug-watchos/PathKit.swiftmodule/arm64_32-apple-watchos.swiftmodule /Users/admin/builder/spi-builder-workspace/.derivedData/Build/Intermediates.noindex/PathKit.build/Debug-watchos/PathKit-t.build/Objects-normal/arm64_32/PathKit.swiftmodule (in target 'PathKit' from project 'PathKit')
    cd /Users/admin/builder/spi-builder-workspace/.dependencies/checkouts/PathKit
    builtin-copy -exclude .DS_Store -exclude CVS -exclude .svn -exclude .git -exclude .hg -resolve-src-symlinks -rename /Users/admin/builder/spi-builder-workspace/.derivedData/Build/Intermediates.noindex/PathKit.build/Debug-watchos/PathKit-t.build/Objects-normal/arm64_32/PathKit.swiftmodule /Users/admin/builder/spi-builder-workspace/.derivedData/Build/Products/Debug-watchos/PathKit.swiftmodule/arm64_32-apple-watchos.swiftmodule
Copy /Users/admin/builder/spi-builder-workspace/.derivedData/Build/Products/Debug-watchos/PathKit.swiftmodule/arm64_32-apple-watchos.swiftdoc /Users/admin/builder/spi-builder-workspace/.derivedData/Build/Intermediates.noindex/PathKit.build/Debug-watchos/PathKit-t.build/Objects-normal/arm64_32/PathKit.swiftdoc (in target 'PathKit' from project 'PathKit')
    cd /Users/admin/builder/spi-builder-workspace/.dependencies/checkouts/PathKit
    builtin-copy -exclude .DS_Store -exclude CVS -exclude .svn -exclude .git -exclude .hg -resolve-src-symlinks -rename /Users/admin/builder/spi-builder-workspace/.derivedData/Build/Intermediates.noindex/PathKit.build/Debug-watchos/PathKit-t.build/Objects-normal/arm64_32/PathKit.swiftdoc /Users/admin/builder/spi-builder-workspace/.derivedData/Build/Products/Debug-watchos/PathKit.swiftmodule/arm64_32-apple-watchos.swiftdoc
SwiftMergeGeneratedHeaders /Users/admin/builder/spi-builder-workspace/.derivedData/Build/Intermediates.noindex/GeneratedModuleMaps-watchos/PathKit-Swift.h /Users/admin/builder/spi-builder-workspace/.derivedData/Build/Intermediates.noindex/PathKit.build/Debug-watchos/PathKit-t.build/Objects-normal/arm64/PathKit-Swift.h /Users/admin/builder/spi-builder-workspace/.derivedData/Build/Intermediates.noindex/PathKit.build/Debug-watchos/PathKit-t.build/Objects-normal/arm64_32/PathKit-Swift.h (in target 'PathKit' from project 'PathKit')
    cd /Users/admin/builder/spi-builder-workspace/.dependencies/checkouts/PathKit
    builtin-swiftHeaderTool -arch arm64 /Users/admin/builder/spi-builder-workspace/.derivedData/Build/Intermediates.noindex/PathKit.build/Debug-watchos/PathKit-t.build/Objects-normal/arm64/PathKit-Swift.h -arch arm64_32 /Users/admin/builder/spi-builder-workspace/.derivedData/Build/Intermediates.noindex/PathKit.build/Debug-watchos/PathKit-t.build/Objects-normal/arm64_32/PathKit-Swift.h -o /Users/admin/builder/spi-builder-workspace/.derivedData/Build/Intermediates.noindex/GeneratedModuleMaps-watchos/PathKit-Swift.h
Copy /Users/admin/builder/spi-builder-workspace/.derivedData/Build/Products/Debug-watchos/PathKit.swiftmodule/arm64_32-apple-watchos.abi.json /Users/admin/builder/spi-builder-workspace/.derivedData/Build/Intermediates.noindex/PathKit.build/Debug-watchos/PathKit-t.build/Objects-normal/arm64_32/PathKit.abi.json (in target 'PathKit' from project 'PathKit')
    cd /Users/admin/builder/spi-builder-workspace/.dependencies/checkouts/PathKit
    builtin-copy -exclude .DS_Store -exclude CVS -exclude .svn -exclude .git -exclude .hg -resolve-src-symlinks -rename /Users/admin/builder/spi-builder-workspace/.derivedData/Build/Intermediates.noindex/PathKit.build/Debug-watchos/PathKit-t.build/Objects-normal/arm64_32/PathKit.abi.json /Users/admin/builder/spi-builder-workspace/.derivedData/Build/Products/Debug-watchos/PathKit.swiftmodule/arm64_32-apple-watchos.abi.json
Copy /Users/admin/builder/spi-builder-workspace/.derivedData/Build/Products/Debug-watchos/PathKit.swiftmodule/arm64-apple-watchos.swiftmodule /Users/admin/builder/spi-builder-workspace/.derivedData/Build/Intermediates.noindex/PathKit.build/Debug-watchos/PathKit-t.build/Objects-normal/arm64/PathKit.swiftmodule (in target 'PathKit' from project 'PathKit')
    cd /Users/admin/builder/spi-builder-workspace/.dependencies/checkouts/PathKit
    builtin-copy -exclude .DS_Store -exclude CVS -exclude .svn -exclude .git -exclude .hg -resolve-src-symlinks -rename /Users/admin/builder/spi-builder-workspace/.derivedData/Build/Intermediates.noindex/PathKit.build/Debug-watchos/PathKit-t.build/Objects-normal/arm64/PathKit.swiftmodule /Users/admin/builder/spi-builder-workspace/.derivedData/Build/Products/Debug-watchos/PathKit.swiftmodule/arm64-apple-watchos.swiftmodule
Copy /Users/admin/builder/spi-builder-workspace/.derivedData/Build/Products/Debug-watchos/PathKit.swiftmodule/arm64-apple-watchos.swiftdoc /Users/admin/builder/spi-builder-workspace/.derivedData/Build/Intermediates.noindex/PathKit.build/Debug-watchos/PathKit-t.build/Objects-normal/arm64/PathKit.swiftdoc (in target 'PathKit' from project 'PathKit')
    cd /Users/admin/builder/spi-builder-workspace/.dependencies/checkouts/PathKit
    builtin-copy -exclude .DS_Store -exclude CVS -exclude .svn -exclude .git -exclude .hg -resolve-src-symlinks -rename /Users/admin/builder/spi-builder-workspace/.derivedData/Build/Intermediates.noindex/PathKit.build/Debug-watchos/PathKit-t.build/Objects-normal/arm64/PathKit.swiftdoc /Users/admin/builder/spi-builder-workspace/.derivedData/Build/Products/Debug-watchos/PathKit.swiftmodule/arm64-apple-watchos.swiftdoc
Copy /Users/admin/builder/spi-builder-workspace/.derivedData/Build/Products/Debug-watchos/PathKit.swiftmodule/arm64-apple-watchos.abi.json /Users/admin/builder/spi-builder-workspace/.derivedData/Build/Intermediates.noindex/PathKit.build/Debug-watchos/PathKit-t.build/Objects-normal/arm64/PathKit.abi.json (in target 'PathKit' from project 'PathKit')
    cd /Users/admin/builder/spi-builder-workspace/.dependencies/checkouts/PathKit
    builtin-copy -exclude .DS_Store -exclude CVS -exclude .svn -exclude .git -exclude .hg -resolve-src-symlinks -rename /Users/admin/builder/spi-builder-workspace/.derivedData/Build/Intermediates.noindex/PathKit.build/Debug-watchos/PathKit-t.build/Objects-normal/arm64/PathKit.abi.json /Users/admin/builder/spi-builder-workspace/.derivedData/Build/Products/Debug-watchos/PathKit.swiftmodule/arm64-apple-watchos.abi.json
Copy /Users/admin/builder/spi-builder-workspace/.derivedData/Build/Products/Debug-watchos/PathKit.swiftmodule/Project/arm64_32-apple-watchos.swiftsourceinfo /Users/admin/builder/spi-builder-workspace/.derivedData/Build/Intermediates.noindex/PathKit.build/Debug-watchos/PathKit-t.build/Objects-normal/arm64_32/PathKit.swiftsourceinfo (in target 'PathKit' from project 'PathKit')
    cd /Users/admin/builder/spi-builder-workspace/.dependencies/checkouts/PathKit
    builtin-copy -exclude .DS_Store -exclude CVS -exclude .svn -exclude .git -exclude .hg -resolve-src-symlinks -rename /Users/admin/builder/spi-builder-workspace/.derivedData/Build/Intermediates.noindex/PathKit.build/Debug-watchos/PathKit-t.build/Objects-normal/arm64_32/PathKit.swiftsourceinfo /Users/admin/builder/spi-builder-workspace/.derivedData/Build/Products/Debug-watchos/PathKit.swiftmodule/Project/arm64_32-apple-watchos.swiftsourceinfo
Copy /Users/admin/builder/spi-builder-workspace/.derivedData/Build/Products/Debug-watchos/PathKit.swiftmodule/Project/arm64-apple-watchos.swiftsourceinfo /Users/admin/builder/spi-builder-workspace/.derivedData/Build/Intermediates.noindex/PathKit.build/Debug-watchos/PathKit-t.build/Objects-normal/arm64/PathKit.swiftsourceinfo (in target 'PathKit' from project 'PathKit')
    cd /Users/admin/builder/spi-builder-workspace/.dependencies/checkouts/PathKit
    builtin-copy -exclude .DS_Store -exclude CVS -exclude .svn -exclude .git -exclude .hg -resolve-src-symlinks -rename /Users/admin/builder/spi-builder-workspace/.derivedData/Build/Intermediates.noindex/PathKit.build/Debug-watchos/PathKit-t.build/Objects-normal/arm64/PathKit.swiftsourceinfo /Users/admin/builder/spi-builder-workspace/.derivedData/Build/Products/Debug-watchos/PathKit.swiftmodule/Project/arm64-apple-watchos.swiftsourceinfo
SwiftExplicitDependencyGeneratePcm arm64_32 /Users/admin/builder/spi-builder-workspace/.derivedData/SDKExplicitPrecompiledModules/ptrcheck-7ELIH9BTIGVKX3UBITM9N72WD.pcm
SwiftExplicitDependencyGeneratePcm arm64_32 /Users/admin/builder/spi-builder-workspace/.derivedData/SDKExplicitPrecompiledModules/_Builtin_stdbool-A967K8W8YUYEC9SN52KJ7OO88.pcm
SwiftExplicitDependencyGeneratePcm arm64_32 /Users/admin/builder/spi-builder-workspace/.derivedData/SDKExplicitPrecompiledModules/_Builtin_stdarg-D305JG44A2WPI6CJY37X3QJE8.pcm
SwiftExplicitDependencyGeneratePcm arm64 /Users/admin/builder/spi-builder-workspace/.derivedData/SDKExplicitPrecompiledModules/_Builtin_stddef-1FU30Y8SWFB7OUUHMJQH5J6FM.pcm
SwiftExplicitDependencyGeneratePcm arm64_32 /Users/admin/builder/spi-builder-workspace/.derivedData/SDKExplicitPrecompiledModules/ptrauth-BFXF358ME5AK535N5A9Z766WU.pcm
SwiftExplicitDependencyGeneratePcm arm64 /Users/admin/builder/spi-builder-workspace/.derivedData/SDKExplicitPrecompiledModules/ptrauth-3TZ9WJCGLYD25HQPWH4968ONX.pcm
SwiftExplicitDependencyGeneratePcm arm64_32 /Users/admin/builder/spi-builder-workspace/.derivedData/SDKExplicitPrecompiledModules/_AvailabilityInternal-244WAN3Z1QBT7PIA64EZEFY1R.pcm
SwiftExplicitDependencyGeneratePcm arm64_32 /Users/admin/builder/spi-builder-workspace/.derivedData/SDKExplicitPrecompiledModules/SwiftShims-9CQQGWTSNTN9EB5NSHDWUJICH.pcm
SwiftExplicitDependencyGeneratePcm arm64_32 /Users/admin/builder/spi-builder-workspace/.derivedData/SDKExplicitPrecompiledModules/_Builtin_stddef-H44EFHQX6XSS5MZ7QP6YJZ76.pcm
SwiftExplicitDependencyGeneratePcm arm64_32 /Users/admin/builder/spi-builder-workspace/.derivedData/SDKExplicitPrecompiledModules/_Builtin_float-6KO8O3PEWRCA4WC6PPLOYO6WJ.pcm
SwiftExplicitDependencyGeneratePcm arm64 /Users/admin/builder/spi-builder-workspace/.derivedData/SDKExplicitPrecompiledModules/_Builtin_float-C0CW5Q4HGBQYKE77TC42IAFB5.pcm
SwiftExplicitDependencyGeneratePcm arm64 /Users/admin/builder/spi-builder-workspace/.derivedData/SDKExplicitPrecompiledModules/_AvailabilityInternal-BUNV3UXM65NT37THI4W1AM0SF.pcm
SwiftExplicitDependencyGeneratePcm arm64 /Users/admin/builder/spi-builder-workspace/.derivedData/SDKExplicitPrecompiledModules/_Builtin_stdbool-83J96QSOFE9VX04AAS6310UAE.pcm
SwiftExplicitDependencyGeneratePcm arm64_32 /Users/admin/builder/spi-builder-workspace/.derivedData/SDKExplicitPrecompiledModules/_DarwinFoundation1-2GWF9RFMPLQW4PDHS3NARVI3G.pcm
SwiftExplicitDependencyGeneratePcm arm64 /Users/admin/builder/spi-builder-workspace/.derivedData/SDKExplicitPrecompiledModules/_Builtin_stdarg-A7UU8LE6MP85SM26YO7PBZNUQ.pcm
SwiftExplicitDependencyGeneratePcm arm64 /Users/admin/builder/spi-builder-workspace/.derivedData/SDKExplicitPrecompiledModules/_DarwinFoundation1-7SPX3MD0HMP55E4OLNCPNDQ53.pcm
SwiftExplicitDependencyGeneratePcm arm64 /Users/admin/builder/spi-builder-workspace/.derivedData/SDKExplicitPrecompiledModules/SwiftShims-4MXFZPV6FEB0XBYXCGPWAMQGL.pcm
SwiftExplicitDependencyGeneratePcm arm64 /Users/admin/builder/spi-builder-workspace/.derivedData/SDKExplicitPrecompiledModules/_SwiftConcurrencyShims-659N52XSKR5F0QSB880BH2FJR.pcm
SwiftExplicitDependencyGeneratePcm arm64_32 /Users/admin/builder/spi-builder-workspace/.derivedData/SDKExplicitPrecompiledModules/_DarwinFoundation2-9MY8GOSYRO0M9MKNXF6D3MBNK.pcm
SwiftExplicitDependencyGeneratePcm arm64_32 /Users/admin/builder/spi-builder-workspace/.derivedData/SDKExplicitPrecompiledModules/_Builtin_limits-3VKBU2AFTD65PAJZ5CJ3LHFM2.pcm
SwiftExplicitDependencyGeneratePcm arm64 /Users/admin/builder/spi-builder-workspace/.derivedData/SDKExplicitPrecompiledModules/_DarwinFoundation2-D0XAPJU49S5E9XMKYOFGSTB1Q.pcm
SwiftExplicitDependencyGeneratePcm arm64 /Users/admin/builder/spi-builder-workspace/.derivedData/SDKExplicitPrecompiledModules/_Builtin_limits-9GWPA2B0H20DYUNYHYCWKABJG.pcm
SwiftDriverJobDiscovery normal arm64_32 Compiling Style.swift (in target 'Rainbow' from project 'Rainbow')
SwiftCompile normal arm64 Compiling\ HSLColorConverter.swift,\ ModesExtractor.swift /Users/admin/builder/spi-builder-workspace/.dependencies/checkouts/Rainbow/Sources/HSLColorConverter.swift /Users/admin/builder/spi-builder-workspace/.dependencies/checkouts/Rainbow/Sources/ModesExtractor.swift (in target 'Rainbow' from project 'Rainbow')
SwiftCompile normal arm64 /Users/admin/builder/spi-builder-workspace/.dependencies/checkouts/Rainbow/Sources/HSLColorConverter.swift (in target 'Rainbow' from project 'Rainbow')
    cd /Users/admin/builder/spi-builder-workspace/.swiftpm/xcode
    builtin-SwiftPerFileCompile HSLColorConverter.swift
SwiftCompile normal arm64 /Users/admin/builder/spi-builder-workspace/.dependencies/checkouts/Rainbow/Sources/ModesExtractor.swift (in target 'Rainbow' from project 'Rainbow')
    cd /Users/admin/builder/spi-builder-workspace/.swiftpm/xcode
    builtin-SwiftPerFileCompile ModesExtractor.swift
SwiftDriverJobDiscovery normal arm64_32 Compiling StringGenerator.swift (in target 'Rainbow' from project 'Rainbow')
SwiftCompile normal arm64_32 Compiling\ ConditionalStyleBuilder.swift,\ ControlCode.swift /Users/admin/builder/spi-builder-workspace/.dependencies/checkouts/Rainbow/Sources/ConditionalStyleBuilder.swift /Users/admin/builder/spi-builder-workspace/.dependencies/checkouts/Rainbow/Sources/ControlCode.swift (in target 'Rainbow' from project 'Rainbow')
SwiftCompile normal arm64_32 /Users/admin/builder/spi-builder-workspace/.dependencies/checkouts/Rainbow/Sources/ConditionalStyleBuilder.swift (in target 'Rainbow' from project 'Rainbow')
    cd /Users/admin/builder/spi-builder-workspace/.swiftpm/xcode
    builtin-SwiftPerFileCompile ConditionalStyleBuilder.swift
SwiftCompile normal arm64_32 /Users/admin/builder/spi-builder-workspace/.dependencies/checkouts/Rainbow/Sources/ControlCode.swift (in target 'Rainbow' from project 'Rainbow')
    cd /Users/admin/builder/spi-builder-workspace/.swiftpm/xcode
    builtin-SwiftPerFileCompile ControlCode.swift
SwiftCompile normal arm64_32 Compiling\ Color.swift,\ ColorApproximation.swift /Users/admin/builder/spi-builder-workspace/.dependencies/checkouts/Rainbow/Sources/Color.swift /Users/admin/builder/spi-builder-workspace/.dependencies/checkouts/Rainbow/Sources/ColorApproximation.swift (in target 'Rainbow' from project 'Rainbow')
SwiftCompile normal arm64_32 /Users/admin/builder/spi-builder-workspace/.dependencies/checkouts/Rainbow/Sources/Color.swift (in target 'Rainbow' from project 'Rainbow')
    cd /Users/admin/builder/spi-builder-workspace/.swiftpm/xcode
    builtin-SwiftPerFileCompile Color.swift
SwiftCompile normal arm64_32 /Users/admin/builder/spi-builder-workspace/.dependencies/checkouts/Rainbow/Sources/ColorApproximation.swift (in target 'Rainbow' from project 'Rainbow')
    cd /Users/admin/builder/spi-builder-workspace/.swiftpm/xcode
    builtin-SwiftPerFileCompile ColorApproximation.swift
SwiftDriverJobDiscovery normal arm64 Emitting module for Rainbow (in target 'Rainbow' from project 'Rainbow')
SwiftDriver\ Compilation\ Requirements Rainbow normal arm64 com.apple.xcode.tools.swift.compiler (in target 'Rainbow' from project 'Rainbow')
    cd /Users/admin/builder/spi-builder-workspace/.swiftpm/xcode
    builtin-Swift-Compilation-Requirements -- /Applications/Xcode-27.0.0-Release.Candidate.app/Contents/Developer/Toolchains/XcodeDefault.xctoolchain/usr/bin/swiftc -parse-as-library -module-name Rainbow -Onone @/Users/admin/builder/spi-builder-workspace/.derivedData/Build/Intermediates.noindex/Rainbow.build/Debug-watchos/Rainbow-t.build/Objects-normal/arm64/Rainbow.SwiftFileList -DSWIFT_PACKAGE -DDEBUG -DSWIFT_MODULE_RESOURCE_BUNDLE_UNAVAILABLE -DXcode -plugin-path /Applications/Xcode-27.0.0-Release.Candidate.app/Contents/Developer/Toolchains/XcodeDefault.xctoolchain/usr/lib/swift/host/plugins/testing -enable-experimental-feature DebugDescriptionMacro -sdk /Applications/Xcode-27.0.0-Release.Candidate.app/Contents/Developer/Platforms/WatchOS.platform/Developer/SDKs/WatchOS27.0.sdk -target arm64-apple-watchos9.0 -g -module-cache-path /Users/admin/builder/spi-builder-workspace/.derivedData/ModuleCache.noindex -Xfrontend -serialize-debugging-options -profile-coverage-mapping -profile-generate -enable-testing -suppress-warnings -index-store-path /Users/admin/builder/spi-builder-workspace/.derivedData/Index.noindex/DataStore -Xcc -D_LIBCPP_HARDENING_MODE\=_LIBCPP_HARDENING_MODE_DEBUG -swift-version 4 -I /Users/admin/builder/spi-builder-workspace/.derivedData/Build/Products/Debug-watchos -Isystem /Applications/Xcode-27.0.0-Release.Candidate.app/Contents/Developer/Platforms/WatchOS.platform/Developer/usr/lib -F /Users/admin/builder/spi-builder-workspace/.derivedData/Build/Products/Debug-watchos -F /Applications/Xcode-27.0.0-Release.Candidate.app/Contents/Developer/Platforms/WatchOS.platform/Developer/Library/Frameworks -F /Applications/Xcode-27.0.0-Release.Candidate.app/Contents/Developer/Platforms/WatchOS.platform/Developer/SDKs/WatchOS27.0.sdk/Developer/Library/Frameworks -c -j10 -enable-batch-mode -incremental -Xcc -ivfsstatcache -Xcc /Users/admin/builder/spi-builder-workspace/.derivedData/SDKStatCaches.noindex/watchos27.0-24R360-e829b21a6f8c9b70876ba0858053c04477534ef55a1706bf4c1112bbb242f0a2.sdkstatcache -output-file-map /Users/admin/builder/spi-builder-workspace/.derivedData/Build/Intermediates.noindex/Rainbow.build/Debug-watchos/Rainbow-t.build/Objects-normal/arm64/Rainbow-OutputFileMap.json -save-temps -no-color-diagnostics -emit-dependencies -emit-module -emit-module-path /Users/admin/builder/spi-builder-workspace/.derivedData/Build/Intermediates.noindex/Rainbow.build/Debug-watchos/Rainbow-t.build/Objects-normal/arm64/Rainbow.swiftmodule -serialize-diagnostics -validate-clang-modules-once -clang-build-session-file /Users/admin/builder/spi-builder-workspace/.derivedData/ModuleCache.noindex/Session.modulevalidation -Xcc -fmodules-prune-interval\=86400 -Xcc -fmodules-prune-after\=345600 -emit-const-values -const-gather-protocols-list /Users/admin/builder/spi-builder-workspace/.derivedData/Build/Intermediates.noindex/Rainbow.build/Debug-watchos/Rainbow-t.build/Objects-normal/arm64/Rainbow_const_extract_protocols.json -Xcc -I/Users/admin/builder/spi-builder-workspace/.derivedData/Build/Products/Debug-watchos/include -Xcc -I/Users/admin/builder/spi-builder-workspace/.derivedData/Build/Intermediates.noindex/Rainbow.build/Debug-watchos/Rainbow-t.build/DerivedSources-normal/arm64 -Xcc -I/Users/admin/builder/spi-builder-workspace/.derivedData/Build/Intermediates.noindex/Rainbow.build/Debug-watchos/Rainbow-t.build/DerivedSources/arm64 -Xcc -I/Users/admin/builder/spi-builder-workspace/.derivedData/Build/Intermediates.noindex/Rainbow.build/Debug-watchos/Rainbow-t.build/DerivedSources -Xcc -DSWIFT_PACKAGE -Xcc -DDEBUG\=1 -emit-objc-header -emit-objc-header-path /Users/admin/builder/spi-builder-workspace/.derivedData/Build/Intermediates.noindex/Rainbow.build/Debug-watchos/Rainbow-t.build/Objects-normal/arm64/Rainbow-Swift.h -working-directory /Users/admin/builder/spi-builder-workspace/.swiftpm/xcode -experimental-emit-module-separately -disable-cmo
SwiftCompile normal arm64_32 Compiling\ StyledStringBuilder.swift /Users/admin/builder/spi-builder-workspace/.dependencies/checkouts/Rainbow/Sources/StyledStringBuilder.swift (in target 'Rainbow' from project 'Rainbow')
SwiftCompile normal arm64_32 /Users/admin/builder/spi-builder-workspace/.dependencies/checkouts/Rainbow/Sources/StyledStringBuilder.swift (in target 'Rainbow' from project 'Rainbow')
    cd /Users/admin/builder/spi-builder-workspace/.swiftpm/xcode
    builtin-SwiftPerFileCompile StyledStringBuilder.swift
SwiftMergeGeneratedHeaders /Users/admin/builder/spi-builder-workspace/.derivedData/Build/Intermediates.noindex/GeneratedModuleMaps-watchos/Rainbow-Swift.h /Users/admin/builder/spi-builder-workspace/.derivedData/Build/Intermediates.noindex/Rainbow.build/Debug-watchos/Rainbow-t.build/Objects-normal/arm64/Rainbow-Swift.h /Users/admin/builder/spi-builder-workspace/.derivedData/Build/Intermediates.noindex/Rainbow.build/Debug-watchos/Rainbow-t.build/Objects-normal/arm64_32/Rainbow-Swift.h (in target 'Rainbow' from project 'Rainbow')
    cd /Users/admin/builder/spi-builder-workspace/.dependencies/checkouts/Rainbow
    builtin-swiftHeaderTool -arch arm64 /Users/admin/builder/spi-builder-workspace/.derivedData/Build/Intermediates.noindex/Rainbow.build/Debug-watchos/Rainbow-t.build/Objects-normal/arm64/Rainbow-Swift.h -arch arm64_32 /Users/admin/builder/spi-builder-workspace/.derivedData/Build/Intermediates.noindex/Rainbow.build/Debug-watchos/Rainbow-t.build/Objects-normal/arm64_32/Rainbow-Swift.h -o /Users/admin/builder/spi-builder-workspace/.derivedData/Build/Intermediates.noindex/GeneratedModuleMaps-watchos/Rainbow-Swift.h
Copy /Users/admin/builder/spi-builder-workspace/.derivedData/Build/Products/Debug-watchos/Rainbow.swiftmodule/arm64-apple-watchos.swiftmodule /Users/admin/builder/spi-builder-workspace/.derivedData/Build/Intermediates.noindex/Rainbow.build/Debug-watchos/Rainbow-t.build/Objects-normal/arm64/Rainbow.swiftmodule (in target 'Rainbow' from project 'Rainbow')
    cd /Users/admin/builder/spi-builder-workspace/.dependencies/checkouts/Rainbow
    builtin-copy -exclude .DS_Store -exclude CVS -exclude .svn -exclude .git -exclude .hg -resolve-src-symlinks -rename /Users/admin/builder/spi-builder-workspace/.derivedData/Build/Intermediates.noindex/Rainbow.build/Debug-watchos/Rainbow-t.build/Objects-normal/arm64/Rainbow.swiftmodule /Users/admin/builder/spi-builder-workspace/.derivedData/Build/Products/Debug-watchos/Rainbow.swiftmodule/arm64-apple-watchos.swiftmodule
Copy /Users/admin/builder/spi-builder-workspace/.derivedData/Build/Products/Debug-watchos/Rainbow.swiftmodule/arm64-apple-watchos.swiftdoc /Users/admin/builder/spi-builder-workspace/.derivedData/Build/Intermediates.noindex/Rainbow.build/Debug-watchos/Rainbow-t.build/Objects-normal/arm64/Rainbow.swiftdoc (in target 'Rainbow' from project 'Rainbow')
    cd /Users/admin/builder/spi-builder-workspace/.dependencies/checkouts/Rainbow
    builtin-copy -exclude .DS_Store -exclude CVS -exclude .svn -exclude .git -exclude .hg -resolve-src-symlinks -rename /Users/admin/builder/spi-builder-workspace/.derivedData/Build/Intermediates.noindex/Rainbow.build/Debug-watchos/Rainbow-t.build/Objects-normal/arm64/Rainbow.swiftdoc /Users/admin/builder/spi-builder-workspace/.derivedData/Build/Products/Debug-watchos/Rainbow.swiftmodule/arm64-apple-watchos.swiftdoc
Copy /Users/admin/builder/spi-builder-workspace/.derivedData/Build/Products/Debug-watchos/Rainbow.swiftmodule/arm64-apple-watchos.abi.json /Users/admin/builder/spi-builder-workspace/.derivedData/Build/Intermediates.noindex/Rainbow.build/Debug-watchos/Rainbow-t.build/Objects-normal/arm64/Rainbow.abi.json (in target 'Rainbow' from project 'Rainbow')
    cd /Users/admin/builder/spi-builder-workspace/.dependencies/checkouts/Rainbow
    builtin-copy -exclude .DS_Store -exclude CVS -exclude .svn -exclude .git -exclude .hg -resolve-src-symlinks -rename /Users/admin/builder/spi-builder-workspace/.derivedData/Build/Intermediates.noindex/Rainbow.build/Debug-watchos/Rainbow-t.build/Objects-normal/arm64/Rainbow.abi.json /Users/admin/builder/spi-builder-workspace/.derivedData/Build/Products/Debug-watchos/Rainbow.swiftmodule/arm64-apple-watchos.abi.json
Copy /Users/admin/builder/spi-builder-workspace/.derivedData/Build/Products/Debug-watchos/Rainbow.swiftmodule/Project/arm64-apple-watchos.swiftsourceinfo /Users/admin/builder/spi-builder-workspace/.derivedData/Build/Intermediates.noindex/Rainbow.build/Debug-watchos/Rainbow-t.build/Objects-normal/arm64/Rainbow.swiftsourceinfo (in target 'Rainbow' from project 'Rainbow')
    cd /Users/admin/builder/spi-builder-workspace/.dependencies/checkouts/Rainbow
    builtin-copy -exclude .DS_Store -exclude CVS -exclude .svn -exclude .git -exclude .hg -resolve-src-symlinks -rename /Users/admin/builder/spi-builder-workspace/.derivedData/Build/Intermediates.noindex/Rainbow.build/Debug-watchos/Rainbow-t.build/Objects-normal/arm64/Rainbow.swiftsourceinfo /Users/admin/builder/spi-builder-workspace/.derivedData/Build/Products/Debug-watchos/Rainbow.swiftmodule/Project/arm64-apple-watchos.swiftsourceinfo
SwiftExplicitDependencyGeneratePcm arm64_32 /Users/admin/builder/spi-builder-workspace/.derivedData/SDKExplicitPrecompiledModules/sys_types-8TLLMW08ZJWDGIIPKOYFGHHZW.pcm
SwiftExplicitDependencyGeneratePcm arm64_32 /Users/admin/builder/spi-builder-workspace/.derivedData/SDKExplicitPrecompiledModules/_Builtin_stdint-1HMXWI3V0V4TXHRWZOMZGZ80Y.pcm
SwiftExplicitDependencyGeneratePcm arm64 /Users/admin/builder/spi-builder-workspace/.derivedData/SDKExplicitPrecompiledModules/_Builtin_stdint-8XMILLJZEGRN2XG7XZUXZ5RLX.pcm
SwiftExplicitDependencyGeneratePcm arm64 /Users/admin/builder/spi-builder-workspace/.derivedData/SDKExplicitPrecompiledModules/string_h-E6PRXK75PHIPCZFWOFCQ3QBMK.pcm
SwiftExplicitDependencyGeneratePcm arm64 /Users/admin/builder/spi-builder-workspace/.derivedData/SDKExplicitPrecompiledModules/sys_types-2KXQLI78OUCDP779AE68GZJ2.pcm
SwiftExplicitDependencyGeneratePcm arm64_32 /Users/admin/builder/spi-builder-workspace/.derivedData/SDKExplicitPrecompiledModules/string_h-BFVLUQUSBZWYMLCU9QI7VZALW.pcm
SwiftExplicitDependencyGeneratePcm arm64 /Users/admin/builder/spi-builder-workspace/.derivedData/SDKExplicitPrecompiledModules/_DarwinFoundation3-B97LRG0E9GON2NUE65TVG81HU.pcm
SwiftDriverJobDiscovery normal arm64_32 Compiling ConditionalStyleBuilder.swift, ControlCode.swift (in target 'Rainbow' from project 'Rainbow')
SwiftExplicitDependencyGeneratePcm arm64_32 /Users/admin/builder/spi-builder-workspace/.derivedData/SDKExplicitPrecompiledModules/_DarwinFoundation3-3DUTYQDQSD9HUAAVY947NMWOI.pcm
SwiftCompile normal arm64_32 Compiling\ BackgroundColor.swift,\ CodesParser.swift /Users/admin/builder/spi-builder-workspace/.dependencies/checkouts/Rainbow/Sources/BackgroundColor.swift /Users/admin/builder/spi-builder-workspace/.dependencies/checkouts/Rainbow/Sources/CodesParser.swift (in target 'Rainbow' from project 'Rainbow')
SwiftCompile normal arm64_32 /Users/admin/builder/spi-builder-workspace/.dependencies/checkouts/Rainbow/Sources/BackgroundColor.swift (in target 'Rainbow' from project 'Rainbow')
    cd /Users/admin/builder/spi-builder-workspace/.swiftpm/xcode
    builtin-SwiftPerFileCompile BackgroundColor.swift
SwiftCompile normal arm64_32 /Users/admin/builder/spi-builder-workspace/.dependencies/checkouts/Rainbow/Sources/CodesParser.swift (in target 'Rainbow' from project 'Rainbow')
    cd /Users/admin/builder/spi-builder-workspace/.swiftpm/xcode
    builtin-SwiftPerFileCompile CodesParser.swift
SwiftCompile normal arm64 Compiling\ StringGenerator.swift /Users/admin/builder/spi-builder-workspace/.dependencies/checkouts/Rainbow/Sources/StringGenerator.swift (in target 'Rainbow' from project 'Rainbow')
SwiftCompile normal arm64 /Users/admin/builder/spi-builder-workspace/.dependencies/checkouts/Rainbow/Sources/StringGenerator.swift (in target 'Rainbow' from project 'Rainbow')
    cd /Users/admin/builder/spi-builder-workspace/.swiftpm/xcode
    builtin-SwiftPerFileCompile StringGenerator.swift
SwiftExplicitDependencyGeneratePcm arm64 /Users/admin/builder/spi-builder-workspace/.derivedData/SDKExplicitPrecompiledModules/_Builtin_inttypes-3UQSCM7WNM9EK4HZML8TY5J3D.pcm
SwiftExplicitDependencyGeneratePcm arm64_32 /Users/admin/builder/spi-builder-workspace/.derivedData/SDKExplicitPrecompiledModules/_Builtin_inttypes-D2KPCR4PEX9AQA33NGLUT5SBR.pcm
SwiftDriverJobDiscovery normal arm64 Compiling Style.swift (in target 'Rainbow' from project 'Rainbow')
SwiftCompile normal arm64 Compiling\ OutputTarget.swift,\ Rainbow.swift /Users/admin/builder/spi-builder-workspace/.dependencies/checkouts/Rainbow/Sources/OutputTarget.swift /Users/admin/builder/spi-builder-workspace/.dependencies/checkouts/Rainbow/Sources/Rainbow.swift (in target 'Rainbow' from project 'Rainbow')
SwiftCompile normal arm64 /Users/admin/builder/spi-builder-workspace/.dependencies/checkouts/Rainbow/Sources/OutputTarget.swift (in target 'Rainbow' from project 'Rainbow')
    cd /Users/admin/builder/spi-builder-workspace/.swiftpm/xcode
    builtin-SwiftPerFileCompile OutputTarget.swift
SwiftCompile normal arm64 /Users/admin/builder/spi-builder-workspace/.dependencies/checkouts/Rainbow/Sources/Rainbow.swift (in target 'Rainbow' from project 'Rainbow')
    cd /Users/admin/builder/spi-builder-workspace/.swiftpm/xcode
    builtin-SwiftPerFileCompile Rainbow.swift
SwiftExplicitDependencyGeneratePcm arm64 /Users/admin/builder/spi-builder-workspace/.derivedData/SDKExplicitPrecompiledModules/Darwin-3984OXKFNSPE77NT743WK8SEX.pcm
SwiftExplicitDependencyGeneratePcm arm64_32 /Users/admin/builder/spi-builder-workspace/.derivedData/SDKExplicitPrecompiledModules/Darwin-3FVT1SKLN2ZQ5RVOABMTQBB34.pcm
SwiftDriverJobDiscovery normal arm64_32 Compiling BackgroundColor.swift, CodesParser.swift (in target 'Rainbow' from project 'Rainbow')
SwiftCompile normal arm64 Compiling\ String+ConditionalStyling.swift /Users/admin/builder/spi-builder-workspace/.dependencies/checkouts/Rainbow/Sources/String+ConditionalStyling.swift (in target 'Rainbow' from project 'Rainbow')
SwiftCompile normal arm64 /Users/admin/builder/spi-builder-workspace/.dependencies/checkouts/Rainbow/Sources/String+ConditionalStyling.swift (in target 'Rainbow' from project 'Rainbow')
    cd /Users/admin/builder/spi-builder-workspace/.swiftpm/xcode
    builtin-SwiftPerFileCompile String+ConditionalStyling.swift
SwiftDriverJobDiscovery normal arm64 Compiling StringGenerator.swift (in target 'Rainbow' from project 'Rainbow')
SwiftCompile normal arm64_32 Compiling\ String+ConditionalStyling.swift /Users/admin/builder/spi-builder-workspace/.dependencies/checkouts/Rainbow/Sources/String+ConditionalStyling.swift (in target 'Rainbow' from project 'Rainbow')
SwiftCompile normal arm64_32 /Users/admin/builder/spi-builder-workspace/.dependencies/checkouts/Rainbow/Sources/String+ConditionalStyling.swift (in target 'Rainbow' from project 'Rainbow')
    cd /Users/admin/builder/spi-builder-workspace/.swiftpm/xcode
    builtin-SwiftPerFileCompile String+ConditionalStyling.swift
SwiftDriverJobDiscovery normal arm64 Compiling String+ConditionalStyling.swift (in target 'Rainbow' from project 'Rainbow')
SwiftCompile normal arm64_32 Compiling\ String+Rainbow.swift /Users/admin/builder/spi-builder-workspace/.dependencies/checkouts/Rainbow/Sources/String+Rainbow.swift (in target 'Rainbow' from project 'Rainbow')
SwiftCompile normal arm64_32 /Users/admin/builder/spi-builder-workspace/.dependencies/checkouts/Rainbow/Sources/String+Rainbow.swift (in target 'Rainbow' from project 'Rainbow')
    cd /Users/admin/builder/spi-builder-workspace/.swiftpm/xcode
    builtin-SwiftPerFileCompile String+Rainbow.swift
SwiftDriverJobDiscovery normal arm64_32 Compiling OutputTarget.swift, Rainbow.swift (in target 'Rainbow' from project 'Rainbow')
SwiftCompile normal arm64 Compiling\ Color.swift,\ ColorApproximation.swift /Users/admin/builder/spi-builder-workspace/.dependencies/checkouts/Rainbow/Sources/Color.swift /Users/admin/builder/spi-builder-workspace/.dependencies/checkouts/Rainbow/Sources/ColorApproximation.swift (in target 'Rainbow' from project 'Rainbow')
SwiftCompile normal arm64 /Users/admin/builder/spi-builder-workspace/.dependencies/checkouts/Rainbow/Sources/Color.swift (in target 'Rainbow' from project 'Rainbow')
    cd /Users/admin/builder/spi-builder-workspace/.swiftpm/xcode
    builtin-SwiftPerFileCompile Color.swift
SwiftCompile normal arm64 /Users/admin/builder/spi-builder-workspace/.dependencies/checkouts/Rainbow/Sources/ColorApproximation.swift (in target 'Rainbow' from project 'Rainbow')
    cd /Users/admin/builder/spi-builder-workspace/.swiftpm/xcode
    builtin-SwiftPerFileCompile ColorApproximation.swift
SwiftDriverJobDiscovery normal arm64_32 Compiling Color.swift, ColorApproximation.swift (in target 'Rainbow' from project 'Rainbow')
SwiftCompile normal arm64 Compiling\ String+Rainbow.swift /Users/admin/builder/spi-builder-workspace/.dependencies/checkouts/Rainbow/Sources/String+Rainbow.swift (in target 'Rainbow' from project 'Rainbow')
SwiftCompile normal arm64 /Users/admin/builder/spi-builder-workspace/.dependencies/checkouts/Rainbow/Sources/String+Rainbow.swift (in target 'Rainbow' from project 'Rainbow')
    cd /Users/admin/builder/spi-builder-workspace/.swiftpm/xcode
    builtin-SwiftPerFileCompile String+Rainbow.swift
SwiftDriverJobDiscovery normal arm64_32 Compiling StyledStringBuilder.swift (in target 'Rainbow' from project 'Rainbow')
SwiftExplicitDependencyGeneratePcm arm64 /Users/admin/builder/spi-builder-workspace/.derivedData/SDKExplicitPrecompiledModules/ObjectiveC-72IVD3VS2RS8Q28D9PIMY0KQP.pcm
SwiftExplicitDependencyGeneratePcm arm64_32 /Users/admin/builder/spi-builder-workspace/.derivedData/SDKExplicitPrecompiledModules/ObjectiveC-6IJNELR2E80E7LUKESVCP2KET.pcm
SwiftDriverJobDiscovery normal arm64_32 Compiling String+ConditionalStyling.swift (in target 'Rainbow' from project 'Rainbow')
SwiftCompile normal arm64_32 Compiling\ HSLColorConverter.swift,\ ModesExtractor.swift /Users/admin/builder/spi-builder-workspace/.dependencies/checkouts/Rainbow/Sources/HSLColorConverter.swift /Users/admin/builder/spi-builder-workspace/.dependencies/checkouts/Rainbow/Sources/ModesExtractor.swift (in target 'Rainbow' from project 'Rainbow')
SwiftCompile normal arm64_32 /Users/admin/builder/spi-builder-workspace/.dependencies/checkouts/Rainbow/Sources/HSLColorConverter.swift (in target 'Rainbow' from project 'Rainbow')
    cd /Users/admin/builder/spi-builder-workspace/.swiftpm/xcode
    builtin-SwiftPerFileCompile HSLColorConverter.swift
SwiftCompile normal arm64_32 /Users/admin/builder/spi-builder-workspace/.dependencies/checkouts/Rainbow/Sources/ModesExtractor.swift (in target 'Rainbow' from project 'Rainbow')
    cd /Users/admin/builder/spi-builder-workspace/.swiftpm/xcode
    builtin-SwiftPerFileCompile ModesExtractor.swift
SwiftCompile normal arm64 Compiling\ StyledStringBuilder.swift /Users/admin/builder/spi-builder-workspace/.dependencies/checkouts/Rainbow/Sources/StyledStringBuilder.swift (in target 'Rainbow' from project 'Rainbow')
SwiftCompile normal arm64 /Users/admin/builder/spi-builder-workspace/.dependencies/checkouts/Rainbow/Sources/StyledStringBuilder.swift (in target 'Rainbow' from project 'Rainbow')
    cd /Users/admin/builder/spi-builder-workspace/.swiftpm/xcode
    builtin-SwiftPerFileCompile StyledStringBuilder.swift
SwiftExplicitDependencyGeneratePcm arm64 /Users/admin/builder/spi-builder-workspace/.derivedData/SDKExplicitPrecompiledModules/os_object-3SDKD7F87FTZ26OON37DRYT6O.pcm
SwiftExplicitDependencyGeneratePcm arm64_32 /Users/admin/builder/spi-builder-workspace/.derivedData/SDKExplicitPrecompiledModules/os_object-5YWTC6L4756IWSTPGXS5NM0D0.pcm
SwiftDriverJobDiscovery normal arm64 Compiling HSLColorConverter.swift, ModesExtractor.swift (in target 'Rainbow' from project 'Rainbow')
SwiftCompile normal arm64 Compiling\ BackgroundColor.swift,\ CodesParser.swift /Users/admin/builder/spi-builder-workspace/.dependencies/checkouts/Rainbow/Sources/BackgroundColor.swift /Users/admin/builder/spi-builder-workspace/.dependencies/checkouts/Rainbow/Sources/CodesParser.swift (in target 'Rainbow' from project 'Rainbow')
SwiftCompile normal arm64 /Users/admin/builder/spi-builder-workspace/.dependencies/checkouts/Rainbow/Sources/BackgroundColor.swift (in target 'Rainbow' from project 'Rainbow')
    cd /Users/admin/builder/spi-builder-workspace/.swiftpm/xcode
    builtin-SwiftPerFileCompile BackgroundColor.swift
SwiftCompile normal arm64 /Users/admin/builder/spi-builder-workspace/.dependencies/checkouts/Rainbow/Sources/CodesParser.swift (in target 'Rainbow' from project 'Rainbow')
    cd /Users/admin/builder/spi-builder-workspace/.swiftpm/xcode
    builtin-SwiftPerFileCompile CodesParser.swift
SwiftDriverJobDiscovery normal arm64_32 Compiling PathKit.swift (in target 'PathKit' from project 'PathKit')
SwiftCompile normal arm64 Compiling\ ConditionalStyleBuilder.swift,\ ControlCode.swift /Users/admin/builder/spi-builder-workspace/.dependencies/checkouts/Rainbow/Sources/ConditionalStyleBuilder.swift /Users/admin/builder/spi-builder-workspace/.dependencies/checkouts/Rainbow/Sources/ControlCode.swift (in target 'Rainbow' from project 'Rainbow')
SwiftCompile normal arm64 /Users/admin/builder/spi-builder-workspace/.dependencies/checkouts/Rainbow/Sources/ConditionalStyleBuilder.swift (in target 'Rainbow' from project 'Rainbow')
    cd /Users/admin/builder/spi-builder-workspace/.swiftpm/xcode
    builtin-SwiftPerFileCompile ConditionalStyleBuilder.swift
SwiftCompile normal arm64 /Users/admin/builder/spi-builder-workspace/.dependencies/checkouts/Rainbow/Sources/ControlCode.swift (in target 'Rainbow' from project 'Rainbow')
    cd /Users/admin/builder/spi-builder-workspace/.swiftpm/xcode
    builtin-SwiftPerFileCompile ControlCode.swift
SwiftExplicitDependencyGeneratePcm arm64 /Users/admin/builder/spi-builder-workspace/.derivedData/SDKExplicitPrecompiledModules/os_workgroup-89GG5G7YC2D0ZTK6AZXXQ20DH.pcm
SwiftExplicitDependencyGeneratePcm arm64_32 /Users/admin/builder/spi-builder-workspace/.derivedData/SDKExplicitPrecompiledModules/os_workgroup-5JHTPDMNBUNHLJI8LPHKQK1JK.pcm
SwiftDriverJobDiscovery normal arm64 Compiling PathKit.swift (in target 'PathKit' from project 'PathKit')
SwiftDriver\ Compilation PathKit normal arm64_32 com.apple.xcode.tools.swift.compiler (in target 'PathKit' from project 'PathKit')
    cd /Users/admin/builder/spi-builder-workspace/.swiftpm/xcode
    builtin-Swift-Compilation -- /Applications/Xcode-27.0.0-Release.Candidate.app/Contents/Developer/Toolchains/XcodeDefault.xctoolchain/usr/bin/swiftc -parse-as-library -module-name PathKit -Onone @/Users/admin/builder/spi-builder-workspace/.derivedData/Build/Intermediates.noindex/PathKit.build/Debug-watchos/PathKit-t.build/Objects-normal/arm64_32/PathKit.SwiftFileList -DSWIFT_PACKAGE -DDEBUG -DSWIFT_MODULE_RESOURCE_BUNDLE_UNAVAILABLE -DXcode -plugin-path /Applications/Xcode-27.0.0-Release.Candidate.app/Contents/Developer/Toolchains/XcodeDefault.xctoolchain/usr/lib/swift/host/plugins/testing -enable-experimental-feature DebugDescriptionMacro -sdk /Applications/Xcode-27.0.0-Release.Candidate.app/Contents/Developer/Platforms/WatchOS.platform/Developer/SDKs/WatchOS27.0.sdk -target arm64_32-apple-watchos9.0 -g -module-cache-path /Users/admin/builder/spi-builder-workspace/.derivedData/ModuleCache.noindex -Xfrontend -serialize-debugging-options -profile-coverage-mapping -profile-generate -enable-testing -suppress-warnings -index-store-path /Users/admin/builder/spi-builder-workspace/.derivedData/Index.noindex/DataStore -Xcc -D_LIBCPP_HARDENING_MODE\=_LIBCPP_HARDENING_MODE_DEBUG -swift-version 4.2 -I /Users/admin/builder/spi-builder-workspace/.derivedData/Build/Products/Debug-watchos -Isystem /Applications/Xcode-27.0.0-Release.Candidate.app/Contents/Developer/Platforms/WatchOS.platform/Developer/usr/lib -F /Users/admin/builder/spi-builder-workspace/.derivedData/Build/Products/Debug-watchos -F /Applications/Xcode-27.0.0-Release.Candidate.app/Contents/Developer/Platforms/WatchOS.platform/Developer/Library/Frameworks -F /Applications/Xcode-27.0.0-Release.Candidate.app/Contents/Developer/Platforms/WatchOS.platform/Developer/SDKs/WatchOS27.0.sdk/Developer/Library/Frameworks -c -j10 -enable-batch-mode -incremental -Xcc -ivfsstatcache -Xcc /Users/admin/builder/spi-builder-workspace/.derivedData/SDKStatCaches.noindex/watchos27.0-24R360-e829b21a6f8c9b70876ba0858053c04477534ef55a1706bf4c1112bbb242f0a2.sdkstatcache -output-file-map /Users/admin/builder/spi-builder-workspace/.derivedData/Build/Intermediates.noindex/PathKit.build/Debug-watchos/PathKit-t.build/Objects-normal/arm64_32/PathKit-OutputFileMap.json -save-temps -no-color-diagnostics -emit-dependencies -emit-module -emit-module-path /Users/admin/builder/spi-builder-workspace/.derivedData/Build/Intermediates.noindex/PathKit.build/Debug-watchos/PathKit-t.build/Objects-normal/arm64_32/PathKit.swiftmodule -serialize-diagnostics -validate-clang-modules-once -clang-build-session-file /Users/admin/builder/spi-builder-workspace/.derivedData/ModuleCache.noindex/Session.modulevalidation -Xcc -fmodules-prune-interval\=86400 -Xcc -fmodules-prune-after\=345600 -emit-const-values -const-gather-protocols-list /Users/admin/builder/spi-builder-workspace/.derivedData/Build/Intermediates.noindex/PathKit.build/Debug-watchos/PathKit-t.build/Objects-normal/arm64_32/PathKit_const_extract_protocols.json -Xcc -I/Users/admin/builder/spi-builder-workspace/.derivedData/Build/Products/Debug-watchos/include -Xcc -I/Users/admin/builder/spi-builder-workspace/.derivedData/Build/Intermediates.noindex/PathKit.build/Debug-watchos/PathKit-t.build/DerivedSources-normal/arm64_32 -Xcc -I/Users/admin/builder/spi-builder-workspace/.derivedData/Build/Intermediates.noindex/PathKit.build/Debug-watchos/PathKit-t.build/DerivedSources/arm64_32 -Xcc -I/Users/admin/builder/spi-builder-workspace/.derivedData/Build/Intermediates.noindex/PathKit.build/Debug-watchos/PathKit-t.build/DerivedSources -Xcc -DSWIFT_PACKAGE -Xcc -DDEBUG\=1 -emit-objc-header -emit-objc-header-path /Users/admin/builder/spi-builder-workspace/.derivedData/Build/Intermediates.noindex/PathKit.build/Debug-watchos/PathKit-t.build/Objects-normal/arm64_32/PathKit-Swift.h -working-directory /Users/admin/builder/spi-builder-workspace/.swiftpm/xcode -experimental-emit-module-separately -disable-cmo
SwiftDriverJobDiscovery normal arm64 Compiling OutputTarget.swift, Rainbow.swift (in target 'Rainbow' from project 'Rainbow')
SwiftDriver\ Compilation PathKit normal arm64 com.apple.xcode.tools.swift.compiler (in target 'PathKit' from project 'PathKit')
    cd /Users/admin/builder/spi-builder-workspace/.swiftpm/xcode
    builtin-Swift-Compilation -- /Applications/Xcode-27.0.0-Release.Candidate.app/Contents/Developer/Toolchains/XcodeDefault.xctoolchain/usr/bin/swiftc -parse-as-library -module-name PathKit -Onone @/Users/admin/builder/spi-builder-workspace/.derivedData/Build/Intermediates.noindex/PathKit.build/Debug-watchos/PathKit-t.build/Objects-normal/arm64/PathKit.SwiftFileList -DSWIFT_PACKAGE -DDEBUG -DSWIFT_MODULE_RESOURCE_BUNDLE_UNAVAILABLE -DXcode -plugin-path /Applications/Xcode-27.0.0-Release.Candidate.app/Contents/Developer/Toolchains/XcodeDefault.xctoolchain/usr/lib/swift/host/plugins/testing -enable-experimental-feature DebugDescriptionMacro -sdk /Applications/Xcode-27.0.0-Release.Candidate.app/Contents/Developer/Platforms/WatchOS.platform/Developer/SDKs/WatchOS27.0.sdk -target arm64-apple-watchos9.0 -g -module-cache-path /Users/admin/builder/spi-builder-workspace/.derivedData/ModuleCache.noindex -Xfrontend -serialize-debugging-options -profile-coverage-mapping -profile-generate -enable-testing -suppress-warnings -index-store-path /Users/admin/builder/spi-builder-workspace/.derivedData/Index.noindex/DataStore -Xcc -D_LIBCPP_HARDENING_MODE\=_LIBCPP_HARDENING_MODE_DEBUG -swift-version 4.2 -I /Users/admin/builder/spi-builder-workspace/.derivedData/Build/Products/Debug-watchos -Isystem /Applications/Xcode-27.0.0-Release.Candidate.app/Contents/Developer/Platforms/WatchOS.platform/Developer/usr/lib -F /Users/admin/builder/spi-builder-workspace/.derivedData/Build/Products/Debug-watchos -F /Applications/Xcode-27.0.0-Release.Candidate.app/Contents/Developer/Platforms/WatchOS.platform/Developer/Library/Frameworks -F /Applications/Xcode-27.0.0-Release.Candidate.app/Contents/Developer/Platforms/WatchOS.platform/Developer/SDKs/WatchOS27.0.sdk/Developer/Library/Frameworks -c -j10 -enable-batch-mode -incremental -Xcc -ivfsstatcache -Xcc /Users/admin/builder/spi-builder-workspace/.derivedData/SDKStatCaches.noindex/watchos27.0-24R360-e829b21a6f8c9b70876ba0858053c04477534ef55a1706bf4c1112bbb242f0a2.sdkstatcache -output-file-map /Users/admin/builder/spi-builder-workspace/.derivedData/Build/Intermediates.noindex/PathKit.build/Debug-watchos/PathKit-t.build/Objects-normal/arm64/PathKit-OutputFileMap.json -save-temps -no-color-diagnostics -emit-dependencies -emit-module -emit-module-path /Users/admin/builder/spi-builder-workspace/.derivedData/Build/Intermediates.noindex/PathKit.build/Debug-watchos/PathKit-t.build/Objects-normal/arm64/PathKit.swiftmodule -serialize-diagnostics -validate-clang-modules-once -clang-build-session-file /Users/admin/builder/spi-builder-workspace/.derivedData/ModuleCache.noindex/Session.modulevalidation -Xcc -fmodules-prune-interval\=86400 -Xcc -fmodules-prune-after\=345600 -emit-const-values -const-gather-protocols-list /Users/admin/builder/spi-builder-workspace/.derivedData/Build/Intermediates.noindex/PathKit.build/Debug-watchos/PathKit-t.build/Objects-normal/arm64/PathKit_const_extract_protocols.json -Xcc -I/Users/admin/builder/spi-builder-workspace/.derivedData/Build/Products/Debug-watchos/include -Xcc -I/Users/admin/builder/spi-builder-workspace/.derivedData/Build/Intermediates.noindex/PathKit.build/Debug-watchos/PathKit-t.build/DerivedSources-normal/arm64 -Xcc -I/Users/admin/builder/spi-builder-workspace/.derivedData/Build/Intermediates.noindex/PathKit.build/Debug-watchos/PathKit-t.build/DerivedSources/arm64 -Xcc -I/Users/admin/builder/spi-builder-workspace/.derivedData/Build/Intermediates.noindex/PathKit.build/Debug-watchos/PathKit-t.build/DerivedSources -Xcc -DSWIFT_PACKAGE -Xcc -DDEBUG\=1 -emit-objc-header -emit-objc-header-path /Users/admin/builder/spi-builder-workspace/.derivedData/Build/Intermediates.noindex/PathKit.build/Debug-watchos/PathKit-t.build/Objects-normal/arm64/PathKit-Swift.h -working-directory /Users/admin/builder/spi-builder-workspace/.swiftpm/xcode -experimental-emit-module-separately -disable-cmo
Ld /Users/admin/builder/spi-builder-workspace/.derivedData/Build/Intermediates.noindex/PathKit.build/Debug-watchos/PathKit-t.build/Objects-normal/arm64_32/Binary/PathKit.o normal arm64_32 (in target 'PathKit' from project 'PathKit')
    cd /Users/admin/builder/spi-builder-workspace/.dependencies/checkouts/PathKit
    /Applications/Xcode-27.0.0-Release.Candidate.app/Contents/Developer/Toolchains/XcodeDefault.xctoolchain/usr/bin/clang -Xlinker -reproducible -target arm64_32-apple-watchos9.0 -r -isysroot /Applications/Xcode-27.0.0-Release.Candidate.app/Contents/Developer/Platforms/WatchOS.platform/Developer/SDKs/WatchOS27.0.sdk -O0 -w -Xlinker -no_warn_duplicate_libraries -F/Users/admin/builder/spi-builder-workspace/.derivedData/Build/Intermediates.noindex/EagerLinkingTBDs/Debug-watchos -F/Users/admin/builder/spi-builder-workspace/.derivedData/Build/Products/Debug-watchos -iframework /Applications/Xcode-27.0.0-Release.Candidate.app/Contents/Developer/Platforms/WatchOS.platform/Developer/Library/Frameworks -iframework /Applications/Xcode-27.0.0-Release.Candidate.app/Contents/Developer/Platforms/WatchOS.platform/Developer/SDKs/WatchOS27.0.sdk/Developer/Library/Frameworks -filelist /Users/admin/builder/spi-builder-workspace/.derivedData/Build/Intermediates.noindex/PathKit.build/Debug-watchos/PathKit-t.build/Objects-normal/arm64_32/PathKit.LinkFileList -nostdlib -Xlinker -object_path_lto -Xlinker /Users/admin/builder/spi-builder-workspace/.derivedData/Build/Intermediates.noindex/PathKit.build/Debug-watchos/PathKit-t.build/Objects-normal/arm64_32/PathKit_lto.o -Xlinker -no_deduplicate -Xlinker -debug_variant -Xlinker -dependency_info -Xlinker /Users/admin/builder/spi-builder-workspace/.derivedData/Build/Intermediates.noindex/PathKit.build/Debug-watchos/PathKit-t.build/Objects-normal/arm64_32/PathKit_dependency_info.dat -fobjc-link-runtime -L/Applications/Xcode-27.0.0-Release.Candidate.app/Contents/Developer/Toolchains/XcodeDefault.xctoolchain/usr/lib/swift/watchos -L/usr/lib/swift -Xlinker -add_ast_path -Xlinker /Users/admin/builder/spi-builder-workspace/.derivedData/Build/Intermediates.noindex/PathKit.build/Debug-watchos/PathKit-t.build/Objects-normal/arm64_32/PathKit.swiftmodule -o /Users/admin/builder/spi-builder-workspace/.derivedData/Build/Intermediates.noindex/PathKit.build/Debug-watchos/PathKit-t.build/Objects-normal/arm64_32/Binary/PathKit.o
Ld /Users/admin/builder/spi-builder-workspace/.derivedData/Build/Intermediates.noindex/PathKit.build/Debug-watchos/PathKit-t.build/Objects-normal/arm64/Binary/PathKit.o normal arm64 (in target 'PathKit' from project 'PathKit')
    cd /Users/admin/builder/spi-builder-workspace/.dependencies/checkouts/PathKit
    /Applications/Xcode-27.0.0-Release.Candidate.app/Contents/Developer/Toolchains/XcodeDefault.xctoolchain/usr/bin/clang -Xlinker -reproducible -target arm64-apple-watchos9.0 -r -isysroot /Applications/Xcode-27.0.0-Release.Candidate.app/Contents/Developer/Platforms/WatchOS.platform/Developer/SDKs/WatchOS27.0.sdk -O0 -w -Xlinker -no_warn_duplicate_libraries -F/Users/admin/builder/spi-builder-workspace/.derivedData/Build/Intermediates.noindex/EagerLinkingTBDs/Debug-watchos -F/Users/admin/builder/spi-builder-workspace/.derivedData/Build/Products/Debug-watchos -iframework /Applications/Xcode-27.0.0-Release.Candidate.app/Contents/Developer/Platforms/WatchOS.platform/Developer/Library/Frameworks -iframework /Applications/Xcode-27.0.0-Release.Candidate.app/Contents/Developer/Platforms/WatchOS.platform/Developer/SDKs/WatchOS27.0.sdk/Developer/Library/Frameworks -filelist /Users/admin/builder/spi-builder-workspace/.derivedData/Build/Intermediates.noindex/PathKit.build/Debug-watchos/PathKit-t.build/Objects-normal/arm64/PathKit.LinkFileList -nostdlib -Xlinker -object_path_lto -Xlinker /Users/admin/builder/spi-builder-workspace/.derivedData/Build/Intermediates.noindex/PathKit.build/Debug-watchos/PathKit-t.build/Objects-normal/arm64/PathKit_lto.o -Xlinker -no_deduplicate -Xlinker -debug_variant -Xlinker -dependency_info -Xlinker /Users/admin/builder/spi-builder-workspace/.derivedData/Build/Intermediates.noindex/PathKit.build/Debug-watchos/PathKit-t.build/Objects-normal/arm64/PathKit_dependency_info.dat -fobjc-link-runtime -L/Applications/Xcode-27.0.0-Release.Candidate.app/Contents/Developer/Toolchains/XcodeDefault.xctoolchain/usr/lib/swift/watchos -L/usr/lib/swift -Xlinker -add_ast_path -Xlinker /Users/admin/builder/spi-builder-workspace/.derivedData/Build/Intermediates.noindex/PathKit.build/Debug-watchos/PathKit-t.build/Objects-normal/arm64/PathKit.swiftmodule -o /Users/admin/builder/spi-builder-workspace/.derivedData/Build/Intermediates.noindex/PathKit.build/Debug-watchos/PathKit-t.build/Objects-normal/arm64/Binary/PathKit.o
SwiftExplicitDependencyGeneratePcm arm64 /Users/admin/builder/spi-builder-workspace/.derivedData/SDKExplicitPrecompiledModules/Dispatch-1NLJOVAK60XP0DUB05XA59EIM.pcm
SwiftExplicitDependencyGeneratePcm arm64_32 /Users/admin/builder/spi-builder-workspace/.derivedData/SDKExplicitPrecompiledModules/Dispatch-2P62F1T4XV63S4P99TUDTOK2Q.pcm
SwiftDriverJobDiscovery normal arm64_32 Compiling HSLColorConverter.swift, ModesExtractor.swift (in target 'Rainbow' from project 'Rainbow')
SwiftDriverJobDiscovery normal arm64 Compiling String+Rainbow.swift (in target 'Rainbow' from project 'Rainbow')
CreateUniversalBinary /Users/admin/builder/spi-builder-workspace/.derivedData/Build/Products/Debug-watchos/PathKit.o normal arm64\ arm64_32 (in target 'PathKit' from project 'PathKit')
    cd /Users/admin/builder/spi-builder-workspace/.dependencies/checkouts/PathKit
    /Applications/Xcode-27.0.0-Release.Candidate.app/Contents/Developer/Toolchains/XcodeDefault.xctoolchain/usr/bin/lipo -create /Users/admin/builder/spi-builder-workspace/.derivedData/Build/Intermediates.noindex/PathKit.build/Debug-watchos/PathKit-t.build/Objects-normal/arm64/Binary/PathKit.o /Users/admin/builder/spi-builder-workspace/.derivedData/Build/Intermediates.noindex/PathKit.build/Debug-watchos/PathKit-t.build/Objects-normal/arm64_32/Binary/PathKit.o -output /Users/admin/builder/spi-builder-workspace/.derivedData/Build/Products/Debug-watchos/PathKit.o
SwiftDriverJobDiscovery normal arm64_32 Compiling String+Rainbow.swift (in target 'Rainbow' from project 'Rainbow')
SwiftDriver\ Compilation Rainbow normal arm64_32 com.apple.xcode.tools.swift.compiler (in target 'Rainbow' from project 'Rainbow')
    cd /Users/admin/builder/spi-builder-workspace/.swiftpm/xcode
    builtin-Swift-Compilation -- /Applications/Xcode-27.0.0-Release.Candidate.app/Contents/Developer/Toolchains/XcodeDefault.xctoolchain/usr/bin/swiftc -parse-as-library -module-name Rainbow -Onone @/Users/admin/builder/spi-builder-workspace/.derivedData/Build/Intermediates.noindex/Rainbow.build/Debug-watchos/Rainbow-t.build/Objects-normal/arm64_32/Rainbow.SwiftFileList -DSWIFT_PACKAGE -DDEBUG -DSWIFT_MODULE_RESOURCE_BUNDLE_UNAVAILABLE -DXcode -plugin-path /Applications/Xcode-27.0.0-Release.Candidate.app/Contents/Developer/Toolchains/XcodeDefault.xctoolchain/usr/lib/swift/host/plugins/testing -enable-experimental-feature DebugDescriptionMacro -sdk /Applications/Xcode-27.0.0-Release.Candidate.app/Contents/Developer/Platforms/WatchOS.platform/Developer/SDKs/WatchOS27.0.sdk -target arm64_32-apple-watchos9.0 -g -module-cache-path /Users/admin/builder/spi-builder-workspace/.derivedData/ModuleCache.noindex -Xfrontend -serialize-debugging-options -profile-coverage-mapping -profile-generate -enable-testing -suppress-warnings -index-store-path /Users/admin/builder/spi-builder-workspace/.derivedData/Index.noindex/DataStore -Xcc -D_LIBCPP_HARDENING_MODE\=_LIBCPP_HARDENING_MODE_DEBUG -swift-version 4 -I /Users/admin/builder/spi-builder-workspace/.derivedData/Build/Products/Debug-watchos -Isystem /Applications/Xcode-27.0.0-Release.Candidate.app/Contents/Developer/Platforms/WatchOS.platform/Developer/usr/lib -F /Users/admin/builder/spi-builder-workspace/.derivedData/Build/Products/Debug-watchos -F /Applications/Xcode-27.0.0-Release.Candidate.app/Contents/Developer/Platforms/WatchOS.platform/Developer/Library/Frameworks -F /Applications/Xcode-27.0.0-Release.Candidate.app/Contents/Developer/Platforms/WatchOS.platform/Developer/SDKs/WatchOS27.0.sdk/Developer/Library/Frameworks -c -j10 -enable-batch-mode -incremental -Xcc -ivfsstatcache -Xcc /Users/admin/builder/spi-builder-workspace/.derivedData/SDKStatCaches.noindex/watchos27.0-24R360-e829b21a6f8c9b70876ba0858053c04477534ef55a1706bf4c1112bbb242f0a2.sdkstatcache -output-file-map /Users/admin/builder/spi-builder-workspace/.derivedData/Build/Intermediates.noindex/Rainbow.build/Debug-watchos/Rainbow-t.build/Objects-normal/arm64_32/Rainbow-OutputFileMap.json -save-temps -no-color-diagnostics -emit-dependencies -emit-module -emit-module-path /Users/admin/builder/spi-builder-workspace/.derivedData/Build/Intermediates.noindex/Rainbow.build/Debug-watchos/Rainbow-t.build/Objects-normal/arm64_32/Rainbow.swiftmodule -serialize-diagnostics -validate-clang-modules-once -clang-build-session-file /Users/admin/builder/spi-builder-workspace/.derivedData/ModuleCache.noindex/Session.modulevalidation -Xcc -fmodules-prune-interval\=86400 -Xcc -fmodules-prune-after\=345600 -emit-const-values -const-gather-protocols-list /Users/admin/builder/spi-builder-workspace/.derivedData/Build/Intermediates.noindex/Rainbow.build/Debug-watchos/Rainbow-t.build/Objects-normal/arm64_32/Rainbow_const_extract_protocols.json -Xcc -I/Users/admin/builder/spi-builder-workspace/.derivedData/Build/Products/Debug-watchos/include -Xcc -I/Users/admin/builder/spi-builder-workspace/.derivedData/Build/Intermediates.noindex/Rainbow.build/Debug-watchos/Rainbow-t.build/DerivedSources-normal/arm64_32 -Xcc -I/Users/admin/builder/spi-builder-workspace/.derivedData/Build/Intermediates.noindex/Rainbow.build/Debug-watchos/Rainbow-t.build/DerivedSources/arm64_32 -Xcc -I/Users/admin/builder/spi-builder-workspace/.derivedData/Build/Intermediates.noindex/Rainbow.build/Debug-watchos/Rainbow-t.build/DerivedSources -Xcc -DSWIFT_PACKAGE -Xcc -DDEBUG\=1 -emit-objc-header -emit-objc-header-path /Users/admin/builder/spi-builder-workspace/.derivedData/Build/Intermediates.noindex/Rainbow.build/Debug-watchos/Rainbow-t.build/Objects-normal/arm64_32/Rainbow-Swift.h -working-directory /Users/admin/builder/spi-builder-workspace/.swiftpm/xcode -experimental-emit-module-separately -disable-cmo
SwiftDriverJobDiscovery normal arm64 Compiling Color.swift, ColorApproximation.swift (in target 'Rainbow' from project 'Rainbow')
SwiftDriverJobDiscovery normal arm64 Compiling StyledStringBuilder.swift (in target 'Rainbow' from project 'Rainbow')
ExtractAppIntentsMetadata (in target 'PathKit' from project 'PathKit')
    cd /Users/admin/builder/spi-builder-workspace/.dependencies/checkouts/PathKit
    /Applications/Xcode-27.0.0-Release.Candidate.app/Contents/Developer/Toolchains/XcodeDefault.xctoolchain/usr/bin/appintentsmetadataprocessor --toolchain-dir /var/run/com.apple.security.cryptexd/mnt/com.apple.MobileAsset.MetalToolchain-v27.1.266.1.wnST9C/Metal.xctoolchain --module-name PathKit --sdk-root /Applications/Xcode-27.0.0-Release.Candidate.app/Contents/Developer/Platforms/WatchOS.platform/Developer/SDKs/WatchOS27.0.sdk --xcode-version 27A266a --platform-family watchOS --deployment-target 9.0 --bundle-identifier pathkit.PathKit --output /Users/admin/builder/spi-builder-workspace/.derivedData/Build/Products/Debug-watchos/PathKit.appintents --target-triple arm64-apple-watchos9.0 --target-triple arm64_32-apple-watchos9.0 --binary-file /Users/admin/builder/spi-builder-workspace/.derivedData/Build/Products/Debug-watchos/PathKit.o --dependency-file /Users/admin/builder/spi-builder-workspace/.derivedData/Build/Intermediates.noindex/PathKit.build/Debug-watchos/PathKit-t.build/Objects-normal/arm64/PathKit_dependency_info.dat --dependency-file /Users/admin/builder/spi-builder-workspace/.derivedData/Build/Intermediates.noindex/PathKit.build/Debug-watchos/PathKit-t.build/Objects-normal/arm64_32/PathKit_dependency_info.dat --stringsdata-file /Users/admin/builder/spi-builder-workspace/.derivedData/Build/Intermediates.noindex/PathKit.build/Debug-watchos/PathKit-t.build/Objects-normal/arm64/ExtractedAppShortcutsMetadata.stringsdata --stringsdata-file /Users/admin/builder/spi-builder-workspace/.derivedData/Build/Intermediates.noindex/PathKit.build/Debug-watchos/PathKit-t.build/Objects-normal/arm64_32/ExtractedAppShortcutsMetadata.stringsdata --source-file-list /Users/admin/builder/spi-builder-workspace/.derivedData/Build/Intermediates.noindex/PathKit.build/Debug-watchos/PathKit-t.build/Objects-normal/arm64/PathKit.SwiftFileList --source-file-list /Users/admin/builder/spi-builder-workspace/.derivedData/Build/Intermediates.noindex/PathKit.build/Debug-watchos/PathKit-t.build/Objects-normal/arm64_32/PathKit.SwiftFileList --metadata-file-list /Users/admin/builder/spi-builder-workspace/.derivedData/Build/Intermediates.noindex/PathKit.build/Debug-watchos/PathKit-t.build/PathKit.DependencyMetadataFileList --static-metadata-file-list /Users/admin/builder/spi-builder-workspace/.derivedData/Build/Intermediates.noindex/PathKit.build/Debug-watchos/PathKit-t.build/PathKit.DependencyStaticMetadataFileList --swift-const-vals-list /Users/admin/builder/spi-builder-workspace/.derivedData/Build/Intermediates.noindex/PathKit.build/Debug-watchos/PathKit-t.build/Objects-normal/arm64/PathKit.SwiftConstValuesFileList --swift-const-vals-list /Users/admin/builder/spi-builder-workspace/.derivedData/Build/Intermediates.noindex/PathKit.build/Debug-watchos/PathKit-t.build/Objects-normal/arm64_32/PathKit.SwiftConstValuesFileList --force --compile-time-extraction --deployment-aware-processing --no-app-shortcuts-localization
2026-09-22 06:08:34.842 appintentsmetadataprocessor[963:5665] Starting appintentsmetadataprocessor export
2026-09-22 06:08:34.951 appintentsmetadataprocessor[963:5665] Extracted no relevant App Intents symbols, skipping writing output
Ld /Users/admin/builder/spi-builder-workspace/.derivedData/Build/Intermediates.noindex/Rainbow.build/Debug-watchos/Rainbow-t.build/Objects-normal/arm64_32/Binary/Rainbow.o normal arm64_32 (in target 'Rainbow' from project 'Rainbow')
    cd /Users/admin/builder/spi-builder-workspace/.dependencies/checkouts/Rainbow
    /Applications/Xcode-27.0.0-Release.Candidate.app/Contents/Developer/Toolchains/XcodeDefault.xctoolchain/usr/bin/clang -Xlinker -reproducible -target arm64_32-apple-watchos9.0 -r -isysroot /Applications/Xcode-27.0.0-Release.Candidate.app/Contents/Developer/Platforms/WatchOS.platform/Developer/SDKs/WatchOS27.0.sdk -O0 -w -Xlinker -no_warn_duplicate_libraries -F/Users/admin/builder/spi-builder-workspace/.derivedData/Build/Intermediates.noindex/EagerLinkingTBDs/Debug-watchos -F/Users/admin/builder/spi-builder-workspace/.derivedData/Build/Products/Debug-watchos -iframework /Applications/Xcode-27.0.0-Release.Candidate.app/Contents/Developer/Platforms/WatchOS.platform/Developer/Library/Frameworks -iframework /Applications/Xcode-27.0.0-Release.Candidate.app/Contents/Developer/Platforms/WatchOS.platform/Developer/SDKs/WatchOS27.0.sdk/Developer/Library/Frameworks -filelist /Users/admin/builder/spi-builder-workspace/.derivedData/Build/Intermediates.noindex/Rainbow.build/Debug-watchos/Rainbow-t.build/Objects-normal/arm64_32/Rainbow.LinkFileList -nostdlib -Xlinker -object_path_lto -Xlinker /Users/admin/builder/spi-builder-workspace/.derivedData/Build/Intermediates.noindex/Rainbow.build/Debug-watchos/Rainbow-t.build/Objects-normal/arm64_32/Rainbow_lto.o -Xlinker -no_deduplicate -Xlinker -debug_variant -Xlinker -dependency_info -Xlinker /Users/admin/builder/spi-builder-workspace/.derivedData/Build/Intermediates.noindex/Rainbow.build/Debug-watchos/Rainbow-t.build/Objects-normal/arm64_32/Rainbow_dependency_info.dat -fobjc-link-runtime -L/Applications/Xcode-27.0.0-Release.Candidate.app/Contents/Developer/Toolchains/XcodeDefault.xctoolchain/usr/lib/swift/watchos -L/usr/lib/swift -Xlinker -add_ast_path -Xlinker /Users/admin/builder/spi-builder-workspace/.derivedData/Build/Intermediates.noindex/Rainbow.build/Debug-watchos/Rainbow-t.build/Objects-normal/arm64_32/Rainbow.swiftmodule -o /Users/admin/builder/spi-builder-workspace/.derivedData/Build/Intermediates.noindex/Rainbow.build/Debug-watchos/Rainbow-t.build/Objects-normal/arm64_32/Binary/Rainbow.o
SwiftExplicitDependencyGeneratePcm arm64 /Users/admin/builder/spi-builder-workspace/.derivedData/SDKExplicitPrecompiledModules/CoreFoundation-8T2L24YC5NU7WO6WQJWRY7W08.pcm
SwiftExplicitDependencyGeneratePcm arm64 /Users/admin/builder/spi-builder-workspace/.derivedData/SDKExplicitPrecompiledModules/XPC-40DR0X1DHKGCV4J1IOLFS8MOU.pcm
SwiftExplicitDependencyGeneratePcm arm64_32 /Users/admin/builder/spi-builder-workspace/.derivedData/SDKExplicitPrecompiledModules/CoreFoundation-8E6Y4BA3EXYKUGJ24GT9LGV3N.pcm
SwiftExplicitDependencyGeneratePcm arm64_32 /Users/admin/builder/spi-builder-workspace/.derivedData/SDKExplicitPrecompiledModules/XPC-81Y45QFY96XYYFCW2GT6FY8S4.pcm
SwiftDriverJobDiscovery normal arm64 Compiling ConditionalStyleBuilder.swift, ControlCode.swift (in target 'Rainbow' from project 'Rainbow')
SwiftDriverJobDiscovery normal arm64 Compiling BackgroundColor.swift, CodesParser.swift (in target 'Rainbow' from project 'Rainbow')
SwiftDriver\ Compilation Rainbow normal arm64 com.apple.xcode.tools.swift.compiler (in target 'Rainbow' from project 'Rainbow')
    cd /Users/admin/builder/spi-builder-workspace/.swiftpm/xcode
    builtin-Swift-Compilation -- /Applications/Xcode-27.0.0-Release.Candidate.app/Contents/Developer/Toolchains/XcodeDefault.xctoolchain/usr/bin/swiftc -parse-as-library -module-name Rainbow -Onone @/Users/admin/builder/spi-builder-workspace/.derivedData/Build/Intermediates.noindex/Rainbow.build/Debug-watchos/Rainbow-t.build/Objects-normal/arm64/Rainbow.SwiftFileList -DSWIFT_PACKAGE -DDEBUG -DSWIFT_MODULE_RESOURCE_BUNDLE_UNAVAILABLE -DXcode -plugin-path /Applications/Xcode-27.0.0-Release.Candidate.app/Contents/Developer/Toolchains/XcodeDefault.xctoolchain/usr/lib/swift/host/plugins/testing -enable-experimental-feature DebugDescriptionMacro -sdk /Applications/Xcode-27.0.0-Release.Candidate.app/Contents/Developer/Platforms/WatchOS.platform/Developer/SDKs/WatchOS27.0.sdk -target arm64-apple-watchos9.0 -g -module-cache-path /Users/admin/builder/spi-builder-workspace/.derivedData/ModuleCache.noindex -Xfrontend -serialize-debugging-options -profile-coverage-mapping -profile-generate -enable-testing -suppress-warnings -index-store-path /Users/admin/builder/spi-builder-workspace/.derivedData/Index.noindex/DataStore -Xcc -D_LIBCPP_HARDENING_MODE\=_LIBCPP_HARDENING_MODE_DEBUG -swift-version 4 -I /Users/admin/builder/spi-builder-workspace/.derivedData/Build/Products/Debug-watchos -Isystem /Applications/Xcode-27.0.0-Release.Candidate.app/Contents/Developer/Platforms/WatchOS.platform/Developer/usr/lib -F /Users/admin/builder/spi-builder-workspace/.derivedData/Build/Products/Debug-watchos -F /Applications/Xcode-27.0.0-Release.Candidate.app/Contents/Developer/Platforms/WatchOS.platform/Developer/Library/Frameworks -F /Applications/Xcode-27.0.0-Release.Candidate.app/Contents/Developer/Platforms/WatchOS.platform/Developer/SDKs/WatchOS27.0.sdk/Developer/Library/Frameworks -c -j10 -enable-batch-mode -incremental -Xcc -ivfsstatcache -Xcc /Users/admin/builder/spi-builder-workspace/.derivedData/SDKStatCaches.noindex/watchos27.0-24R360-e829b21a6f8c9b70876ba0858053c04477534ef55a1706bf4c1112bbb242f0a2.sdkstatcache -output-file-map /Users/admin/builder/spi-builder-workspace/.derivedData/Build/Intermediates.noindex/Rainbow.build/Debug-watchos/Rainbow-t.build/Objects-normal/arm64/Rainbow-OutputFileMap.json -save-temps -no-color-diagnostics -emit-dependencies -emit-module -emit-module-path /Users/admin/builder/spi-builder-workspace/.derivedData/Build/Intermediates.noindex/Rainbow.build/Debug-watchos/Rainbow-t.build/Objects-normal/arm64/Rainbow.swiftmodule -serialize-diagnostics -validate-clang-modules-once -clang-build-session-file /Users/admin/builder/spi-builder-workspace/.derivedData/ModuleCache.noindex/Session.modulevalidation -Xcc -fmodules-prune-interval\=86400 -Xcc -fmodules-prune-after\=345600 -emit-const-values -const-gather-protocols-list /Users/admin/builder/spi-builder-workspace/.derivedData/Build/Intermediates.noindex/Rainbow.build/Debug-watchos/Rainbow-t.build/Objects-normal/arm64/Rainbow_const_extract_protocols.json -Xcc -I/Users/admin/builder/spi-builder-workspace/.derivedData/Build/Products/Debug-watchos/include -Xcc -I/Users/admin/builder/spi-builder-workspace/.derivedData/Build/Intermediates.noindex/Rainbow.build/Debug-watchos/Rainbow-t.build/DerivedSources-normal/arm64 -Xcc -I/Users/admin/builder/spi-builder-workspace/.derivedData/Build/Intermediates.noindex/Rainbow.build/Debug-watchos/Rainbow-t.build/DerivedSources/arm64 -Xcc -I/Users/admin/builder/spi-builder-workspace/.derivedData/Build/Intermediates.noindex/Rainbow.build/Debug-watchos/Rainbow-t.build/DerivedSources -Xcc -DSWIFT_PACKAGE -Xcc -DDEBUG\=1 -emit-objc-header -emit-objc-header-path /Users/admin/builder/spi-builder-workspace/.derivedData/Build/Intermediates.noindex/Rainbow.build/Debug-watchos/Rainbow-t.build/Objects-normal/arm64/Rainbow-Swift.h -working-directory /Users/admin/builder/spi-builder-workspace/.swiftpm/xcode -experimental-emit-module-separately -disable-cmo
Ld /Users/admin/builder/spi-builder-workspace/.derivedData/Build/Intermediates.noindex/Rainbow.build/Debug-watchos/Rainbow-t.build/Objects-normal/arm64/Binary/Rainbow.o normal arm64 (in target 'Rainbow' from project 'Rainbow')
    cd /Users/admin/builder/spi-builder-workspace/.dependencies/checkouts/Rainbow
    /Applications/Xcode-27.0.0-Release.Candidate.app/Contents/Developer/Toolchains/XcodeDefault.xctoolchain/usr/bin/clang -Xlinker -reproducible -target arm64-apple-watchos9.0 -r -isysroot /Applications/Xcode-27.0.0-Release.Candidate.app/Contents/Developer/Platforms/WatchOS.platform/Developer/SDKs/WatchOS27.0.sdk -O0 -w -Xlinker -no_warn_duplicate_libraries -F/Users/admin/builder/spi-builder-workspace/.derivedData/Build/Intermediates.noindex/EagerLinkingTBDs/Debug-watchos -F/Users/admin/builder/spi-builder-workspace/.derivedData/Build/Products/Debug-watchos -iframework /Applications/Xcode-27.0.0-Release.Candidate.app/Contents/Developer/Platforms/WatchOS.platform/Developer/Library/Frameworks -iframework /Applications/Xcode-27.0.0-Release.Candidate.app/Contents/Developer/Platforms/WatchOS.platform/Developer/SDKs/WatchOS27.0.sdk/Developer/Library/Frameworks -filelist /Users/admin/builder/spi-builder-workspace/.derivedData/Build/Intermediates.noindex/Rainbow.build/Debug-watchos/Rainbow-t.build/Objects-normal/arm64/Rainbow.LinkFileList -nostdlib -Xlinker -object_path_lto -Xlinker /Users/admin/builder/spi-builder-workspace/.derivedData/Build/Intermediates.noindex/Rainbow.build/Debug-watchos/Rainbow-t.build/Objects-normal/arm64/Rainbow_lto.o -Xlinker -no_deduplicate -Xlinker -debug_variant -Xlinker -dependency_info -Xlinker /Users/admin/builder/spi-builder-workspace/.derivedData/Build/Intermediates.noindex/Rainbow.build/Debug-watchos/Rainbow-t.build/Objects-normal/arm64/Rainbow_dependency_info.dat -fobjc-link-runtime -L/Applications/Xcode-27.0.0-Release.Candidate.app/Contents/Developer/Toolchains/XcodeDefault.xctoolchain/usr/lib/swift/watchos -L/usr/lib/swift -Xlinker -add_ast_path -Xlinker /Users/admin/builder/spi-builder-workspace/.derivedData/Build/Intermediates.noindex/Rainbow.build/Debug-watchos/Rainbow-t.build/Objects-normal/arm64/Rainbow.swiftmodule -o /Users/admin/builder/spi-builder-workspace/.derivedData/Build/Intermediates.noindex/Rainbow.build/Debug-watchos/Rainbow-t.build/Objects-normal/arm64/Binary/Rainbow.o
CreateUniversalBinary /Users/admin/builder/spi-builder-workspace/.derivedData/Build/Products/Debug-watchos/Rainbow.o normal arm64\ arm64_32 (in target 'Rainbow' from project 'Rainbow')
    cd /Users/admin/builder/spi-builder-workspace/.dependencies/checkouts/Rainbow
    /Applications/Xcode-27.0.0-Release.Candidate.app/Contents/Developer/Toolchains/XcodeDefault.xctoolchain/usr/bin/lipo -create /Users/admin/builder/spi-builder-workspace/.derivedData/Build/Intermediates.noindex/Rainbow.build/Debug-watchos/Rainbow-t.build/Objects-normal/arm64/Binary/Rainbow.o /Users/admin/builder/spi-builder-workspace/.derivedData/Build/Intermediates.noindex/Rainbow.build/Debug-watchos/Rainbow-t.build/Objects-normal/arm64_32/Binary/Rainbow.o -output /Users/admin/builder/spi-builder-workspace/.derivedData/Build/Products/Debug-watchos/Rainbow.o
ExtractAppIntentsMetadata (in target 'Rainbow' from project 'Rainbow')
    cd /Users/admin/builder/spi-builder-workspace/.dependencies/checkouts/Rainbow
    /Applications/Xcode-27.0.0-Release.Candidate.app/Contents/Developer/Toolchains/XcodeDefault.xctoolchain/usr/bin/appintentsmetadataprocessor --toolchain-dir /var/run/com.apple.security.cryptexd/mnt/com.apple.MobileAsset.MetalToolchain-v27.1.266.1.wnST9C/Metal.xctoolchain --module-name Rainbow --sdk-root /Applications/Xcode-27.0.0-Release.Candidate.app/Contents/Developer/Platforms/WatchOS.platform/Developer/SDKs/WatchOS27.0.sdk --xcode-version 27A266a --platform-family watchOS --deployment-target 9.0 --bundle-identifier rainbow.Rainbow --output /Users/admin/builder/spi-builder-workspace/.derivedData/Build/Products/Debug-watchos/Rainbow.appintents --target-triple arm64-apple-watchos9.0 --target-triple arm64_32-apple-watchos9.0 --binary-file /Users/admin/builder/spi-builder-workspace/.derivedData/Build/Products/Debug-watchos/Rainbow.o --dependency-file /Users/admin/builder/spi-builder-workspace/.derivedData/Build/Intermediates.noindex/Rainbow.build/Debug-watchos/Rainbow-t.build/Objects-normal/arm64/Rainbow_dependency_info.dat --dependency-file /Users/admin/builder/spi-builder-workspace/.derivedData/Build/Intermediates.noindex/Rainbow.build/Debug-watchos/Rainbow-t.build/Objects-normal/arm64_32/Rainbow_dependency_info.dat --stringsdata-file /Users/admin/builder/spi-builder-workspace/.derivedData/Build/Intermediates.noindex/Rainbow.build/Debug-watchos/Rainbow-t.build/Objects-normal/arm64/ExtractedAppShortcutsMetadata.stringsdata --stringsdata-file /Users/admin/builder/spi-builder-workspace/.derivedData/Build/Intermediates.noindex/Rainbow.build/Debug-watchos/Rainbow-t.build/Objects-normal/arm64_32/ExtractedAppShortcutsMetadata.stringsdata --source-file-list /Users/admin/builder/spi-builder-workspace/.derivedData/Build/Intermediates.noindex/Rainbow.build/Debug-watchos/Rainbow-t.build/Objects-normal/arm64/Rainbow.SwiftFileList --source-file-list /Users/admin/builder/spi-builder-workspace/.derivedData/Build/Intermediates.noindex/Rainbow.build/Debug-watchos/Rainbow-t.build/Objects-normal/arm64_32/Rainbow.SwiftFileList --metadata-file-list /Users/admin/builder/spi-builder-workspace/.derivedData/Build/Intermediates.noindex/Rainbow.build/Debug-watchos/Rainbow-t.build/Rainbow.DependencyMetadataFileList --static-metadata-file-list /Users/admin/builder/spi-builder-workspace/.derivedData/Build/Intermediates.noindex/Rainbow.build/Debug-watchos/Rainbow-t.build/Rainbow.DependencyStaticMetadataFileList --swift-const-vals-list /Users/admin/builder/spi-builder-workspace/.derivedData/Build/Intermediates.noindex/Rainbow.build/Debug-watchos/Rainbow-t.build/Objects-normal/arm64/Rainbow.SwiftConstValuesFileList --swift-const-vals-list /Users/admin/builder/spi-builder-workspace/.derivedData/Build/Intermediates.noindex/Rainbow.build/Debug-watchos/Rainbow-t.build/Objects-normal/arm64_32/Rainbow.SwiftConstValuesFileList --force --compile-time-extraction --deployment-aware-processing --no-app-shortcuts-localization
2026-09-22 06:08:34.920 appintentsmetadataprocessor[973:5704] Starting appintentsmetadataprocessor export
2026-09-22 06:08:34.988 appintentsmetadataprocessor[973:5704] Extracted no relevant App Intents symbols, skipping writing output
SwiftExplicitDependencyGeneratePcm arm64_32 /Users/admin/builder/spi-builder-workspace/.derivedData/SDKExplicitPrecompiledModules/Security-D7TOWF88VWF67TB9HAFP5UWB1.pcm
SwiftExplicitDependencyGeneratePcm arm64 /Users/admin/builder/spi-builder-workspace/.derivedData/SDKExplicitPrecompiledModules/Security-6RZ6YBRU8WCUHRFFRVUK5WKMM.pcm
SwiftExplicitDependencyGeneratePcm arm64_32 /Users/admin/builder/spi-builder-workspace/.derivedData/SDKExplicitPrecompiledModules/Foundation-BJ2VQGI3OGR34500MEQ1VKHPH.pcm
SwiftExplicitDependencyGeneratePcm arm64 /Users/admin/builder/spi-builder-workspace/.derivedData/SDKExplicitPrecompiledModules/Foundation-DLBKUSGXN8QHAT8W0OARR9S8A.pcm
SwiftCompile normal arm64_32 Compiling\ ValueBox.swift,\ VersionCommand.swift /Users/admin/builder/spi-builder-workspace/.dependencies/checkouts/SwiftCLI/Sources/SwiftCLI/ValueBox.swift /Users/admin/builder/spi-builder-workspace/.dependencies/checkouts/SwiftCLI/Sources/SwiftCLI/VersionCommand.swift (in target 'SwiftCLI' from project 'SwiftCLI')
SwiftCompile normal arm64_32 /Users/admin/builder/spi-builder-workspace/.dependencies/checkouts/SwiftCLI/Sources/SwiftCLI/ValueBox.swift (in target 'SwiftCLI' from project 'SwiftCLI')
    cd /Users/admin/builder/spi-builder-workspace/.swiftpm/xcode
    builtin-SwiftPerFileCompile ValueBox.swift
SwiftCompile normal arm64_32 /Users/admin/builder/spi-builder-workspace/.dependencies/checkouts/SwiftCLI/Sources/SwiftCLI/VersionCommand.swift (in target 'SwiftCLI' from project 'SwiftCLI')
    cd /Users/admin/builder/spi-builder-workspace/.swiftpm/xcode
    builtin-SwiftPerFileCompile VersionCommand.swift
SwiftCompile normal arm64_32 Compiling\ Term.swift,\ Validation.swift /Users/admin/builder/spi-builder-workspace/.dependencies/checkouts/SwiftCLI/Sources/SwiftCLI/Term.swift /Users/admin/builder/spi-builder-workspace/.dependencies/checkouts/SwiftCLI/Sources/SwiftCLI/Validation.swift (in target 'SwiftCLI' from project 'SwiftCLI')
SwiftCompile normal arm64_32 /Users/admin/builder/spi-builder-workspace/.dependencies/checkouts/SwiftCLI/Sources/SwiftCLI/Term.swift (in target 'SwiftCLI' from project 'SwiftCLI')
    cd /Users/admin/builder/spi-builder-workspace/.swiftpm/xcode
    builtin-SwiftPerFileCompile Term.swift
SwiftCompile normal arm64_32 /Users/admin/builder/spi-builder-workspace/.dependencies/checkouts/SwiftCLI/Sources/SwiftCLI/Validation.swift (in target 'SwiftCLI' from project 'SwiftCLI')
    cd /Users/admin/builder/spi-builder-workspace/.swiftpm/xcode
    builtin-SwiftPerFileCompile Validation.swift
SwiftCompile normal arm64_32 Compiling\ Parser.swift,\ Path.swift /Users/admin/builder/spi-builder-workspace/.dependencies/checkouts/SwiftCLI/Sources/SwiftCLI/Parser.swift /Users/admin/builder/spi-builder-workspace/.dependencies/checkouts/SwiftCLI/Sources/SwiftCLI/Path.swift (in target 'SwiftCLI' from project 'SwiftCLI')
SwiftCompile normal arm64_32 /Users/admin/builder/spi-builder-workspace/.dependencies/checkouts/SwiftCLI/Sources/SwiftCLI/Parser.swift (in target 'SwiftCLI' from project 'SwiftCLI')
    cd /Users/admin/builder/spi-builder-workspace/.swiftpm/xcode
    builtin-SwiftPerFileCompile Parser.swift
SwiftCompile normal arm64_32 /Users/admin/builder/spi-builder-workspace/.dependencies/checkouts/SwiftCLI/Sources/SwiftCLI/Path.swift (in target 'SwiftCLI' from project 'SwiftCLI')
    cd /Users/admin/builder/spi-builder-workspace/.swiftpm/xcode
    builtin-SwiftPerFileCompile Path.swift
SwiftCompile normal arm64_32 Compiling\ OptionRegistry.swift,\ Parameter.swift /Users/admin/builder/spi-builder-workspace/.dependencies/checkouts/SwiftCLI/Sources/SwiftCLI/OptionRegistry.swift /Users/admin/builder/spi-builder-workspace/.dependencies/checkouts/SwiftCLI/Sources/SwiftCLI/Parameter.swift (in target 'SwiftCLI' from project 'SwiftCLI')
SwiftCompile normal arm64_32 /Users/admin/builder/spi-builder-workspace/.dependencies/checkouts/SwiftCLI/Sources/SwiftCLI/OptionRegistry.swift (in target 'SwiftCLI' from project 'SwiftCLI')
    cd /Users/admin/builder/spi-builder-workspace/.swiftpm/xcode
    builtin-SwiftPerFileCompile OptionRegistry.swift
SwiftCompile normal arm64_32 /Users/admin/builder/spi-builder-workspace/.dependencies/checkouts/SwiftCLI/Sources/SwiftCLI/Parameter.swift (in target 'SwiftCLI' from project 'SwiftCLI')
    cd /Users/admin/builder/spi-builder-workspace/.swiftpm/xcode
    builtin-SwiftPerFileCompile Parameter.swift
SwiftCompile normal arm64_32 Compiling\ Stream.swift,\ Task.swift /Users/admin/builder/spi-builder-workspace/.dependencies/checkouts/SwiftCLI/Sources/SwiftCLI/Stream.swift /Users/admin/builder/spi-builder-workspace/.dependencies/checkouts/SwiftCLI/Sources/SwiftCLI/Task.swift (in target 'SwiftCLI' from project 'SwiftCLI')
/Users/admin/builder/spi-builder-workspace/.dependencies/checkouts/SwiftCLI/Sources/SwiftCLI/Task.swift:16:26: error: cannot find type 'Process' in scope
 14 | public class Task {
 15 |
 16 |     private let process: Process
    |                          `- error: cannot find type 'Process' in scope
 17 |
 18 |     /// Block to execute when command terminates; default nil
/Users/admin/builder/spi-builder-workspace/.dependencies/checkouts/SwiftCLI/Sources/SwiftCLI/Task.swift:53:24: error: cannot find 'Process' in scope
 51 |     ///   - stdin: the stream which the task should use as it's standard input; defaults to the current process's stdin
 52 |     public init(executable: String, arguments: [String] = [], directory: String? = nil, stdout: WritableStream = Term.stdout, stderr: WritableStream = Term.stderr, stdin: ReadableStream = ReadStream.stdin) {
 53 |         self.process = Process()
    |                        `- error: cannot find 'Process' in scope
 54 |         if executable.hasPrefix("/") || executable.hasPrefix(".") {
 55 |             self.process.launchPath = executable
/Users/admin/builder/spi-builder-workspace/.dependencies/checkouts/SwiftCLI/Sources/SwiftCLI/Task.swift:168:58: error: cannot infer type of closure parameter 'process' without a type annotation
166 |         }
167 |
168 |         self.process.terminationHandler = { [weak self] (process) in
    |                                                          `- error: cannot infer type of closure parameter 'process' without a type annotation
169 |             guard let weakSelf = self else { return }
170 |             if weakSelf.forwardInterrupt {
SwiftCompile normal arm64_32 /Users/admin/builder/spi-builder-workspace/.dependencies/checkouts/SwiftCLI/Sources/SwiftCLI/Stream.swift (in target 'SwiftCLI' from project 'SwiftCLI')
    cd /Users/admin/builder/spi-builder-workspace/.swiftpm/xcode
    builtin-SwiftPerFileCompile Stream.swift
SwiftCompile normal arm64_32 /Users/admin/builder/spi-builder-workspace/.dependencies/checkouts/SwiftCLI/Sources/SwiftCLI/Task.swift (in target 'SwiftCLI' from project 'SwiftCLI')
    cd /Users/admin/builder/spi-builder-workspace/.swiftpm/xcode
    builtin-SwiftPerFileCompile Task.swift
SwiftCompile normal arm64_32 Compiling\ HelpMessageGenerator.swift,\ Input.swift /Users/admin/builder/spi-builder-workspace/.dependencies/checkouts/SwiftCLI/Sources/SwiftCLI/HelpMessageGenerator.swift /Users/admin/builder/spi-builder-workspace/.dependencies/checkouts/SwiftCLI/Sources/SwiftCLI/Input.swift (in target 'SwiftCLI' from project 'SwiftCLI')
SwiftCompile normal arm64_32 /Users/admin/builder/spi-builder-workspace/.dependencies/checkouts/SwiftCLI/Sources/SwiftCLI/HelpMessageGenerator.swift (in target 'SwiftCLI' from project 'SwiftCLI')
    cd /Users/admin/builder/spi-builder-workspace/.swiftpm/xcode
    builtin-SwiftPerFileCompile HelpMessageGenerator.swift
SwiftCompile normal arm64_32 /Users/admin/builder/spi-builder-workspace/.dependencies/checkouts/SwiftCLI/Sources/SwiftCLI/Input.swift (in target 'SwiftCLI' from project 'SwiftCLI')
    cd /Users/admin/builder/spi-builder-workspace/.swiftpm/xcode
    builtin-SwiftPerFileCompile Input.swift
SwiftCompile normal arm64_32 Compiling\ Option.swift,\ OptionGroup.swift /Users/admin/builder/spi-builder-workspace/.dependencies/checkouts/SwiftCLI/Sources/SwiftCLI/Option.swift /Users/admin/builder/spi-builder-workspace/.dependencies/checkouts/SwiftCLI/Sources/SwiftCLI/OptionGroup.swift (in target 'SwiftCLI' from project 'SwiftCLI')
SwiftCompile normal arm64_32 /Users/admin/builder/spi-builder-workspace/.dependencies/checkouts/SwiftCLI/Sources/SwiftCLI/Option.swift (in target 'SwiftCLI' from project 'SwiftCLI')
    cd /Users/admin/builder/spi-builder-workspace/.swiftpm/xcode
    builtin-SwiftPerFileCompile Option.swift
SwiftCompile normal arm64_32 /Users/admin/builder/spi-builder-workspace/.dependencies/checkouts/SwiftCLI/Sources/SwiftCLI/OptionGroup.swift (in target 'SwiftCLI' from project 'SwiftCLI')
    cd /Users/admin/builder/spi-builder-workspace/.swiftpm/xcode
    builtin-SwiftPerFileCompile OptionGroup.swift
SwiftEmitModule normal arm64_32 Emitting\ module\ for\ Version (in target 'Version' from project 'Version')
SwiftCompile normal arm64_32 (in target 'Version' from project 'Version')
    cd /Users/admin/builder/spi-builder-workspace/.swiftpm/xcode

SwiftEmitModule normal arm64_32 Emitting\ module\ for\ SwiftCLI (in target 'SwiftCLI' from project 'SwiftCLI')
/Users/admin/builder/spi-builder-workspace/.dependencies/checkouts/SwiftCLI/Sources/SwiftCLI/Task.swift:16:26: error: cannot find type 'Process' in scope
 14 | public class Task {
 15 |
 16 |     private let process: Process
    |                          `- error: cannot find type 'Process' in scope
 17 |
 18 |     /// Block to execute when command terminates; default nil
Failed frontend command:
/Applications/Xcode-27.0.0-Release.Candidate.app/Contents/Developer/Toolchains/XcodeDefault.xctoolchain/usr/bin/swift-frontend -frontend -emit-module -experimental-skip-non-inlinable-function-bodies-without-types /Users/admin/builder/spi-builder-workspace/.dependencies/checkouts/SwiftCLI/Sources/SwiftCLI/ArgumentList.swift /Users/admin/builder/spi-builder-workspace/.dependencies/checkouts/SwiftCLI/Sources/SwiftCLI/ArgumentListManipulator.swift /Users/admin/builder/spi-builder-workspace/.dependencies/checkouts/SwiftCLI/Sources/SwiftCLI/CLI.swift /Users/admin/builder/spi-builder-workspace/.dependencies/checkouts/SwiftCLI/Sources/SwiftCLI/Command.swift /Users/admin/builder/spi-builder-workspace/.dependencies/checkouts/SwiftCLI/Sources/SwiftCLI/Compatibility.swift /Users/admin/builder/spi-builder-workspace/.dependencies/checkouts/SwiftCLI/Sources/SwiftCLI/CompletionGenerator.swift /Users/admin/builder/spi-builder-workspace/.dependencies/checkouts/SwiftCLI/Sources/SwiftCLI/Error.swift /Users/admin/builder/spi-builder-workspace/.dependencies/checkouts/SwiftCLI/Sources/SwiftCLI/HelpCommand.swift /Users/admin/builder/spi-builder-workspace/.dependencies/checkouts/SwiftCLI/Sources/SwiftCLI/HelpMessageGenerator.swift /Users/admin/builder/spi-builder-workspace/.dependencies/checkouts/SwiftCLI/Sources/SwiftCLI/Input.swift /Users/admin/builder/spi-builder-workspace/.dependencies/checkouts/SwiftCLI/Sources/SwiftCLI/Option.swift /Users/admin/builder/spi-builder-workspace/.dependencies/checkouts/SwiftCLI/Sources/SwiftCLI/OptionGroup.swift /Users/admin/builder/spi-builder-workspace/.dependencies/checkouts/SwiftCLI/Sources/SwiftCLI/OptionRegistry.swift /Users/admin/builder/spi-builder-workspace/.dependencies/checkouts/SwiftCLI/Sources/SwiftCLI/Parameter.swift /Users/admin/builder/spi-builder-workspace/.dependencies/checkouts/SwiftCLI/Sources/SwiftCLI/Parser.swift /Users/admin/builder/spi-builder-workspace/.dependencies/checkouts/SwiftCLI/Sources/SwiftCLI/Path.swift /Users/admin/builder/spi-builder-workspace/.dependencies/checkouts/SwiftCLI/Sources/SwiftCLI/Stream.swift /Users/admin/builder/spi-builder-workspace/.dependencies/checkouts/SwiftCLI/Sources/SwiftCLI/Task.swift /Users/admin/builder/spi-builder-workspace/.dependencies/checkouts/SwiftCLI/Sources/SwiftCLI/Term.swift /Users/admin/builder/spi-builder-workspace/.dependencies/checkouts/SwiftCLI/Sources/SwiftCLI/Validation.swift /Users/admin/builder/spi-builder-workspace/.dependencies/checkouts/SwiftCLI/Sources/SwiftCLI/ValueBox.swift /Users/admin/builder/spi-builder-workspace/.dependencies/checkouts/SwiftCLI/Sources/SwiftCLI/VersionCommand.swift -target arm64_32-apple-watchos9.0 -disable-cross-import-overlay-search -swift-module-cross-import Darwin /Applications/Xcode-27.0.0-Release.Candidate.app/Contents/Developer/Platforms/WatchOS.platform/Developer/SDKs/WatchOS.sdk/usr/include/Darwin.swiftcrossimport/xlocale.swiftoverlay -load-resolved-plugin /Applications/Xcode-27.0.0-Release.Candidate.app/Contents/Developer/Platforms/WatchOS.platform/Developer/usr/lib/swift/host/plugins/libFoundationMacros.dylib\#/Applications/Xcode-27.0.0-Release.Candidate.app/Contents/Developer/Platforms/WatchOS.platform/Developer/usr/bin/swift-plugin-server\#FoundationMacros -load-resolved-plugin /Applications/Xcode-27.0.0-Release.Candidate.app/Contents/Developer/Platforms/WatchOS.platform/Developer/usr/lib/swift/host/plugins/libObservationMacros.dylib\#/Applications/Xcode-27.0.0-Release.Candidate.app/Contents/Developer/Platforms/WatchOS.platform/Developer/usr/bin/swift-plugin-server\#ObservationMacros -load-resolved-plugin /Applications/Xcode-27.0.0-Release.Candidate.app/Contents/Developer/Platforms/WatchOS.platform/Developer/usr/lib/swift/host/plugins/libSwiftMacros.dylib\#/Applications/Xcode-27.0.0-Release.Candidate.app/Contents/Developer/Platforms/WatchOS.platform/Developer/usr/bin/swift-plugin-server\#SwiftMacros -disable-implicit-swift-modules -Xcc -fno-implicit-modules -Xcc -fno-implicit-module-maps -explicit-swift-module-map-file /Users/admin/builder/spi-builder-workspace/.derivedData/Build/Intermediates.noindex/SwiftCLI.build/Debug-watchos/SwiftCLI-t.build/Objects-normal/arm64_32/SwiftCLI-dependencies-1.json -enable-objc-interop -sdk /Applications/Xcode-27.0.0-Release.Candidate.app/Contents/Developer/Platforms/WatchOS.platform/Developer/SDKs/WatchOS27.0.sdk -I /Users/admin/builder/spi-builder-workspace/.derivedData/Build/Products/Debug-watchos -Isystem /Applications/Xcode-27.0.0-Release.Candidate.app/Contents/Developer/Platforms/WatchOS.platform/Developer/usr/lib -F /Users/admin/builder/spi-builder-workspace/.derivedData/Build/Products/Debug-watchos -F /Applications/Xcode-27.0.0-Release.Candidate.app/Contents/Developer/Platforms/WatchOS.platform/Developer/Library/Frameworks -F /Applications/Xcode-27.0.0-Release.Candidate.app/Contents/Developer/Platforms/WatchOS.platform/Developer/SDKs/WatchOS27.0.sdk/Developer/Library/Frameworks -module-cache-path /Users/admin/builder/spi-builder-workspace/.derivedData/Build/Intermediates.noindex/SwiftExplicitPrecompiledModules -no-color-diagnostics -Xcc -fno-color-diagnostics -enable-testing -g -debug-info-format\=dwarf -dwarf-version\=4 -suppress-warnings -profile-generate -profile-coverage-mapping -swift-version 5 -Onone -D SWIFT_PACKAGE -D DEBUG -D SWIFT_MODULE_RESOURCE_BUNDLE_UNAVAILABLE -D Xcode -serialize-debugging-options -enable-experimental-feature DebugDescriptionMacro -empty-abi-descriptor -validate-clang-modules-once -clang-build-session-file /Users/admin/builder/spi-builder-workspace/.derivedData/ModuleCache.noindex/Session.modulevalidation -Xcc -working-directory -Xcc /Users/admin/builder/spi-builder-workspace/.swiftpm/xcode -enable-anonymous-context-mangled-names -file-compilation-dir /Users/admin/builder/spi-builder-workspace/.swiftpm/xcode -Xcc -D_LIBCPP_HARDENING_MODE\=_LIBCPP_HARDENING_MODE_DEBUG -Xcc -ivfsstatcache -Xcc /Users/admin/builder/spi-builder-workspace/.derivedData/SDKStatCaches.noindex/watchos27.0-24R360-e829b21a6f8c9b70876ba0858053c04477534ef55a1706bf4c1112bbb242f0a2.sdkstatcache -Xcc -fmodules-prune-interval\=86400 -Xcc -fmodules-prune-after\=345600 -Xcc -I/Users/admin/builder/spi-builder-workspace/.derivedData/Build/Products/Debug-watchos/include -Xcc -I/Users/admin/builder/spi-builder-workspace/.derivedData/Build/Intermediates.noindex/SwiftCLI.build/Debug-watchos/SwiftCLI-t.build/DerivedSources-normal/arm64_32 -Xcc -I/Users/admin/builder/spi-builder-workspace/.derivedData/Build/Intermediates.noindex/SwiftCLI.build/Debug-watchos/SwiftCLI-t.build/DerivedSources/arm64_32 -Xcc -I/Users/admin/builder/spi-builder-workspace/.derivedData/Build/Intermediates.noindex/SwiftCLI.build/Debug-watchos/SwiftCLI-t.build/DerivedSources -Xcc -DSWIFT_PACKAGE -Xcc -DDEBUG\=1 -no-auto-bridging-header-chaining -module-name SwiftCLI -const-gather-protocols-file /Users/admin/builder/spi-builder-workspace/.derivedData/Build/Intermediates.noindex/SwiftCLI.build/Debug-watchos/SwiftCLI-t.build/Objects-normal/arm64_32/SwiftCLI_const_extract_protocols.json -disable-clang-spi -clang-target arm64_32-apple-watchos27.0 -target-sdk-version 27.0 -target-sdk-name watchos27.0 -in-process-plugin-server-path /Applications/Xcode-27.0.0-Release.Candidate.app/Contents/Developer/Toolchains/XcodeDefault.xctoolchain/usr/lib/swift/host/libSwiftInProcPluginServer.dylib -emit-module-doc-path /Users/admin/builder/spi-builder-workspace/.derivedData/Build/Intermediates.noindex/SwiftCLI.build/Debug-watchos/SwiftCLI-t.build/Objects-normal/arm64_32/SwiftCLI.swiftdoc -emit-module-source-info-path /Users/admin/builder/spi-builder-workspace/.derivedData/Build/Intermediates.noindex/SwiftCLI.build/Debug-watchos/SwiftCLI-t.build/Objects-normal/arm64_32/SwiftCLI.swiftsourceinfo -emit-objc-header-path /Users/admin/builder/spi-builder-workspace/.derivedData/Build/Intermediates.noindex/SwiftCLI.build/Debug-watchos/SwiftCLI-t.build/Objects-normal/arm64_32/SwiftCLI-Swift.h -serialize-diagnostics-path /Users/admin/builder/spi-builder-workspace/.derivedData/Build/Intermediates.noindex/SwiftCLI.build/Debug-watchos/SwiftCLI-t.build/Objects-normal/arm64_32/SwiftCLI-primary-emit-module.dia -emit-dependencies-path /Users/admin/builder/spi-builder-workspace/.derivedData/Build/Intermediates.noindex/SwiftCLI.build/Debug-watchos/SwiftCLI-t.build/Objects-normal/arm64_32/SwiftCLI-primary-emit-module.d -parse-as-library -o /Users/admin/builder/spi-builder-workspace/.derivedData/Build/Intermediates.noindex/SwiftCLI.build/Debug-watchos/SwiftCLI-t.build/Objects-normal/arm64_32/SwiftCLI.swiftmodule -emit-abi-descriptor-path /Users/admin/builder/spi-builder-workspace/.derivedData/Build/Intermediates.noindex/SwiftCLI.build/Debug-watchos/SwiftCLI-t.build/Objects-normal/arm64_32/SwiftCLI.abi.json
SwiftCompile normal arm64_32 (in target 'SwiftCLI' from project 'SwiftCLI')
    cd /Users/admin/builder/spi-builder-workspace/.swiftpm/xcode

SwiftCompile normal arm64_32 Compiling\ Version+Comparable.swift /Users/admin/builder/spi-builder-workspace/.dependencies/checkouts/Version/Sources/Version+Comparable.swift (in target 'Version' from project 'Version')
SwiftCompile normal arm64_32 /Users/admin/builder/spi-builder-workspace/.dependencies/checkouts/Version/Sources/Version+Comparable.swift (in target 'Version' from project 'Version')
    cd /Users/admin/builder/spi-builder-workspace/.swiftpm/xcode
    builtin-SwiftPerFileCompile Version+Comparable.swift
SwiftEmitModule normal arm64 Emitting\ module\ for\ Version (in target 'Version' from project 'Version')
SwiftCompile normal arm64 (in target 'Version' from project 'Version')
    cd /Users/admin/builder/spi-builder-workspace/.swiftpm/xcode

SwiftDriverJobDiscovery normal arm64_32 Emitting module for Version (in target 'Version' from project 'Version')
SwiftDriver\ Compilation\ Requirements Version normal arm64_32 com.apple.xcode.tools.swift.compiler (in target 'Version' from project 'Version')
    cd /Users/admin/builder/spi-builder-workspace/.swiftpm/xcode
    builtin-Swift-Compilation-Requirements -- /Applications/Xcode-27.0.0-Release.Candidate.app/Contents/Developer/Toolchains/XcodeDefault.xctoolchain/usr/bin/swiftc -parse-as-library -module-name Version -Onone @/Users/admin/builder/spi-builder-workspace/.derivedData/Build/Intermediates.noindex/Version.build/Debug-watchos/Version-t.build/Objects-normal/arm64_32/Version.SwiftFileList -DSWIFT_PACKAGE -DDEBUG -DSWIFT_MODULE_RESOURCE_BUNDLE_UNAVAILABLE -DXcode -plugin-path /Applications/Xcode-27.0.0-Release.Candidate.app/Contents/Developer/Toolchains/XcodeDefault.xctoolchain/usr/lib/swift/host/plugins/testing -enable-experimental-feature DebugDescriptionMacro -sdk /Applications/Xcode-27.0.0-Release.Candidate.app/Contents/Developer/Platforms/WatchOS.platform/Developer/SDKs/WatchOS27.0.sdk -target arm64_32-apple-watchos9.0 -g -module-cache-path /Users/admin/builder/spi-builder-workspace/.derivedData/ModuleCache.noindex -Xfrontend -serialize-debugging-options -profile-coverage-mapping -profile-generate -enable-testing -suppress-warnings -index-store-path /Users/admin/builder/spi-builder-workspace/.derivedData/Index.noindex/DataStore -Xcc -D_LIBCPP_HARDENING_MODE\=_LIBCPP_HARDENING_MODE_DEBUG -swift-version 5 -I /Users/admin/builder/spi-builder-workspace/.derivedData/Build/Products/Debug-watchos -Isystem /Applications/Xcode-27.0.0-Release.Candidate.app/Contents/Developer/Platforms/WatchOS.platform/Developer/usr/lib -F /Users/admin/builder/spi-builder-workspace/.derivedData/Build/Products/Debug-watchos -F /Applications/Xcode-27.0.0-Release.Candidate.app/Contents/Developer/Platforms/WatchOS.platform/Developer/Library/Frameworks -F /Applications/Xcode-27.0.0-Release.Candidate.app/Contents/Developer/Platforms/WatchOS.platform/Developer/SDKs/WatchOS27.0.sdk/Developer/Library/Frameworks -c -j10 -enable-batch-mode -incremental -Xcc -ivfsstatcache -Xcc /Users/admin/builder/spi-builder-workspace/.derivedData/SDKStatCaches.noindex/watchos27.0-24R360-e829b21a6f8c9b70876ba0858053c04477534ef55a1706bf4c1112bbb242f0a2.sdkstatcache -output-file-map /Users/admin/builder/spi-builder-workspace/.derivedData/Build/Intermediates.noindex/Version.build/Debug-watchos/Version-t.build/Objects-normal/arm64_32/Version-OutputFileMap.json -save-temps -no-color-diagnostics -explicit-module-build -module-cache-path /Users/admin/builder/spi-builder-workspace/.derivedData/Build/Intermediates.noindex/SwiftExplicitPrecompiledModules -clang-scanner-module-cache-path /Users/admin/builder/spi-builder-workspace/.derivedData/ModuleCache.noindex -sdk-module-cache-path /Users/admin/builder/spi-builder-workspace/.derivedData/SDKExplicitPrecompiledModules -emit-dependencies -emit-module -emit-module-path /Users/admin/builder/spi-builder-workspace/.derivedData/Build/Intermediates.noindex/Version.build/Debug-watchos/Version-t.build/Objects-normal/arm64_32/Version.swiftmodule -serialize-diagnostics -dependency-scan-serialize-diagnostics-path /Users/admin/builder/spi-builder-workspace/.derivedData/Build/Intermediates.noindex/Version.build/Debug-watchos/Version-t.build/Objects-normal/arm64_32/Version-dependency-scan.dia -validate-clang-modules-once -clang-build-session-file /Users/admin/builder/spi-builder-workspace/.derivedData/ModuleCache.noindex/Session.modulevalidation -Xcc -fmodules-prune-interval\=86400 -Xcc -fmodules-prune-after\=345600 -emit-const-values -const-gather-protocols-list /Users/admin/builder/spi-builder-workspace/.derivedData/Build/Intermediates.noindex/Version.build/Debug-watchos/Version-t.build/Objects-normal/arm64_32/Version_const_extract_protocols.json -Xcc -I/Users/admin/builder/spi-builder-workspace/.derivedData/Build/Products/Debug-watchos/include -Xcc -I/Users/admin/builder/spi-builder-workspace/.derivedData/Build/Intermediates.noindex/Version.build/Debug-watchos/Version-t.build/DerivedSources-normal/arm64_32 -Xcc -I/Users/admin/builder/spi-builder-workspace/.derivedData/Build/Intermediates.noindex/Version.build/Debug-watchos/Version-t.build/DerivedSources/arm64_32 -Xcc -I/Users/admin/builder/spi-builder-workspace/.derivedData/Build/Intermediates.noindex/Version.build/Debug-watchos/Version-t.build/DerivedSources -Xcc -DSWIFT_PACKAGE -Xcc -DDEBUG\=1 -emit-objc-header -emit-objc-header-path /Users/admin/builder/spi-builder-workspace/.derivedData/Build/Intermediates.noindex/Version.build/Debug-watchos/Version-t.build/Objects-normal/arm64_32/Version-Swift.h -working-directory /Users/admin/builder/spi-builder-workspace/.swiftpm/xcode -experimental-emit-module-separately -disable-cmo
SwiftDriverJobDiscovery normal arm64_32 Compiling Version+Comparable.swift (in target 'Version' from project 'Version')
SwiftEmitModule normal arm64 Emitting\ module\ for\ SwiftCLI (in target 'SwiftCLI' from project 'SwiftCLI')
SwiftCompile normal arm64 (in target 'SwiftCLI' from project 'SwiftCLI')
    cd /Users/admin/builder/spi-builder-workspace/.swiftpm/xcode

Copy /Users/admin/builder/spi-builder-workspace/.derivedData/Build/Products/Debug-watchos/Version.swiftmodule/arm64_32-apple-watchos.swiftmodule /Users/admin/builder/spi-builder-workspace/.derivedData/Build/Intermediates.noindex/Version.build/Debug-watchos/Version-t.build/Objects-normal/arm64_32/Version.swiftmodule (in target 'Version' from project 'Version')
    cd /Users/admin/builder/spi-builder-workspace/.dependencies/checkouts/Version
    builtin-copy -exclude .DS_Store -exclude CVS -exclude .svn -exclude .git -exclude .hg -resolve-src-symlinks -rename /Users/admin/builder/spi-builder-workspace/.derivedData/Build/Intermediates.noindex/Version.build/Debug-watchos/Version-t.build/Objects-normal/arm64_32/Version.swiftmodule /Users/admin/builder/spi-builder-workspace/.derivedData/Build/Products/Debug-watchos/Version.swiftmodule/arm64_32-apple-watchos.swiftmodule
SwiftDriverJobDiscovery normal arm64_32 Compiling Term.swift, Validation.swift (in target 'SwiftCLI' from project 'SwiftCLI')
Copy /Users/admin/builder/spi-builder-workspace/.derivedData/Build/Products/Debug-watchos/Version.swiftmodule/arm64_32-apple-watchos.swiftdoc /Users/admin/builder/spi-builder-workspace/.derivedData/Build/Intermediates.noindex/Version.build/Debug-watchos/Version-t.build/Objects-normal/arm64_32/Version.swiftdoc (in target 'Version' from project 'Version')
    cd /Users/admin/builder/spi-builder-workspace/.dependencies/checkouts/Version
    builtin-copy -exclude .DS_Store -exclude CVS -exclude .svn -exclude .git -exclude .hg -resolve-src-symlinks -rename /Users/admin/builder/spi-builder-workspace/.derivedData/Build/Intermediates.noindex/Version.build/Debug-watchos/Version-t.build/Objects-normal/arm64_32/Version.swiftdoc /Users/admin/builder/spi-builder-workspace/.derivedData/Build/Products/Debug-watchos/Version.swiftmodule/arm64_32-apple-watchos.swiftdoc
Copy /Users/admin/builder/spi-builder-workspace/.derivedData/Build/Products/Debug-watchos/Version.swiftmodule/arm64_32-apple-watchos.abi.json /Users/admin/builder/spi-builder-workspace/.derivedData/Build/Intermediates.noindex/Version.build/Debug-watchos/Version-t.build/Objects-normal/arm64_32/Version.abi.json (in target 'Version' from project 'Version')
    cd /Users/admin/builder/spi-builder-workspace/.dependencies/checkouts/Version
    builtin-copy -exclude .DS_Store -exclude CVS -exclude .svn -exclude .git -exclude .hg -resolve-src-symlinks -rename /Users/admin/builder/spi-builder-workspace/.derivedData/Build/Intermediates.noindex/Version.build/Debug-watchos/Version-t.build/Objects-normal/arm64_32/Version.abi.json /Users/admin/builder/spi-builder-workspace/.derivedData/Build/Products/Debug-watchos/Version.swiftmodule/arm64_32-apple-watchos.abi.json
Copy /Users/admin/builder/spi-builder-workspace/.derivedData/Build/Products/Debug-watchos/Version.swiftmodule/Project/arm64_32-apple-watchos.swiftsourceinfo /Users/admin/builder/spi-builder-workspace/.derivedData/Build/Intermediates.noindex/Version.build/Debug-watchos/Version-t.build/Objects-normal/arm64_32/Version.swiftsourceinfo (in target 'Version' from project 'Version')
    cd /Users/admin/builder/spi-builder-workspace/.dependencies/checkouts/Version
    builtin-copy -exclude .DS_Store -exclude CVS -exclude .svn -exclude .git -exclude .hg -resolve-src-symlinks -rename /Users/admin/builder/spi-builder-workspace/.derivedData/Build/Intermediates.noindex/Version.build/Debug-watchos/Version-t.build/Objects-normal/arm64_32/Version.swiftsourceinfo /Users/admin/builder/spi-builder-workspace/.derivedData/Build/Products/Debug-watchos/Version.swiftmodule/Project/arm64_32-apple-watchos.swiftsourceinfo
PruneExplicitPrecompiledModules /Users/admin/builder/spi-builder-workspace/.derivedData/Build/Intermediates.noindex/ExplicitPrecompiledModules
PruneExplicitPrecompiledModules /Users/admin/builder/spi-builder-workspace/.derivedData/Build/Intermediates.noindex/SwiftExplicitPrecompiledModules
PruneExplicitPrecompiledModules /Users/admin/builder/spi-builder-workspace/.derivedData/SDKExplicitPrecompiledModules
2026-09-22 06:08:29.620 xcodebuild[833:4893] [MT] IDERunDestination: Supported platforms for the buildables in the current scheme is empty.
** BUILD FAILED **
The following build commands failed:
	SwiftEmitModule normal arm64_32 Emitting\ module\ for\ SwiftCLI (in target 'SwiftCLI' from project 'SwiftCLI')
	SwiftCompile normal arm64_32 (in target 'SwiftCLI' from project 'SwiftCLI')
	Building workspace Mint with scheme Mint-Package
(3 failures)
Command line invocation:
    /Applications/Xcode-27.0.0-Release.Candidate.app/Contents/Developer/usr/bin/xcodebuild -IDEClonedSourcePackagesDirPathOverride=/Users/admin/builder/spi-builder-workspace/.dependencies -resolvePackageDependencies
Resolve Package Graph
Resolved source packages:
  Rainbow: https://github.com/onevcat/Rainbow.git @ 4.2.1
  Spectre: https://github.com/kylef/Spectre.git @ 0.10.1
  SwiftCLI: https://github.com/jakeheis/SwiftCLI.git @ 6.0.3
  PathKit: https://github.com/kylef/PathKit.git @ 1.0.1
  Mint: /Users/admin/builder/spi-builder-workspace
  Version: https://github.com/mxcl/Version.git @ 2.2.1
resolved source packages: Rainbow, Spectre, SwiftCLI, PathKit, Mint, Version
2026-09-22 06:08:36.690 xcodebuild[990:5778] [MT] IDERunDestination: Supported platforms for the buildables in the current scheme is empty.
{
  "dependencies" : [
    {
      "identity" : "pathkit",
      "requirement" : {
        "range" : [
          {
            "lower_bound" : "1.0.1",
            "upper_bound" : "2.0.0"
          }
        ]
      },
      "type" : "sourceControl",
      "url" : "https://github.com/kylef/PathKit.git"
    },
    {
      "identity" : "rainbow",
      "requirement" : {
        "range" : [
          {
            "lower_bound" : "4.0.1",
            "upper_bound" : "5.0.0"
          }
        ]
      },
      "type" : "sourceControl",
      "url" : "https://github.com/onevcat/Rainbow.git"
    },
    {
      "identity" : "swiftcli",
      "requirement" : {
        "range" : [
          {
            "lower_bound" : "6.0.3",
            "upper_bound" : "7.0.0"
          }
        ]
      },
      "type" : "sourceControl",
      "url" : "https://github.com/jakeheis/SwiftCLI.git"
    },
    {
      "identity" : "version",
      "requirement" : {
        "range" : [
          {
            "lower_bound" : "2.0.1",
            "upper_bound" : "3.0.0"
          }
        ]
      },
      "type" : "sourceControl",
      "url" : "https://github.com/mxcl/Version.git"
    }
  ],
  "manifest_display_name" : "Mint",
  "name" : "Mint",
  "path" : "/Users/admin/builder/spi-builder-workspace",
  "platforms" : [
  ],
  "products" : [
    {
      "name" : "mint",
      "targets" : [
        "Mint"
      ],
      "type" : {
        "executable" : null
      }
    },
    {
      "name" : "MintKit",
      "targets" : [
        "MintKit"
      ],
      "type" : {
        "library" : [
          "automatic"
        ]
      }
    }
  ],
  "targets" : [
    {
      "c99name" : "MintTests",
      "module_type" : "SwiftTarget",
      "name" : "MintTests",
      "path" : "Tests/MintTests",
      "sources" : [
        "Fixtures.swift",
        "MintTests.swift",
        "MintfileTests.swift",
        "PackageTests.swift",
        "ProcessInfoExtensionTests.swift",
        "TestHelpers.swift",
        "XCTestManifests.swift"
      ],
      "target_dependencies" : [
        "MintKit"
      ],
      "type" : "test"
    },
    {
      "c99name" : "MintKit",
      "module_type" : "SwiftTarget",
      "name" : "MintKit",
      "path" : "Sources/MintKit",
      "product_dependencies" : [
        "Rainbow",
        "PathKit",
        "Version",
        "SwiftCLI"
      ],
      "product_memberships" : [
        "mint",
        "MintKit"
      ],
      "sources" : [
        "Cache.swift",
        "GitTag.swift",
        "InputReader.swift",
        "InstallStatus.swift",
        "Mint.swift",
        "MintError.swift",
        "Mintfile.swift",
        "PackagePath.swift",
        "PackageReference.swift",
        "ProcessInfoExtensions.swift",
        "StringExtensions.swift",
        "SwiftPackage.swift"
      ],
      "type" : "library"
    },
    {
      "c99name" : "MintCLI",
      "module_type" : "SwiftTarget",
      "name" : "MintCLI",
      "path" : "Sources/MintCLI",
      "product_dependencies" : [
        "Rainbow",
        "SwiftCLI"
      ],
      "product_memberships" : [
        "mint"
      ],
      "sources" : [
        "Commands/BootstrapCommand.swift",
        "Commands/InstallCommand.swift",
        "Commands/ListCommand.swift",
        "Commands/MintCommand.swift",
        "Commands/MintFileCommand.swift",
        "Commands/OutdatedCommand.swift",
        "Commands/PackageCommand.swift",
        "Commands/RunCommand.swift",
        "Commands/UninstallCommand.swift",
        "Commands/WhichCommand.swift",
        "MintCLI.swift"
      ],
      "target_dependencies" : [
        "MintKit"
      ],
      "type" : "library"
    },
    {
      "c99name" : "Mint",
      "module_type" : "SwiftTarget",
      "name" : "Mint",
      "path" : "Sources/Mint",
      "product_memberships" : [
        "mint"
      ],
      "sources" : [
        "main.swift"
      ],
      "target_dependencies" : [
        "MintCLI"
      ],
      "type" : "executable"
    }
  ],
  "tools_version" : "5.9"
}
{
  "workspace" : {
    "name" : "Mint",
    "schemes" : [
      "mint",
      "Mint-Package",
      "MintKit"
    ]
  }
}
2026-09-22 06:08:37.971 xcodebuild[998:5847] [MT] IDERunDestination: Supported platforms for the buildables in the current scheme is empty.
Running build ...
env DEVELOPER_DIR=/Applications/Xcode-27.0.0-Release.Candidate.app xcrun xcodebuild -IDEClonedSourcePackagesDirPathOverride=$PWD/.dependencies -skipMacroValidation -skipPackagePluginValidation -derivedDataPath $PWD/.derivedData build -scheme Mint-Package -destination generic/platform=watchOS
Command line invocation:
    /Applications/Xcode-27.0.0-Release.Candidate.app/Contents/Developer/usr/bin/xcodebuild -IDEClonedSourcePackagesDirPathOverride=/Users/admin/builder/spi-builder-workspace/.dependencies -skipMacroValidation -skipPackagePluginValidation -derivedDataPath /Users/admin/builder/spi-builder-workspace/.derivedData build -scheme Mint-Package -destination generic/platform=watchOS
Resolve Package Graph
Resolved source packages:
  Spectre: https://github.com/kylef/Spectre.git @ 0.10.1
  Rainbow: https://github.com/onevcat/Rainbow.git @ 4.2.1
  Version: https://github.com/mxcl/Version.git @ 2.2.1
  SwiftCLI: https://github.com/jakeheis/SwiftCLI.git @ 6.0.3
  PathKit: https://github.com/kylef/PathKit.git @ 1.0.1
  Mint: /Users/admin/builder/spi-builder-workspace
ComputePackagePrebuildTargetDependencyGraph
Prepare packages
CreateBuildRequest
SendProjectDescription
CreateBuildOperation
ComputeTargetDependencyGraph
note: Building targets in dependency order
note: Target dependency graph (12 targets)
    Target 'mint-product' in project 'Mint'
        ➜ Explicit dependency on target 'MintKit' in project 'Mint'
        ➜ Explicit dependency on target 'MintCLI' in project 'Mint'
        ➜ Explicit dependency on target 'Rainbow-product' in project 'Rainbow'
        ➜ Explicit dependency on target 'PathKit-product' in project 'PathKit'
        ➜ Explicit dependency on target 'Version-product' in project 'Version'
        ➜ Explicit dependency on target 'SwiftCLI-product' in project 'SwiftCLI'
    Target 'MintCLI' in project 'Mint'
        ➜ Explicit dependency on target 'MintKit' in project 'Mint'
        ➜ Explicit dependency on target 'Rainbow-product' in project 'Rainbow'
        ➜ Explicit dependency on target 'PathKit-product' in project 'PathKit'
        ➜ Explicit dependency on target 'Version-product' in project 'Version'
        ➜ Explicit dependency on target 'SwiftCLI-product' in project 'SwiftCLI'
    Target 'MintKit-product' in project 'Mint'
        ➜ Explicit dependency on target 'MintKit' in project 'Mint'
        ➜ Explicit dependency on target 'Rainbow-product' in project 'Rainbow'
        ➜ Explicit dependency on target 'PathKit-product' in project 'PathKit'
        ➜ Explicit dependency on target 'Version-product' in project 'Version'
        ➜ Explicit dependency on target 'SwiftCLI-product' in project 'SwiftCLI'
    Target 'MintKit' in project 'Mint'
        ➜ Explicit dependency on target 'Rainbow-product' in project 'Rainbow'
        ➜ Explicit dependency on target 'PathKit-product' in project 'PathKit'
        ➜ Explicit dependency on target 'Version-product' in project 'Version'
        ➜ Explicit dependency on target 'SwiftCLI-product' in project 'SwiftCLI'
    Target 'SwiftCLI-product' in project 'SwiftCLI'
        ➜ Explicit dependency on target 'SwiftCLI' in project 'SwiftCLI'
    Target 'SwiftCLI' in project 'SwiftCLI' (no dependencies)
    Target 'Version-product' in project 'Version'
        ➜ Explicit dependency on target 'Version' in project 'Version'
    Target 'Version' in project 'Version' (no dependencies)
    Target 'PathKit-product' in project 'PathKit'
        ➜ Explicit dependency on target 'PathKit' in project 'PathKit'
    Target 'PathKit' in project 'PathKit' (no dependencies)
    Target 'Rainbow-product' in project 'Rainbow'
        ➜ Explicit dependency on target 'Rainbow' in project 'Rainbow'
    Target 'Rainbow' in project 'Rainbow' (no dependencies)
GatherProvisioningInputs
CreateBuildDescription
ClangStatCache /Applications/Xcode-27.0.0-Release.Candidate.app/Contents/Developer/Toolchains/XcodeDefault.xctoolchain/usr/bin/clang-stat-cache /Applications/Xcode-27.0.0-Release.Candidate.app/Contents/Developer/Platforms/WatchOS.platform/Developer/SDKs/WatchOS27.0.sdk /Users/admin/builder/spi-builder-workspace/.derivedData/SDKStatCaches.noindex/watchos27.0-24R360-e829b21a6f8c9b70876ba0858053c04477534ef55a1706bf4c1112bbb242f0a2.sdkstatcache
    cd /Users/admin/builder/spi-builder-workspace/.swiftpm/xcode
    /Applications/Xcode-27.0.0-Release.Candidate.app/Contents/Developer/Toolchains/XcodeDefault.xctoolchain/usr/bin/clang-stat-cache /Applications/Xcode-27.0.0-Release.Candidate.app/Contents/Developer/Platforms/WatchOS.platform/Developer/SDKs/WatchOS27.0.sdk -o /Users/admin/builder/spi-builder-workspace/.derivedData/SDKStatCaches.noindex/watchos27.0-24R360-e829b21a6f8c9b70876ba0858053c04477534ef55a1706bf4c1112bbb242f0a2.sdkstatcache
Copy /Users/admin/builder/spi-builder-workspace/.derivedData/Build/Products/Debug-watchos/Version.swiftmodule/arm64_32-apple-watchos.abi.json /Users/admin/builder/spi-builder-workspace/.derivedData/Build/Intermediates.noindex/Version.build/Debug-watchos/Version-t.build/Objects-normal/arm64_32/Version.abi.json (in target 'Version' from project 'Version')
    cd /Users/admin/builder/spi-builder-workspace/.dependencies/checkouts/Version
    builtin-copy -exclude .DS_Store -exclude CVS -exclude .svn -exclude .git -exclude .hg -resolve-src-symlinks -rename /Users/admin/builder/spi-builder-workspace/.derivedData/Build/Intermediates.noindex/Version.build/Debug-watchos/Version-t.build/Objects-normal/arm64_32/Version.abi.json /Users/admin/builder/spi-builder-workspace/.derivedData/Build/Products/Debug-watchos/Version.swiftmodule/arm64_32-apple-watchos.abi.json
Copy /Users/admin/builder/spi-builder-workspace/.derivedData/Build/Products/Debug-watchos/Version.swiftmodule/Project/arm64_32-apple-watchos.swiftsourceinfo /Users/admin/builder/spi-builder-workspace/.derivedData/Build/Intermediates.noindex/Version.build/Debug-watchos/Version-t.build/Objects-normal/arm64_32/Version.swiftsourceinfo (in target 'Version' from project 'Version')
    cd /Users/admin/builder/spi-builder-workspace/.dependencies/checkouts/Version
    builtin-copy -exclude .DS_Store -exclude CVS -exclude .svn -exclude .git -exclude .hg -resolve-src-symlinks -rename /Users/admin/builder/spi-builder-workspace/.derivedData/Build/Intermediates.noindex/Version.build/Debug-watchos/Version-t.build/Objects-normal/arm64_32/Version.swiftsourceinfo /Users/admin/builder/spi-builder-workspace/.derivedData/Build/Products/Debug-watchos/Version.swiftmodule/Project/arm64_32-apple-watchos.swiftsourceinfo
SwiftDriver Version normal arm64_32 com.apple.xcode.tools.swift.compiler (in target 'Version' from project 'Version')
    cd /Users/admin/builder/spi-builder-workspace/.swiftpm/xcode
    builtin-SwiftDriver -- /Applications/Xcode-27.0.0-Release.Candidate.app/Contents/Developer/Toolchains/XcodeDefault.xctoolchain/usr/bin/swiftc -parse-as-library -module-name Version -Onone @/Users/admin/builder/spi-builder-workspace/.derivedData/Build/Intermediates.noindex/Version.build/Debug-watchos/Version-t.build/Objects-normal/arm64_32/Version.SwiftFileList -DSWIFT_PACKAGE -DDEBUG -DSWIFT_MODULE_RESOURCE_BUNDLE_UNAVAILABLE -DXcode -plugin-path /Applications/Xcode-27.0.0-Release.Candidate.app/Contents/Developer/Toolchains/XcodeDefault.xctoolchain/usr/lib/swift/host/plugins/testing -enable-experimental-feature DebugDescriptionMacro -sdk /Applications/Xcode-27.0.0-Release.Candidate.app/Contents/Developer/Platforms/WatchOS.platform/Developer/SDKs/WatchOS27.0.sdk -target arm64_32-apple-watchos9.0 -g -module-cache-path /Users/admin/builder/spi-builder-workspace/.derivedData/ModuleCache.noindex -Xfrontend -serialize-debugging-options -profile-coverage-mapping -profile-generate -enable-testing -suppress-warnings -index-store-path /Users/admin/builder/spi-builder-workspace/.derivedData/Index.noindex/DataStore -Xcc -D_LIBCPP_HARDENING_MODE\=_LIBCPP_HARDENING_MODE_DEBUG -swift-version 5 -I /Users/admin/builder/spi-builder-workspace/.derivedData/Build/Products/Debug-watchos -Isystem /Applications/Xcode-27.0.0-Release.Candidate.app/Contents/Developer/Platforms/WatchOS.platform/Developer/usr/lib -F /Users/admin/builder/spi-builder-workspace/.derivedData/Build/Products/Debug-watchos -F /Applications/Xcode-27.0.0-Release.Candidate.app/Contents/Developer/Platforms/WatchOS.platform/Developer/Library/Frameworks -F /Applications/Xcode-27.0.0-Release.Candidate.app/Contents/Developer/Platforms/WatchOS.platform/Developer/SDKs/WatchOS27.0.sdk/Developer/Library/Frameworks -c -j10 -enable-batch-mode -incremental -Xcc -ivfsstatcache -Xcc /Users/admin/builder/spi-builder-workspace/.derivedData/SDKStatCaches.noindex/watchos27.0-24R360-e829b21a6f8c9b70876ba0858053c04477534ef55a1706bf4c1112bbb242f0a2.sdkstatcache -output-file-map /Users/admin/builder/spi-builder-workspace/.derivedData/Build/Intermediates.noindex/Version.build/Debug-watchos/Version-t.build/Objects-normal/arm64_32/Version-OutputFileMap.json -save-temps -no-color-diagnostics -explicit-module-build -module-cache-path /Users/admin/builder/spi-builder-workspace/.derivedData/Build/Intermediates.noindex/SwiftExplicitPrecompiledModules -clang-scanner-module-cache-path /Users/admin/builder/spi-builder-workspace/.derivedData/ModuleCache.noindex -sdk-module-cache-path /Users/admin/builder/spi-builder-workspace/.derivedData/SDKExplicitPrecompiledModules -emit-dependencies -emit-module -emit-module-path /Users/admin/builder/spi-builder-workspace/.derivedData/Build/Intermediates.noindex/Version.build/Debug-watchos/Version-t.build/Objects-normal/arm64_32/Version.swiftmodule -serialize-diagnostics -dependency-scan-serialize-diagnostics-path /Users/admin/builder/spi-builder-workspace/.derivedData/Build/Intermediates.noindex/Version.build/Debug-watchos/Version-t.build/Objects-normal/arm64_32/Version-dependency-scan.dia -validate-clang-modules-once -clang-build-session-file /Users/admin/builder/spi-builder-workspace/.derivedData/ModuleCache.noindex/Session.modulevalidation -Xcc -fmodules-prune-interval\=86400 -Xcc -fmodules-prune-after\=345600 -emit-const-values -const-gather-protocols-list /Users/admin/builder/spi-builder-workspace/.derivedData/Build/Intermediates.noindex/Version.build/Debug-watchos/Version-t.build/Objects-normal/arm64_32/Version_const_extract_protocols.json -Xcc -I/Users/admin/builder/spi-builder-workspace/.derivedData/Build/Products/Debug-watchos/include -Xcc -I/Users/admin/builder/spi-builder-workspace/.derivedData/Build/Intermediates.noindex/Version.build/Debug-watchos/Version-t.build/DerivedSources-normal/arm64_32 -Xcc -I/Users/admin/builder/spi-builder-workspace/.derivedData/Build/Intermediates.noindex/Version.build/Debug-watchos/Version-t.build/DerivedSources/arm64_32 -Xcc -I/Users/admin/builder/spi-builder-workspace/.derivedData/Build/Intermediates.noindex/Version.build/Debug-watchos/Version-t.build/DerivedSources -Xcc -DSWIFT_PACKAGE -Xcc -DDEBUG\=1 -emit-objc-header -emit-objc-header-path /Users/admin/builder/spi-builder-workspace/.derivedData/Build/Intermediates.noindex/Version.build/Debug-watchos/Version-t.build/Objects-normal/arm64_32/Version-Swift.h -working-directory /Users/admin/builder/spi-builder-workspace/.swiftpm/xcode -experimental-emit-module-separately -disable-cmo
SwiftDriver Version normal arm64 com.apple.xcode.tools.swift.compiler (in target 'Version' from project 'Version')
    cd /Users/admin/builder/spi-builder-workspace/.swiftpm/xcode
    builtin-SwiftDriver -- /Applications/Xcode-27.0.0-Release.Candidate.app/Contents/Developer/Toolchains/XcodeDefault.xctoolchain/usr/bin/swiftc -parse-as-library -module-name Version -Onone @/Users/admin/builder/spi-builder-workspace/.derivedData/Build/Intermediates.noindex/Version.build/Debug-watchos/Version-t.build/Objects-normal/arm64/Version.SwiftFileList -DSWIFT_PACKAGE -DDEBUG -DSWIFT_MODULE_RESOURCE_BUNDLE_UNAVAILABLE -DXcode -plugin-path /Applications/Xcode-27.0.0-Release.Candidate.app/Contents/Developer/Toolchains/XcodeDefault.xctoolchain/usr/lib/swift/host/plugins/testing -enable-experimental-feature DebugDescriptionMacro -sdk /Applications/Xcode-27.0.0-Release.Candidate.app/Contents/Developer/Platforms/WatchOS.platform/Developer/SDKs/WatchOS27.0.sdk -target arm64-apple-watchos9.0 -g -module-cache-path /Users/admin/builder/spi-builder-workspace/.derivedData/ModuleCache.noindex -Xfrontend -serialize-debugging-options -profile-coverage-mapping -profile-generate -enable-testing -suppress-warnings -index-store-path /Users/admin/builder/spi-builder-workspace/.derivedData/Index.noindex/DataStore -Xcc -D_LIBCPP_HARDENING_MODE\=_LIBCPP_HARDENING_MODE_DEBUG -swift-version 5 -I /Users/admin/builder/spi-builder-workspace/.derivedData/Build/Products/Debug-watchos -Isystem /Applications/Xcode-27.0.0-Release.Candidate.app/Contents/Developer/Platforms/WatchOS.platform/Developer/usr/lib -F /Users/admin/builder/spi-builder-workspace/.derivedData/Build/Products/Debug-watchos -F /Applications/Xcode-27.0.0-Release.Candidate.app/Contents/Developer/Platforms/WatchOS.platform/Developer/Library/Frameworks -F /Applications/Xcode-27.0.0-Release.Candidate.app/Contents/Developer/Platforms/WatchOS.platform/Developer/SDKs/WatchOS27.0.sdk/Developer/Library/Frameworks -c -j10 -enable-batch-mode -incremental -Xcc -ivfsstatcache -Xcc /Users/admin/builder/spi-builder-workspace/.derivedData/SDKStatCaches.noindex/watchos27.0-24R360-e829b21a6f8c9b70876ba0858053c04477534ef55a1706bf4c1112bbb242f0a2.sdkstatcache -output-file-map /Users/admin/builder/spi-builder-workspace/.derivedData/Build/Intermediates.noindex/Version.build/Debug-watchos/Version-t.build/Objects-normal/arm64/Version-OutputFileMap.json -save-temps -no-color-diagnostics -explicit-module-build -module-cache-path /Users/admin/builder/spi-builder-workspace/.derivedData/Build/Intermediates.noindex/SwiftExplicitPrecompiledModules -clang-scanner-module-cache-path /Users/admin/builder/spi-builder-workspace/.derivedData/ModuleCache.noindex -sdk-module-cache-path /Users/admin/builder/spi-builder-workspace/.derivedData/SDKExplicitPrecompiledModules -emit-dependencies -emit-module -emit-module-path /Users/admin/builder/spi-builder-workspace/.derivedData/Build/Intermediates.noindex/Version.build/Debug-watchos/Version-t.build/Objects-normal/arm64/Version.swiftmodule -serialize-diagnostics -dependency-scan-serialize-diagnostics-path /Users/admin/builder/spi-builder-workspace/.derivedData/Build/Intermediates.noindex/Version.build/Debug-watchos/Version-t.build/Objects-normal/arm64/Version-dependency-scan.dia -validate-clang-modules-once -clang-build-session-file /Users/admin/builder/spi-builder-workspace/.derivedData/ModuleCache.noindex/Session.modulevalidation -Xcc -fmodules-prune-interval\=86400 -Xcc -fmodules-prune-after\=345600 -emit-const-values -const-gather-protocols-list /Users/admin/builder/spi-builder-workspace/.derivedData/Build/Intermediates.noindex/Version.build/Debug-watchos/Version-t.build/Objects-normal/arm64/Version_const_extract_protocols.json -Xcc -I/Users/admin/builder/spi-builder-workspace/.derivedData/Build/Products/Debug-watchos/include -Xcc -I/Users/admin/builder/spi-builder-workspace/.derivedData/Build/Intermediates.noindex/Version.build/Debug-watchos/Version-t.build/DerivedSources-normal/arm64 -Xcc -I/Users/admin/builder/spi-builder-workspace/.derivedData/Build/Intermediates.noindex/Version.build/Debug-watchos/Version-t.build/DerivedSources/arm64 -Xcc -I/Users/admin/builder/spi-builder-workspace/.derivedData/Build/Intermediates.noindex/Version.build/Debug-watchos/Version-t.build/DerivedSources -Xcc -DSWIFT_PACKAGE -Xcc -DDEBUG\=1 -emit-objc-header -emit-objc-header-path /Users/admin/builder/spi-builder-workspace/.derivedData/Build/Intermediates.noindex/Version.build/Debug-watchos/Version-t.build/Objects-normal/arm64/Version-Swift.h -working-directory /Users/admin/builder/spi-builder-workspace/.swiftpm/xcode -experimental-emit-module-separately -disable-cmo
SwiftDriver SwiftCLI normal arm64_32 com.apple.xcode.tools.swift.compiler (in target 'SwiftCLI' from project 'SwiftCLI')
    cd /Users/admin/builder/spi-builder-workspace/.swiftpm/xcode
    builtin-SwiftDriver -- /Applications/Xcode-27.0.0-Release.Candidate.app/Contents/Developer/Toolchains/XcodeDefault.xctoolchain/usr/bin/swiftc -parse-as-library -module-name SwiftCLI -Onone @/Users/admin/builder/spi-builder-workspace/.derivedData/Build/Intermediates.noindex/SwiftCLI.build/Debug-watchos/SwiftCLI-t.build/Objects-normal/arm64_32/SwiftCLI.SwiftFileList -DSWIFT_PACKAGE -DDEBUG -DSWIFT_MODULE_RESOURCE_BUNDLE_UNAVAILABLE -DXcode -plugin-path /Applications/Xcode-27.0.0-Release.Candidate.app/Contents/Developer/Toolchains/XcodeDefault.xctoolchain/usr/lib/swift/host/plugins/testing -enable-experimental-feature DebugDescriptionMacro -sdk /Applications/Xcode-27.0.0-Release.Candidate.app/Contents/Developer/Platforms/WatchOS.platform/Developer/SDKs/WatchOS27.0.sdk -target arm64_32-apple-watchos9.0 -g -module-cache-path /Users/admin/builder/spi-builder-workspace/.derivedData/ModuleCache.noindex -Xfrontend -serialize-debugging-options -profile-coverage-mapping -profile-generate -enable-testing -suppress-warnings -index-store-path /Users/admin/builder/spi-builder-workspace/.derivedData/Index.noindex/DataStore -Xcc -D_LIBCPP_HARDENING_MODE\=_LIBCPP_HARDENING_MODE_DEBUG -swift-version 5 -I /Users/admin/builder/spi-builder-workspace/.derivedData/Build/Products/Debug-watchos -Isystem /Applications/Xcode-27.0.0-Release.Candidate.app/Contents/Developer/Platforms/WatchOS.platform/Developer/usr/lib -F /Users/admin/builder/spi-builder-workspace/.derivedData/Build/Products/Debug-watchos -F /Applications/Xcode-27.0.0-Release.Candidate.app/Contents/Developer/Platforms/WatchOS.platform/Developer/Library/Frameworks -F /Applications/Xcode-27.0.0-Release.Candidate.app/Contents/Developer/Platforms/WatchOS.platform/Developer/SDKs/WatchOS27.0.sdk/Developer/Library/Frameworks -c -j10 -enable-batch-mode -incremental -Xcc -ivfsstatcache -Xcc /Users/admin/builder/spi-builder-workspace/.derivedData/SDKStatCaches.noindex/watchos27.0-24R360-e829b21a6f8c9b70876ba0858053c04477534ef55a1706bf4c1112bbb242f0a2.sdkstatcache -output-file-map /Users/admin/builder/spi-builder-workspace/.derivedData/Build/Intermediates.noindex/SwiftCLI.build/Debug-watchos/SwiftCLI-t.build/Objects-normal/arm64_32/SwiftCLI-OutputFileMap.json -save-temps -no-color-diagnostics -explicit-module-build -module-cache-path /Users/admin/builder/spi-builder-workspace/.derivedData/Build/Intermediates.noindex/SwiftExplicitPrecompiledModules -clang-scanner-module-cache-path /Users/admin/builder/spi-builder-workspace/.derivedData/ModuleCache.noindex -sdk-module-cache-path /Users/admin/builder/spi-builder-workspace/.derivedData/SDKExplicitPrecompiledModules -emit-dependencies -emit-module -emit-module-path /Users/admin/builder/spi-builder-workspace/.derivedData/Build/Intermediates.noindex/SwiftCLI.build/Debug-watchos/SwiftCLI-t.build/Objects-normal/arm64_32/SwiftCLI.swiftmodule -serialize-diagnostics -dependency-scan-serialize-diagnostics-path /Users/admin/builder/spi-builder-workspace/.derivedData/Build/Intermediates.noindex/SwiftCLI.build/Debug-watchos/SwiftCLI-t.build/Objects-normal/arm64_32/SwiftCLI-dependency-scan.dia -validate-clang-modules-once -clang-build-session-file /Users/admin/builder/spi-builder-workspace/.derivedData/ModuleCache.noindex/Session.modulevalidation -Xcc -fmodules-prune-interval\=86400 -Xcc -fmodules-prune-after\=345600 -emit-const-values -const-gather-protocols-list /Users/admin/builder/spi-builder-workspace/.derivedData/Build/Intermediates.noindex/SwiftCLI.build/Debug-watchos/SwiftCLI-t.build/Objects-normal/arm64_32/SwiftCLI_const_extract_protocols.json -Xcc -I/Users/admin/builder/spi-builder-workspace/.derivedData/Build/Products/Debug-watchos/include -Xcc -I/Users/admin/builder/spi-builder-workspace/.derivedData/Build/Intermediates.noindex/SwiftCLI.build/Debug-watchos/SwiftCLI-t.build/DerivedSources-normal/arm64_32 -Xcc -I/Users/admin/builder/spi-builder-workspace/.derivedData/Build/Intermediates.noindex/SwiftCLI.build/Debug-watchos/SwiftCLI-t.build/DerivedSources/arm64_32 -Xcc -I/Users/admin/builder/spi-builder-workspace/.derivedData/Build/Intermediates.noindex/SwiftCLI.build/Debug-watchos/SwiftCLI-t.build/DerivedSources -Xcc -DSWIFT_PACKAGE -Xcc -DDEBUG\=1 -emit-objc-header -emit-objc-header-path /Users/admin/builder/spi-builder-workspace/.derivedData/Build/Intermediates.noindex/SwiftCLI.build/Debug-watchos/SwiftCLI-t.build/Objects-normal/arm64_32/SwiftCLI-Swift.h -working-directory /Users/admin/builder/spi-builder-workspace/.swiftpm/xcode -experimental-emit-module-separately -disable-cmo
SwiftDriver SwiftCLI normal arm64 com.apple.xcode.tools.swift.compiler (in target 'SwiftCLI' from project 'SwiftCLI')
    cd /Users/admin/builder/spi-builder-workspace/.swiftpm/xcode
    builtin-SwiftDriver -- /Applications/Xcode-27.0.0-Release.Candidate.app/Contents/Developer/Toolchains/XcodeDefault.xctoolchain/usr/bin/swiftc -parse-as-library -module-name SwiftCLI -Onone @/Users/admin/builder/spi-builder-workspace/.derivedData/Build/Intermediates.noindex/SwiftCLI.build/Debug-watchos/SwiftCLI-t.build/Objects-normal/arm64/SwiftCLI.SwiftFileList -DSWIFT_PACKAGE -DDEBUG -DSWIFT_MODULE_RESOURCE_BUNDLE_UNAVAILABLE -DXcode -plugin-path /Applications/Xcode-27.0.0-Release.Candidate.app/Contents/Developer/Toolchains/XcodeDefault.xctoolchain/usr/lib/swift/host/plugins/testing -enable-experimental-feature DebugDescriptionMacro -sdk /Applications/Xcode-27.0.0-Release.Candidate.app/Contents/Developer/Platforms/WatchOS.platform/Developer/SDKs/WatchOS27.0.sdk -target arm64-apple-watchos9.0 -g -module-cache-path /Users/admin/builder/spi-builder-workspace/.derivedData/ModuleCache.noindex -Xfrontend -serialize-debugging-options -profile-coverage-mapping -profile-generate -enable-testing -suppress-warnings -index-store-path /Users/admin/builder/spi-builder-workspace/.derivedData/Index.noindex/DataStore -Xcc -D_LIBCPP_HARDENING_MODE\=_LIBCPP_HARDENING_MODE_DEBUG -swift-version 5 -I /Users/admin/builder/spi-builder-workspace/.derivedData/Build/Products/Debug-watchos -Isystem /Applications/Xcode-27.0.0-Release.Candidate.app/Contents/Developer/Platforms/WatchOS.platform/Developer/usr/lib -F /Users/admin/builder/spi-builder-workspace/.derivedData/Build/Products/Debug-watchos -F /Applications/Xcode-27.0.0-Release.Candidate.app/Contents/Developer/Platforms/WatchOS.platform/Developer/Library/Frameworks -F /Applications/Xcode-27.0.0-Release.Candidate.app/Contents/Developer/Platforms/WatchOS.platform/Developer/SDKs/WatchOS27.0.sdk/Developer/Library/Frameworks -c -j10 -enable-batch-mode -incremental -Xcc -ivfsstatcache -Xcc /Users/admin/builder/spi-builder-workspace/.derivedData/SDKStatCaches.noindex/watchos27.0-24R360-e829b21a6f8c9b70876ba0858053c04477534ef55a1706bf4c1112bbb242f0a2.sdkstatcache -output-file-map /Users/admin/builder/spi-builder-workspace/.derivedData/Build/Intermediates.noindex/SwiftCLI.build/Debug-watchos/SwiftCLI-t.build/Objects-normal/arm64/SwiftCLI-OutputFileMap.json -save-temps -no-color-diagnostics -explicit-module-build -module-cache-path /Users/admin/builder/spi-builder-workspace/.derivedData/Build/Intermediates.noindex/SwiftExplicitPrecompiledModules -clang-scanner-module-cache-path /Users/admin/builder/spi-builder-workspace/.derivedData/ModuleCache.noindex -sdk-module-cache-path /Users/admin/builder/spi-builder-workspace/.derivedData/SDKExplicitPrecompiledModules -emit-dependencies -emit-module -emit-module-path /Users/admin/builder/spi-builder-workspace/.derivedData/Build/Intermediates.noindex/SwiftCLI.build/Debug-watchos/SwiftCLI-t.build/Objects-normal/arm64/SwiftCLI.swiftmodule -serialize-diagnostics -dependency-scan-serialize-diagnostics-path /Users/admin/builder/spi-builder-workspace/.derivedData/Build/Intermediates.noindex/SwiftCLI.build/Debug-watchos/SwiftCLI-t.build/Objects-normal/arm64/SwiftCLI-dependency-scan.dia -validate-clang-modules-once -clang-build-session-file /Users/admin/builder/spi-builder-workspace/.derivedData/ModuleCache.noindex/Session.modulevalidation -Xcc -fmodules-prune-interval\=86400 -Xcc -fmodules-prune-after\=345600 -emit-const-values -const-gather-protocols-list /Users/admin/builder/spi-builder-workspace/.derivedData/Build/Intermediates.noindex/SwiftCLI.build/Debug-watchos/SwiftCLI-t.build/Objects-normal/arm64/SwiftCLI_const_extract_protocols.json -Xcc -I/Users/admin/builder/spi-builder-workspace/.derivedData/Build/Products/Debug-watchos/include -Xcc -I/Users/admin/builder/spi-builder-workspace/.derivedData/Build/Intermediates.noindex/SwiftCLI.build/Debug-watchos/SwiftCLI-t.build/DerivedSources-normal/arm64 -Xcc -I/Users/admin/builder/spi-builder-workspace/.derivedData/Build/Intermediates.noindex/SwiftCLI.build/Debug-watchos/SwiftCLI-t.build/DerivedSources/arm64 -Xcc -I/Users/admin/builder/spi-builder-workspace/.derivedData/Build/Intermediates.noindex/SwiftCLI.build/Debug-watchos/SwiftCLI-t.build/DerivedSources -Xcc -DSWIFT_PACKAGE -Xcc -DDEBUG\=1 -emit-objc-header -emit-objc-header-path /Users/admin/builder/spi-builder-workspace/.derivedData/Build/Intermediates.noindex/SwiftCLI.build/Debug-watchos/SwiftCLI-t.build/Objects-normal/arm64/SwiftCLI-Swift.h -working-directory /Users/admin/builder/spi-builder-workspace/.swiftpm/xcode -experimental-emit-module-separately -disable-cmo
SwiftCompile normal arm64 Compiling\ Version+Codable.swift /Users/admin/builder/spi-builder-workspace/.dependencies/checkouts/Version/Sources/Version+Codable.swift (in target 'Version' from project 'Version')
SwiftCompile normal arm64 /Users/admin/builder/spi-builder-workspace/.dependencies/checkouts/Version/Sources/Version+Codable.swift (in target 'Version' from project 'Version')
    cd /Users/admin/builder/spi-builder-workspace/.swiftpm/xcode
    builtin-SwiftPerFileCompile Version+Codable.swift
SwiftEmitModule normal arm64 Emitting\ module\ for\ Version (in target 'Version' from project 'Version')
SwiftCompile normal arm64 (in target 'Version' from project 'Version')
    cd /Users/admin/builder/spi-builder-workspace/.swiftpm/xcode

SwiftCompile normal arm64 Compiling\ Version+Range.swift /Users/admin/builder/spi-builder-workspace/.dependencies/checkouts/Version/Sources/Version+Range.swift (in target 'Version' from project 'Version')
SwiftCompile normal arm64 /Users/admin/builder/spi-builder-workspace/.dependencies/checkouts/Version/Sources/Version+Range.swift (in target 'Version' from project 'Version')
    cd /Users/admin/builder/spi-builder-workspace/.swiftpm/xcode
    builtin-SwiftPerFileCompile Version+Range.swift
SwiftCompile normal arm64 Compiling\ Version.swift /Users/admin/builder/spi-builder-workspace/.dependencies/checkouts/Version/Sources/Version.swift (in target 'Version' from project 'Version')
SwiftCompile normal arm64 /Users/admin/builder/spi-builder-workspace/.dependencies/checkouts/Version/Sources/Version.swift (in target 'Version' from project 'Version')
    cd /Users/admin/builder/spi-builder-workspace/.swiftpm/xcode
    builtin-SwiftPerFileCompile Version.swift
SwiftCompile normal arm64_32 Compiling\ Version.swift /Users/admin/builder/spi-builder-workspace/.dependencies/checkouts/Version/Sources/Version.swift (in target 'Version' from project 'Version')
SwiftCompile normal arm64_32 /Users/admin/builder/spi-builder-workspace/.dependencies/checkouts/Version/Sources/Version.swift (in target 'Version' from project 'Version')
    cd /Users/admin/builder/spi-builder-workspace/.swiftpm/xcode
    builtin-SwiftPerFileCompile Version.swift
SwiftEmitModule normal arm64_32 Emitting\ module\ for\ Version (in target 'Version' from project 'Version')
SwiftCompile normal arm64_32 (in target 'Version' from project 'Version')
    cd /Users/admin/builder/spi-builder-workspace/.swiftpm/xcode

SwiftCompile normal arm64 Compiling\ Version+Foundation.swift /Users/admin/builder/spi-builder-workspace/.dependencies/checkouts/Version/Sources/Version+Foundation.swift (in target 'Version' from project 'Version')
SwiftCompile normal arm64 /Users/admin/builder/spi-builder-workspace/.dependencies/checkouts/Version/Sources/Version+Foundation.swift (in target 'Version' from project 'Version')
    cd /Users/admin/builder/spi-builder-workspace/.swiftpm/xcode
    builtin-SwiftPerFileCompile Version+Foundation.swift
SwiftCompile normal arm64 Compiling\ Version+Comparable.swift /Users/admin/builder/spi-builder-workspace/.dependencies/checkouts/Version/Sources/Version+Comparable.swift (in target 'Version' from project 'Version')
SwiftCompile normal arm64 /Users/admin/builder/spi-builder-workspace/.dependencies/checkouts/Version/Sources/Version+Comparable.swift (in target 'Version' from project 'Version')
    cd /Users/admin/builder/spi-builder-workspace/.swiftpm/xcode
    builtin-SwiftPerFileCompile Version+Comparable.swift
SwiftCompile normal arm64_32 Compiling\ Version+Foundation.swift /Users/admin/builder/spi-builder-workspace/.dependencies/checkouts/Version/Sources/Version+Foundation.swift (in target 'Version' from project 'Version')
SwiftCompile normal arm64_32 /Users/admin/builder/spi-builder-workspace/.dependencies/checkouts/Version/Sources/Version+Foundation.swift (in target 'Version' from project 'Version')
    cd /Users/admin/builder/spi-builder-workspace/.swiftpm/xcode
    builtin-SwiftPerFileCompile Version+Foundation.swift
SwiftCompile normal arm64_32 Compiling\ Version+Codable.swift /Users/admin/builder/spi-builder-workspace/.dependencies/checkouts/Version/Sources/Version+Codable.swift (in target 'Version' from project 'Version')
SwiftCompile normal arm64_32 /Users/admin/builder/spi-builder-workspace/.dependencies/checkouts/Version/Sources/Version+Codable.swift (in target 'Version' from project 'Version')
    cd /Users/admin/builder/spi-builder-workspace/.swiftpm/xcode
    builtin-SwiftPerFileCompile Version+Codable.swift
SwiftEmitModule normal arm64_32 Emitting\ module\ for\ SwiftCLI (in target 'SwiftCLI' from project 'SwiftCLI')
SwiftCompile normal arm64_32 (in target 'SwiftCLI' from project 'SwiftCLI')
    cd /Users/admin/builder/spi-builder-workspace/.swiftpm/xcode

/Users/admin/builder/spi-builder-workspace/.dependencies/checkouts/SwiftCLI/Sources/SwiftCLI/Task.swift:16:26: error: cannot find type 'Process' in scope
 14 | public class Task {
 15 |
 16 |     private let process: Process
    |                          `- error: cannot find type 'Process' in scope
 17 |
 18 |     /// Block to execute when command terminates; default nil
Failed frontend command:
/Applications/Xcode-27.0.0-Release.Candidate.app/Contents/Developer/Toolchains/XcodeDefault.xctoolchain/usr/bin/swift-frontend -frontend -emit-module -experimental-skip-non-inlinable-function-bodies-without-types /Users/admin/builder/spi-builder-workspace/.dependencies/checkouts/SwiftCLI/Sources/SwiftCLI/ArgumentList.swift /Users/admin/builder/spi-builder-workspace/.dependencies/checkouts/SwiftCLI/Sources/SwiftCLI/ArgumentListManipulator.swift /Users/admin/builder/spi-builder-workspace/.dependencies/checkouts/SwiftCLI/Sources/SwiftCLI/CLI.swift /Users/admin/builder/spi-builder-workspace/.dependencies/checkouts/SwiftCLI/Sources/SwiftCLI/Command.swift /Users/admin/builder/spi-builder-workspace/.dependencies/checkouts/SwiftCLI/Sources/SwiftCLI/Compatibility.swift /Users/admin/builder/spi-builder-workspace/.dependencies/checkouts/SwiftCLI/Sources/SwiftCLI/CompletionGenerator.swift /Users/admin/builder/spi-builder-workspace/.dependencies/checkouts/SwiftCLI/Sources/SwiftCLI/Error.swift /Users/admin/builder/spi-builder-workspace/.dependencies/checkouts/SwiftCLI/Sources/SwiftCLI/HelpCommand.swift /Users/admin/builder/spi-builder-workspace/.dependencies/checkouts/SwiftCLI/Sources/SwiftCLI/HelpMessageGenerator.swift /Users/admin/builder/spi-builder-workspace/.dependencies/checkouts/SwiftCLI/Sources/SwiftCLI/Input.swift /Users/admin/builder/spi-builder-workspace/.dependencies/checkouts/SwiftCLI/Sources/SwiftCLI/Option.swift /Users/admin/builder/spi-builder-workspace/.dependencies/checkouts/SwiftCLI/Sources/SwiftCLI/OptionGroup.swift /Users/admin/builder/spi-builder-workspace/.dependencies/checkouts/SwiftCLI/Sources/SwiftCLI/OptionRegistry.swift /Users/admin/builder/spi-builder-workspace/.dependencies/checkouts/SwiftCLI/Sources/SwiftCLI/Parameter.swift /Users/admin/builder/spi-builder-workspace/.dependencies/checkouts/SwiftCLI/Sources/SwiftCLI/Parser.swift /Users/admin/builder/spi-builder-workspace/.dependencies/checkouts/SwiftCLI/Sources/SwiftCLI/Path.swift /Users/admin/builder/spi-builder-workspace/.dependencies/checkouts/SwiftCLI/Sources/SwiftCLI/Stream.swift /Users/admin/builder/spi-builder-workspace/.dependencies/checkouts/SwiftCLI/Sources/SwiftCLI/Task.swift /Users/admin/builder/spi-builder-workspace/.dependencies/checkouts/SwiftCLI/Sources/SwiftCLI/Term.swift /Users/admin/builder/spi-builder-workspace/.dependencies/checkouts/SwiftCLI/Sources/SwiftCLI/Validation.swift /Users/admin/builder/spi-builder-workspace/.dependencies/checkouts/SwiftCLI/Sources/SwiftCLI/ValueBox.swift /Users/admin/builder/spi-builder-workspace/.dependencies/checkouts/SwiftCLI/Sources/SwiftCLI/VersionCommand.swift -target arm64_32-apple-watchos9.0 -disable-cross-import-overlay-search -swift-module-cross-import Darwin /Applications/Xcode-27.0.0-Release.Candidate.app/Contents/Developer/Platforms/WatchOS.platform/Developer/SDKs/WatchOS.sdk/usr/include/Darwin.swiftcrossimport/xlocale.swiftoverlay -load-resolved-plugin /Applications/Xcode-27.0.0-Release.Candidate.app/Contents/Developer/Platforms/WatchOS.platform/Developer/usr/lib/swift/host/plugins/libFoundationMacros.dylib\#/Applications/Xcode-27.0.0-Release.Candidate.app/Contents/Developer/Platforms/WatchOS.platform/Developer/usr/bin/swift-plugin-server\#FoundationMacros -load-resolved-plugin /Applications/Xcode-27.0.0-Release.Candidate.app/Contents/Developer/Platforms/WatchOS.platform/Developer/usr/lib/swift/host/plugins/libObservationMacros.dylib\#/Applications/Xcode-27.0.0-Release.Candidate.app/Contents/Developer/Platforms/WatchOS.platform/Developer/usr/bin/swift-plugin-server\#ObservationMacros -load-resolved-plugin /Applications/Xcode-27.0.0-Release.Candidate.app/Contents/Developer/Platforms/WatchOS.platform/Developer/usr/lib/swift/host/plugins/libSwiftMacros.dylib\#/Applications/Xcode-27.0.0-Release.Candidate.app/Contents/Developer/Platforms/WatchOS.platform/Developer/usr/bin/swift-plugin-server\#SwiftMacros -disable-implicit-swift-modules -Xcc -fno-implicit-modules -Xcc -fno-implicit-module-maps -explicit-swift-module-map-file /Users/admin/builder/spi-builder-workspace/.derivedData/Build/Intermediates.noindex/SwiftCLI.build/Debug-watchos/SwiftCLI-t.build/Objects-normal/arm64_32/SwiftCLI-dependencies-2.json -enable-objc-interop -sdk /Applications/Xcode-27.0.0-Release.Candidate.app/Contents/Developer/Platforms/WatchOS.platform/Developer/SDKs/WatchOS27.0.sdk -I /Users/admin/builder/spi-builder-workspace/.derivedData/Build/Products/Debug-watchos -Isystem /Applications/Xcode-27.0.0-Release.Candidate.app/Contents/Developer/Platforms/WatchOS.platform/Developer/usr/lib -F /Users/admin/builder/spi-builder-workspace/.derivedData/Build/Products/Debug-watchos -F /Applications/Xcode-27.0.0-Release.Candidate.app/Contents/Developer/Platforms/WatchOS.platform/Developer/Library/Frameworks -F /Applications/Xcode-27.0.0-Release.Candidate.app/Contents/Developer/Platforms/WatchOS.platform/Developer/SDKs/WatchOS27.0.sdk/Developer/Library/Frameworks -module-cache-path /Users/admin/builder/spi-builder-workspace/.derivedData/Build/Intermediates.noindex/SwiftExplicitPrecompiledModules -no-color-diagnostics -Xcc -fno-color-diagnostics -enable-testing -g -debug-info-format\=dwarf -dwarf-version\=4 -suppress-warnings -profile-generate -profile-coverage-mapping -swift-version 5 -Onone -D SWIFT_PACKAGE -D DEBUG -D SWIFT_MODULE_RESOURCE_BUNDLE_UNAVAILABLE -D Xcode -serialize-debugging-options -enable-experimental-feature DebugDescriptionMacro -empty-abi-descriptor -validate-clang-modules-once -clang-build-session-file /Users/admin/builder/spi-builder-workspace/.derivedData/ModuleCache.noindex/Session.modulevalidation -Xcc -working-directory -Xcc /Users/admin/builder/spi-builder-workspace/.swiftpm/xcode -enable-anonymous-context-mangled-names -file-compilation-dir /Users/admin/builder/spi-builder-workspace/.swiftpm/xcode -Xcc -D_LIBCPP_HARDENING_MODE\=_LIBCPP_HARDENING_MODE_DEBUG -Xcc -ivfsstatcache -Xcc /Users/admin/builder/spi-builder-workspace/.derivedData/SDKStatCaches.noindex/watchos27.0-24R360-e829b21a6f8c9b70876ba0858053c04477534ef55a1706bf4c1112bbb242f0a2.sdkstatcache -Xcc -fmodules-prune-interval\=86400 -Xcc -fmodules-prune-after\=345600 -Xcc -I/Users/admin/builder/spi-builder-workspace/.derivedData/Build/Products/Debug-watchos/include -Xcc -I/Users/admin/builder/spi-builder-workspace/.derivedData/Build/Intermediates.noindex/SwiftCLI.build/Debug-watchos/SwiftCLI-t.build/DerivedSources-normal/arm64_32 -Xcc -I/Users/admin/builder/spi-builder-workspace/.derivedData/Build/Intermediates.noindex/SwiftCLI.build/Debug-watchos/SwiftCLI-t.build/DerivedSources/arm64_32 -Xcc -I/Users/admin/builder/spi-builder-workspace/.derivedData/Build/Intermediates.noindex/SwiftCLI.build/Debug-watchos/SwiftCLI-t.build/DerivedSources -Xcc -DSWIFT_PACKAGE -Xcc -DDEBUG\=1 -no-auto-bridging-header-chaining -module-name SwiftCLI -const-gather-protocols-file /Users/admin/builder/spi-builder-workspace/.derivedData/Build/Intermediates.noindex/SwiftCLI.build/Debug-watchos/SwiftCLI-t.build/Objects-normal/arm64_32/SwiftCLI_const_extract_protocols.json -disable-clang-spi -clang-target arm64_32-apple-watchos27.0 -target-sdk-version 27.0 -target-sdk-name watchos27.0 -in-process-plugin-server-path /Applications/Xcode-27.0.0-Release.Candidate.app/Contents/Developer/Toolchains/XcodeDefault.xctoolchain/usr/lib/swift/host/libSwiftInProcPluginServer.dylib -emit-module-doc-path /Users/admin/builder/spi-builder-workspace/.derivedData/Build/Intermediates.noindex/SwiftCLI.build/Debug-watchos/SwiftCLI-t.build/Objects-normal/arm64_32/SwiftCLI.swiftdoc -emit-module-source-info-path /Users/admin/builder/spi-builder-workspace/.derivedData/Build/Intermediates.noindex/SwiftCLI.build/Debug-watchos/SwiftCLI-t.build/Objects-normal/arm64_32/SwiftCLI.swiftsourceinfo -emit-objc-header-path /Users/admin/builder/spi-builder-workspace/.derivedData/Build/Intermediates.noindex/SwiftCLI.build/Debug-watchos/SwiftCLI-t.build/Objects-normal/arm64_32/SwiftCLI-Swift.h -serialize-diagnostics-path /Users/admin/builder/spi-builder-workspace/.derivedData/Build/Intermediates.noindex/SwiftCLI.build/Debug-watchos/SwiftCLI-t.build/Objects-normal/arm64_32/SwiftCLI-primary-emit-module.dia -emit-dependencies-path /Users/admin/builder/spi-builder-workspace/.derivedData/Build/Intermediates.noindex/SwiftCLI.build/Debug-watchos/SwiftCLI-t.build/Objects-normal/arm64_32/SwiftCLI-primary-emit-module.d -parse-as-library -o /Users/admin/builder/spi-builder-workspace/.derivedData/Build/Intermediates.noindex/SwiftCLI.build/Debug-watchos/SwiftCLI-t.build/Objects-normal/arm64_32/SwiftCLI.swiftmodule -emit-abi-descriptor-path /Users/admin/builder/spi-builder-workspace/.derivedData/Build/Intermediates.noindex/SwiftCLI.build/Debug-watchos/SwiftCLI-t.build/Objects-normal/arm64_32/SwiftCLI.abi.json
SwiftDriverJobDiscovery normal arm64_32 Compiling Version+Foundation.swift (in target 'Version' from project 'Version')
SwiftEmitModule normal arm64 Emitting\ module\ for\ SwiftCLI (in target 'SwiftCLI' from project 'SwiftCLI')
SwiftCompile normal arm64 (in target 'SwiftCLI' from project 'SwiftCLI')
    cd /Users/admin/builder/spi-builder-workspace/.swiftpm/xcode

/Users/admin/builder/spi-builder-workspace/.dependencies/checkouts/SwiftCLI/Sources/SwiftCLI/Task.swift:16:26: error: cannot find type 'Process' in scope
 14 | public class Task {
 15 |
 16 |     private let process: Process
    |                          `- error: cannot find type 'Process' in scope
 17 |
 18 |     /// Block to execute when command terminates; default nil
SwiftDriverJobDiscovery normal arm64 Emitting module for Version (in target 'Version' from project 'Version')
SwiftCompile normal arm64_32 Compiling\ Version+Range.swift /Users/admin/builder/spi-builder-workspace/.dependencies/checkouts/Version/Sources/Version+Range.swift (in target 'Version' from project 'Version')
SwiftCompile normal arm64_32 /Users/admin/builder/spi-builder-workspace/.dependencies/checkouts/Version/Sources/Version+Range.swift (in target 'Version' from project 'Version')
    cd /Users/admin/builder/spi-builder-workspace/.swiftpm/xcode
    builtin-SwiftPerFileCompile Version+Range.swift
SwiftDriver\ Compilation\ Requirements Version normal arm64 com.apple.xcode.tools.swift.compiler (in target 'Version' from project 'Version')
    cd /Users/admin/builder/spi-builder-workspace/.swiftpm/xcode
    builtin-Swift-Compilation-Requirements -- /Applications/Xcode-27.0.0-Release.Candidate.app/Contents/Developer/Toolchains/XcodeDefault.xctoolchain/usr/bin/swiftc -parse-as-library -module-name Version -Onone @/Users/admin/builder/spi-builder-workspace/.derivedData/Build/Intermediates.noindex/Version.build/Debug-watchos/Version-t.build/Objects-normal/arm64/Version.SwiftFileList -DSWIFT_PACKAGE -DDEBUG -DSWIFT_MODULE_RESOURCE_BUNDLE_UNAVAILABLE -DXcode -plugin-path /Applications/Xcode-27.0.0-Release.Candidate.app/Contents/Developer/Toolchains/XcodeDefault.xctoolchain/usr/lib/swift/host/plugins/testing -enable-experimental-feature DebugDescriptionMacro -sdk /Applications/Xcode-27.0.0-Release.Candidate.app/Contents/Developer/Platforms/WatchOS.platform/Developer/SDKs/WatchOS27.0.sdk -target arm64-apple-watchos9.0 -g -module-cache-path /Users/admin/builder/spi-builder-workspace/.derivedData/ModuleCache.noindex -Xfrontend -serialize-debugging-options -profile-coverage-mapping -profile-generate -enable-testing -suppress-warnings -index-store-path /Users/admin/builder/spi-builder-workspace/.derivedData/Index.noindex/DataStore -Xcc -D_LIBCPP_HARDENING_MODE\=_LIBCPP_HARDENING_MODE_DEBUG -swift-version 5 -I /Users/admin/builder/spi-builder-workspace/.derivedData/Build/Products/Debug-watchos -Isystem /Applications/Xcode-27.0.0-Release.Candidate.app/Contents/Developer/Platforms/WatchOS.platform/Developer/usr/lib -F /Users/admin/builder/spi-builder-workspace/.derivedData/Build/Products/Debug-watchos -F /Applications/Xcode-27.0.0-Release.Candidate.app/Contents/Developer/Platforms/WatchOS.platform/Developer/Library/Frameworks -F /Applications/Xcode-27.0.0-Release.Candidate.app/Contents/Developer/Platforms/WatchOS.platform/Developer/SDKs/WatchOS27.0.sdk/Developer/Library/Frameworks -c -j10 -enable-batch-mode -incremental -Xcc -ivfsstatcache -Xcc /Users/admin/builder/spi-builder-workspace/.derivedData/SDKStatCaches.noindex/watchos27.0-24R360-e829b21a6f8c9b70876ba0858053c04477534ef55a1706bf4c1112bbb242f0a2.sdkstatcache -output-file-map /Users/admin/builder/spi-builder-workspace/.derivedData/Build/Intermediates.noindex/Version.build/Debug-watchos/Version-t.build/Objects-normal/arm64/Version-OutputFileMap.json -save-temps -no-color-diagnostics -explicit-module-build -module-cache-path /Users/admin/builder/spi-builder-workspace/.derivedData/Build/Intermediates.noindex/SwiftExplicitPrecompiledModules -clang-scanner-module-cache-path /Users/admin/builder/spi-builder-workspace/.derivedData/ModuleCache.noindex -sdk-module-cache-path /Users/admin/builder/spi-builder-workspace/.derivedData/SDKExplicitPrecompiledModules -emit-dependencies -emit-module -emit-module-path /Users/admin/builder/spi-builder-workspace/.derivedData/Build/Intermediates.noindex/Version.build/Debug-watchos/Version-t.build/Objects-normal/arm64/Version.swiftmodule -serialize-diagnostics -dependency-scan-serialize-diagnostics-path /Users/admin/builder/spi-builder-workspace/.derivedData/Build/Intermediates.noindex/Version.build/Debug-watchos/Version-t.build/Objects-normal/arm64/Version-dependency-scan.dia -validate-clang-modules-once -clang-build-session-file /Users/admin/builder/spi-builder-workspace/.derivedData/ModuleCache.noindex/Session.modulevalidation -Xcc -fmodules-prune-interval\=86400 -Xcc -fmodules-prune-after\=345600 -emit-const-values -const-gather-protocols-list /Users/admin/builder/spi-builder-workspace/.derivedData/Build/Intermediates.noindex/Version.build/Debug-watchos/Version-t.build/Objects-normal/arm64/Version_const_extract_protocols.json -Xcc -I/Users/admin/builder/spi-builder-workspace/.derivedData/Build/Products/Debug-watchos/include -Xcc -I/Users/admin/builder/spi-builder-workspace/.derivedData/Build/Intermediates.noindex/Version.build/Debug-watchos/Version-t.build/DerivedSources-normal/arm64 -Xcc -I/Users/admin/builder/spi-builder-workspace/.derivedData/Build/Intermediates.noindex/Version.build/Debug-watchos/Version-t.build/DerivedSources/arm64 -Xcc -I/Users/admin/builder/spi-builder-workspace/.derivedData/Build/Intermediates.noindex/Version.build/Debug-watchos/Version-t.build/DerivedSources -Xcc -DSWIFT_PACKAGE -Xcc -DDEBUG\=1 -emit-objc-header -emit-objc-header-path /Users/admin/builder/spi-builder-workspace/.derivedData/Build/Intermediates.noindex/Version.build/Debug-watchos/Version-t.build/Objects-normal/arm64/Version-Swift.h -working-directory /Users/admin/builder/spi-builder-workspace/.swiftpm/xcode -experimental-emit-module-separately -disable-cmo
SwiftDriverJobDiscovery normal arm64_32 Compiling Version+Codable.swift (in target 'Version' from project 'Version')
SwiftCompile normal arm64 Compiling\ Stream.swift,\ Task.swift /Users/admin/builder/spi-builder-workspace/.dependencies/checkouts/SwiftCLI/Sources/SwiftCLI/Stream.swift /Users/admin/builder/spi-builder-workspace/.dependencies/checkouts/SwiftCLI/Sources/SwiftCLI/Task.swift (in target 'SwiftCLI' from project 'SwiftCLI')
SwiftCompile normal arm64 /Users/admin/builder/spi-builder-workspace/.dependencies/checkouts/SwiftCLI/Sources/SwiftCLI/Stream.swift (in target 'SwiftCLI' from project 'SwiftCLI')
    cd /Users/admin/builder/spi-builder-workspace/.swiftpm/xcode
    builtin-SwiftPerFileCompile Stream.swift
SwiftCompile normal arm64 /Users/admin/builder/spi-builder-workspace/.dependencies/checkouts/SwiftCLI/Sources/SwiftCLI/Task.swift (in target 'SwiftCLI' from project 'SwiftCLI')
    cd /Users/admin/builder/spi-builder-workspace/.swiftpm/xcode
    builtin-SwiftPerFileCompile Task.swift
SwiftMergeGeneratedHeaders /Users/admin/builder/spi-builder-workspace/.derivedData/Build/Intermediates.noindex/GeneratedModuleMaps-watchos/Version-Swift.h /Users/admin/builder/spi-builder-workspace/.derivedData/Build/Intermediates.noindex/Version.build/Debug-watchos/Version-t.build/Objects-normal/arm64/Version-Swift.h /Users/admin/builder/spi-builder-workspace/.derivedData/Build/Intermediates.noindex/Version.build/Debug-watchos/Version-t.build/Objects-normal/arm64_32/Version-Swift.h (in target 'Version' from project 'Version')
    cd /Users/admin/builder/spi-builder-workspace/.dependencies/checkouts/Version
    builtin-swiftHeaderTool -arch arm64 /Users/admin/builder/spi-builder-workspace/.derivedData/Build/Intermediates.noindex/Version.build/Debug-watchos/Version-t.build/Objects-normal/arm64/Version-Swift.h -arch arm64_32 /Users/admin/builder/spi-builder-workspace/.derivedData/Build/Intermediates.noindex/Version.build/Debug-watchos/Version-t.build/Objects-normal/arm64_32/Version-Swift.h -o /Users/admin/builder/spi-builder-workspace/.derivedData/Build/Intermediates.noindex/GeneratedModuleMaps-watchos/Version-Swift.h
SwiftDriverJobDiscovery normal arm64 Compiling Version+Range.swift (in target 'Version' from project 'Version')
Copy /Users/admin/builder/spi-builder-workspace/.derivedData/Build/Products/Debug-watchos/Version.swiftmodule/arm64-apple-watchos.swiftmodule /Users/admin/builder/spi-builder-workspace/.derivedData/Build/Intermediates.noindex/Version.build/Debug-watchos/Version-t.build/Objects-normal/arm64/Version.swiftmodule (in target 'Version' from project 'Version')
    cd /Users/admin/builder/spi-builder-workspace/.dependencies/checkouts/Version
    builtin-copy -exclude .DS_Store -exclude CVS -exclude .svn -exclude .git -exclude .hg -resolve-src-symlinks -rename /Users/admin/builder/spi-builder-workspace/.derivedData/Build/Intermediates.noindex/Version.build/Debug-watchos/Version-t.build/Objects-normal/arm64/Version.swiftmodule /Users/admin/builder/spi-builder-workspace/.derivedData/Build/Products/Debug-watchos/Version.swiftmodule/arm64-apple-watchos.swiftmodule
Copy /Users/admin/builder/spi-builder-workspace/.derivedData/Build/Products/Debug-watchos/Version.swiftmodule/arm64-apple-watchos.swiftdoc /Users/admin/builder/spi-builder-workspace/.derivedData/Build/Intermediates.noindex/Version.build/Debug-watchos/Version-t.build/Objects-normal/arm64/Version.swiftdoc (in target 'Version' from project 'Version')
    cd /Users/admin/builder/spi-builder-workspace/.dependencies/checkouts/Version
    builtin-copy -exclude .DS_Store -exclude CVS -exclude .svn -exclude .git -exclude .hg -resolve-src-symlinks -rename /Users/admin/builder/spi-builder-workspace/.derivedData/Build/Intermediates.noindex/Version.build/Debug-watchos/Version-t.build/Objects-normal/arm64/Version.swiftdoc /Users/admin/builder/spi-builder-workspace/.derivedData/Build/Products/Debug-watchos/Version.swiftmodule/arm64-apple-watchos.swiftdoc
Copy /Users/admin/builder/spi-builder-workspace/.derivedData/Build/Products/Debug-watchos/Version.swiftmodule/arm64-apple-watchos.abi.json /Users/admin/builder/spi-builder-workspace/.derivedData/Build/Intermediates.noindex/Version.build/Debug-watchos/Version-t.build/Objects-normal/arm64/Version.abi.json (in target 'Version' from project 'Version')
    cd /Users/admin/builder/spi-builder-workspace/.dependencies/checkouts/Version
    builtin-copy -exclude .DS_Store -exclude CVS -exclude .svn -exclude .git -exclude .hg -resolve-src-symlinks -rename /Users/admin/builder/spi-builder-workspace/.derivedData/Build/Intermediates.noindex/Version.build/Debug-watchos/Version-t.build/Objects-normal/arm64/Version.abi.json /Users/admin/builder/spi-builder-workspace/.derivedData/Build/Products/Debug-watchos/Version.swiftmodule/arm64-apple-watchos.abi.json
SwiftDriverJobDiscovery normal arm64 Compiling Version+Foundation.swift (in target 'Version' from project 'Version')
Copy /Users/admin/builder/spi-builder-workspace/.derivedData/Build/Products/Debug-watchos/Version.swiftmodule/Project/arm64-apple-watchos.swiftsourceinfo /Users/admin/builder/spi-builder-workspace/.derivedData/Build/Intermediates.noindex/Version.build/Debug-watchos/Version-t.build/Objects-normal/arm64/Version.swiftsourceinfo (in target 'Version' from project 'Version')
    cd /Users/admin/builder/spi-builder-workspace/.dependencies/checkouts/Version
    builtin-copy -exclude .DS_Store -exclude CVS -exclude .svn -exclude .git -exclude .hg -resolve-src-symlinks -rename /Users/admin/builder/spi-builder-workspace/.derivedData/Build/Intermediates.noindex/Version.build/Debug-watchos/Version-t.build/Objects-normal/arm64/Version.swiftsourceinfo /Users/admin/builder/spi-builder-workspace/.derivedData/Build/Products/Debug-watchos/Version.swiftmodule/Project/arm64-apple-watchos.swiftsourceinfo
SwiftCompile normal arm64_32 Compiling\ Version+Comparable.swift /Users/admin/builder/spi-builder-workspace/.dependencies/checkouts/Version/Sources/Version+Comparable.swift (in target 'Version' from project 'Version')
SwiftCompile normal arm64_32 /Users/admin/builder/spi-builder-workspace/.dependencies/checkouts/Version/Sources/Version+Comparable.swift (in target 'Version' from project 'Version')
    cd /Users/admin/builder/spi-builder-workspace/.swiftpm/xcode
    builtin-SwiftPerFileCompile Version+Comparable.swift
SwiftCompile normal arm64_32 Compiling\ ValueBox.swift,\ VersionCommand.swift /Users/admin/builder/spi-builder-workspace/.dependencies/checkouts/SwiftCLI/Sources/SwiftCLI/ValueBox.swift /Users/admin/builder/spi-builder-workspace/.dependencies/checkouts/SwiftCLI/Sources/SwiftCLI/VersionCommand.swift (in target 'SwiftCLI' from project 'SwiftCLI')
SwiftCompile normal arm64_32 /Users/admin/builder/spi-builder-workspace/.dependencies/checkouts/SwiftCLI/Sources/SwiftCLI/ValueBox.swift (in target 'SwiftCLI' from project 'SwiftCLI')
    cd /Users/admin/builder/spi-builder-workspace/.swiftpm/xcode
    builtin-SwiftPerFileCompile ValueBox.swift
SwiftCompile normal arm64_32 /Users/admin/builder/spi-builder-workspace/.dependencies/checkouts/SwiftCLI/Sources/SwiftCLI/VersionCommand.swift (in target 'SwiftCLI' from project 'SwiftCLI')
    cd /Users/admin/builder/spi-builder-workspace/.swiftpm/xcode
    builtin-SwiftPerFileCompile VersionCommand.swift
SwiftDriverJobDiscovery normal arm64 Compiling Version+Comparable.swift (in target 'Version' from project 'Version')
SwiftCompile normal arm64_32 Compiling\ CLI.swift,\ Command.swift /Users/admin/builder/spi-builder-workspace/.dependencies/checkouts/SwiftCLI/Sources/SwiftCLI/CLI.swift /Users/admin/builder/spi-builder-workspace/.dependencies/checkouts/SwiftCLI/Sources/SwiftCLI/Command.swift (in target 'SwiftCLI' from project 'SwiftCLI')
SwiftCompile normal arm64_32 /Users/admin/builder/spi-builder-workspace/.dependencies/checkouts/SwiftCLI/Sources/SwiftCLI/CLI.swift (in target 'SwiftCLI' from project 'SwiftCLI')
    cd /Users/admin/builder/spi-builder-workspace/.swiftpm/xcode
    builtin-SwiftPerFileCompile CLI.swift
SwiftCompile normal arm64_32 /Users/admin/builder/spi-builder-workspace/.dependencies/checkouts/SwiftCLI/Sources/SwiftCLI/Command.swift (in target 'SwiftCLI' from project 'SwiftCLI')
    cd /Users/admin/builder/spi-builder-workspace/.swiftpm/xcode
    builtin-SwiftPerFileCompile Command.swift
SwiftDriverJobDiscovery normal arm64 Compiling Version+Codable.swift (in target 'Version' from project 'Version')
SwiftCompile normal arm64 Compiling\ OptionRegistry.swift,\ Parameter.swift /Users/admin/builder/spi-builder-workspace/.dependencies/checkouts/SwiftCLI/Sources/SwiftCLI/OptionRegistry.swift /Users/admin/builder/spi-builder-workspace/.dependencies/checkouts/SwiftCLI/Sources/SwiftCLI/Parameter.swift (in target 'SwiftCLI' from project 'SwiftCLI')
SwiftCompile normal arm64 /Users/admin/builder/spi-builder-workspace/.dependencies/checkouts/SwiftCLI/Sources/SwiftCLI/OptionRegistry.swift (in target 'SwiftCLI' from project 'SwiftCLI')
    cd /Users/admin/builder/spi-builder-workspace/.swiftpm/xcode
    builtin-SwiftPerFileCompile OptionRegistry.swift
SwiftCompile normal arm64 /Users/admin/builder/spi-builder-workspace/.dependencies/checkouts/SwiftCLI/Sources/SwiftCLI/Parameter.swift (in target 'SwiftCLI' from project 'SwiftCLI')
    cd /Users/admin/builder/spi-builder-workspace/.swiftpm/xcode
    builtin-SwiftPerFileCompile Parameter.swift
SwiftDriverJobDiscovery normal arm64 Compiling Version.swift (in target 'Version' from project 'Version')
SwiftCompile normal arm64_32 Compiling\ Option.swift,\ OptionGroup.swift /Users/admin/builder/spi-builder-workspace/.dependencies/checkouts/SwiftCLI/Sources/SwiftCLI/Option.swift /Users/admin/builder/spi-builder-workspace/.dependencies/checkouts/SwiftCLI/Sources/SwiftCLI/OptionGroup.swift (in target 'SwiftCLI' from project 'SwiftCLI')
SwiftCompile normal arm64_32 /Users/admin/builder/spi-builder-workspace/.dependencies/checkouts/SwiftCLI/Sources/SwiftCLI/Option.swift (in target 'SwiftCLI' from project 'SwiftCLI')
    cd /Users/admin/builder/spi-builder-workspace/.swiftpm/xcode
    builtin-SwiftPerFileCompile Option.swift
SwiftCompile normal arm64_32 /Users/admin/builder/spi-builder-workspace/.dependencies/checkouts/SwiftCLI/Sources/SwiftCLI/OptionGroup.swift (in target 'SwiftCLI' from project 'SwiftCLI')
    cd /Users/admin/builder/spi-builder-workspace/.swiftpm/xcode
    builtin-SwiftPerFileCompile OptionGroup.swift
SwiftDriverJobDiscovery normal arm64_32 Compiling Version.swift (in target 'Version' from project 'Version')
SwiftDriver\ Compilation Version normal arm64 com.apple.xcode.tools.swift.compiler (in target 'Version' from project 'Version')
    cd /Users/admin/builder/spi-builder-workspace/.swiftpm/xcode
    builtin-Swift-Compilation -- /Applications/Xcode-27.0.0-Release.Candidate.app/Contents/Developer/Toolchains/XcodeDefault.xctoolchain/usr/bin/swiftc -parse-as-library -module-name Version -Onone @/Users/admin/builder/spi-builder-workspace/.derivedData/Build/Intermediates.noindex/Version.build/Debug-watchos/Version-t.build/Objects-normal/arm64/Version.SwiftFileList -DSWIFT_PACKAGE -DDEBUG -DSWIFT_MODULE_RESOURCE_BUNDLE_UNAVAILABLE -DXcode -plugin-path /Applications/Xcode-27.0.0-Release.Candidate.app/Contents/Developer/Toolchains/XcodeDefault.xctoolchain/usr/lib/swift/host/plugins/testing -enable-experimental-feature DebugDescriptionMacro -sdk /Applications/Xcode-27.0.0-Release.Candidate.app/Contents/Developer/Platforms/WatchOS.platform/Developer/SDKs/WatchOS27.0.sdk -target arm64-apple-watchos9.0 -g -module-cache-path /Users/admin/builder/spi-builder-workspace/.derivedData/ModuleCache.noindex -Xfrontend -serialize-debugging-options -profile-coverage-mapping -profile-generate -enable-testing -suppress-warnings -index-store-path /Users/admin/builder/spi-builder-workspace/.derivedData/Index.noindex/DataStore -Xcc -D_LIBCPP_HARDENING_MODE\=_LIBCPP_HARDENING_MODE_DEBUG -swift-version 5 -I /Users/admin/builder/spi-builder-workspace/.derivedData/Build/Products/Debug-watchos -Isystem /Applications/Xcode-27.0.0-Release.Candidate.app/Contents/Developer/Platforms/WatchOS.platform/Developer/usr/lib -F /Users/admin/builder/spi-builder-workspace/.derivedData/Build/Products/Debug-watchos -F /Applications/Xcode-27.0.0-Release.Candidate.app/Contents/Developer/Platforms/WatchOS.platform/Developer/Library/Frameworks -F /Applications/Xcode-27.0.0-Release.Candidate.app/Contents/Developer/Platforms/WatchOS.platform/Developer/SDKs/WatchOS27.0.sdk/Developer/Library/Frameworks -c -j10 -enable-batch-mode -incremental -Xcc -ivfsstatcache -Xcc /Users/admin/builder/spi-builder-workspace/.derivedData/SDKStatCaches.noindex/watchos27.0-24R360-e829b21a6f8c9b70876ba0858053c04477534ef55a1706bf4c1112bbb242f0a2.sdkstatcache -output-file-map /Users/admin/builder/spi-builder-workspace/.derivedData/Build/Intermediates.noindex/Version.build/Debug-watchos/Version-t.build/Objects-normal/arm64/Version-OutputFileMap.json -save-temps -no-color-diagnostics -explicit-module-build -module-cache-path /Users/admin/builder/spi-builder-workspace/.derivedData/Build/Intermediates.noindex/SwiftExplicitPrecompiledModules -clang-scanner-module-cache-path /Users/admin/builder/spi-builder-workspace/.derivedData/ModuleCache.noindex -sdk-module-cache-path /Users/admin/builder/spi-builder-workspace/.derivedData/SDKExplicitPrecompiledModules -emit-dependencies -emit-module -emit-module-path /Users/admin/builder/spi-builder-workspace/.derivedData/Build/Intermediates.noindex/Version.build/Debug-watchos/Version-t.build/Objects-normal/arm64/Version.swiftmodule -serialize-diagnostics -dependency-scan-serialize-diagnostics-path /Users/admin/builder/spi-builder-workspace/.derivedData/Build/Intermediates.noindex/Version.build/Debug-watchos/Version-t.build/Objects-normal/arm64/Version-dependency-scan.dia -validate-clang-modules-once -clang-build-session-file /Users/admin/builder/spi-builder-workspace/.derivedData/ModuleCache.noindex/Session.modulevalidation -Xcc -fmodules-prune-interval\=86400 -Xcc -fmodules-prune-after\=345600 -emit-const-values -const-gather-protocols-list /Users/admin/builder/spi-builder-workspace/.derivedData/Build/Intermediates.noindex/Version.build/Debug-watchos/Version-t.build/Objects-normal/arm64/Version_const_extract_protocols.json -Xcc -I/Users/admin/builder/spi-builder-workspace/.derivedData/Build/Products/Debug-watchos/include -Xcc -I/Users/admin/builder/spi-builder-workspace/.derivedData/Build/Intermediates.noindex/Version.build/Debug-watchos/Version-t.build/DerivedSources-normal/arm64 -Xcc -I/Users/admin/builder/spi-builder-workspace/.derivedData/Build/Intermediates.noindex/Version.build/Debug-watchos/Version-t.build/DerivedSources/arm64 -Xcc -I/Users/admin/builder/spi-builder-workspace/.derivedData/Build/Intermediates.noindex/Version.build/Debug-watchos/Version-t.build/DerivedSources -Xcc -DSWIFT_PACKAGE -Xcc -DDEBUG\=1 -emit-objc-header -emit-objc-header-path /Users/admin/builder/spi-builder-workspace/.derivedData/Build/Intermediates.noindex/Version.build/Debug-watchos/Version-t.build/Objects-normal/arm64/Version-Swift.h -working-directory /Users/admin/builder/spi-builder-workspace/.swiftpm/xcode -experimental-emit-module-separately -disable-cmo
SwiftCompile normal arm64 Compiling\ ValueBox.swift,\ VersionCommand.swift /Users/admin/builder/spi-builder-workspace/.dependencies/checkouts/SwiftCLI/Sources/SwiftCLI/ValueBox.swift /Users/admin/builder/spi-builder-workspace/.dependencies/checkouts/SwiftCLI/Sources/SwiftCLI/VersionCommand.swift (in target 'SwiftCLI' from project 'SwiftCLI')
SwiftCompile normal arm64 /Users/admin/builder/spi-builder-workspace/.dependencies/checkouts/SwiftCLI/Sources/SwiftCLI/ValueBox.swift (in target 'SwiftCLI' from project 'SwiftCLI')
    cd /Users/admin/builder/spi-builder-workspace/.swiftpm/xcode
    builtin-SwiftPerFileCompile ValueBox.swift
SwiftCompile normal arm64 /Users/admin/builder/spi-builder-workspace/.dependencies/checkouts/SwiftCLI/Sources/SwiftCLI/VersionCommand.swift (in target 'SwiftCLI' from project 'SwiftCLI')
    cd /Users/admin/builder/spi-builder-workspace/.swiftpm/xcode
    builtin-SwiftPerFileCompile VersionCommand.swift
SwiftCompile normal arm64 Compiling\ Term.swift,\ Validation.swift /Users/admin/builder/spi-builder-workspace/.dependencies/checkouts/SwiftCLI/Sources/SwiftCLI/Term.swift /Users/admin/builder/spi-builder-workspace/.dependencies/checkouts/SwiftCLI/Sources/SwiftCLI/Validation.swift (in target 'SwiftCLI' from project 'SwiftCLI')
SwiftCompile normal arm64 /Users/admin/builder/spi-builder-workspace/.dependencies/checkouts/SwiftCLI/Sources/SwiftCLI/Term.swift (in target 'SwiftCLI' from project 'SwiftCLI')
    cd /Users/admin/builder/spi-builder-workspace/.swiftpm/xcode
    builtin-SwiftPerFileCompile Term.swift
SwiftCompile normal arm64 /Users/admin/builder/spi-builder-workspace/.dependencies/checkouts/SwiftCLI/Sources/SwiftCLI/Validation.swift (in target 'SwiftCLI' from project 'SwiftCLI')
    cd /Users/admin/builder/spi-builder-workspace/.swiftpm/xcode
    builtin-SwiftPerFileCompile Validation.swift
SwiftDriverJobDiscovery normal arm64_32 Compiling Version+Range.swift (in target 'Version' from project 'Version')
SwiftCompile normal arm64_32 Compiling\ Stream.swift,\ Task.swift /Users/admin/builder/spi-builder-workspace/.dependencies/checkouts/SwiftCLI/Sources/SwiftCLI/Stream.swift /Users/admin/builder/spi-builder-workspace/.dependencies/checkouts/SwiftCLI/Sources/SwiftCLI/Task.swift (in target 'SwiftCLI' from project 'SwiftCLI')
SwiftCompile normal arm64_32 /Users/admin/builder/spi-builder-workspace/.dependencies/checkouts/SwiftCLI/Sources/SwiftCLI/Stream.swift (in target 'SwiftCLI' from project 'SwiftCLI')
    cd /Users/admin/builder/spi-builder-workspace/.swiftpm/xcode
    builtin-SwiftPerFileCompile Stream.swift
SwiftCompile normal arm64_32 /Users/admin/builder/spi-builder-workspace/.dependencies/checkouts/SwiftCLI/Sources/SwiftCLI/Task.swift (in target 'SwiftCLI' from project 'SwiftCLI')
    cd /Users/admin/builder/spi-builder-workspace/.swiftpm/xcode
    builtin-SwiftPerFileCompile Task.swift
SwiftDriverJobDiscovery normal arm64_32 Compiling Version+Comparable.swift (in target 'Version' from project 'Version')
SwiftDriver\ Compilation Version normal arm64_32 com.apple.xcode.tools.swift.compiler (in target 'Version' from project 'Version')
    cd /Users/admin/builder/spi-builder-workspace/.swiftpm/xcode
    builtin-Swift-Compilation -- /Applications/Xcode-27.0.0-Release.Candidate.app/Contents/Developer/Toolchains/XcodeDefault.xctoolchain/usr/bin/swiftc -parse-as-library -module-name Version -Onone @/Users/admin/builder/spi-builder-workspace/.derivedData/Build/Intermediates.noindex/Version.build/Debug-watchos/Version-t.build/Objects-normal/arm64_32/Version.SwiftFileList -DSWIFT_PACKAGE -DDEBUG -DSWIFT_MODULE_RESOURCE_BUNDLE_UNAVAILABLE -DXcode -plugin-path /Applications/Xcode-27.0.0-Release.Candidate.app/Contents/Developer/Toolchains/XcodeDefault.xctoolchain/usr/lib/swift/host/plugins/testing -enable-experimental-feature DebugDescriptionMacro -sdk /Applications/Xcode-27.0.0-Release.Candidate.app/Contents/Developer/Platforms/WatchOS.platform/Developer/SDKs/WatchOS27.0.sdk -target arm64_32-apple-watchos9.0 -g -module-cache-path /Users/admin/builder/spi-builder-workspace/.derivedData/ModuleCache.noindex -Xfrontend -serialize-debugging-options -profile-coverage-mapping -profile-generate -enable-testing -suppress-warnings -index-store-path /Users/admin/builder/spi-builder-workspace/.derivedData/Index.noindex/DataStore -Xcc -D_LIBCPP_HARDENING_MODE\=_LIBCPP_HARDENING_MODE_DEBUG -swift-version 5 -I /Users/admin/builder/spi-builder-workspace/.derivedData/Build/Products/Debug-watchos -Isystem /Applications/Xcode-27.0.0-Release.Candidate.app/Contents/Developer/Platforms/WatchOS.platform/Developer/usr/lib -F /Users/admin/builder/spi-builder-workspace/.derivedData/Build/Products/Debug-watchos -F /Applications/Xcode-27.0.0-Release.Candidate.app/Contents/Developer/Platforms/WatchOS.platform/Developer/Library/Frameworks -F /Applications/Xcode-27.0.0-Release.Candidate.app/Contents/Developer/Platforms/WatchOS.platform/Developer/SDKs/WatchOS27.0.sdk/Developer/Library/Frameworks -c -j10 -enable-batch-mode -incremental -Xcc -ivfsstatcache -Xcc /Users/admin/builder/spi-builder-workspace/.derivedData/SDKStatCaches.noindex/watchos27.0-24R360-e829b21a6f8c9b70876ba0858053c04477534ef55a1706bf4c1112bbb242f0a2.sdkstatcache -output-file-map /Users/admin/builder/spi-builder-workspace/.derivedData/Build/Intermediates.noindex/Version.build/Debug-watchos/Version-t.build/Objects-normal/arm64_32/Version-OutputFileMap.json -save-temps -no-color-diagnostics -explicit-module-build -module-cache-path /Users/admin/builder/spi-builder-workspace/.derivedData/Build/Intermediates.noindex/SwiftExplicitPrecompiledModules -clang-scanner-module-cache-path /Users/admin/builder/spi-builder-workspace/.derivedData/ModuleCache.noindex -sdk-module-cache-path /Users/admin/builder/spi-builder-workspace/.derivedData/SDKExplicitPrecompiledModules -emit-dependencies -emit-module -emit-module-path /Users/admin/builder/spi-builder-workspace/.derivedData/Build/Intermediates.noindex/Version.build/Debug-watchos/Version-t.build/Objects-normal/arm64_32/Version.swiftmodule -serialize-diagnostics -dependency-scan-serialize-diagnostics-path /Users/admin/builder/spi-builder-workspace/.derivedData/Build/Intermediates.noindex/Version.build/Debug-watchos/Version-t.build/Objects-normal/arm64_32/Version-dependency-scan.dia -validate-clang-modules-once -clang-build-session-file /Users/admin/builder/spi-builder-workspace/.derivedData/ModuleCache.noindex/Session.modulevalidation -Xcc -fmodules-prune-interval\=86400 -Xcc -fmodules-prune-after\=345600 -emit-const-values -const-gather-protocols-list /Users/admin/builder/spi-builder-workspace/.derivedData/Build/Intermediates.noindex/Version.build/Debug-watchos/Version-t.build/Objects-normal/arm64_32/Version_const_extract_protocols.json -Xcc -I/Users/admin/builder/spi-builder-workspace/.derivedData/Build/Products/Debug-watchos/include -Xcc -I/Users/admin/builder/spi-builder-workspace/.derivedData/Build/Intermediates.noindex/Version.build/Debug-watchos/Version-t.build/DerivedSources-normal/arm64_32 -Xcc -I/Users/admin/builder/spi-builder-workspace/.derivedData/Build/Intermediates.noindex/Version.build/Debug-watchos/Version-t.build/DerivedSources/arm64_32 -Xcc -I/Users/admin/builder/spi-builder-workspace/.derivedData/Build/Intermediates.noindex/Version.build/Debug-watchos/Version-t.build/DerivedSources -Xcc -DSWIFT_PACKAGE -Xcc -DDEBUG\=1 -emit-objc-header -emit-objc-header-path /Users/admin/builder/spi-builder-workspace/.derivedData/Build/Intermediates.noindex/Version.build/Debug-watchos/Version-t.build/Objects-normal/arm64_32/Version-Swift.h -working-directory /Users/admin/builder/spi-builder-workspace/.swiftpm/xcode -experimental-emit-module-separately -disable-cmo
PruneExplicitPrecompiledModules /Users/admin/builder/spi-builder-workspace/.derivedData/Build/Intermediates.noindex/ExplicitPrecompiledModules
PruneExplicitPrecompiledModules /Users/admin/builder/spi-builder-workspace/.derivedData/Build/Intermediates.noindex/SwiftExplicitPrecompiledModules
PruneExplicitPrecompiledModules /Users/admin/builder/spi-builder-workspace/.derivedData/SDKExplicitPrecompiledModules
2026-09-22 06:08:38.959 xcodebuild[999:5872] [MT] IDERunDestination: Supported platforms for the buildables in the current scheme is empty.
** BUILD FAILED **
The following build commands failed:
	SwiftCompile normal arm64_32 (in target 'SwiftCLI' from project 'SwiftCLI')
	SwiftEmitModule normal arm64_32 Emitting\ module\ for\ SwiftCLI (in target 'SwiftCLI' from project 'SwiftCLI')
	Building workspace Mint with scheme Mint-Package
(3 failures)
BUILD FAILURE 6.4 watchOS