The Swift Package Index logo.Swift Package Index

Build Information

Failed to build InputFence, reference main (123e5b), with Swift 6.4 for Android on 26 Sep 2026 18:58:32 UTC.

Build Command

bash -c docker run --pull=always --rm -v "checkouts-54344845-0":/host -w "$PWD" -e JAVA_HOME="/root/.sdkman/candidates/java/current" -e SPI_BUILD="1" -e SPI_PROCESSING="1" registry.gitlab.com/saguaro1/spi-images:android-6.4-latest swift build --swift-sdk aarch64-unknown-linux-android28 2>&1

Build Log

========================================
RunAll
========================================
Builder version: 5.1.0
Interrupt handler set up.
========================================
Checkout
========================================
Clone URL: https://github.com/PalmeiraLabs/InputFence.git
Reference: main
Initialized empty Git repository in /host/spi-builder-workspace/.git/
hint: Using 'master' as the name for the initial branch. This default branch name
hint: is subject to change. To configure the initial branch name to use in all
hint: of your new repositories, which will suppress this warning, call:
hint:
hint: 	git config --global init.defaultBranch <name>
hint:
hint: Names commonly chosen instead of 'master' are 'main', 'trunk' and
hint: 'development'. The just-created branch can be renamed via this command:
hint:
hint: 	git branch -m <name>
From https://github.com/PalmeiraLabs/InputFence
 * branch            main       -> FETCH_HEAD
 * [new branch]      main       -> origin/main
HEAD is now at 123e5b2 Merge pull request #10 from PalmeiraLabs/9-fix-docs---link-not-working
Cloned https://github.com/PalmeiraLabs/InputFence.git
Revision (git rev-parse @):
123e5b222e4e41d4142eff86d900fa898873c042
SUCCESS checkout https://github.com/PalmeiraLabs/InputFence.git at main
========================================
Build
========================================
Selected platform:         android
Swift version:             6.4
Building package at path:  $PWD
https://github.com/PalmeiraLabs/InputFence.git
Running build ...
bash -c docker run --pull=always --rm -v "checkouts-54344845-0":/host -w "$PWD" -e JAVA_HOME="/root/.sdkman/candidates/java/current" -e SPI_BUILD="1" -e SPI_PROCESSING="1" registry.gitlab.com/saguaro1/spi-images:android-6.4-latest swift build --swift-sdk aarch64-unknown-linux-android28 2>&1
android-6.4-latest: Pulling from saguaro1/spi-images
Digest: sha256:abadcff584c273feba50641b454858d377ba30b35ea7287a94f45ebd8afd0ea0
Status: Image is up to date for registry.gitlab.com/saguaro1/spi-images:android-6.4-latest
warning: 'spi-builder-workspace': /host/spi-builder-workspace/Package.swift:12:19: warning: 'v4' is deprecated: watchOS 9.0 is the oldest supported version [#DeprecatedDeclaration]
10 |         .macOS(.v10_13),
11 |         .tvOS(.v12),
12 |         .watchOS(.v4)
   |                   `- warning: 'v4' is deprecated: watchOS 9.0 is the oldest supported version [#DeprecatedDeclaration]
13 |     ],
14 |     products: [
[#DeprecatedDeclaration]: <https://docs.swift.org/compiler/documentation/diagnostics/deprecated-declaration>
Fetching https://github.com/marmelroy/PhoneNumberKit.git
[1/7740] Fetching phonenumberkit
Fetched https://github.com/marmelroy/PhoneNumberKit.git (0.67s)
Computing version for https://github.com/marmelroy/PhoneNumberKit.git
Computed https://github.com/marmelroy/PhoneNumberKit.git at 3.8.0 (1.74s)
Creating working copy for https://github.com/marmelroy/PhoneNumberKit.git
Working copy of https://github.com/marmelroy/PhoneNumberKit.git resolved at 3.8.0
Building for debugging...
[Pre-planning 1 / 125]
[Starting]
[41 / 56] PhoneNumberKit
[49 / 66] InputFence
[56 / 67] PhoneNumberKit
error: SwiftCompile normal aarch64 /host/spi-builder-workspace/Sources/InputFence/EmailValidators/SpecificValidators/RFCCompliantEmailValidator.swift failed with a nonzero exit code. Command line:     cd /host
    builtin-SwiftPerFileCompile RFCCompliantEmailValidator.swift
error: SwiftCompile normal aarch64 /host/spi-builder-workspace/Sources/InputFence/EmailValidators/SpecificValidators/SimpleEmailValidator.swift failed with a nonzero exit code. Command line:     cd /host
    builtin-SwiftPerFileCompile SimpleEmailValidator.swift
/host/spi-builder-workspace/Sources/InputFence/EmailValidators/SpecificValidators/RFCCompliantEmailValidator.swift:44:30: error: 'init(format:_:)' has been renamed to 'init(block:)': Predicate strings and key-value coding are not supported in swift-corelibs-foundation. Use a closure instead if possible.
42 |         let emailRegEx = "(?:[a-zA-Z0-9!#$%&'*+/=?^_`{|}~-]+(?:\\.[a-zA-Z0-9!#$%&'*+/=?^_`{|}~-]+)*|\"(?:[\\x01-\\x08\\x0b\\x0c\\x0e-\\x1f\\x21\\x23-\\x5b\\x5d-\\x7f]|\\\\[\\x01-\\x09\\x0b\\x0c\\x0e-\\x7f])*\")@(?:(?:[a-zA-Z0-9](?:[a-zA-Z0-9-]*[a-zA-Z0-9])?\\.)+[a-zA-Z]{2,}|\\[(?:(?:25[0-5]|2[0-4][0-9]|[01]?[0-9][0-9]?)(?:\\.(?:25[0-5]|2[0-4][0-9]|[01]?[0-9][0-9]?)){3}|[a-zA-Z0-9-]*[a-zA-Z0-9]:.+)\\])"
43 |
44 |         let emailPredicate = NSPredicate(format:"SELF MATCHES[c] %@", emailRegEx) // [c] case-insensitive
   |                              `- error: 'init(format:_:)' has been renamed to 'init(block:)': Predicate strings and key-value coding are not supported in swift-corelibs-foundation. Use a closure instead if possible.
45 |         return emailPredicate.evaluate(with: value)
46 |     }
Foundation.NSPredicate.init:3:22: note: 'init(format:_:)' has been explicitly marked unavailable here
1 | class NSPredicate {
2 | @available(*, unavailable, renamed: "init(block:)", message: "Predicate strings and key-value coding are not supported in swift-corelibs-foundation. Use a closure instead if possible.")
3 |   public convenience init(format predicateFormat: String, _ args: any CVarArg...)}
  |                      `- note: 'init(format:_:)' has been explicitly marked unavailable here
4 |
/host/spi-builder-workspace/Sources/InputFence/EmailValidators/SpecificValidators/SimpleEmailValidator.swift:35:16: error: 'init(format:_:)' has been renamed to 'init(block:)': Predicate strings and key-value coding are not supported in swift-corelibs-foundation. Use a closure instead if possible.
33 |     public func isValid(_ value: String) -> Bool {
34 |         let regex = "^[A-Z0-9a-z._%+-]+@[A-Za-z0-9.-]+\\.[A-Za-z]{2,}$"
35 |         return NSPredicate(format: "SELF MATCHES %@", regex).evaluate(with: value)
   |                `- error: 'init(format:_:)' has been renamed to 'init(block:)': Predicate strings and key-value coding are not supported in swift-corelibs-foundation. Use a closure instead if possible.
36 |     }
37 | }
Foundation.NSPredicate.init:3:22: note: 'init(format:_:)' has been explicitly marked unavailable here
1 | class NSPredicate {
2 | @available(*, unavailable, renamed: "init(block:)", message: "Predicate strings and key-value coding are not supported in swift-corelibs-foundation. Use a closure instead if possible.")
3 |   public convenience init(format predicateFormat: String, _ args: any CVarArg...)}
  |                      `- note: 'init(format:_:)' has been explicitly marked unavailable here
4 |
Failed frontend command:
/root/.local/share/swiftly/toolchains/6.4.x-snapshot-2026-09-04/usr/bin/swift-frontend -frontend -c /host/spi-builder-workspace/Sources/InputFence/DateOfBirthValidators/DateProviding.swift /host/spi-builder-workspace/Sources/InputFence/DateOfBirthValidators/Parameters/DateOfBirthValidatorParameters.swift /host/spi-builder-workspace/Sources/InputFence/DateOfBirthValidators/SpecificValidators/AdvancedDateOfBirthValidator.swift -primary-file /host/spi-builder-workspace/Sources/InputFence/EmailValidators/SpecificValidators/RFCCompliantEmailValidator.swift -primary-file /host/spi-builder-workspace/Sources/InputFence/EmailValidators/SpecificValidators/SimpleEmailValidator.swift /host/spi-builder-workspace/Sources/InputFence/EmailValidators/SpecificValidators/SmartEmailValidator.swift /host/spi-builder-workspace/Sources/InputFence/NameValidators/Parameters/NameValidatorParameters.swift /host/spi-builder-workspace/Sources/InputFence/NameValidators/SpecificValidators/AdvancedNameValidator.swift /host/spi-builder-workspace/Sources/InputFence/PasswordValidators/Parameters/PasswordValidatorParameters.swift /host/spi-builder-workspace/Sources/InputFence/PasswordValidators/SpecificValidators/AdvancedPasswordValidator.swift /host/spi-builder-workspace/Sources/InputFence/PhoneValidators/Parameters/PhoneValidatorParameters.swift /host/spi-builder-workspace/Sources/InputFence/PhoneValidators/PhoneNumberKitParser.swift /host/spi-builder-workspace/Sources/InputFence/PhoneValidators/PhoneNumberParsing.swift /host/spi-builder-workspace/Sources/InputFence/PhoneValidators/SpecificValidators/AdvancedPhoneValidator.swift /host/spi-builder-workspace/Sources/InputFence/Shared/FieldValidator.swift /host/spi-builder-workspace/Sources/InputFence/Shared/FieldValidatorAliases.swift /host/spi-builder-workspace/Sources/InputFence/Shared/Protocols/ValidatorProtocol.swift -emit-dependencies-path /host/spi-builder-workspace/.build/out/Intermediates.noindex/InputFence.build/Debug-android-aarch64/InputFence-t.build/Objects-normal/aarch64/RFCCompliantEmailValidator.d -emit-const-values-path /host/spi-builder-workspace/.build/out/Intermediates.noindex/InputFence.build/Debug-android-aarch64/InputFence-t.build/Objects-normal/aarch64/RFCCompliantEmailValidator.swiftconstvalues -emit-reference-dependencies-path /host/spi-builder-workspace/.build/out/Intermediates.noindex/InputFence.build/Debug-android-aarch64/InputFence-t.build/Objects-normal/aarch64/RFCCompliantEmailValidator.swiftdeps -serialize-diagnostics-path /host/spi-builder-workspace/.build/out/Intermediates.noindex/InputFence.build/Debug-android-aarch64/InputFence-t.build/Objects-normal/aarch64/RFCCompliantEmailValidator.dia -emit-dependencies-path /host/spi-builder-workspace/.build/out/Intermediates.noindex/InputFence.build/Debug-android-aarch64/InputFence-t.build/Objects-normal/aarch64/SimpleEmailValidator.d -emit-const-values-path /host/spi-builder-workspace/.build/out/Intermediates.noindex/InputFence.build/Debug-android-aarch64/InputFence-t.build/Objects-normal/aarch64/SimpleEmailValidator.swiftconstvalues -emit-reference-dependencies-path /host/spi-builder-workspace/.build/out/Intermediates.noindex/InputFence.build/Debug-android-aarch64/InputFence-t.build/Objects-normal/aarch64/SimpleEmailValidator.swiftdeps -serialize-diagnostics-path /host/spi-builder-workspace/.build/out/Intermediates.noindex/InputFence.build/Debug-android-aarch64/InputFence-t.build/Objects-normal/aarch64/SimpleEmailValidator.dia -target aarch64-unknown-linux-android28 -Xllvm -aarch64-use-tbi -disable-objc-interop -sdk /android-ndk/android-ndk-r27d/toolchains/llvm/prebuilt/linux-x86_64/sysroot -sysroot /android-ndk/android-ndk-r27d/toolchains/llvm/prebuilt/linux-x86_64/sysroot -I /host/spi-builder-workspace/.build/out/Products/Debug-android-aarch64 -module-cache-path /host/spi-builder-workspace/.build/out/ModuleCache.noindex -color-diagnostics -Xcc -fcolor-diagnostics -enable-testing -g -debug-info-format\=dwarf -dwarf-version\=4 -swift-version 6 -Onone -D SWIFT_PACKAGE -D DEBUG -D SWIFT_MODULE_RESOURCE_BUNDLE_UNAVAILABLE -D Xcode -serialize-debugging-options -enable-experimental-feature DebugDescriptionMacro -empty-abi-descriptor -external-plugin-path /root/.local/share/swiftly/toolchains/6.4.x-snapshot-2026-09-04/usr/lib/swift/host/plugins/testing\#/root/.local/share/swiftly/toolchains/6.4.x-snapshot-2026-09-04/usr/bin/swift-plugin-server -validate-clang-modules-once -clang-build-session-file /host/spi-builder-workspace/.build/out/ModuleCache.noindex/Session.modulevalidation -Xcc -working-directory -Xcc /host -resource-dir /root/.swiftpm/swift-sdks/swift-6.4.x-DEVELOPMENT-SNAPSHOT-2026-09-04-a_android.artifactbundle/swift-android/swift-resources/usr/lib/swift-aarch64 -enable-anonymous-context-mangled-names -file-compilation-dir /host -Xcc -resource-dir -Xcc /android-ndk/android-ndk-r27d/toolchains/llvm/prebuilt/linux-x86_64/lib/clang/18 -Xcc -fno-omit-frame-pointer -Xcc -D_LIBCPP_HARDENING_MODE\=_LIBCPP_HARDENING_MODE_DEBUG -Xcc -fmodules-prune-interval\=86400 -Xcc -fmodules-prune-after\=345600 -Xcc -I/host/spi-builder-workspace/.build/out/Products/Debug-android-aarch64/include -Xcc -I/host/spi-builder-workspace/.build/out/Intermediates.noindex/InputFence.build/Debug-android-aarch64/InputFence-t.build/DerivedSources-normal/aarch64 -Xcc -I/host/spi-builder-workspace/.build/out/Intermediates.noindex/InputFence.build/Debug-android-aarch64/InputFence-t.build/DerivedSources/aarch64 -Xcc -I/host/spi-builder-workspace/.build/out/Intermediates.noindex/InputFence.build/Debug-android-aarch64/InputFence-t.build/DerivedSources -Xcc -DSWIFT_PACKAGE -Xcc -DDEBUG\=1 -no-auto-bridging-header-chaining -module-name InputFence -package-name spi_builder_workspace -const-gather-protocols-file /host/spi-builder-workspace/.build/out/Intermediates.noindex/InputFence.build/Debug-android-aarch64/InputFence-t.build/Objects-normal/aarch64/InputFence_const_extract_protocols.json -in-process-plugin-server-path /root/.local/share/swiftly/toolchains/6.4.x-snapshot-2026-09-04/usr/lib/swift/host/libSwiftInProcPluginServer.so -plugin-path /root/.local/share/swiftly/toolchains/6.4.x-snapshot-2026-09-04/usr/lib/swift/host/plugins -plugin-path /root/.local/share/swiftly/toolchains/6.4.x-snapshot-2026-09-04/usr/local/lib/swift/host/plugins -parse-as-library -o /host/spi-builder-workspace/.build/out/Intermediates.noindex/InputFence.build/Debug-android-aarch64/InputFence-t.build/Objects-normal/aarch64/RFCCompliantEmailValidator.o -o /host/spi-builder-workspace/.build/out/Intermediates.noindex/InputFence.build/Debug-android-aarch64/InputFence-t.build/Objects-normal/aarch64/SimpleEmailValidator.o -index-unit-output-path /InputFence.build/Debug-android-aarch64/InputFence-t.build/Objects-normal/aarch64/RFCCompliantEmailValidator.o -index-unit-output-path /InputFence.build/Debug-android-aarch64/InputFence-t.build/Objects-normal/aarch64/SimpleEmailValidator.o -index-store-path /host/spi-builder-workspace/.build/out -index-system-modules
error: Build failed
BUILD FAILURE 6.4 android