Build Information
Failed to build SwiftBedrockLibrary, reference v1.18.0 (5f05e9), with Swift 6.2 for Wasm on 15 Aug 2026 09:34:18 UTC.
Build Command
bash -c docker run --pull=always --rm -v "checkouts-54344849-2":/host -w "$PWD" -e JAVA_HOME="/root/.sdkman/candidates/java/current" -e SPI_BUILD="1" -e SPI_PROCESSING="1" registry.gitlab.com/saguaro1/spi-images:wasm-6.2-latest swift build --swift-sdk swift-6.2-RELEASE_wasm 2>&1Build Log
========================================
RunAll
========================================
Builder version: 5.0.1
Interrupt handler set up.
========================================
Checkout
========================================
Clone URL: https://github.com/sebsto/swift-bedrock-library.git
Reference: v1.18.0
Initialized empty Git repository in /host/spi-builder-workspace/.git/
hint: Using 'master' as the name for the initial branch. This default branch name
hint: is subject to change. To configure the initial branch name to use in all
hint: of your new repositories, which will suppress this warning, call:
hint:
hint: git config --global init.defaultBranch <name>
hint:
hint: Names commonly chosen instead of 'master' are 'main', 'trunk' and
hint: 'development'. The just-created branch can be renamed via this command:
hint:
hint: git branch -m <name>
From https://github.com/sebsto/swift-bedrock-library
* tag v1.18.0 -> FETCH_HEAD
HEAD is now at 5f05e9f Add Claude Opus 5 model support (#98)
Cloned https://github.com/sebsto/swift-bedrock-library.git
Revision (git rev-parse @):
5f05e9f13217b69f919e7bf4f48e380bb734e256
SPI manifest file found: $PWD/.spi.yml
SUCCESS checkout https://github.com/sebsto/swift-bedrock-library.git at v1.18.0
========================================
Build
========================================
Selected platform: wasm
Swift version: 6.2
Building package at path: $PWD
https://github.com/sebsto/swift-bedrock-library.git
Running build ...
bash -c docker run --pull=always --rm -v "checkouts-54344849-2":/host -w "$PWD" -e JAVA_HOME="/root/.sdkman/candidates/java/current" -e SPI_BUILD="1" -e SPI_PROCESSING="1" registry.gitlab.com/saguaro1/spi-images:wasm-6.2-latest swift build --swift-sdk swift-6.2-RELEASE_wasm 2>&1
wasm-6.2-latest: Pulling from saguaro1/spi-images
Digest: sha256:70428a4f4110aef5b17a27427e965f31cf3855e8cf1dfdc416ed61c780337965
Status: Image is up to date for registry.gitlab.com/saguaro1/spi-images:wasm-6.2-latest
Fetching https://github.com/awslabs/aws-crt-swift
Fetching https://github.com/smithy-lang/smithy-swift
Fetching https://github.com/awslabs/aws-sdk-swift
Fetching https://github.com/swift-server/async-http-client.git
Fetching https://github.com/apple/swift-argument-parser.git
Fetching https://github.com/apple/swift-log.git
[1/7954] Fetching swift-log
[7796/41759] Fetching swift-log, aws-crt-swift
[14716/60063] Fetching swift-log, aws-crt-swift, swift-argument-parser
Fetched https://github.com/apple/swift-log.git from cache (0.60s)
[9368/52109] Fetching aws-crt-swift, swift-argument-parser
[13184/136612] Fetching aws-crt-swift, swift-argument-parser, smithy-swift
[13368/152737] Fetching aws-crt-swift, swift-argument-parser, smithy-swift, async-http-client
Fetched https://github.com/awslabs/aws-crt-swift from cache (1.45s)
Fetched https://github.com/smithy-lang/smithy-swift from cache (1.59s)
[1/921831] Fetching aws-sdk-swift
Fetched https://github.com/apple/swift-argument-parser.git from cache (168.88s)
Fetched https://github.com/swift-server/async-http-client.git from cache (168.88s)
Fetched https://github.com/awslabs/aws-sdk-swift from cache (182.83s)
Computing version for https://github.com/apple/swift-argument-parser.git
Computed https://github.com/apple/swift-argument-parser.git at 1.8.2 (183.58s)
Computing version for https://github.com/swift-server/async-http-client.git
Computed https://github.com/swift-server/async-http-client.git at 1.36.0 (0.88s)
Fetching https://github.com/apple/swift-nio-transport-services.git
Fetching https://github.com/apple/swift-distributed-tracing.git
Fetching https://github.com/apple/swift-configuration.git
Fetching https://github.com/apple/swift-nio-extras.git
Fetching https://github.com/apple/swift-atomics.git
Fetching https://github.com/apple/swift-service-context.git
[1/3591] Fetching swift-configuration
[2/4902] Fetching swift-configuration, swift-service-context
[716/11548] Fetching swift-configuration, swift-service-context, swift-nio-extras
[2697/13423] Fetching swift-configuration, swift-service-context, swift-nio-extras, swift-atomics
[10848/16283] Fetching swift-configuration, swift-service-context, swift-nio-extras, swift-atomics, swift-nio-transport-services
[11149/22270] Fetching swift-configuration, swift-service-context, swift-nio-extras, swift-atomics, swift-nio-transport-services, swift-distributed-tracing
Fetched https://github.com/apple/swift-nio-transport-services.git from cache (1.25s)
Fetched https://github.com/apple/swift-service-context.git from cache (1.25s)
Fetched https://github.com/apple/swift-atomics.git from cache (1.32s)
Fetched https://github.com/apple/swift-nio-extras.git from cache (1.32s)
Fetched https://github.com/apple/swift-configuration.git from cache (1.32s)
Fetching https://github.com/apple/swift-nio-ssl.git
Fetching https://github.com/apple/swift-algorithms.git
Fetching https://github.com/apple/swift-nio.git
Fetching https://github.com/apple/swift-nio-http2.git
Fetched https://github.com/apple/swift-distributed-tracing.git from cache (1.62s)
[1/6098] Fetching swift-algorithms
[3843/18310] Fetching swift-algorithms, swift-nio-http2
[8664/34230] Fetching swift-algorithms, swift-nio-http2, swift-nio-ssl
[24839/119603] Fetching swift-algorithms, swift-nio-http2, swift-nio-ssl, swift-nio
Fetched https://github.com/apple/swift-nio-http2.git from cache (2.06s)
[62495/107391] Fetching swift-algorithms, swift-nio-ssl, swift-nio
Fetched https://github.com/apple/swift-algorithms.git from cache (2.75s)
[83365/101293] Fetching swift-nio-ssl, swift-nio
Fetched https://github.com/apple/swift-nio-ssl.git from cache (4.51s)
Fetched https://github.com/apple/swift-nio.git from cache (4.92s)
Computing version for https://github.com/apple/swift-log.git
Computed https://github.com/apple/swift-log.git at 1.15.0 (6.67s)
Computing version for https://github.com/apple/swift-service-context.git
Computed https://github.com/apple/swift-service-context.git at 1.3.0 (0.39s)
Computing version for https://github.com/apple/swift-distributed-tracing.git
Computed https://github.com/apple/swift-distributed-tracing.git at 1.4.1 (0.36s)
Computing version for https://github.com/apple/swift-algorithms.git
Computed https://github.com/apple/swift-algorithms.git at 1.2.1 (1.55s)
Fetching https://github.com/apple/swift-numerics.git
[1/6553] Fetching swift-numerics
Fetched https://github.com/apple/swift-numerics.git from cache (2.16s)
Computing version for https://github.com/apple/swift-configuration.git
Computed https://github.com/apple/swift-configuration.git at 1.2.0 (3.62s)
Fetching https://github.com/swift-server/swift-service-lifecycle
Fetching https://github.com/apple/swift-system
Fetching https://github.com/apple/swift-collections
[1/2811] Fetching swift-service-lifecycle
[2756/9653] Fetching swift-service-lifecycle, swift-system
[3976/36376] Fetching swift-service-lifecycle, swift-system, swift-collections
Fetched https://github.com/swift-server/swift-service-lifecycle from cache (0.93s)
[9515/33565] Fetching swift-system, swift-collections
Fetched https://github.com/apple/swift-system from cache (1.83s)
Fetched https://github.com/apple/swift-collections from cache (1.84s)
Computing version for https://github.com/apple/swift-nio.git
Computed https://github.com/apple/swift-nio.git at 2.101.3 (2.50s)
Computing version for https://github.com/apple/swift-atomics.git
Computed https://github.com/apple/swift-atomics.git at 1.3.1 (0.40s)
Computing version for https://github.com/apple/swift-numerics.git
Computed https://github.com/apple/swift-numerics.git at 1.1.1 (0.51s)
Computing version for https://github.com/swift-server/swift-service-lifecycle
Computed https://github.com/swift-server/swift-service-lifecycle at 2.11.0 (0.55s)
Fetching https://github.com/apple/swift-async-algorithms.git
[1/6657] Fetching swift-async-algorithms
Fetched https://github.com/apple/swift-async-algorithms.git from cache (1.74s)
Computing version for https://github.com/apple/swift-async-algorithms.git
Computed https://github.com/apple/swift-async-algorithms.git at 1.1.5 (2.62s)
Computing version for https://github.com/apple/swift-collections
Computed https://github.com/apple/swift-collections at 1.6.0 (0.65s)
Computing version for https://github.com/apple/swift-nio-transport-services.git
Computed https://github.com/apple/swift-nio-transport-services.git at 1.28.0 (0.62s)
Computing version for https://github.com/awslabs/aws-crt-swift
Computed https://github.com/awslabs/aws-crt-swift at 0.64.1 (1.10s)
Computing version for https://github.com/apple/swift-nio-http2.git
Computed https://github.com/apple/swift-nio-http2.git at 1.45.0 (0.19s)
Computing version for https://github.com/apple/swift-nio-ssl.git
Computed https://github.com/apple/swift-nio-ssl.git at 2.37.2 (0.19s)
Computing version for https://github.com/apple/swift-system
Computed https://github.com/apple/swift-system at 1.8.1 (0.18s)
Computing version for https://github.com/apple/swift-nio-extras.git
Computed https://github.com/apple/swift-nio-extras.git at 1.34.3 (0.41s)
Fetching https://github.com/apple/swift-http-structured-headers.git
Fetching https://github.com/apple/swift-asn1.git
Fetching https://github.com/apple/swift-certificates.git
Fetching https://github.com/apple/swift-http-types.git
[1/1933] Fetching swift-asn1
[775/3186] Fetching swift-asn1, swift-http-structured-headers
[1950/4632] Fetching swift-asn1, swift-http-structured-headers, swift-http-types
Fetched https://github.com/apple/swift-asn1.git from cache (0.47s)
[2656/2699] Fetching swift-http-structured-headers, swift-http-types
[2700/10184] Fetching swift-http-structured-headers, swift-http-types, swift-certificates
Fetched https://github.com/apple/swift-http-types.git from cache (0.50s)
[1403/8738] Fetching swift-http-structured-headers, swift-certificates
Fetched https://github.com/apple/swift-http-structured-headers.git from cache (0.64s)
Fetched https://github.com/apple/swift-certificates.git from cache (0.64s)
Computing version for https://github.com/apple/swift-http-types.git
Computed https://github.com/apple/swift-http-types.git at 1.6.0 (0.81s)
Computing version for https://github.com/apple/swift-asn1.git
Computed https://github.com/apple/swift-asn1.git at 1.7.1 (0.18s)
Computing version for https://github.com/apple/swift-http-structured-headers.git
Computed https://github.com/apple/swift-http-structured-headers.git at 1.7.0 (0.54s)
Computing version for https://github.com/apple/swift-certificates.git
Computed https://github.com/apple/swift-certificates.git at 1.19.4 (0.31s)
Fetching https://github.com/apple/swift-crypto.git
[1/18322] Fetching swift-crypto
Fetched https://github.com/apple/swift-crypto.git from cache (1.37s)
Computing version for https://github.com/apple/swift-crypto.git
Computed https://github.com/apple/swift-crypto.git at 4.5.1 (1.84s)
Computing version for https://github.com/smithy-lang/smithy-swift
Computed https://github.com/smithy-lang/smithy-swift at 0.242.0 (0.28s)
Computing version for https://github.com/awslabs/aws-sdk-swift
Computed https://github.com/awslabs/aws-sdk-swift at 1.7.62 (9.05s)
Creating working copy for https://github.com/apple/swift-crypto.git
Working copy of https://github.com/apple/swift-crypto.git resolved at 4.5.1
Creating working copy for https://github.com/apple/swift-http-types.git
Working copy of https://github.com/apple/swift-http-types.git resolved at 1.6.0
Creating working copy for https://github.com/swift-server/async-http-client.git
Working copy of https://github.com/swift-server/async-http-client.git resolved at 1.36.0
Creating working copy for https://github.com/apple/swift-service-context.git
Working copy of https://github.com/apple/swift-service-context.git resolved at 1.3.0
Creating working copy for https://github.com/apple/swift-async-algorithms.git
Working copy of https://github.com/apple/swift-async-algorithms.git resolved at 1.1.5
Creating working copy for https://github.com/swift-server/swift-service-lifecycle
Working copy of https://github.com/swift-server/swift-service-lifecycle resolved at 2.11.0
Creating working copy for https://github.com/apple/swift-nio-extras.git
Working copy of https://github.com/apple/swift-nio-extras.git resolved at 1.34.3
Creating working copy for https://github.com/apple/swift-nio-transport-services.git
Working copy of https://github.com/apple/swift-nio-transport-services.git resolved at 1.28.0
Creating working copy for https://github.com/apple/swift-nio-http2.git
Working copy of https://github.com/apple/swift-nio-http2.git resolved at 1.45.0
Creating working copy for https://github.com/apple/swift-argument-parser.git
Working copy of https://github.com/apple/swift-argument-parser.git resolved at 1.8.2
Creating working copy for https://github.com/apple/swift-configuration.git
Working copy of https://github.com/apple/swift-configuration.git resolved at 1.2.0
Creating working copy for https://github.com/apple/swift-numerics.git
Working copy of https://github.com/apple/swift-numerics.git resolved at 1.1.1
Creating working copy for https://github.com/apple/swift-nio-ssl.git
Working copy of https://github.com/apple/swift-nio-ssl.git resolved at 2.37.2
Creating working copy for https://github.com/awslabs/aws-sdk-swift
Working copy of https://github.com/awslabs/aws-sdk-swift resolved at 1.7.62
Creating working copy for https://github.com/apple/swift-algorithms.git
Working copy of https://github.com/apple/swift-algorithms.git resolved at 1.2.1
Creating working copy for https://github.com/apple/swift-collections
Working copy of https://github.com/apple/swift-collections resolved at 1.6.0
Creating working copy for https://github.com/apple/swift-system
Working copy of https://github.com/apple/swift-system resolved at 1.8.1
Creating working copy for https://github.com/apple/swift-atomics.git
Working copy of https://github.com/apple/swift-atomics.git resolved at 1.3.1
Creating working copy for https://github.com/apple/swift-log.git
Working copy of https://github.com/apple/swift-log.git resolved at 1.15.0
Creating working copy for https://github.com/smithy-lang/smithy-swift
Working copy of https://github.com/smithy-lang/smithy-swift resolved at 0.242.0
Creating working copy for https://github.com/apple/swift-http-structured-headers.git
Working copy of https://github.com/apple/swift-http-structured-headers.git resolved at 1.7.0
Creating working copy for https://github.com/apple/swift-nio.git
Working copy of https://github.com/apple/swift-nio.git resolved at 2.101.3
Creating working copy for https://github.com/apple/swift-asn1.git
Working copy of https://github.com/apple/swift-asn1.git resolved at 1.7.1
Creating working copy for https://github.com/awslabs/aws-crt-swift
Working copy of https://github.com/awslabs/aws-crt-swift resolved at 0.64.1
Creating working copy for https://github.com/apple/swift-distributed-tracing.git
Working copy of https://github.com/apple/swift-distributed-tracing.git resolved at 1.4.1
Creating working copy for https://github.com/apple/swift-certificates.git
Working copy of https://github.com/apple/swift-certificates.git resolved at 1.19.4
warning: you may be able to install libcrypto using your system-packager:
apt-get install openssl libssl-dev
[0/18] Write sources
[6/18] Copying DefaultSwiftHeader.txt
[7/18] Write sources
[8/18] Write swift-version-24593BA9C3E375BF.txt
[10/31] Compiling Logging Logger.swift
[11/32] Compiling Logging LoggingSystem.swift
[12/32] Compiling ArgumentParserToolInfo ToolInfo.swift
[13/32] Emitting module ArgumentParserToolInfo
[15/33] Compiling Logging Logger+Attributes.swift
[16/33] Compiling Logging Logger+With.swift
[17/33] Compiling Logging LogEvent.swift
[18/33] Compiling Logging LogHandler.swift
[18/33] Wrapping AST for ArgumentParserToolInfo for debugging
[20/80] Compiling ArgumentParser Errors.swift
[21/80] Compiling ArgumentParser Flag.swift
[22/80] Emitting module Logging
[23/80] Compiling ArgumentParser ArgumentVisibility.swift
[24/80] Compiling ArgumentParser CompletionKind.swift
[25/80] Compiling Logging MetadataProvider.swift
[26/81] Wrapping AST for Logging for debugging
[28/147] Compiling Smithy EventPayloadTrait.swift
[29/147] Compiling Smithy HTTPHeaderTrait.swift
[30/147] Compiling Smithy HTTPLabelTrait.swift
[31/147] Compiling Smithy HTTPQueryParamsTrait.swift
[32/147] Compiling Smithy HTTPQueryTrait.swift
[33/147] Compiling Smithy HTTPTrait.swift
[34/147] Compiling Smithy ResponseMessage.swift
[35/153] Compiling ArgumentParser AsyncCompletionsValidator.swift
[36/153] Compiling ArgumentParser CodingKeyValidator.swift
[37/153] Compiling ArgumentParser NonsenseFlagsValidator.swift
[38/153] Compiling ArgumentParser ParsableArgumentsValidation.swift
[39/153] Compiling ArgumentParser PositionalArgumentsValidator.swift
[40/153] Compiling ArgumentParser UniqueNamesValidator.swift
[41/153] Compiling Smithy RequestMessage.swift
[42/153] Compiling Smithy RequestMessageBuilder.swift
[43/153] Compiling Smithy RequestMessageSerializer.swift
[44/153] Compiling Smithy EnumValueTrait.swift
[45/153] Compiling Smithy ErrorTrait.swift
[46/153] Compiling Smithy EventHeaderTrait.swift
[47/153] Compiling Smithy DocumentError.swift
[48/153] Compiling Smithy BigDecimalDocument.swift
[49/153] Compiling Smithy BigIntegerDocument.swift
[50/153] Compiling Smithy BlobDocument.swift
[51/153] Compiling Smithy BooleanDocument.swift
[52/153] Compiling Smithy ByteDocument.swift
[53/153] Compiling Smithy TimestampDocument.swift
[54/153] Compiling Smithy SmithyDocument.swift
[55/153] Compiling Smithy LogAgent.swift
[56/153] Compiling Smithy LogAgentLevel.swift
[57/153] Compiling Smithy SwiftLog+LogAgent.swift
[58/153] Compiling Smithy Node.swift
[59/153] Compiling Smithy ShortDocument.swift
[60/153] Compiling Smithy StringDocument.swift
[61/153] Compiling Smithy StringMapDocument.swift
[62/153] Compiling Smithy Attribute.swift
[63/153] Compiling Smithy ByteStream.swift
[64/153] Compiling Smithy ClientError.swift
[65/153] Compiling Smithy Context.swift
[66/153] Compiling Smithy Document.swift
[67/153] Compiling Smithy DoubleDocument.swift
[68/153] Compiling Smithy FloatDocument.swift
[69/153] Compiling Smithy IntegerDocument.swift
[70/153] Compiling Smithy ListDocument.swift
[71/153] Compiling Smithy LongDocument.swift
[72/153] Compiling Smithy NullDocument.swift
[73/153] Emitting module ArgumentParser
[74/153] Compiling Smithy Trait.swift
[75/153] Compiling Smithy TraitCollection.swift
[76/153] Compiling Smithy TraitError.swift
[77/153] Compiling Smithy AWSQueryCompatibleTrait.swift
[78/153] Compiling Smithy AWSQueryErrorTrait.swift
[79/153] Compiling Smithy AddedDefaultTrait.swift
[80/153] Compiling Smithy AllRuntimeTraits.swift
[81/153] Compiling Smithy ClientOptionalTrait.swift
[82/153] Compiling Smithy DefaultTrait.swift
[88/162] Compiling Smithy ServiceTrait.swift
[89/162] Compiling Smithy SparseTrait.swift
[90/162] Compiling Smithy StreamingTrait.swift
[91/162] Compiling Smithy TargetsUnitTrait.swift
[111/162] Compiling Smithy TimestampFormatTrait.swift
[112/162] Compiling Smithy UnitTypeTrait.swift
[113/162] Compiling Smithy URI.swift
[114/162] Compiling Smithy URIQueryItem.swift
[115/162] Compiling Smithy URIScheme.swift
[116/162] Compiling Smithy UniqueIndexCounter.swift
[117/162] Compiling Smithy UniquelyIndexedByType.swift
[118/162] Compiling Smithy UniquelyIndexedCollection.swift
[119/162] Compiling Smithy UniquelyIndexedMutableCollection.swift
[129/162] Emitting module Smithy
[131/162] Compiling Smithy ResponseMessageDeserializer.swift
[132/162] Compiling Smithy Prelude.swift
[133/162] Compiling Smithy Schema.swift
[134/162] Compiling Smithy SchemaExtension.swift
[135/162] Compiling Smithy ShapeID.swift
[136/162] Compiling Smithy ShapeType.swift
[137/162] Compiling Smithy Stream.swift
[157/164] Wrapping AST for Smithy for debugging
[158/165] Wrapping AST for ArgumentParser for debugging
[160/182] Compiling SmithySerialization Codec.swift
[161/182] Compiling SmithySerialization Context+Operation.swift
[162/182] Compiling SmithySerialization DecodedNull.swift
[163/184] Emitting module SmithySerialization
[164/184] Compiling SmithySerialization SerdeUtils.swift
[165/184] Compiling SmithySerialization SerializableShape.swift
[166/184] Compiling SmithySerialization ClientProtocol.swift
[167/184] Compiling SmithySerialization Operation.swift
[168/184] Compiling SmithySerialization OperationProperties.swift
[169/184] Compiling SmithySerialization DeserializableShape.swift
[170/184] Compiling SmithySerialization DeserializableStruct.swift
[171/184] Compiling SmithySerialization ReadValueConsumer.swift
[172/184] Compiling SmithySerialization SerializableStruct.swift
[173/184] Compiling SmithySerialization ShapeSerializer.swift
[174/184] Compiling SmithySerialization ShapeDeserializer.swift
[175/184] Compiling SmithySerialization ResponseDecodingError.swift
[176/184] Compiling SmithySerialization WriteValueConsumer.swift
[177/184] Compiling SmithySerialization SerializerError.swift
[178/184] Compiling SmithySerialization StringSerializer.swift
[179/184] Compiling SmithySerialization TypeRegistry.swift
[180/185] Wrapping AST for SmithySerialization for debugging
[182/240] Compiling SmithyCodegenCore Node+Rendered.swift
[183/240] Compiling SmithyCodegenCore String+Utils.swift
[184/240] Compiling SmithyCodegenCore SwiftWriter.swift
[185/240] Compiling SmithyCodegenCore SwiftSettings.swift
[186/240] Compiling SmithyCodegenCore String+ReservedWords.swift
[187/240] Compiling SmithyCodegenCore SymbolProvider.swift
[188/240] Compiling SmithyCodegenCore SymbolProviderError.swift
[189/247] Compiling SmithyCodegenCore ResourceShape.swift
[190/247] Compiling SmithyCodegenCore ServiceShape.swift
[191/247] Compiling SmithyCodegenCore Shape+Prelude.swift
[192/247] Compiling SmithyCodegenCore Shape.swift
[193/247] Compiling SmithyCodegenCore StringShape.swift
[194/247] Compiling SmithyCodegenCore StructureShape.swift
[195/247] Compiling SmithyCodegenCore UnionShape.swift
[196/247] Compiling SmithyCodegenCore ShapeID+AST.swift
[197/247] Compiling SmithyCodegenCore ShapeType+AST.swift
[198/247] Compiling SmithyCodegenCore Model+Box.swift
[199/247] Compiling SmithyCodegenCore Model+Deprecated.swift
[200/247] Compiling SmithyCodegenCore Model+InputOutput.swift
[201/247] Compiling SmithyCodegenCore Model+Operations.swift
[202/247] Compiling SmithyCodegenCore Model+PruneToService.swift
[203/247] Compiling SmithyCodegenCore Model+TrimReferences.swift
[204/247] Compiling SmithyCodegenCore ASTError.swift
[205/247] Compiling SmithyCodegenCore ASTMember.swift
[206/247] Compiling SmithyCodegenCore ASTModel.swift
[207/247] Compiling SmithyCodegenCore ASTReference.swift
[208/247] Compiling SmithyCodegenCore ASTShape.swift
[209/247] Compiling SmithyCodegenCore ASTType.swift
[210/247] Compiling SmithyCodegenCore Node+AST.swift
[211/247] Compiling SmithyCodegenCore CodeGenerator.swift
[212/247] Compiling SmithyCodegenCore CodegenError.swift
[213/247] Compiling SmithyCodegenCore DeserializeCodegen.swift
[214/247] Compiling SmithyCodegenCore Shape+DeserializeMethodName.swift
[215/247] Compiling SmithyCodegenCore GenerationContext.swift
[216/247] Compiling SmithyCodegenCore HasShapeID.swift
[217/247] Compiling SmithyCodegenCore Model+AST.swift
[218/247] Compiling SmithyCodegenCore Model.swift
[219/247] Compiling SmithyCodegenCore ModelError.swift
[220/247] Compiling SmithyCodegenCore EnumShape.swift
[221/247] Compiling SmithyCodegenCore HasMembers.swift
[222/247] Compiling SmithyCodegenCore IntEnumShape.swift
[223/247] Compiling SmithyCodegenCore IntegerShape.swift
[224/247] Compiling SmithyCodegenCore ListShape.swift
[225/247] Compiling SmithyCodegenCore MapShape.swift
[226/247] Compiling SmithyCodegenCore MemberShape.swift
[227/247] Compiling SmithyCodegenCore OperationShape.swift
[228/247] Emitting module SmithyCodegenCore
[229/247] Compiling SmithyCodegenCore Model+Union.swift
[230/247] Compiling SmithyCodegenCore NullableIndex.swift
[231/247] Compiling SmithyCodegenCore OperationsCodegen.swift
[232/247] Compiling SmithyCodegenCore SchemasCodegen.swift
[233/247] Compiling SmithyCodegenCore Shape+Schema.swift
[234/247] Compiling SmithyCodegenCore SerializeCodegen.swift
[235/247] Compiling SmithyCodegenCore Shape+SerializeMethodName.swift
[236/247] Compiling SmithyCodegenCore DocumentShape.swift
[237/247] Compiling SmithyCodegenCore AllCodegenTraits.swift
[238/247] Compiling SmithyCodegenCore DeprecatedTrait.swift
[239/247] Compiling SmithyCodegenCore EnumTrait.swift
[240/247] Compiling SmithyCodegenCore UsedAsInputTrait.swift
[241/247] Compiling SmithyCodegenCore UsedAsOutputTrait.swift
[242/247] Compiling SmithyCodegenCore TypeRegistryCodegen.swift
[243/247] Compiling SmithyCodegenCore resource_bundle_accessor.swift
[244/248] Wrapping AST for SmithyCodegenCore for debugging
[246/250] Emitting module SmithyCodegenCLI
[247/250] Compiling SmithyCodegenCLI SmithyCodegenCLI.swift
[248/251] Wrapping AST for SmithyCodegenCLI for debugging
[249/251] Write Objects.LinkFileList
[250/251] Linking SmithyCodegenCLI-tool
warning: you may be able to install libcrypto using your system-packager:
apt-get install openssl libssl-dev
[1/1] Compiling plugin SmithyCodeGeneratorPlugin
[2/2] Compiling plugin GenerateManual
[3/3] Compiling plugin GenerateDoccReference
Building for debugging...
[3/759] Write sources
[18/759] Copying DefaultSwiftHeader.txt
[30/759] Write sources
[37/759] Copying PrivacyInfo.xcprivacy
[40/759] Write sources
[80/759] Compiling _NumericsShims _NumericsShims.c
[81/759] Compiling _CWASI _CWASI.c
[82/759] Compiling CNIOWindows shim.c
[83/759] Compiling CSystem shims.c
[84/759] Compiling CNIOWindows WSAStartup.c
[85/759] Compiling CNIOWASI CNIOWASI.c
[86/759] Compiling CNIOPosix event_loop_id.c
[87/759] Compiling _AtomicsShims.c
[87/759] Compiling CNIOOpenBSD shim.c
[89/759] Compiling CNIOLinux shim.c
[90/759] Compiling CNIOLinux liburing_shims.c
[91/759] Compiling CNIOLLHTTP c_nio_http.c
[92/759] Compiling CNIOFreeBSD shim.c
[93/759] Write swift-version-24593BA9C3E375BF.txt
[93/759] Compiling tracing.c
[95/759] Compiling CNIOExtrasZlib zutil.c
[96/759] Compiling CNIOLLHTTP c_nio_api.c
[97/759] Compiling mqtt5_encoder.c
[98/759] Compiling CNIOExtrasZlib trees.c
[99/763] Compiling CNIOExtrasZlib inftrees.c
[100/763] Compiling CNIOExtrasZlib inffast.c
[101/765] Compiling CNIOExtrasZlib inflate.c
[103/835] Emitting module RealModule
[103/836] Compiling CNIOLLHTTP c_nio_llhttp.c
[105/854] Emitting module InternalCollectionsUtilities
[106/856] Compiling RealModule RelaxedArithmetic.swift
[107/856] Compiling RealModule RealFunctions.swift
[108/856] Compiling ServiceContextModule ServiceContextKey.swift
[109/856] Compiling ServiceContextModule ServiceContext.swift
[110/856] Emitting module ServiceContextModule
[112/857] Compiling InternalCollectionsUtilities _SortedCollection.swift
[113/857] Compiling InternalCollectionsUtilities _UniqueCollection.swift
[114/857] Compiling InternalCollectionsUtilities UnsafeBufferPointer+Extras.swift
[115/857] Compiling InternalCollectionsUtilities UnsafeMutableBufferPointer+Extras.swift
[116/857] Compiling SmithyRetriesAPI RetryStrategy.swift
[117/858] Compiling RealModule Real.swift
[118/858] Compiling InternalCollectionsUtilities Integer rank.swift
[119/858] Compiling InternalCollectionsUtilities UInt+first and last set bit.swift
[120/858] Compiling InternalCollectionsUtilities UInt+reversed.swift
[121/858] Compiling InternalCollectionsUtilities String+Padding.swift
[122/858] Compiling InternalCollectionsUtilities _UnsafeBitSet+Index.swift
[123/858] Compiling InternalCollectionsUtilities FixedWidthInteger+roundUpToPowerOfTwo.swift
[124/858] Compiling InternalCollectionsUtilities _UnsafeBitSet+_Word.swift
[125/858] Compiling RealModule Float16+Real.swift
[126/858] Compiling _NIODataStructures PriorityQueue.swift
[127/858] Compiling _NIODataStructures _TinyArray.swift
[128/858] Compiling SmithyRetriesAPI RetryErrorType.swift
[129/858] Compiling SmithyRetriesAPI RetryErrorInfoProvider.swift
[130/858] Compiling SmithyRetriesAPI RetryStrategyOptions.swift
[131/858] Compiling RealModule Float80+Real.swift
[132/858] Compiling Logging Logger+Attributes.swift
[133/858] Compiling Logging LoggingSystem.swift
[136/858] Compiling InternalCollectionsUtilities Debugging.swift
[137/858] Compiling InternalCollectionsUtilities Descriptions.swift
[138/858] Compiling InternalCollectionsUtilities UnsafeMutableRawBufferPointer+Extras.swift
[139/858] Compiling InternalCollectionsUtilities UnsafeRawBufferPointer+Extras.swift
[141/860] Compiling InternalCollectionsUtilities _UnsafeBitSet.swift
[142/860] Compiling InternalCollectionsUtilities LifetimeOverride.swift
[143/860] Compiling InternalCollectionsUtilities RandomAccessCollection+Offsets.swift
[144/860] Compiling InternalCollectionsUtilities Span+Extras.swift
[150/861] Compiling _NIOBase64 Base64.swift
[151/861] Emitting module _NIOBase64
[154/862] Compiling Logging Logger.swift
[155/862] Compiling Logging Logger+With.swift
[156/862] Compiling SystemPackage IOCompletion.swift
[157/862] Compiling SystemPackage IORequest.swift
[158/862] Compiling SystemPackage IORing+Util.swift
[159/862] Compiling SystemPackage IORing.swift
[160/862] Compiling SystemPackage RawIORequest.swift
[164/867] Compiling SystemPackage Identifiers.swift
[165/867] Compiling SystemPackage Stat.swift
[167/867] Emitting module Logging
[172/872] Compiling Logging MetadataProvider.swift
[173/877] Emitting module _NIODataStructures
[174/877] Compiling _NIODataStructures Heap.swift
[177/878] Compiling SystemPackage Backcompat.swift
[178/878] Compiling SystemPackage CInterop.swift
[179/878] Compiling SystemPackage Constants.swift
[180/878] Compiling SystemPackage Exports.swift
[181/878] Compiling SystemPackage Mocking.swift
[182/878] Compiling SystemPackage RawBuffer.swift
[183/878] Compiling SystemPackage Syscalls.swift
[184/878] Compiling AWSSDKDynamic PackageVersion.swift
[185/878] Compiling SystemPackage WindowsSyscallAdapters.swift
[186/878] Compiling SystemPackage MachPort.swift
[187/878] Compiling SystemPackage PlatformString.swift
[188/901] Compiling Instrumentation NoOpInstrument.swift
[188/914] Wrapping AST for SmithySerialization for debugging
[189/914] Emitting module Instrumentation
[191/914] Emitting module AWSSDKDynamic
[192/914] Compiling AWSSDKDynamic Partitions.swift
[193/914] Compiling Instrumentation Locks.swift
[194/915] Compiling Instrumentation Instrument.swift
[195/915] Compiling Instrumentation MultiplexInstrument.swift
[196/915] Compiling Instrumentation InstrumentationSystem.swift
[197/916] Wrapping AST for SmithyCodegenCore for debugging
[200/920] Compiling ContainersPreview Producer+Map.swift
[201/920] Compiling ContainersPreview Producer+Reduce.swift
[202/920] Compiling ContainersPreview Producer.swift
[203/920] Compiling ContainersPreview InputSpan.swift
[204/920] Compiling ContainersPreview MutableRef.swift
[205/932] Compiling ContainersPreview Drain+Map.swift
[206/932] Compiling ContainersPreview Drain+Reduce.swift
[207/932] Compiling ContainersPreview Drain.swift
[208/932] Compiling ContainersPreview Producer+Collect.swift
[209/932] Compiling ContainersPreview Producer+Filter.swift
[209/960] Wrapping AST for Logging for debugging
[210/975] Wrapping AST for Smithy for debugging
[211/986] Wrapping AST for ArgumentParserToolInfo for debugging
[213/988] Compiling Smithy LogAgent.swift
[214/988] Compiling Smithy LogAgentLevel.swift
[215/988] Compiling Smithy SwiftLog+LogAgent.swift
[216/988] Compiling Smithy Node.swift
[217/988] Compiling Smithy RequestMessage.swift
[218/988] Emitting module SystemPackage
[219/990] Compiling Smithy ServiceTrait.swift
[220/990] Compiling Smithy SparseTrait.swift
[221/990] Compiling Smithy StreamingTrait.swift
[222/990] Compiling Smithy TargetsUnitTrait.swift
[223/990] Compiling Smithy TimestampDocument.swift
[224/990] Compiling Smithy SmithyDocument.swift
[225/990] Compiling Smithy InputTrait.swift
[226/990] Compiling Smithy JSONNameTrait.swift
[227/990] Compiling Smithy OutputTrait.swift
[228/990] Compiling Smithy RequiredTrait.swift
[229/990] Compiling Smithy SensitiveTrait.swift
[231/994] Compiling Smithy RequestMessageBuilder.swift
[232/994] Compiling Smithy RequestMessageSerializer.swift
[233/994] Compiling Smithy EnumValueTrait.swift
[234/994] Compiling Smithy ErrorTrait.swift
[240/994] Compiling Smithy EventHeaderTrait.swift
[241/994] Compiling Smithy EventPayloadTrait.swift
[242/994] Compiling Smithy HTTPHeaderTrait.swift
[243/994] Compiling Smithy HTTPLabelTrait.swift
[244/994] Compiling Smithy HTTPQueryParamsTrait.swift
[250/994] Emitting module ContainersPreview
[250/994] Compiling CNIOExtrasZlib crc32.c
[251/994] Compiling CNIOExtrasZlib adler32.c
[252/994] Compiling CNIODarwin shim.c
[254/994] Compiling Tracing InstrumentationSystem+Tracing.swift
[255/994] Compiling Smithy StringDocument.swift
[256/994] Compiling Smithy StringMapDocument.swift
[257/994] Compiling Smithy ResponseMessage.swift
[258/994] Compiling Smithy ResponseMessageDeserializer.swift
[259/994] Compiling Tracing TracingTime.swift
[259/994] Compiling CNIOExtrasZlib deflate.c
[260/994] Wrapping AST for ArgumentParser for debugging
[262/994] Emitting module Tracing
[262/994] Compiling fiat_p256_adx_sqr.S
[269/995] Wrapping AST for SmithyCodegenCLI for debugging
[270/995] Write Objects.LinkFileList
[271/995] Compiling fiat_p256_adx_mul.S
[273/995] Compiling SmithyRetriesAPI RetryToken.swift
[282/1004] Compiling fiat_curve25519_adx_square.S
[283/1004] Compiling fiat_curve25519_adx_mul.S
[284/1004] Compiling CNIOBoringSSLShims shims.c
[286/1045] Compiling Smithy Trait.swift
[287/1045] Compiling Smithy TraitCollection.swift
[288/1045] Compiling Smithy TraitError.swift
[289/1045] Compiling Smithy AWSQueryCompatibleTrait.swift
[290/1045] Compiling Smithy AWSQueryErrorTrait.swift
[291/1045] Compiling Smithy AddedDefaultTrait.swift
[292/1045] Compiling Smithy AllRuntimeTraits.swift
[293/1045] Compiling Smithy ClientOptionalTrait.swift
[294/1045] Compiling Smithy DefaultTrait.swift
[295/1045] Compiling DequeModule UniqueDeque+Container.swift
[296/1045] Compiling DequeModule UniqueDeque+Deprecated.swift
[297/1045] Compiling DequeModule UniqueDeque+Descriptions.swift
[298/1045] Compiling DequeModule UniqueDeque+Equatable.swift
[299/1045] Compiling DequeModule UniqueDeque+Experimental.swift
[300/1045] Compiling DequeModule RigidDeque+Removals.swift
[301/1045] Compiling DequeModule RigidDeque+Replacements.swift
[302/1045] Compiling DequeModule RigidDeque+Testing.swift
[303/1045] Compiling DequeModule RigidDeque.swift
[304/1045] Compiling SmithyRetriesAPI RetryError.swift
[305/1045] Compiling Tracing TracerProtocol.swift
[306/1045] Emitting module SmithyRetriesAPI
[307/1045] Compiling SmithyRetriesAPI RetryBackoffStrategy.swift
[308/1045] Compiling SmithyRetriesAPI RetryErrorInfo.swift
[309/1046] Compiling Tracing Tracer.swift
[310/1046] Compiling Tracing TracerProtocol+Legacy.swift
[311/1046] Linking SmithyCodegenCLI-tool
[313/1046] Compiling DequeModule RigidDeque+Consumption.swift
[314/1046] Compiling DequeModule RigidDeque+Container.swift
[315/1046] Compiling DequeModule RigidDeque+Descriptions.swift
[316/1046] Compiling DequeModule Deque+Extras.swift
[317/1046] Compiling DequeModule Deque+Hashable.swift
[318/1046] Compiling DequeModule Deque+Testing.swift
[319/1046] Compiling DequeModule Deque._Storage.swift
[320/1046] Compiling DequeModule Deque._UnsafeHandle.swift
[321/1046] Compiling DequeModule Deque.swift
[322/1046] Compiling DequeModule RigidDeque+Initializers.swift
[323/1046] Compiling DequeModule RigidDeque+Insertions.swift
[324/1046] Compiling DequeModule RigidDeque+Prepend.swift
[325/1046] Compiling Smithy Schema.swift
[326/1046] Compiling Smithy SchemaExtension.swift
[327/1046] Compiling Smithy ShapeID.swift
[328/1046] Compiling Smithy ShapeType.swift
[329/1046] Compiling Smithy Stream.swift
[330/1046] Compiling Smithy TimestampFormat.swift
[331/1055] Compiling DequeModule _DequeBuffer.swift
[332/1055] Compiling DequeModule _DequeBufferHeader.swift
[333/1055] Compiling DequeModule RigidDeque+Append.swift
[337/1060] Compiling Tracing SpanProtocol.swift
[338/1060] Compiling Tracing NoOpTracer.swift
[340/1061] Compiling DequeModule RigidDeque+Hashable.swift
[344/1061] Compiling DequeModule UniqueDeque+Replacements.swift
[355/1062] Compiling DequeModule UniqueDeque+Append.swift
[356/1062] Compiling DequeModule UniqueDeque+Consumption.swift
[357/1062] Compiling DequeModule UniqueDeque+Hashable.swift
[358/1062] Compiling DequeModule UniqueDeque+Initializers.swift
[359/1062] Compiling DequeModule UniqueDeque+Insertions.swift
[360/1062] Compiling DequeModule UniqueDeque+Prepend.swift
[361/1062] Compiling DequeModule UniqueDeque+Removals.swift
[362/1062] Compiling SmithyRetries RetryQuotaRepository.swift
[363/1063] Compiling DequeModule RigidDeque+Equatable.swift
[364/1063] Compiling DequeModule RigidDeque+Experimental.swift
[369/1063] Compiling SmithyRetries ExponentialBackoffStrategy.swift
[370/1063] Compiling SmithyRetries ExponentialBackOffJitterType.swift
[371/1063] Compiling SmithyRetries DefaultRetryToken.swift
[372/1063] Compiling SmithyRetries RetryQuota.swift
[373/1063] Compiling SmithyRetries ExponentialBackoffStrategyOptions.swift
[374/1063] Emitting module SmithyRetries
[375/1063] Compiling SmithyRetries DefaultRetryStrategy.swift
[376/1063] Compiling Smithy TimestampFormatTrait.swift
[377/1063] Compiling Smithy UnitTypeTrait.swift
[378/1063] Compiling Smithy URI.swift
[379/1063] Compiling Smithy URIQueryItem.swift
[380/1063] Compiling Smithy URIScheme.swift
[381/1063] Compiling Smithy UniqueIndexCounter.swift
[382/1063] Compiling Smithy UniquelyIndexedByType.swift
[383/1063] Compiling Smithy UniquelyIndexedCollection.swift
[384/1063] Compiling Smithy UniquelyIndexedMutableCollection.swift
[385/1063] Compiling SmithyRetries ClientSideRateLimiter.swift
[386/1063] Compiling SmithyRetries DefaultRetryStrategy+Error.swift
[387/1064] Compiling Smithy Attribute.swift
[388/1064] Compiling Smithy ByteStream.swift
[389/1064] Compiling Smithy ClientError.swift
[390/1064] Compiling Smithy Context.swift
[391/1064] Compiling Smithy DocumentError.swift
[392/1064] Compiling Smithy BigDecimalDocument.swift
[393/1064] Compiling Smithy BigIntegerDocument.swift
[394/1064] Compiling Smithy BlobDocument.swift
[395/1064] Compiling Smithy BooleanDocument.swift
[396/1064] Compiling Smithy ByteDocument.swift
[397/1064] Emitting module Smithy
[407/1064] Generating cognito-identity.json
[409/1065] Write sources
[420/1065] Compiling DequeModule Deque+CustomReflectable.swift
[421/1065] Compiling DequeModule Deque+Descriptions.swift
[422/1065] Compiling DequeModule Deque+Equatable.swift
[423/1065] Compiling DequeModule Deque+ExpressibleByArrayLiteral.swift
[423/1065] Compiling tls_method.cc
[424/1065] Compiling tls_record.cc
[426/1084] Emitting module SmithyTimestamps
[427/1084] Compiling SmithyTelemetryAPI AsyncMeasurement.swift
[428/1084] Compiling SmithyTelemetryAPI Histogram.swift
[429/1084] Compiling SmithyTimestamps TimestampSerdeUtils.swift
[430/1086] Compiling SmithyTelemetryAPI Meter.swift
[431/1086] Compiling SmithyTelemetryAPI MeterProvider.swift
[432/1086] Compiling SmithyTimestamps DateFormatters.swift
[433/1087] Compiling SmithyTelemetryAPI MonotonicCounter.swift
[434/1087] Compiling SmithyTelemetryAPI UpDownCounter.swift
[435/1087] Compiling SmithyTelemetryAPI TelemetryProvider.swift
[436/1087] Compiling SmithyTelemetryAPI SpanKind.swift
[437/1087] Compiling SmithyTelemetryAPI Tracer.swift
[438/1087] Compiling SmithyTelemetryAPI TracerProvider.swift
[439/1087] Compiling SmithyTelemetryAPI TraceSpan.swift
[440/1087] Compiling SmithyTelemetryAPI TraceSpanStatus.swift
[441/1087] Compiling tls13_server.cc
[443/1087] Compiling SmithyTelemetryAPI TelemetryContext.swift
[444/1087] Compiling SmithyTelemetryAPI TelemetryContextManager.swift
[445/1087] Compiling SmithyTelemetryAPI TelemetryScope.swift
[446/1087] Emitting module SmithyTelemetryAPI
[447/1087] Compiling SmithyTelemetryAPI DefaultTelemetry.swift
[448/1087] Compiling SmithyTelemetryAPI LoggerProvider.swift
[449/1118] Compiling tls13_enc.cc
[451/1126] Compiling SmithyReadWrite WireResponseErrorClosure.swift
[452/1126] Compiling SmithyStreams NSLock+Extension.swift
[453/1126] Compiling SmithyStreams FileStream.swift
[454/1126] Compiling SmithySerialization DeserializableShape.swift
[455/1126] Compiling SmithySerialization DeserializableStruct.swift
[456/1126] Compiling SmithySerialization ReadValueConsumer.swift
[457/1128] Emitting module SmithySerialization
[458/1128] Compiling SmithyIdentityAPI IdentityResolver.swift
[459/1128] Compiling SmithyIdentityAPI Identity.swift
[460/1128] Compiling SmithySerialization WriteValueConsumer.swift
[461/1128] Compiling SmithySerialization SerializerError.swift
[462/1128] Compiling SmithyReadWrite WireResponseOutputClosure.swift
[463/1128] Compiling SmithyReadWrite WritingClosure.swift
[464/1128] Emitting module SmithyReadWrite
[465/1128] Compiling SmithySerialization Codec.swift
[466/1128] Compiling SmithySerialization Context+Operation.swift
[467/1128] Compiling SmithySerialization DecodedNull.swift
[468/1128] Compiling SmithyIdentityAPI ClientConfigDefaultIdentityResolver.swift
[469/1128] Compiling SmithySerialization ClientProtocol.swift
[470/1128] Compiling SmithySerialization Operation.swift
[471/1128] Compiling SmithySerialization OperationProperties.swift
[472/1128] Compiling SmithyIdentityAPI Context+AuthSchemePreference.swift
[473/1128] Emitting module SmithyIdentityAPI
[474/1128] Compiling SmithyIdentityAPI Context+FlowType.swift
[475/1128] Compiling SmithyReadWrite SmithyWriter.swift
[476/1128] Compiling SmithyIdentityAPI Context+IdentityResolver.swift
[477/1128] Compiling SmithyIdentityAPI FlowType.swift
[479/1129] Compiling SmithySerialization SerializableStruct.swift
[480/1129] Compiling SmithySerialization ShapeSerializer.swift
[481/1129] Compiling SmithyReadWrite SmithyReader.swift
[482/1129] Compiling SmithySerialization ShapeDeserializer.swift
[483/1129] Compiling SmithySerialization ResponseDecodingError.swift
[484/1129] Compiling SmithySerialization SerdeUtils.swift
[485/1129] Compiling SmithySerialization SerializableShape.swift
[486/1129] Compiling SmithyReadWrite ReadingClosure.swift
[487/1129] Compiling SmithyReadWrite DataProviding.swift
[487/1130] Compiling tls13_client.cc
[489/1143] Compiling t1_enc.cc
[491/1143] Emitting module SmithyStreams
[492/1143] Compiling SmithyStreams BufferedStream.swift
[493/1144] Compiling SmithyChecksumsAPI Context+Checksum.swift
[495/1144] Compiling SmithyEventStreamsAPI MessageType.swift
[495/1145] Compiling tls13_both.cc
[497/1145] Compiling SmithyEventStreamsAPI MessageDecoder.swift
[498/1145] Compiling SmithyEventStreamsAPI MessageEncoder.swift
[499/1146] Compiling SmithySerialization StringSerializer.swift
[500/1146] Compiling SmithySerialization TypeRegistry.swift
[501/1149] Compiling SmithyEventStreamsAPI UnmarshalClosure.swift
[503/1149] Compiling SmithyEventStreamsAPI MarshalClosure.swift
[504/1149] Compiling SmithyEventStreamsAPI Message.swift
[505/1149] Compiling SmithyChecksumsAPI ChecksumAlgorithm.swift
[506/1149] Compiling SmithyChecksumsAPI Checksum.swift
[507/1149] Emitting module SmithyChecksumsAPI
[508/1150] Compiling SmithyEventStreamsAPI Header.swift
[509/1150] Compiling SmithyEventStreamsAPI Context+EventStreamsAPI.swift
[510/1150] Compiling SmithyEventStreamsAPI EventStreamError.swift
[511/1150] Emitting module SmithyEventStreamsAPI
[514/1170] Emitting module DequeModule
[515/1170] Compiling SmithyXML Writer.swift
<module-includes>:1:10: note: in file included from <module-includes>:1:
1 | #include "shim.h"
| `- note: in file included from <module-includes>:1:
2 |
/host/spi-builder-workspace/.build/checkouts/smithy-swift/Sources/libxml2/shim.h:4:9: note: in file included from /host/spi-builder-workspace/.build/checkouts/smithy-swift/Sources/libxml2/shim.h:4:
2 | #define LibXMLShim_h
3 |
4 | #import <libxml/xpath.h>
| `- note: in file included from /host/spi-builder-workspace/.build/checkouts/smithy-swift/Sources/libxml2/shim.h:4:
5 | #import <libxml/xpathInternals.h>
6 | #import <libxml/xmlerror.h>
/usr/include/libxml2/libxml/xpath.h:26:10: note: in file included from /usr/include/libxml2/libxml/xpath.h:26:
24 | #ifdef LIBXML_XPATH_ENABLED
25 |
26 | #include <libxml/xmlerror.h>
| `- note: in file included from /usr/include/libxml2/libxml/xpath.h:26:
27 | #include <libxml/tree.h>
28 | #include <libxml/hash.h>
/usr/include/libxml2/libxml/xmlerror.h:10:10: note: in file included from /usr/include/libxml2/libxml/xmlerror.h:10:
8 | */
9 |
10 | #include <libxml/parser.h>
| `- note: in file included from /usr/include/libxml2/libxml/xmlerror.h:10:
11 |
12 | #ifndef __XML_ERROR_H__
/usr/include/libxml2/libxml/parser.h:812:10: note: in file included from /usr/include/libxml2/libxml/parser.h:812:
810 | #endif
811 |
812 | #include <libxml/encoding.h>
| `- note: in file included from /usr/include/libxml2/libxml/parser.h:812:
813 | #include <libxml/xmlIO.h>
814 | #include <libxml/globals.h>
/usr/include/libxml2/libxml/encoding.h:31:10: error: 'unicode/ucnv.h' file not found
29 | #endif
30 | #ifdef LIBXML_ICU_ENABLED
31 | #include <unicode/ucnv.h>
| `- error: 'unicode/ucnv.h' file not found
32 | #endif
33 | #ifdef __cplusplus
/host/spi-builder-workspace/.build/checkouts/smithy-swift/Sources/SmithyXML/Reader/Reader+libxml2.swift:9:24: error: could not build C module 'libxml2'
7 |
8 | import struct Foundation.Data
9 | @preconcurrency import libxml2
| `- error: could not build C module 'libxml2'
10 | import struct SmithySerialization.ResponseDecodingError
11 |
[516/1170] Compiling SmithyJSON Writer+JSONSerialization.swift
/root/.swiftpm/swift-sdks/swift-6.2-RELEASE_wasm.artifactbundle/swift-6.2-RELEASE_wasm/wasm32-unknown-wasip1/swift.xctoolchain/usr/lib/swift_static/CoreFoundation/CoreFoundation.h:28:10: note: while building module 'wasi_emulated_signal' imported from /root/.swiftpm/swift-sdks/swift-6.2-RELEASE_wasm.artifactbundle/swift-6.2-RELEASE_wasm/wasm32-unknown-wasip1/swift.xctoolchain/usr/lib/swift_static/CoreFoundation/CoreFoundation.h:28:
26 | #include <setjmp.h>
27 | #endif
28 | #include <signal.h>
| `- note: while building module 'wasi_emulated_signal' imported from /root/.swiftpm/swift-sdks/swift-6.2-RELEASE_wasm.artifactbundle/swift-6.2-RELEASE_wasm/wasm32-unknown-wasip1/swift.xctoolchain/usr/lib/swift_static/CoreFoundation/CoreFoundation.h:28:
29 | #include <stddef.h>
30 | #include <stdio.h>
<module-includes>:1:10: note: in file included from <module-includes>:1:
1 | #include "signal.h"
| `- note: in file included from <module-includes>:1:
2 |
/root/.swiftpm/swift-sdks/swift-6.2-RELEASE_wasm.artifactbundle/swift-6.2-RELEASE_wasm/wasm32-unknown-wasip1/WASI.sdk/include/wasm32-wasip1/signal.h:2:2: error: "wasm lacks signal support; to enable minimal signal emulation, compile with -D_WASI_EMULATED_SIGNAL and link with -lwasi-emulated-signal"
1 | #ifndef _WASI_EMULATED_SIGNAL
2 | #error "wasm lacks signal support; to enable minimal signal emulation, \
| `- error: "wasm lacks signal support; to enable minimal signal emulation, compile with -D_WASI_EMULATED_SIGNAL and link with -lwasi-emulated-signal"
3 | compile with -D_WASI_EMULATED_SIGNAL and link with -lwasi-emulated-signal"
4 | #else
<module-includes>:1:10: note: in file included from <module-includes>:1:
1 | #include "CoreFoundation.h"
| `- note: in file included from <module-includes>:1:
2 |
/root/.swiftpm/swift-sdks/swift-6.2-RELEASE_wasm.artifactbundle/swift-6.2-RELEASE_wasm/wasm32-unknown-wasip1/swift.xctoolchain/usr/lib/swift_static/CoreFoundation/CoreFoundation.h:28:10: error: could not build module 'wasi_emulated_signal'
26 | #include <setjmp.h>
27 | #endif
28 | #include <signal.h>
| `- error: could not build module 'wasi_emulated_signal'
29 | #include <stddef.h>
30 | #include <stdio.h>
/root/.swiftpm/swift-sdks/swift-6.2-RELEASE_wasm.artifactbundle/swift-6.2-RELEASE_wasm/wasm32-unknown-wasip1/swift.xctoolchain/usr/lib/swift_static/CoreFoundation/ForSwiftFoundationOnly.h:86:10: note: while building module 'wasi_emulated_mman' imported from /root/.swiftpm/swift-sdks/swift-6.2-RELEASE_wasm.artifactbundle/swift-6.2-RELEASE_wasm/wasm32-unknown-wasip1/swift.xctoolchain/usr/lib/swift_static/CoreFoundation/ForSwiftFoundationOnly.h:86:
84 | #undef _WASI_EMULATED_MMAN
85 | #define _WASI_EMULATED_MMAN
86 | #include <sys/mman.h>
| `- note: while building module 'wasi_emulated_mman' imported from /root/.swiftpm/swift-sdks/swift-6.2-RELEASE_wasm.artifactbundle/swift-6.2-RELEASE_wasm/wasm32-unknown-wasip1/swift.xctoolchain/usr/lib/swift_static/CoreFoundation/ForSwiftFoundationOnly.h:86:
87 | #elif TARGET_OS_LINUX
88 | #include <errno.h>
<module-includes>:1:10: note: in file included from <module-includes>:1:
1 | #include "sys/mman.h"
| `- note: in file included from <module-includes>:1:
2 |
/root/.swiftpm/swift-sdks/swift-6.2-RELEASE_wasm.artifactbundle/swift-6.2-RELEASE_wasm/wasm32-unknown-wasip1/WASI.sdk/include/wasm32-wasip1/sys/mman.h:2:2: error: "WASI lacks a true mmap; to enable minimal mmap emulation, compile with -D_WASI_EMULATED_MMAN and link with -lwasi-emulated-mman"
1 | #ifndef _WASI_EMULATED_MMAN
2 | #error "WASI lacks a true mmap; to enable minimal mmap emulation, \
| `- error: "WASI lacks a true mmap; to enable minimal mmap emulation, compile with -D_WASI_EMULATED_MMAN and link with -lwasi-emulated-mman"
3 | compile with -D_WASI_EMULATED_MMAN and link with -lwasi-emulated-mman"
4 | #else
/host/spi-builder-workspace/.build/checkouts/smithy-swift/Sources/SmithyJSON/Document+JSONUtils.swift:8:13: error: could not build C module 'CoreFoundation'
6 | //
7 |
8 | import func CoreFoundation.CFBooleanGetTypeID
| `- error: could not build C module 'CoreFoundation'
9 | import func CoreFoundation.CFGetTypeID
10 | import struct Foundation.Data
[517/1171] Compiling SmithyFormURL NodeInfo.swift
[518/1171] Emitting module SmithyFormURL
[519/1171] Compiling SmithyFormURL Writer.swift
[520/1172] Compiling SmithyJSON MemberNameExtension.swift
/root/.swiftpm/swift-sdks/swift-6.2-RELEASE_wasm.artifactbundle/swift-6.2-RELEASE_wasm/wasm32-unknown-wasip1/swift.xctoolchain/usr/lib/swift_static/CoreFoundation/CoreFoundation.h:28:10: note: while building module 'wasi_emulated_signal' imported from /root/.swiftpm/swift-sdks/swift-6.2-RELEASE_wasm.artifactbundle/swift-6.2-RELEASE_wasm/wasm32-unknown-wasip1/swift.xctoolchain/usr/lib/swift_static/CoreFoundation/CoreFoundation.h:28:
26 | #include <setjmp.h>
27 | #endif
28 | #include <signal.h>
| `- note: while building module 'wasi_emulated_signal' imported from /root/.swiftpm/swift-sdks/swift-6.2-RELEASE_wasm.artifactbundle/swift-6.2-RELEASE_wasm/wasm32-unknown-wasip1/swift.xctoolchain/usr/lib/swift_static/CoreFoundation/CoreFoundation.h:28:
29 | #include <stddef.h>
30 | #include <stdio.h>
<module-includes>:1:10: note: in file included from <module-includes>:1:
1 | #include "signal.h"
| `- note: in file included from <module-includes>:1:
2 |
/root/.swiftpm/swift-sdks/swift-6.2-RELEASE_wasm.artifactbundle/swift-6.2-RELEASE_wasm/wasm32-unknown-wasip1/WASI.sdk/include/wasm32-wasip1/signal.h:2:2: error: "wasm lacks signal support; to enable minimal signal emulation, compile with -D_WASI_EMULATED_SIGNAL and link with -lwasi-emulated-signal"
1 | #ifndef _WASI_EMULATED_SIGNAL
2 | #error "wasm lacks signal support; to enable minimal signal emulation, \
| `- error: "wasm lacks signal support; to enable minimal signal emulation, compile with -D_WASI_EMULATED_SIGNAL and link with -lwasi-emulated-signal"
3 | compile with -D_WASI_EMULATED_SIGNAL and link with -lwasi-emulated-signal"
4 | #else
<module-includes>:1:10: note: in file included from <module-includes>:1:
1 | #include "CoreFoundation.h"
| `- note: in file included from <module-includes>:1:
2 |
/root/.swiftpm/swift-sdks/swift-6.2-RELEASE_wasm.artifactbundle/swift-6.2-RELEASE_wasm/wasm32-unknown-wasip1/swift.xctoolchain/usr/lib/swift_static/CoreFoundation/CoreFoundation.h:28:10: error: could not build module 'wasi_emulated_signal'
26 | #include <setjmp.h>
27 | #endif
28 | #include <signal.h>
| `- error: could not build module 'wasi_emulated_signal'
29 | #include <stddef.h>
30 | #include <stdio.h>
/root/.swiftpm/swift-sdks/swift-6.2-RELEASE_wasm.artifactbundle/swift-6.2-RELEASE_wasm/wasm32-unknown-wasip1/swift.xctoolchain/usr/lib/swift_static/CoreFoundation/ForSwiftFoundationOnly.h:86:10: note: while building module 'wasi_emulated_mman' imported from /root/.swiftpm/swift-sdks/swift-6.2-RELEASE_wasm.artifactbundle/swift-6.2-RELEASE_wasm/wasm32-unknown-wasip1/swift.xctoolchain/usr/lib/swift_static/CoreFoundation/ForSwiftFoundationOnly.h:86:
84 | #undef _WASI_EMULATED_MMAN
85 | #define _WASI_EMULATED_MMAN
86 | #include <sys/mman.h>
| `- note: while building module 'wasi_emulated_mman' imported from /root/.swiftpm/swift-sdks/swift-6.2-RELEASE_wasm.artifactbundle/swift-6.2-RELEASE_wasm/wasm32-unknown-wasip1/swift.xctoolchain/usr/lib/swift_static/CoreFoundation/ForSwiftFoundationOnly.h:86:
87 | #elif TARGET_OS_LINUX
88 | #include <errno.h>
<module-includes>:1:10: note: in file included from <module-includes>:1:
1 | #include "sys/mman.h"
| `- note: in file included from <module-includes>:1:
2 |
/root/.swiftpm/swift-sdks/swift-6.2-RELEASE_wasm.artifactbundle/swift-6.2-RELEASE_wasm/wasm32-unknown-wasip1/WASI.sdk/include/wasm32-wasip1/sys/mman.h:2:2: error: "WASI lacks a true mmap; to enable minimal mmap emulation, compile with -D_WASI_EMULATED_MMAN and link with -lwasi-emulated-mman"
1 | #ifndef _WASI_EMULATED_MMAN
2 | #error "WASI lacks a true mmap; to enable minimal mmap emulation, \
| `- error: "WASI lacks a true mmap; to enable minimal mmap emulation, compile with -D_WASI_EMULATED_MMAN and link with -lwasi-emulated-mman"
3 | compile with -D_WASI_EMULATED_MMAN and link with -lwasi-emulated-mman"
4 | #else
/host/spi-builder-workspace/.build/checkouts/smithy-swift/Sources/SmithyJSON/Document+JSONUtils.swift:8:13: error: could not build C module 'CoreFoundation'
6 | //
7 |
8 | import func CoreFoundation.CFBooleanGetTypeID
| `- error: could not build C module 'CoreFoundation'
9 | import func CoreFoundation.CFGetTypeID
10 | import struct Foundation.Data
[521/1172] Compiling SmithyJSON NodeInfo.swift
/root/.swiftpm/swift-sdks/swift-6.2-RELEASE_wasm.artifactbundle/swift-6.2-RELEASE_wasm/wasm32-unknown-wasip1/swift.xctoolchain/usr/lib/swift_static/CoreFoundation/CoreFoundation.h:28:10: note: while building module 'wasi_emulated_signal' imported from /root/.swiftpm/swift-sdks/swift-6.2-RELEASE_wasm.artifactbundle/swift-6.2-RELEASE_wasm/wasm32-unknown-wasip1/swift.xctoolchain/usr/lib/swift_static/CoreFoundation/CoreFoundation.h:28:
26 | #include <setjmp.h>
27 | #endif
28 | #include <signal.h>
| `- note: while building module 'wasi_emulated_signal' imported from /root/.swiftpm/swift-sdks/swift-6.2-RELEASE_wasm.artifactbundle/swift-6.2-RELEASE_wasm/wasm32-unknown-wasip1/swift.xctoolchain/usr/lib/swift_static/CoreFoundation/CoreFoundation.h:28:
29 | #include <stddef.h>
30 | #include <stdio.h>
<module-includes>:1:10: note: in file included from <module-includes>:1:
1 | #include "signal.h"
| `- note: in file included from <module-includes>:1:
2 |
/root/.swiftpm/swift-sdks/swift-6.2-RELEASE_wasm.artifactbundle/swift-6.2-RELEASE_wasm/wasm32-unknown-wasip1/WASI.sdk/include/wasm32-wasip1/signal.h:2:2: error: "wasm lacks signal support; to enable minimal signal emulation, compile with -D_WASI_EMULATED_SIGNAL and link with -lwasi-emulated-signal"
1 | #ifndef _WASI_EMULATED_SIGNAL
2 | #error "wasm lacks signal support; to enable minimal signal emulation, \
| `- error: "wasm lacks signal support; to enable minimal signal emulation, compile with -D_WASI_EMULATED_SIGNAL and link with -lwasi-emulated-signal"
3 | compile with -D_WASI_EMULATED_SIGNAL and link with -lwasi-emulated-signal"
4 | #else
<module-includes>:1:10: note: in file included from <module-includes>:1:
1 | #include "CoreFoundation.h"
| `- note: in file included from <module-includes>:1:
2 |
/root/.swiftpm/swift-sdks/swift-6.2-RELEASE_wasm.artifactbundle/swift-6.2-RELEASE_wasm/wasm32-unknown-wasip1/swift.xctoolchain/usr/lib/swift_static/CoreFoundation/CoreFoundation.h:28:10: error: could not build module 'wasi_emulated_signal'
26 | #include <setjmp.h>
27 | #endif
28 | #include <signal.h>
| `- error: could not build module 'wasi_emulated_signal'
29 | #include <stddef.h>
30 | #include <stdio.h>
/root/.swiftpm/swift-sdks/swift-6.2-RELEASE_wasm.artifactbundle/swift-6.2-RELEASE_wasm/wasm32-unknown-wasip1/swift.xctoolchain/usr/lib/swift_static/CoreFoundation/ForSwiftFoundationOnly.h:86:10: note: while building module 'wasi_emulated_mman' imported from /root/.swiftpm/swift-sdks/swift-6.2-RELEASE_wasm.artifactbundle/swift-6.2-RELEASE_wasm/wasm32-unknown-wasip1/swift.xctoolchain/usr/lib/swift_static/CoreFoundation/ForSwiftFoundationOnly.h:86:
84 | #undef _WASI_EMULATED_MMAN
85 | #define _WASI_EMULATED_MMAN
86 | #include <sys/mman.h>
| `- note: while building module 'wasi_emulated_mman' imported from /root/.swiftpm/swift-sdks/swift-6.2-RELEASE_wasm.artifactbundle/swift-6.2-RELEASE_wasm/wasm32-unknown-wasip1/swift.xctoolchain/usr/lib/swift_static/CoreFoundation/ForSwiftFoundationOnly.h:86:
87 | #elif TARGET_OS_LINUX
88 | #include <errno.h>
<module-includes>:1:10: note: in file included from <module-includes>:1:
1 | #include "sys/mman.h"
| `- note: in file included from <module-includes>:1:
2 |
/root/.swiftpm/swift-sdks/swift-6.2-RELEASE_wasm.artifactbundle/swift-6.2-RELEASE_wasm/wasm32-unknown-wasip1/WASI.sdk/include/wasm32-wasip1/sys/mman.h:2:2: error: "WASI lacks a true mmap; to enable minimal mmap emulation, compile with -D_WASI_EMULATED_MMAN and link with -lwasi-emulated-mman"
1 | #ifndef _WASI_EMULATED_MMAN
2 | #error "WASI lacks a true mmap; to enable minimal mmap emulation, \
| `- error: "WASI lacks a true mmap; to enable minimal mmap emulation, compile with -D_WASI_EMULATED_MMAN and link with -lwasi-emulated-mman"
3 | compile with -D_WASI_EMULATED_MMAN and link with -lwasi-emulated-mman"
4 | #else
/host/spi-builder-workspace/.build/checkouts/smithy-swift/Sources/SmithyJSON/Document+JSONUtils.swift:8:13: error: could not build C module 'CoreFoundation'
6 | //
7 |
8 | import func CoreFoundation.CFBooleanGetTypeID
| `- error: could not build C module 'CoreFoundation'
9 | import func CoreFoundation.CFGetTypeID
10 | import struct Foundation.Data
[523/1172] Compiling SmithyXML Reader+libxml2.swift
<module-includes>:1:10: note: in file included from <module-includes>:1:
1 | #include "shim.h"
| `- note: in file included from <module-includes>:1:
2 |
/host/spi-builder-workspace/.build/checkouts/smithy-swift/Sources/libxml2/shim.h:4:9: note: in file included from /host/spi-builder-workspace/.build/checkouts/smithy-swift/Sources/libxml2/shim.h:4:
2 | #define LibXMLShim_h
3 |
4 | #import <libxml/xpath.h>
| `- note: in file included from /host/spi-builder-workspace/.build/checkouts/smithy-swift/Sources/libxml2/shim.h:4:
5 | #import <libxml/xpathInternals.h>
6 | #import <libxml/xmlerror.h>
/usr/include/libxml2/libxml/xpath.h:26:10: note: in file included from /usr/include/libxml2/libxml/xpath.h:26:
24 | #ifdef LIBXML_XPATH_ENABLED
25 |
26 | #include <libxml/xmlerror.h>
| `- note: in file included from /usr/include/libxml2/libxml/xpath.h:26:
27 | #include <libxml/tree.h>
28 | #include <libxml/hash.h>
/usr/include/libxml2/libxml/xmlerror.h:10:10: note: in file included from /usr/include/libxml2/libxml/xmlerror.h:10:
8 | */
9 |
10 | #include <libxml/parser.h>
| `- note: in file included from /usr/include/libxml2/libxml/xmlerror.h:10:
11 |
12 | #ifndef __XML_ERROR_H__
/usr/include/libxml2/libxml/parser.h:812:10: note: in file included from /usr/include/libxml2/libxml/parser.h:812:
810 | #endif
811 |
812 | #include <libxml/encoding.h>
| `- note: in file included from /usr/include/libxml2/libxml/parser.h:812:
813 | #include <libxml/xmlIO.h>
814 | #include <libxml/globals.h>
/usr/include/libxml2/libxml/encoding.h:31:10: error: 'unicode/ucnv.h' file not found
29 | #endif
30 | #ifdef LIBXML_ICU_ENABLED
31 | #include <unicode/ucnv.h>
| `- error: 'unicode/ucnv.h' file not found
32 | #endif
33 | #ifdef __cplusplus
/host/spi-builder-workspace/.build/checkouts/smithy-swift/Sources/SmithyXML/Reader/Reader+libxml2.swift:9:24: error: could not build C module 'libxml2'
7 |
8 | import struct Foundation.Data
9 | @preconcurrency import libxml2
| `- error: could not build C module 'libxml2'
10 | import struct SmithySerialization.ResponseDecodingError
11 |
error: emit-module command failed with exit code 1 (use -v to see invocation)
[524/1172] Emitting module SmithyXML
<module-includes>:1:10: note: in file included from <module-includes>:1:
1 | #include "shim.h"
| `- note: in file included from <module-includes>:1:
2 |
/host/spi-builder-workspace/.build/checkouts/smithy-swift/Sources/libxml2/shim.h:4:9: note: in file included from /host/spi-builder-workspace/.build/checkouts/smithy-swift/Sources/libxml2/shim.h:4:
2 | #define LibXMLShim_h
3 |
4 | #import <libxml/xpath.h>
| `- note: in file included from /host/spi-builder-workspace/.build/checkouts/smithy-swift/Sources/libxml2/shim.h:4:
5 | #import <libxml/xpathInternals.h>
6 | #import <libxml/xmlerror.h>
/usr/include/libxml2/libxml/xpath.h:26:10: note: in file included from /usr/include/libxml2/libxml/xpath.h:26:
24 | #ifdef LIBXML_XPATH_ENABLED
25 |
26 | #include <libxml/xmlerror.h>
| `- note: in file included from /usr/include/libxml2/libxml/xpath.h:26:
27 | #include <libxml/tree.h>
28 | #include <libxml/hash.h>
/usr/include/libxml2/libxml/xmlerror.h:10:10: note: in file included from /usr/include/libxml2/libxml/xmlerror.h:10:
8 | */
9 |
10 | #include <libxml/parser.h>
| `- note: in file included from /usr/include/libxml2/libxml/xmlerror.h:10:
11 |
12 | #ifndef __XML_ERROR_H__
/usr/include/libxml2/libxml/parser.h:812:10: note: in file included from /usr/include/libxml2/libxml/parser.h:812:
810 | #endif
811 |
812 | #include <libxml/encoding.h>
| `- note: in file included from /usr/include/libxml2/libxml/parser.h:812:
813 | #include <libxml/xmlIO.h>
814 | #include <libxml/globals.h>
/usr/include/libxml2/libxml/encoding.h:31:10: error: 'unicode/ucnv.h' file not found
29 | #endif
30 | #ifdef LIBXML_ICU_ENABLED
31 | #include <unicode/ucnv.h>
| `- error: 'unicode/ucnv.h' file not found
32 | #endif
33 | #ifdef __cplusplus
/host/spi-builder-workspace/.build/checkouts/smithy-swift/Sources/SmithyXML/Reader/Reader+libxml2.swift:9:24: error: could not build C module 'libxml2'
7 |
8 | import struct Foundation.Data
9 | @preconcurrency import libxml2
| `- error: could not build C module 'libxml2'
10 | import struct SmithySerialization.ResponseDecodingError
11 |
[525/1188] Compiling SmithyHTTPAPI Endpoint.swift
/root/.swiftpm/swift-sdks/swift-6.2-RELEASE_wasm.artifactbundle/swift-6.2-RELEASE_wasm/wasm32-unknown-wasip1/swift.xctoolchain/usr/lib/swift_static/CoreFoundation/CoreFoundation.h:28:10: note: while building module 'wasi_emulated_signal' imported from /root/.swiftpm/swift-sdks/swift-6.2-RELEASE_wasm.artifactbundle/swift-6.2-RELEASE_wasm/wasm32-unknown-wasip1/swift.xctoolchain/usr/lib/swift_static/CoreFoundation/CoreFoundation.h:28:
26 | #include <setjmp.h>
27 | #endif
28 | #include <signal.h>
| `- note: while building module 'wasi_emulated_signal' imported from /root/.swiftpm/swift-sdks/swift-6.2-RELEASE_wasm.artifactbundle/swift-6.2-RELEASE_wasm/wasm32-unknown-wasip1/swift.xctoolchain/usr/lib/swift_static/CoreFoundation/CoreFoundation.h:28:
29 | #include <stddef.h>
30 | #include <stdio.h>
<module-includes>:1:10: note: in file included from <module-includes>:1:
1 | #include "signal.h"
| `- note: in file included from <module-includes>:1:
2 |
/root/.swiftpm/swift-sdks/swift-6.2-RELEASE_wasm.artifactbundle/swift-6.2-RELEASE_wasm/wasm32-unknown-wasip1/WASI.sdk/include/wasm32-wasip1/signal.h:2:2: error: "wasm lacks signal support; to enable minimal signal emulation, compile with -D_WASI_EMULATED_SIGNAL and link with -lwasi-emulated-signal"
1 | #ifndef _WASI_EMULATED_SIGNAL
2 | #error "wasm lacks signal support; to enable minimal signal emulation, \
| `- error: "wasm lacks signal support; to enable minimal signal emulation, compile with -D_WASI_EMULATED_SIGNAL and link with -lwasi-emulated-signal"
3 | compile with -D_WASI_EMULATED_SIGNAL and link with -lwasi-emulated-signal"
4 | #else
<module-includes>:1:10: note: in file included from <module-includes>:1:
1 | #include "CoreFoundation.h"
| `- note: in file included from <module-includes>:1:
2 |
/root/.swiftpm/swift-sdks/swift-6.2-RELEASE_wasm.artifactbundle/swift-6.2-RELEASE_wasm/wasm32-unknown-wasip1/swift.xctoolchain/usr/lib/swift_static/CoreFoundation/CoreFoundation.h:28:10: error: could not build module 'wasi_emulated_signal'
26 | #include <setjmp.h>
27 | #endif
28 | #include <signal.h>
| `- error: could not build module 'wasi_emulated_signal'
29 | #include <stddef.h>
30 | #include <stdio.h>
/root/.swiftpm/swift-sdks/swift-6.2-RELEASE_wasm.artifactbundle/swift-6.2-RELEASE_wasm/wasm32-unknown-wasip1/swift.xctoolchain/usr/lib/swift_static/CoreFoundation/ForSwiftFoundationOnly.h:86:10: note: while building module 'wasi_emulated_mman' imported from /root/.swiftpm/swift-sdks/swift-6.2-RELEASE_wasm.artifactbundle/swift-6.2-RELEASE_wasm/wasm32-unknown-wasip1/swift.xctoolchain/usr/lib/swift_static/CoreFoundation/ForSwiftFoundationOnly.h:86:
84 | #undef _WASI_EMULATED_MMAN
85 | #define _WASI_EMULATED_MMAN
86 | #include <sys/mman.h>
| `- note: while building module 'wasi_emulated_mman' imported from /root/.swiftpm/swift-sdks/swift-6.2-RELEASE_wasm.artifactbundle/swift-6.2-RELEASE_wasm/wasm32-unknown-wasip1/swift.xctoolchain/usr/lib/swift_static/CoreFoundation/ForSwiftFoundationOnly.h:86:
87 | #elif TARGET_OS_LINUX
88 | #include <errno.h>
<module-includes>:1:10: note: in file included from <module-includes>:1:
1 | #include "sys/mman.h"
| `- note: in file included from <module-includes>:1:
2 |
/root/.swiftpm/swift-sdks/swift-6.2-RELEASE_wasm.artifactbundle/swift-6.2-RELEASE_wasm/wasm32-unknown-wasip1/WASI.sdk/include/wasm32-wasip1/sys/mman.h:2:2: error: "WASI lacks a true mmap; to enable minimal mmap emulation, compile with -D_WASI_EMULATED_MMAN and link with -lwasi-emulated-mman"
1 | #ifndef _WASI_EMULATED_MMAN
2 | #error "WASI lacks a true mmap; to enable minimal mmap emulation, \
| `- error: "WASI lacks a true mmap; to enable minimal mmap emulation, compile with -D_WASI_EMULATED_MMAN and link with -lwasi-emulated-mman"
3 | compile with -D_WASI_EMULATED_MMAN and link with -lwasi-emulated-mman"
4 | #else
/host/spi-builder-workspace/.build/checkouts/smithy-swift/Sources/SmithyJSON/Document+JSONUtils.swift:8:13: error: could not build C module 'CoreFoundation'
6 | //
7 |
8 | import func CoreFoundation.CFBooleanGetTypeID
| `- error: could not build C module 'CoreFoundation'
9 | import func CoreFoundation.CFGetTypeID
10 | import struct Foundation.Data
[526/1188] Compiling SmithyHTTPAPI HTTPClientError.swift
/root/.swiftpm/swift-sdks/swift-6.2-RELEASE_wasm.artifactbundle/swift-6.2-RELEASE_wasm/wasm32-unknown-wasip1/swift.xctoolchain/usr/lib/swift_static/CoreFoundation/CoreFoundation.h:28:10: note: while building module 'wasi_emulated_signal' imported from /root/.swiftpm/swift-sdks/swift-6.2-RELEASE_wasm.artifactbundle/swift-6.2-RELEASE_wasm/wasm32-unknown-wasip1/swift.xctoolchain/usr/lib/swift_static/CoreFoundation/CoreFoundation.h:28:
26 | #include <setjmp.h>
27 | #endif
28 | #include <signal.h>
| `- note: while building module 'wasi_emulated_signal' imported from /root/.swiftpm/swift-sdks/swift-6.2-RELEASE_wasm.artifactbundle/swift-6.2-RELEASE_wasm/wasm32-unknown-wasip1/swift.xctoolchain/usr/lib/swift_static/CoreFoundation/CoreFoundation.h:28:
29 | #include <stddef.h>
30 | #include <stdio.h>
<module-includes>:1:10: note: in file included from <module-includes>:1:
1 | #include "signal.h"
| `- note: in file included from <module-includes>:1:
2 |
/root/.swiftpm/swift-sdks/swift-6.2-RELEASE_wasm.artifactbundle/swift-6.2-RELEASE_wasm/wasm32-unknown-wasip1/WASI.sdk/include/wasm32-wasip1/signal.h:2:2: error: "wasm lacks signal support; to enable minimal signal emulation, compile with -D_WASI_EMULATED_SIGNAL and link with -lwasi-emulated-signal"
1 | #ifndef _WASI_EMULATED_SIGNAL
2 | #error "wasm lacks signal support; to enable minimal signal emulation, \
| `- error: "wasm lacks signal support; to enable minimal signal emulation, compile with -D_WASI_EMULATED_SIGNAL and link with -lwasi-emulated-signal"
3 | compile with -D_WASI_EMULATED_SIGNAL and link with -lwasi-emulated-signal"
4 | #else
<module-includes>:1:10: note: in file included from <module-includes>:1:
1 | #include "CoreFoundation.h"
| `- note: in file included from <module-includes>:1:
2 |
/root/.swiftpm/swift-sdks/swift-6.2-RELEASE_wasm.artifactbundle/swift-6.2-RELEASE_wasm/wasm32-unknown-wasip1/swift.xctoolchain/usr/lib/swift_static/CoreFoundation/CoreFoundation.h:28:10: error: could not build module 'wasi_emulated_signal'
26 | #include <setjmp.h>
27 | #endif
28 | #include <signal.h>
| `- error: could not build module 'wasi_emulated_signal'
29 | #include <stddef.h>
30 | #include <stdio.h>
/root/.swiftpm/swift-sdks/swift-6.2-RELEASE_wasm.artifactbundle/swift-6.2-RELEASE_wasm/wasm32-unknown-wasip1/swift.xctoolchain/usr/lib/swift_static/CoreFoundation/ForSwiftFoundationOnly.h:86:10: note: while building module 'wasi_emulated_mman' imported from /root/.swiftpm/swift-sdks/swift-6.2-RELEASE_wasm.artifactbundle/swift-6.2-RELEASE_wasm/wasm32-unknown-wasip1/swift.xctoolchain/usr/lib/swift_static/CoreFoundation/ForSwiftFoundationOnly.h:86:
84 | #undef _WASI_EMULATED_MMAN
85 | #define _WASI_EMULATED_MMAN
86 | #include <sys/mman.h>
| `- note: while building module 'wasi_emulated_mman' imported from /root/.swiftpm/swift-sdks/swift-6.2-RELEASE_wasm.artifactbundle/swift-6.2-RELEASE_wasm/wasm32-unknown-wasip1/swift.xctoolchain/usr/lib/swift_static/CoreFoundation/ForSwiftFoundationOnly.h:86:
87 | #elif TARGET_OS_LINUX
88 | #include <errno.h>
<module-includes>:1:10: note: in file included from <module-includes>:1:
1 | #include "sys/mman.h"
| `- note: in file included from <module-includes>:1:
2 |
/root/.swiftpm/swift-sdks/swift-6.2-RELEASE_wasm.artifactbundle/swift-6.2-RELEASE_wasm/wasm32-unknown-wasip1/WASI.sdk/include/wasm32-wasip1/sys/mman.h:2:2: error: "WASI lacks a true mmap; to enable minimal mmap emulation, compile with -D_WASI_EMULATED_MMAN and link with -lwasi-emulated-mman"
1 | #ifndef _WASI_EMULATED_MMAN
2 | #error "WASI lacks a true mmap; to enable minimal mmap emulation, \
| `- error: "WASI lacks a true mmap; to enable minimal mmap emulation, compile with -D_WASI_EMULATED_MMAN and link with -lwasi-emulated-mman"
3 | compile with -D_WASI_EMULATED_MMAN and link with -lwasi-emulated-mman"
4 | #else
/host/spi-builder-workspace/.build/checkouts/smithy-swift/Sources/SmithyJSON/Document+JSONUtils.swift:8:13: error: could not build C module 'CoreFoundation'
6 | //
7 |
8 | import func CoreFoundation.CFBooleanGetTypeID
| `- error: could not build C module 'CoreFoundation'
9 | import func CoreFoundation.CFGetTypeID
10 | import struct Foundation.Data
[527/1188] Compiling SmithyXML Writer+libxml2.swift
<module-includes>:1:10: note: in file included from <module-includes>:1:
1 | #include "shim.h"
| `- note: in file included from <module-includes>:1:
2 |
/host/spi-builder-workspace/.build/checkouts/smithy-swift/Sources/libxml2/shim.h:4:9: note: in file included from /host/spi-builder-workspace/.build/checkouts/smithy-swift/Sources/libxml2/shim.h:4:
2 | #define LibXMLShim_h
3 |
4 | #import <libxml/xpath.h>
| `- note: in file included from /host/spi-builder-workspace/.build/checkouts/smithy-swift/Sources/libxml2/shim.h:4:
5 | #import <libxml/xpathInternals.h>
6 | #import <libxml/xmlerror.h>
/usr/include/libxml2/libxml/xpath.h:26:10: note: in file included from /usr/include/libxml2/libxml/xpath.h:26:
24 | #ifdef LIBXML_XPATH_ENABLED
25 |
26 | #include <libxml/xmlerror.h>
| `- note: in file included from /usr/include/libxml2/libxml/xpath.h:26:
27 | #include <libxml/tree.h>
28 | #include <libxml/hash.h>
/usr/include/libxml2/libxml/xmlerror.h:10:10: note: in file included from /usr/include/libxml2/libxml/xmlerror.h:10:
8 | */
9 |
10 | #include <libxml/parser.h>
| `- note: in file included from /usr/include/libxml2/libxml/xmlerror.h:10:
11 |
12 | #ifndef __XML_ERROR_H__
/usr/include/libxml2/libxml/parser.h:812:10: note: in file included from /usr/include/libxml2/libxml/parser.h:812:
810 | #endif
811 |
812 | #include <libxml/encoding.h>
| `- note: in file included from /usr/include/libxml2/libxml/parser.h:812:
813 | #include <libxml/xmlIO.h>
814 | #include <libxml/globals.h>
/usr/include/libxml2/libxml/encoding.h:31:10: error: 'unicode/ucnv.h' file not found
29 | #endif
30 | #ifdef LIBXML_ICU_ENABLED
31 | #include <unicode/ucnv.h>
| `- error: 'unicode/ucnv.h' file not found
32 | #endif
33 | #ifdef __cplusplus
/host/spi-builder-workspace/.build/checkouts/smithy-swift/Sources/SmithyXML/Reader/Reader+libxml2.swift:9:24: error: could not build C module 'libxml2'
7 |
8 | import struct Foundation.Data
9 | @preconcurrency import libxml2
| `- error: could not build C module 'libxml2'
10 | import struct SmithySerialization.ResponseDecodingError
11 |
[528/1188] Compiling SmithyXML Reader.swift
<module-includes>:1:10: note: in file included from <module-includes>:1:
1 | #include "shim.h"
| `- note: in file included from <module-includes>:1:
2 |
/host/spi-builder-workspace/.build/checkouts/smithy-swift/Sources/libxml2/shim.h:4:9: note: in file included from /host/spi-builder-workspace/.build/checkouts/smithy-swift/Sources/libxml2/shim.h:4:
2 | #define LibXMLShim_h
3 |
4 | #import <libxml/xpath.h>
| `- note: in file included from /host/spi-builder-workspace/.build/checkouts/smithy-swift/Sources/libxml2/shim.h:4:
5 | #import <libxml/xpathInternals.h>
6 | #import <libxml/xmlerror.h>
/usr/include/libxml2/libxml/xpath.h:26:10: note: in file included from /usr/include/libxml2/libxml/xpath.h:26:
24 | #ifdef LIBXML_XPATH_ENABLED
25 |
26 | #include <libxml/xmlerror.h>
| `- note: in file included from /usr/include/libxml2/libxml/xpath.h:26:
27 | #include <libxml/tree.h>
28 | #include <libxml/hash.h>
/usr/include/libxml2/libxml/xmlerror.h:10:10: note: in file included from /usr/include/libxml2/libxml/xmlerror.h:10:
8 | */
9 |
10 | #include <libxml/parser.h>
| `- note: in file included from /usr/include/libxml2/libxml/xmlerror.h:10:
11 |
12 | #ifndef __XML_ERROR_H__
/usr/include/libxml2/libxml/parser.h:812:10: note: in file included from /usr/include/libxml2/libxml/parser.h:812:
810 | #endif
811 |
812 | #include <libxml/encoding.h>
| `- note: in file included from /usr/include/libxml2/libxml/parser.h:812:
813 | #include <libxml/xmlIO.h>
814 | #include <libxml/globals.h>
/usr/include/libxml2/libxml/encoding.h:31:10: error: 'unicode/ucnv.h' file not found
29 | #endif
30 | #ifdef LIBXML_ICU_ENABLED
31 | #include <unicode/ucnv.h>
| `- error: 'unicode/ucnv.h' file not found
32 | #endif
33 | #ifdef __cplusplus
/host/spi-builder-workspace/.build/checkouts/smithy-swift/Sources/SmithyXML/Reader/Reader+libxml2.swift:9:24: error: could not build C module 'libxml2'
7 |
8 | import struct Foundation.Data
9 | @preconcurrency import libxml2
| `- error: could not build C module 'libxml2'
10 | import struct SmithySerialization.ResponseDecodingError
11 |
[529/1188] Compiling SmithyXML NodeInfo.swift
<module-includes>:1:10: note: in file included from <module-includes>:1:
1 | #include "shim.h"
| `- note: in file included from <module-includes>:1:
2 |
/host/spi-builder-workspace/.build/checkouts/smithy-swift/Sources/libxml2/shim.h:4:9: note: in file included from /host/spi-builder-workspace/.build/checkouts/smithy-swift/Sources/libxml2/shim.h:4:
2 | #define LibXMLShim_h
3 |
4 | #import <libxml/xpath.h>
| `- note: in file included from /host/spi-builder-workspace/.build/checkouts/smithy-swift/Sources/libxml2/shim.h:4:
5 | #import <libxml/xpathInternals.h>
6 | #import <libxml/xmlerror.h>
/usr/include/libxml2/libxml/xpath.h:26:10: note: in file included from /usr/include/libxml2/libxml/xpath.h:26:
24 | #ifdef LIBXML_XPATH_ENABLED
25 |
26 | #include <libxml/xmlerror.h>
| `- note: in file included from /usr/include/libxml2/libxml/xpath.h:26:
27 | #include <libxml/tree.h>
28 | #include <libxml/hash.h>
/usr/include/libxml2/libxml/xmlerror.h:10:10: note: in file included from /usr/include/libxml2/libxml/xmlerror.h:10:
8 | */
9 |
10 | #include <libxml/parser.h>
| `- note: in file included from /usr/include/libxml2/libxml/xmlerror.h:10:
11 |
12 | #ifndef __XML_ERROR_H__
/usr/include/libxml2/libxml/parser.h:812:10: note: in file included from /usr/include/libxml2/libxml/parser.h:812:
810 | #endif
811 |
812 | #include <libxml/encoding.h>
| `- note: in file included from /usr/include/libxml2/libxml/parser.h:812:
813 | #include <libxml/xmlIO.h>
814 | #include <libxml/globals.h>
/usr/include/libxml2/libxml/encoding.h:31:10: error: 'unicode/ucnv.h' file not found
29 | #endif
30 | #ifdef LIBXML_ICU_ENABLED
31 | #include <unicode/ucnv.h>
| `- error: 'unicode/ucnv.h' file not found
32 | #endif
33 | #ifdef __cplusplus
/host/spi-builder-workspace/.build/checkouts/smithy-swift/Sources/SmithyXML/Reader/Reader+libxml2.swift:9:24: error: could not build C module 'libxml2'
7 |
8 | import struct Foundation.Data
9 | @preconcurrency import libxml2
| `- error: could not build C module 'libxml2'
10 | import struct SmithySerialization.ResponseDecodingError
11 |
[530/1188] Compiling SmithyJSON Writer.swift
/root/.swiftpm/swift-sdks/swift-6.2-RELEASE_wasm.artifactbundle/swift-6.2-RELEASE_wasm/wasm32-unknown-wasip1/swift.xctoolchain/usr/lib/swift_static/CoreFoundation/CoreFoundation.h:28:10: note: while building module 'wasi_emulated_signal' imported from /root/.swiftpm/swift-sdks/swift-6.2-RELEASE_wasm.artifactbundle/swift-6.2-RELEASE_wasm/wasm32-unknown-wasip1/swift.xctoolchain/usr/lib/swift_static/CoreFoundation/CoreFoundation.h:28:
26 | #include <setjmp.h>
27 | #endif
28 | #include <signal.h>
| `- note: while building module 'wasi_emulated_signal' imported from /root/.swiftpm/swift-sdks/swift-6.2-RELEASE_wasm.artifactbundle/swift-6.2-RELEASE_wasm/wasm32-unknown-wasip1/swift.xctoolchain/usr/lib/swift_static/CoreFoundation/CoreFoundation.h:28:
29 | #include <stddef.h>
30 | #include <stdio.h>
<module-includes>:1:10: note: in file included from <module-includes>:1:
1 | #include "signal.h"
| `- note: in file included from <module-includes>:1:
2 |
/root/.swiftpm/swift-sdks/swift-6.2-RELEASE_wasm.artifactbundle/swift-6.2-RELEASE_wasm/wasm32-unknown-wasip1/WASI.sdk/include/wasm32-wasip1/signal.h:2:2: error: "wasm lacks signal support; to enable minimal signal emulation, compile with -D_WASI_EMULATED_SIGNAL and link with -lwasi-emulated-signal"
1 | #ifndef _WASI_EMULATED_SIGNAL
2 | #error "wasm lacks signal support; to enable minimal signal emulation, \
| `- error: "wasm lacks signal support; to enable minimal signal emulation, compile with -D_WASI_EMULATED_SIGNAL and link with -lwasi-emulated-signal"
3 | compile with -D_WASI_EMULATED_SIGNAL and link with -lwasi-emulated-signal"
4 | #else
<module-includes>:1:10: note: in file included from <module-includes>:1:
1 | #include "CoreFoundation.h"
| `- note: in file included from <module-includes>:1:
2 |
/root/.swiftpm/swift-sdks/swift-6.2-RELEASE_wasm.artifactbundle/swift-6.2-RELEASE_wasm/wasm32-unknown-wasip1/swift.xctoolchain/usr/lib/swift_static/CoreFoundation/CoreFoundation.h:28:10: error: could not build module 'wasi_emulated_signal'
26 | #include <setjmp.h>
27 | #endif
28 | #include <signal.h>
| `- error: could not build module 'wasi_emulated_signal'
29 | #include <stddef.h>
30 | #include <stdio.h>
/root/.swiftpm/swift-sdks/swift-6.2-RELEASE_wasm.artifactbundle/swift-6.2-RELEASE_wasm/wasm32-unknown-wasip1/swift.xctoolchain/usr/lib/swift_static/CoreFoundation/ForSwiftFoundationOnly.h:86:10: note: while building module 'wasi_emulated_mman' imported from /root/.swiftpm/swift-sdks/swift-6.2-RELEASE_wasm.artifactbundle/swift-6.2-RELEASE_wasm/wasm32-unknown-wasip1/swift.xctoolchain/usr/lib/swift_static/CoreFoundation/ForSwiftFoundationOnly.h:86:
84 | #undef _WASI_EMULATED_MMAN
85 | #define _WASI_EMULATED_MMAN
86 | #include <sys/mman.h>
| `- note: while building module 'wasi_emulated_mman' imported from /root/.swiftpm/swift-sdks/swift-6.2-RELEASE_wasm.artifactbundle/swift-6.2-RELEASE_wasm/wasm32-unknown-wasip1/swift.xctoolchain/usr/lib/swift_static/CoreFoundation/ForSwiftFoundationOnly.h:86:
87 | #elif TARGET_OS_LINUX
88 | #include <errno.h>
<module-includes>:1:10: note: in file included from <module-includes>:1:
1 | #include "sys/mman.h"
| `- note: in file included from <module-includes>:1:
2 |
/root/.swiftpm/swift-sdks/swift-6.2-RELEASE_wasm.artifactbundle/swift-6.2-RELEASE_wasm/wasm32-unknown-wasip1/WASI.sdk/include/wasm32-wasip1/sys/mman.h:2:2: error: "WASI lacks a true mmap; to enable minimal mmap emulation, compile with -D_WASI_EMULATED_MMAN and link with -lwasi-emulated-mman"
1 | #ifndef _WASI_EMULATED_MMAN
2 | #error "WASI lacks a true mmap; to enable minimal mmap emulation, \
| `- error: "WASI lacks a true mmap; to enable minimal mmap emulation, compile with -D_WASI_EMULATED_MMAN and link with -lwasi-emulated-mman"
3 | compile with -D_WASI_EMULATED_MMAN and link with -lwasi-emulated-mman"
4 | #else
/host/spi-builder-workspace/.build/checkouts/smithy-swift/Sources/SmithyJSON/Document+JSONUtils.swift:8:13: error: could not build C module 'CoreFoundation'
6 | //
7 |
8 | import func CoreFoundation.CFBooleanGetTypeID
| `- error: could not build C module 'CoreFoundation'
9 | import func CoreFoundation.CFGetTypeID
10 | import struct Foundation.Data
[530/1188] Compiling ssl_x509.cc
[530/1188] Compiling ssl_transcript.cc
error: emit-module command failed with exit code 1 (use -v to see invocation)
[531/1188] Emitting module SmithyJSON
/root/.swiftpm/swift-sdks/swift-6.2-RELEASE_wasm.artifactbundle/swift-6.2-RELEASE_wasm/wasm32-unknown-wasip1/swift.xctoolchain/usr/lib/swift_static/CoreFoundation/CoreFoundation.h:28:10: note: while building module 'wasi_emulated_signal' imported from /root/.swiftpm/swift-sdks/swift-6.2-RELEASE_wasm.artifactbundle/swift-6.2-RELEASE_wasm/wasm32-unknown-wasip1/swift.xctoolchain/usr/lib/swift_static/CoreFoundation/CoreFoundation.h:28:
26 | #include <setjmp.h>
27 | #endif
28 | #include <signal.h>
| `- note: while building module 'wasi_emulated_signal' imported from /root/.swiftpm/swift-sdks/swift-6.2-RELEASE_wasm.artifactbundle/swift-6.2-RELEASE_wasm/wasm32-unknown-wasip1/swift.xctoolchain/usr/lib/swift_static/CoreFoundation/CoreFoundation.h:28:
29 | #include <stddef.h>
30 | #include <stdio.h>
<module-includes>:1:10: note: in file included from <module-includes>:1:
1 | #include "signal.h"
| `- note: in file included from <module-includes>:1:
2 |
/root/.swiftpm/swift-sdks/swift-6.2-RELEASE_wasm.artifactbundle/swift-6.2-RELEASE_wasm/wasm32-unknown-wasip1/WASI.sdk/include/wasm32-wasip1/signal.h:2:2: error: "wasm lacks signal support; to enable minimal signal emulation, compile with -D_WASI_EMULATED_SIGNAL and link with -lwasi-emulated-signal"
1 | #ifndef _WASI_EMULATED_SIGNAL
2 | #error "wasm lacks signal support; to enable minimal signal emulation, \
| `- error: "wasm lacks signal support; to enable minimal signal emulation, compile with -D_WASI_EMULATED_SIGNAL and link with -lwasi-emulated-signal"
3 | compile with -D_WASI_EMULATED_SIGNAL and link with -lwasi-emulated-signal"
4 | #else
<module-includes>:1:10: note: in file included from <module-includes>:1:
1 | #include "CoreFoundation.h"
| `- note: in file included from <module-includes>:1:
2 |
/root/.swiftpm/swift-sdks/swift-6.2-RELEASE_wasm.artifactbundle/swift-6.2-RELEASE_wasm/wasm32-unknown-wasip1/swift.xctoolchain/usr/lib/swift_static/CoreFoundation/CoreFoundation.h:28:10: error: could not build module 'wasi_emulated_signal'
26 | #include <setjmp.h>
27 | #endif
28 | #include <signal.h>
| `- error: could not build module 'wasi_emulated_signal'
29 | #include <stddef.h>
30 | #include <stdio.h>
/root/.swiftpm/swift-sdks/swift-6.2-RELEASE_wasm.artifactbundle/swift-6.2-RELEASE_wasm/wasm32-unknown-wasip1/swift.xctoolchain/usr/lib/swift_static/CoreFoundation/ForSwiftFoundationOnly.h:86:10: note: while building module 'wasi_emulated_mman' imported from /root/.swiftpm/swift-sdks/swift-6.2-RELEASE_wasm.artifactbundle/swift-6.2-RELEASE_wasm/wasm32-unknown-wasip1/swift.xctoolchain/usr/lib/swift_static/CoreFoundation/ForSwiftFoundationOnly.h:86:
84 | #undef _WASI_EMULATED_MMAN
85 | #define _WASI_EMULATED_MMAN
86 | #include <sys/mman.h>
| `- note: while building module 'wasi_emulated_mman' imported from /root/.swiftpm/swift-sdks/swift-6.2-RELEASE_wasm.artifactbundle/swift-6.2-RELEASE_wasm/wasm32-unknown-wasip1/swift.xctoolchain/usr/lib/swift_static/CoreFoundation/ForSwiftFoundationOnly.h:86:
87 | #elif TARGET_OS_LINUX
88 | #include <errno.h>
<module-includes>:1:10: note: in file included from <module-includes>:1:
1 | #include "sys/mman.h"
| `- note: in file included from <module-includes>:1:
2 |
/root/.swiftpm/swift-sdks/swift-6.2-RELEASE_wasm.artifactbundle/swift-6.2-RELEASE_wasm/wasm32-unknown-wasip1/WASI.sdk/include/wasm32-wasip1/sys/mman.h:2:2: error: "WASI lacks a true mmap; to enable minimal mmap emulation, compile with -D_WASI_EMULATED_MMAN and link with -lwasi-emulated-mman"
1 | #ifndef _WASI_EMULATED_MMAN
2 | #error "WASI lacks a true mmap; to enable minimal mmap emulation, \
| `- error: "WASI lacks a true mmap; to enable minimal mmap emulation, compile with -D_WASI_EMULATED_MMAN and link with -lwasi-emulated-mman"
3 | compile with -D_WASI_EMULATED_MMAN and link with -lwasi-emulated-mman"
4 | #else
/host/spi-builder-workspace/.build/checkouts/smithy-swift/Sources/SmithyJSON/Document+JSONUtils.swift:8:13: error: could not build C module 'CoreFoundation'
6 | //
7 |
8 | import func CoreFoundation.CFBooleanGetTypeID
| `- error: could not build C module 'CoreFoundation'
9 | import func CoreFoundation.CFGetTypeID
10 | import struct Foundation.Data
[531/1188] Compiling ssl_versions.cc
[531/1188] Compiling ssl_stat.cc
BUILD FAILURE 6.2 wasm