The Swift Package Index logo.Swift Package Index

Build Information

Failed to build capstone, reference 6.0.101 (87df94), with Swift 6.1 for watchOS using Xcode 16.3 on 18 Oct 2026 14:39:41 UTC.

Build Command

No build command. This typically means the build failed at an early stage where we determine the build command.

Build Log

========================================
RunAll
========================================
Builder version: 5.1.3
Interrupt handler set up.
========================================
Checkout
========================================
Clone URL: https://github.com/MxIris-Reverse-Engineering/capstone.git
Reference: 6.0.101
Initialized empty Git repository in /Users/admin/builder/spi-builder-workspace/.git/
From https://github.com/MxIris-Reverse-Engineering/capstone
 * tag               6.0.101    -> FETCH_HEAD
HEAD is now at 87df94a fix: keep customized mnemonics from cutting into aliases
Cloned https://github.com/MxIris-Reverse-Engineering/capstone.git
Revision (git rev-parse @):
87df94a0f31c0bb07b7513d6c923927b5d81d790
SUCCESS checkout https://github.com/MxIris-Reverse-Engineering/capstone.git at 6.0.101
========================================
Build
========================================
Selected platform:         watchOS
Swift version:             6.1
Building package at path:  $PWD
https://github.com/MxIris-Reverse-Engineering/capstone.git
https://github.com/MxIris-Reverse-Engineering/capstone.git
error: 'spi-builder-workspace': package 'spi-builder-workspace' is using Swift tools version 6.2.0 but the installed version is 6.1.0
error: fatalError
Command line invocation:
    /Applications/Xcode-16.3.0.app/Contents/Developer/usr/bin/xcodebuild -IDEClonedSourcePackagesDirPathOverride=/Users/admin/builder/spi-builder-workspace/.dependencies -resolvePackageDependencies
Resolve Package Graph
package 'spi-builder-workspace' is using Swift tools version 6.2.0 but the installed version is 6.1.0
Resolved source packages:
  spi-builder-workspace: (null)
2026-10-18 07:39:40.466 xcodebuild[507:2905] Writing error result bundle to /var/folders/5k/5yc19ymj0jqd5v0zvgfqz0xw0000gn/T/ResultBundle_2026-18-10_07-39-0040.xcresult
xcodebuild: error: Could not resolve package dependencies:
  package 'spi-builder-workspace' is using Swift tools version 6.2.0 but the installed version is 6.1.0
Command line invocation:
    /Applications/Xcode-16.3.0.app/Contents/Developer/usr/bin/xcodebuild -IDEClonedSourcePackagesDirPathOverride=/Users/admin/builder/spi-builder-workspace/.dependencies -resolvePackageDependencies
Resolve Package Graph
package 'spi-builder-workspace' is using Swift tools version 6.2.0 but the installed version is 6.1.0
Resolved source packages:
  spi-builder-workspace: (null)
2026-10-18 07:39:41.509 xcodebuild[535:3084] Writing error result bundle to /var/folders/5k/5yc19ymj0jqd5v0zvgfqz0xw0000gn/T/ResultBundle_2026-18-10_07-39-0041.xcresult
xcodebuild: error: Could not resolve package dependencies:
  package 'spi-builder-workspace' is using Swift tools version 6.2.0 but the installed version is 6.1.0
BUILD FAILURE 6.1 watchOS