Build Information
Failed to build RVS_IPAddress, reference 1.2.8 (6fdcf1), with Swift 6.4 for macOS (Xcode) using Xcode 27.0 on 18 Sep 2026 13:15:08 UTC.
Build Command
env DEVELOPER_DIR=/Applications/Xcode-27.0.0-Release.Candidate.app xcrun xcodebuild -IDEClonedSourcePackagesDirPathOverride=$PWD/.dependencies -skipMacroValidation -skipPackagePluginValidation -derivedDataPath $PWD/.derivedData build -scheme RVS_IPAddress -destination platform=macOS,arch=arm64Build Log
========================================
RunAll
========================================
Builder version: 5.1.0
Interrupt handler set up.
========================================
Checkout
========================================
Clone URL: https://github.com/RiftValleySoftware/RVS_IPAddress.git
Reference: 1.2.8
Initialized empty Git repository in /Users/admin/builder/spi-builder-workspace/.git/
From https://github.com/RiftValleySoftware/RVS_IPAddress
* tag 1.2.8 -> FETCH_HEAD
HEAD is now at 6fdcf18 Just updated the tools. No other changes.
Cloned https://github.com/RiftValleySoftware/RVS_IPAddress.git
Revision (git rev-parse @):
6fdcf182a29d08d2ffab2282d2ab52d3051b90de
SUCCESS checkout https://github.com/RiftValleySoftware/RVS_IPAddress.git at 1.2.8
========================================
Build
========================================
Selected platform: macosXcodebuild
Swift version: 6.4
Building package at path: $PWD
https://github.com/RiftValleySoftware/RVS_IPAddress.git
Command line invocation:
/Applications/Xcode-27.0.0-Release.Candidate.app/Contents/Developer/usr/bin/xcodebuild -IDEClonedSourcePackagesDirPathOverride=/Users/admin/builder/spi-builder-workspace/.dependencies -resolvePackageDependencies
resolved source packages:
{
"dependencies" : [
],
"manifest_display_name" : "RVS_IPAddress",
"name" : "RVS_IPAddress",
"path" : "/Users/admin/builder/spi-builder-workspace",
"platforms" : [
{
"name" : "ios",
"version" : "11.0"
},
{
"name" : "tvos",
"version" : "11.0"
},
{
"name" : "macos",
"version" : "10.14"
},
{
"name" : "watchos",
"version" : "5.0"
}
],
"products" : [
{
"name" : "RVS-IPAddress",
"targets" : [
"RVS_IPAddress"
],
"type" : {
"library" : [
"automatic"
]
}
}
],
"targets" : [
{
"c99name" : "RVS_IPAddress",
"module_type" : "SwiftTarget",
"name" : "RVS_IPAddress",
"path" : "Sources/RVS_IPAddress",
"product_memberships" : [
"RVS-IPAddress"
],
"sources" : [
"RVS_IPAddress.swift"
],
"type" : "library"
},
{
"c99name" : "RVS_IPAddressTest",
"module_type" : "SwiftTarget",
"name" : "RVS-IPAddressTest",
"path" : "Tests/RVS_IPAddressTest",
"sources" : [
"RVS_IPAddress_Test.swift"
],
"target_dependencies" : [
"RVS_IPAddress"
],
"type" : "test"
}
],
"tools_version" : "5.5"
}
{
"project" : {
"configurations" : [
"Debug",
"Release"
],
"name" : "RVS_IPAddress",
"schemes" : [
"RVS_IPAddress"
],
"targets" : [
"RVS_IPAddress",
"RVS_IPAddressTests"
]
}
}
Running build ...
env DEVELOPER_DIR=/Applications/Xcode-27.0.0-Release.Candidate.app xcrun xcodebuild -IDEClonedSourcePackagesDirPathOverride=$PWD/.dependencies -skipMacroValidation -skipPackagePluginValidation -derivedDataPath $PWD/.derivedData build -scheme RVS_IPAddress -destination platform=macOS,arch=arm64
Command line invocation:
/Applications/Xcode-27.0.0-Release.Candidate.app/Contents/Developer/usr/bin/xcodebuild -IDEClonedSourcePackagesDirPathOverride=/Users/admin/builder/spi-builder-workspace/.dependencies -skipMacroValidation -skipPackagePluginValidation -derivedDataPath /Users/admin/builder/spi-builder-workspace/.derivedData build -scheme RVS_IPAddress -destination platform=macOS,arch=arm64
ComputePackagePrebuildTargetDependencyGraph
Prepare packages
CreateBuildRequest
SendProjectDescription
CreateBuildOperation
ComputeTargetDependencyGraph
note: Building targets in dependency order
note: Target dependency graph (1 target)
Target 'RVS_IPAddress' in project 'RVS_IPAddress' (no dependencies)
GatherProvisioningInputs
CreateBuildDescription
ExecuteExternalTool /Applications/Xcode-27.0.0-Release.Candidate.app/Contents/Developer/Toolchains/XcodeDefault.xctoolchain/usr/bin/clang -v -E -dM -isysroot /Applications/Xcode-27.0.0-Release.Candidate.app/Contents/Developer/Platforms/MacOSX.platform/Developer/SDKs/MacOSX27.0.sdk -x c -c /dev/null
ExecuteExternalTool /Applications/Xcode-27.0.0-Release.Candidate.app/Contents/Developer/Toolchains/XcodeDefault.xctoolchain/usr/bin/swiftc --version
ExecuteExternalTool /Applications/Xcode-27.0.0-Release.Candidate.app/Contents/Developer/Toolchains/XcodeDefault.xctoolchain/usr/bin/ld -version_details
Build description signature: f9e896f7371f541ff50f5352ef200d92
Build description path: /Users/admin/builder/spi-builder-workspace/.derivedData/Build/Intermediates.noindex/XCBuildData/f9e896f7371f541ff50f5352ef200d92.xcbuilddata
/Users/admin/builder/spi-builder-workspace/RVS_IPAddress.xcodeproj: error: The macOS deployment target 'MACOSX_DEPLOYMENT_TARGET' is set to 11.0, but the range of supported deployment target versions is 12.0 to 27.0.x. (in target 'RVS_IPAddress' from project 'RVS_IPAddress')
note: Disabling hardened runtime with ad-hoc codesigning. (in target 'RVS_IPAddress' from project 'RVS_IPAddress')
warning: Run script build phase 'SwiftLint' will be run during every build because it does not specify any outputs. To address this issue, either add output dependencies to the script phase, or configure it to run in every build by unchecking "Based on dependency analysis" in the script phase. (in target 'RVS_IPAddress' from project 'RVS_IPAddress')
** BUILD FAILED **
The following build commands failed:
Building project RVS_IPAddress with scheme RVS_IPAddress
(1 failure)
Command line invocation:
/Applications/Xcode-27.0.0-Release.Candidate.app/Contents/Developer/usr/bin/xcodebuild -IDEClonedSourcePackagesDirPathOverride=/Users/admin/builder/spi-builder-workspace/.dependencies -resolvePackageDependencies
resolved source packages:
{
"dependencies" : [
],
"manifest_display_name" : "RVS_IPAddress",
"name" : "RVS_IPAddress",
"path" : "/Users/admin/builder/spi-builder-workspace",
"platforms" : [
{
"name" : "ios",
"version" : "11.0"
},
{
"name" : "tvos",
"version" : "11.0"
},
{
"name" : "macos",
"version" : "10.14"
},
{
"name" : "watchos",
"version" : "5.0"
}
],
"products" : [
{
"name" : "RVS-IPAddress",
"targets" : [
"RVS_IPAddress"
],
"type" : {
"library" : [
"automatic"
]
}
}
],
"targets" : [
{
"c99name" : "RVS_IPAddress",
"module_type" : "SwiftTarget",
"name" : "RVS_IPAddress",
"path" : "Sources/RVS_IPAddress",
"product_memberships" : [
"RVS-IPAddress"
],
"sources" : [
"RVS_IPAddress.swift"
],
"type" : "library"
},
{
"c99name" : "RVS_IPAddressTest",
"module_type" : "SwiftTarget",
"name" : "RVS-IPAddressTest",
"path" : "Tests/RVS_IPAddressTest",
"sources" : [
"RVS_IPAddress_Test.swift"
],
"target_dependencies" : [
"RVS_IPAddress"
],
"type" : "test"
}
],
"tools_version" : "5.5"
}
{
"project" : {
"configurations" : [
"Debug",
"Release"
],
"name" : "RVS_IPAddress",
"schemes" : [
"RVS_IPAddress"
],
"targets" : [
"RVS_IPAddress",
"RVS_IPAddressTests"
]
}
}
Running build ...
env DEVELOPER_DIR=/Applications/Xcode-27.0.0-Release.Candidate.app xcrun xcodebuild -IDEClonedSourcePackagesDirPathOverride=$PWD/.dependencies -skipMacroValidation -skipPackagePluginValidation -derivedDataPath $PWD/.derivedData build -scheme RVS_IPAddress -destination platform=macOS,arch=arm64
Command line invocation:
/Applications/Xcode-27.0.0-Release.Candidate.app/Contents/Developer/usr/bin/xcodebuild -IDEClonedSourcePackagesDirPathOverride=/Users/admin/builder/spi-builder-workspace/.dependencies -skipMacroValidation -skipPackagePluginValidation -derivedDataPath /Users/admin/builder/spi-builder-workspace/.derivedData build -scheme RVS_IPAddress -destination platform=macOS,arch=arm64
ComputePackagePrebuildTargetDependencyGraph
Prepare packages
CreateBuildRequest
SendProjectDescription
CreateBuildOperation
ComputeTargetDependencyGraph
note: Building targets in dependency order
note: Target dependency graph (1 target)
Target 'RVS_IPAddress' in project 'RVS_IPAddress' (no dependencies)
GatherProvisioningInputs
CreateBuildDescription
/Users/admin/builder/spi-builder-workspace/RVS_IPAddress.xcodeproj: error: The macOS deployment target 'MACOSX_DEPLOYMENT_TARGET' is set to 11.0, but the range of supported deployment target versions is 12.0 to 27.0.x. (in target 'RVS_IPAddress' from project 'RVS_IPAddress')
note: Disabling hardened runtime with ad-hoc codesigning. (in target 'RVS_IPAddress' from project 'RVS_IPAddress')
warning: Run script build phase 'SwiftLint' will be run during every build because it does not specify any outputs. To address this issue, either add output dependencies to the script phase, or configure it to run in every build by unchecking "Based on dependency analysis" in the script phase. (in target 'RVS_IPAddress' from project 'RVS_IPAddress')
** BUILD FAILED **
The following build commands failed:
Building project RVS_IPAddress with scheme RVS_IPAddress
(1 failure)
BUILD FAILURE 6.4 macosXcodebuild