Build Information
Failed to build Nimble-SnapshotTesting, reference v5.0.1 (4262f2), with Swift 6.4 for visionOS using Xcode 27.0 on 23 Sep 2026 13:37:12 UTC.
Build Command
env DEVELOPER_DIR=/Applications/Xcode-27.0.0-Release.Candidate.app xcrun xcodebuild -IDEClonedSourcePackagesDirPathOverride=$PWD/.dependencies -skipMacroValidation -skipPackagePluginValidation -derivedDataPath $PWD/.derivedData build -scheme Nimble-SnapshotTesting -destination generic/platform=xrOSBuild Log
ExtractAppIntentsMetadata (in target 'CwlPreconditionTesting' from project 'CwlPreconditionTesting')
cd /Users/admin/builder/spi-builder-workspace/.dependencies/checkouts/CwlPreconditionTesting
/Applications/Xcode-27.0.0-Release.Candidate.app/Contents/Developer/Toolchains/XcodeDefault.xctoolchain/usr/bin/appintentsmetadataprocessor --toolchain-dir /var/run/com.apple.security.cryptexd/mnt/com.apple.MobileAsset.MetalToolchain-v27.1.266.1.muP6Ke/Metal.xctoolchain --module-name CwlPreconditionTesting --sdk-root /Applications/Xcode-27.0.0-Release.Candidate.app/Contents/Developer/Platforms/XROS.platform/Developer/SDKs/XROS27.0.sdk --xcode-version 27A266a --platform-family xrOS --deployment-target 1.0 --bundle-identifier cwlpreconditiontesting.CwlPreconditionTesting --output /Users/admin/builder/spi-builder-workspace/.derivedData/Build/Products/Debug-xros/CwlPreconditionTesting.appintents --target-triple arm64-apple-xros1.0 --binary-file /Users/admin/builder/spi-builder-workspace/.derivedData/Build/Products/Debug-xros/CwlPreconditionTesting.o --dependency-file /Users/admin/builder/spi-builder-workspace/.derivedData/Build/Intermediates.noindex/CwlPreconditionTesting.build/Debug-xros/CwlPreconditionTesting-t.build/Objects-normal/arm64/CwlPreconditionTesting_dependency_info.dat --stringsdata-file /Users/admin/builder/spi-builder-workspace/.derivedData/Build/Intermediates.noindex/CwlPreconditionTesting.build/Debug-xros/CwlPreconditionTesting-t.build/Objects-normal/arm64/ExtractedAppShortcutsMetadata.stringsdata --source-file-list /Users/admin/builder/spi-builder-workspace/.derivedData/Build/Intermediates.noindex/CwlPreconditionTesting.build/Debug-xros/CwlPreconditionTesting-t.build/Objects-normal/arm64/CwlPreconditionTesting.SwiftFileList --metadata-file-list /Users/admin/builder/spi-builder-workspace/.derivedData/Build/Intermediates.noindex/CwlPreconditionTesting.build/Debug-xros/CwlPreconditionTesting-t.build/CwlPreconditionTesting.DependencyMetadataFileList --static-metadata-file-list /Users/admin/builder/spi-builder-workspace/.derivedData/Build/Intermediates.noindex/CwlPreconditionTesting.build/Debug-xros/CwlPreconditionTesting-t.build/CwlPreconditionTesting.DependencyStaticMetadataFileList --swift-const-vals-list /Users/admin/builder/spi-builder-workspace/.derivedData/Build/Intermediates.noindex/CwlPreconditionTesting.build/Debug-xros/CwlPreconditionTesting-t.build/Objects-normal/arm64/CwlPreconditionTesting.SwiftConstValuesFileList --force --compile-time-extraction --deployment-aware-processing --no-app-shortcuts-localization
2026-09-23 09:36:58.591 appintentsmetadataprocessor[1479:7783] Starting appintentsmetadataprocessor export
2026-09-23 09:36:58.653 appintentsmetadataprocessor[1479:7783] Extracted no relevant App Intents symbols, skipping writing output
SwiftExplicitDependencyCompileModuleFromInterface arm64 /Users/admin/builder/spi-builder-workspace/.derivedData/Build/Intermediates.noindex/SwiftExplicitPrecompiledModules/XCTest-3R6MGK98ZOBMC.swiftmodule
SwiftEmitModule normal arm64 Emitting\ module\ for\ Nimble (in target 'Nimble' from project 'Nimble')
SwiftCompile normal arm64 (in target 'Nimble' from project 'Nimble')
cd /Users/admin/builder/spi-builder-workspace/.swiftpm/xcode
SwiftCompile normal arm64 Compiling\ ThrowAssertion.swift,\ ThrowError.swift,\ ToSucceed.swift,\ Polling+AsyncAwait.swift,\ Polling+Require.swift,\ Polling.swift,\ Requirement.swift /Users/admin/builder/spi-builder-workspace/.dependencies/checkouts/Nimble/Sources/Nimble/Matchers/ThrowAssertion.swift /Users/admin/builder/spi-builder-workspace/.dependencies/checkouts/Nimble/Sources/Nimble/Matchers/ThrowError.swift /Users/admin/builder/spi-builder-workspace/.dependencies/checkouts/Nimble/Sources/Nimble/Matchers/ToSucceed.swift /Users/admin/builder/spi-builder-workspace/.dependencies/checkouts/Nimble/Sources/Nimble/Polling+AsyncAwait.swift /Users/admin/builder/spi-builder-workspace/.dependencies/checkouts/Nimble/Sources/Nimble/Polling+Require.swift /Users/admin/builder/spi-builder-workspace/.dependencies/checkouts/Nimble/Sources/Nimble/Polling.swift /Users/admin/builder/spi-builder-workspace/.dependencies/checkouts/Nimble/Sources/Nimble/Requirement.swift (in target 'Nimble' from project 'Nimble')
SwiftCompile normal arm64 /Users/admin/builder/spi-builder-workspace/.dependencies/checkouts/Nimble/Sources/Nimble/Matchers/ThrowAssertion.swift (in target 'Nimble' from project 'Nimble')
cd /Users/admin/builder/spi-builder-workspace/.swiftpm/xcode
builtin-SwiftPerFileCompile ThrowAssertion.swift
SwiftCompile normal arm64 /Users/admin/builder/spi-builder-workspace/.dependencies/checkouts/Nimble/Sources/Nimble/Matchers/ThrowError.swift (in target 'Nimble' from project 'Nimble')
cd /Users/admin/builder/spi-builder-workspace/.swiftpm/xcode
builtin-SwiftPerFileCompile ThrowError.swift
SwiftCompile normal arm64 /Users/admin/builder/spi-builder-workspace/.dependencies/checkouts/Nimble/Sources/Nimble/Matchers/ToSucceed.swift (in target 'Nimble' from project 'Nimble')
cd /Users/admin/builder/spi-builder-workspace/.swiftpm/xcode
builtin-SwiftPerFileCompile ToSucceed.swift
SwiftCompile normal arm64 /Users/admin/builder/spi-builder-workspace/.dependencies/checkouts/Nimble/Sources/Nimble/Polling+AsyncAwait.swift (in target 'Nimble' from project 'Nimble')
cd /Users/admin/builder/spi-builder-workspace/.swiftpm/xcode
builtin-SwiftPerFileCompile Polling+AsyncAwait.swift
SwiftCompile normal arm64 /Users/admin/builder/spi-builder-workspace/.dependencies/checkouts/Nimble/Sources/Nimble/Polling+Require.swift (in target 'Nimble' from project 'Nimble')
cd /Users/admin/builder/spi-builder-workspace/.swiftpm/xcode
builtin-SwiftPerFileCompile Polling+Require.swift
SwiftCompile normal arm64 /Users/admin/builder/spi-builder-workspace/.dependencies/checkouts/Nimble/Sources/Nimble/Polling.swift (in target 'Nimble' from project 'Nimble')
cd /Users/admin/builder/spi-builder-workspace/.swiftpm/xcode
builtin-SwiftPerFileCompile Polling.swift
SwiftCompile normal arm64 /Users/admin/builder/spi-builder-workspace/.dependencies/checkouts/Nimble/Sources/Nimble/Requirement.swift (in target 'Nimble' from project 'Nimble')
cd /Users/admin/builder/spi-builder-workspace/.swiftpm/xcode
builtin-SwiftPerFileCompile Requirement.swift
SwiftCompile normal arm64 Compiling\ AsyncAwait.swift,\ AsyncTimerSequence.swift,\ Errors.swift,\ NimbleTimeInterval.swift,\ PollAwait.swift,\ SourceLocation.swift,\ Stringers.swift /Users/admin/builder/spi-builder-workspace/.dependencies/checkouts/Nimble/Sources/Nimble/Utils/AsyncAwait.swift /Users/admin/builder/spi-builder-workspace/.dependencies/checkouts/Nimble/Sources/Nimble/Utils/AsyncTimerSequence.swift /Users/admin/builder/spi-builder-workspace/.dependencies/checkouts/Nimble/Sources/Nimble/Utils/Errors.swift /Users/admin/builder/spi-builder-workspace/.dependencies/checkouts/Nimble/Sources/Nimble/Utils/NimbleTimeInterval.swift /Users/admin/builder/spi-builder-workspace/.dependencies/checkouts/Nimble/Sources/Nimble/Utils/PollAwait.swift /Users/admin/builder/spi-builder-workspace/.dependencies/checkouts/Nimble/Sources/Nimble/Utils/SourceLocation.swift /Users/admin/builder/spi-builder-workspace/.dependencies/checkouts/Nimble/Sources/Nimble/Utils/Stringers.swift (in target 'Nimble' from project 'Nimble')
SwiftCompile normal arm64 /Users/admin/builder/spi-builder-workspace/.dependencies/checkouts/Nimble/Sources/Nimble/Utils/AsyncAwait.swift (in target 'Nimble' from project 'Nimble')
cd /Users/admin/builder/spi-builder-workspace/.swiftpm/xcode
builtin-SwiftPerFileCompile AsyncAwait.swift
SwiftCompile normal arm64 /Users/admin/builder/spi-builder-workspace/.dependencies/checkouts/Nimble/Sources/Nimble/Utils/AsyncTimerSequence.swift (in target 'Nimble' from project 'Nimble')
cd /Users/admin/builder/spi-builder-workspace/.swiftpm/xcode
builtin-SwiftPerFileCompile AsyncTimerSequence.swift
SwiftCompile normal arm64 /Users/admin/builder/spi-builder-workspace/.dependencies/checkouts/Nimble/Sources/Nimble/Utils/Errors.swift (in target 'Nimble' from project 'Nimble')
cd /Users/admin/builder/spi-builder-workspace/.swiftpm/xcode
builtin-SwiftPerFileCompile Errors.swift
SwiftCompile normal arm64 /Users/admin/builder/spi-builder-workspace/.dependencies/checkouts/Nimble/Sources/Nimble/Utils/NimbleTimeInterval.swift (in target 'Nimble' from project 'Nimble')
cd /Users/admin/builder/spi-builder-workspace/.swiftpm/xcode
builtin-SwiftPerFileCompile NimbleTimeInterval.swift
SwiftCompile normal arm64 /Users/admin/builder/spi-builder-workspace/.dependencies/checkouts/Nimble/Sources/Nimble/Utils/PollAwait.swift (in target 'Nimble' from project 'Nimble')
cd /Users/admin/builder/spi-builder-workspace/.swiftpm/xcode
builtin-SwiftPerFileCompile PollAwait.swift
SwiftCompile normal arm64 /Users/admin/builder/spi-builder-workspace/.dependencies/checkouts/Nimble/Sources/Nimble/Utils/SourceLocation.swift (in target 'Nimble' from project 'Nimble')
cd /Users/admin/builder/spi-builder-workspace/.swiftpm/xcode
builtin-SwiftPerFileCompile SourceLocation.swift
SwiftCompile normal arm64 /Users/admin/builder/spi-builder-workspace/.dependencies/checkouts/Nimble/Sources/Nimble/Utils/Stringers.swift (in target 'Nimble' from project 'Nimble')
cd /Users/admin/builder/spi-builder-workspace/.swiftpm/xcode
builtin-SwiftPerFileCompile Stringers.swift
SwiftCompile normal arm64 Compiling\ Matcher.swift,\ MatcherProtocols.swift,\ Negation.swift,\ PostNotification.swift,\ RaisesException.swift,\ SatisfyAllOf.swift,\ SatisfyAnyOf.swift /Users/admin/builder/spi-builder-workspace/.dependencies/checkouts/Nimble/Sources/Nimble/Matchers/Matcher.swift /Users/admin/builder/spi-builder-workspace/.dependencies/checkouts/Nimble/Sources/Nimble/Matchers/MatcherProtocols.swift /Users/admin/builder/spi-builder-workspace/.dependencies/checkouts/Nimble/Sources/Nimble/Matchers/Negation.swift /Users/admin/builder/spi-builder-workspace/.dependencies/checkouts/Nimble/Sources/Nimble/Matchers/PostNotification.swift /Users/admin/builder/spi-builder-workspace/.dependencies/checkouts/Nimble/Sources/Nimble/Matchers/RaisesException.swift /Users/admin/builder/spi-builder-workspace/.dependencies/checkouts/Nimble/Sources/Nimble/Matchers/SatisfyAllOf.swift /Users/admin/builder/spi-builder-workspace/.dependencies/checkouts/Nimble/Sources/Nimble/Matchers/SatisfyAnyOf.swift (in target 'Nimble' from project 'Nimble')
SwiftCompile normal arm64 /Users/admin/builder/spi-builder-workspace/.dependencies/checkouts/Nimble/Sources/Nimble/Matchers/Matcher.swift (in target 'Nimble' from project 'Nimble')
cd /Users/admin/builder/spi-builder-workspace/.swiftpm/xcode
builtin-SwiftPerFileCompile Matcher.swift
SwiftCompile normal arm64 /Users/admin/builder/spi-builder-workspace/.dependencies/checkouts/Nimble/Sources/Nimble/Matchers/MatcherProtocols.swift (in target 'Nimble' from project 'Nimble')
cd /Users/admin/builder/spi-builder-workspace/.swiftpm/xcode
builtin-SwiftPerFileCompile MatcherProtocols.swift
SwiftCompile normal arm64 /Users/admin/builder/spi-builder-workspace/.dependencies/checkouts/Nimble/Sources/Nimble/Matchers/Negation.swift (in target 'Nimble' from project 'Nimble')
cd /Users/admin/builder/spi-builder-workspace/.swiftpm/xcode
builtin-SwiftPerFileCompile Negation.swift
SwiftCompile normal arm64 /Users/admin/builder/spi-builder-workspace/.dependencies/checkouts/Nimble/Sources/Nimble/Matchers/PostNotification.swift (in target 'Nimble' from project 'Nimble')
cd /Users/admin/builder/spi-builder-workspace/.swiftpm/xcode
builtin-SwiftPerFileCompile PostNotification.swift
SwiftCompile normal arm64 /Users/admin/builder/spi-builder-workspace/.dependencies/checkouts/Nimble/Sources/Nimble/Matchers/RaisesException.swift (in target 'Nimble' from project 'Nimble')
cd /Users/admin/builder/spi-builder-workspace/.swiftpm/xcode
builtin-SwiftPerFileCompile RaisesException.swift
SwiftCompile normal arm64 /Users/admin/builder/spi-builder-workspace/.dependencies/checkouts/Nimble/Sources/Nimble/Matchers/SatisfyAllOf.swift (in target 'Nimble' from project 'Nimble')
cd /Users/admin/builder/spi-builder-workspace/.swiftpm/xcode
builtin-SwiftPerFileCompile SatisfyAllOf.swift
SwiftCompile normal arm64 /Users/admin/builder/spi-builder-workspace/.dependencies/checkouts/Nimble/Sources/Nimble/Matchers/SatisfyAnyOf.swift (in target 'Nimble' from project 'Nimble')
cd /Users/admin/builder/spi-builder-workspace/.swiftpm/xcode
builtin-SwiftPerFileCompile SatisfyAnyOf.swift
SwiftCompile normal arm64 Compiling\ BeIdenticalTo.swift,\ BeLessThan.swift,\ BeLessThanOrEqual.swift,\ BeLogical.swift,\ BeNil.swift,\ BeResult.swift,\ BeVoid.swift /Users/admin/builder/spi-builder-workspace/.dependencies/checkouts/Nimble/Sources/Nimble/Matchers/BeIdenticalTo.swift /Users/admin/builder/spi-builder-workspace/.dependencies/checkouts/Nimble/Sources/Nimble/Matchers/BeLessThan.swift /Users/admin/builder/spi-builder-workspace/.dependencies/checkouts/Nimble/Sources/Nimble/Matchers/BeLessThanOrEqual.swift /Users/admin/builder/spi-builder-workspace/.dependencies/checkouts/Nimble/Sources/Nimble/Matchers/BeLogical.swift /Users/admin/builder/spi-builder-workspace/.dependencies/checkouts/Nimble/Sources/Nimble/Matchers/BeNil.swift /Users/admin/builder/spi-builder-workspace/.dependencies/checkouts/Nimble/Sources/Nimble/Matchers/BeResult.swift /Users/admin/builder/spi-builder-workspace/.dependencies/checkouts/Nimble/Sources/Nimble/Matchers/BeVoid.swift (in target 'Nimble' from project 'Nimble')
SwiftCompile normal arm64 /Users/admin/builder/spi-builder-workspace/.dependencies/checkouts/Nimble/Sources/Nimble/Matchers/BeIdenticalTo.swift (in target 'Nimble' from project 'Nimble')
cd /Users/admin/builder/spi-builder-workspace/.swiftpm/xcode
builtin-SwiftPerFileCompile BeIdenticalTo.swift
SwiftCompile normal arm64 /Users/admin/builder/spi-builder-workspace/.dependencies/checkouts/Nimble/Sources/Nimble/Matchers/BeLessThan.swift (in target 'Nimble' from project 'Nimble')
cd /Users/admin/builder/spi-builder-workspace/.swiftpm/xcode
builtin-SwiftPerFileCompile BeLessThan.swift
SwiftCompile normal arm64 /Users/admin/builder/spi-builder-workspace/.dependencies/checkouts/Nimble/Sources/Nimble/Matchers/BeLessThanOrEqual.swift (in target 'Nimble' from project 'Nimble')
cd /Users/admin/builder/spi-builder-workspace/.swiftpm/xcode
builtin-SwiftPerFileCompile BeLessThanOrEqual.swift
SwiftCompile normal arm64 /Users/admin/builder/spi-builder-workspace/.dependencies/checkouts/Nimble/Sources/Nimble/Matchers/BeLogical.swift (in target 'Nimble' from project 'Nimble')
cd /Users/admin/builder/spi-builder-workspace/.swiftpm/xcode
builtin-SwiftPerFileCompile BeLogical.swift
SwiftCompile normal arm64 /Users/admin/builder/spi-builder-workspace/.dependencies/checkouts/Nimble/Sources/Nimble/Matchers/BeNil.swift (in target 'Nimble' from project 'Nimble')
cd /Users/admin/builder/spi-builder-workspace/.swiftpm/xcode
builtin-SwiftPerFileCompile BeNil.swift
SwiftCompile normal arm64 /Users/admin/builder/spi-builder-workspace/.dependencies/checkouts/Nimble/Sources/Nimble/Matchers/BeResult.swift (in target 'Nimble' from project 'Nimble')
cd /Users/admin/builder/spi-builder-workspace/.swiftpm/xcode
builtin-SwiftPerFileCompile BeResult.swift
SwiftCompile normal arm64 /Users/admin/builder/spi-builder-workspace/.dependencies/checkouts/Nimble/Sources/Nimble/Matchers/BeVoid.swift (in target 'Nimble' from project 'Nimble')
cd /Users/admin/builder/spi-builder-workspace/.swiftpm/xcode
builtin-SwiftPerFileCompile BeVoid.swift
SwiftCompile normal arm64 Compiling\ BeWithin.swift,\ BeginWith.swift,\ BeginWithPrefix.swift,\ Contain.swift,\ ContainElementSatisfying.swift,\ ElementsEqual.swift,\ EndWith.swift /Users/admin/builder/spi-builder-workspace/.dependencies/checkouts/Nimble/Sources/Nimble/Matchers/BeWithin.swift /Users/admin/builder/spi-builder-workspace/.dependencies/checkouts/Nimble/Sources/Nimble/Matchers/BeginWith.swift /Users/admin/builder/spi-builder-workspace/.dependencies/checkouts/Nimble/Sources/Nimble/Matchers/BeginWithPrefix.swift /Users/admin/builder/spi-builder-workspace/.dependencies/checkouts/Nimble/Sources/Nimble/Matchers/Contain.swift /Users/admin/builder/spi-builder-workspace/.dependencies/checkouts/Nimble/Sources/Nimble/Matchers/ContainElementSatisfying.swift /Users/admin/builder/spi-builder-workspace/.dependencies/checkouts/Nimble/Sources/Nimble/Matchers/ElementsEqual.swift /Users/admin/builder/spi-builder-workspace/.dependencies/checkouts/Nimble/Sources/Nimble/Matchers/EndWith.swift (in target 'Nimble' from project 'Nimble')
SwiftCompile normal arm64 /Users/admin/builder/spi-builder-workspace/.dependencies/checkouts/Nimble/Sources/Nimble/Matchers/BeWithin.swift (in target 'Nimble' from project 'Nimble')
cd /Users/admin/builder/spi-builder-workspace/.swiftpm/xcode
builtin-SwiftPerFileCompile BeWithin.swift
SwiftCompile normal arm64 /Users/admin/builder/spi-builder-workspace/.dependencies/checkouts/Nimble/Sources/Nimble/Matchers/BeginWith.swift (in target 'Nimble' from project 'Nimble')
cd /Users/admin/builder/spi-builder-workspace/.swiftpm/xcode
builtin-SwiftPerFileCompile BeginWith.swift
SwiftCompile normal arm64 /Users/admin/builder/spi-builder-workspace/.dependencies/checkouts/Nimble/Sources/Nimble/Matchers/BeginWithPrefix.swift (in target 'Nimble' from project 'Nimble')
cd /Users/admin/builder/spi-builder-workspace/.swiftpm/xcode
builtin-SwiftPerFileCompile BeginWithPrefix.swift
SwiftCompile normal arm64 /Users/admin/builder/spi-builder-workspace/.dependencies/checkouts/Nimble/Sources/Nimble/Matchers/Contain.swift (in target 'Nimble' from project 'Nimble')
cd /Users/admin/builder/spi-builder-workspace/.swiftpm/xcode
builtin-SwiftPerFileCompile Contain.swift
SwiftCompile normal arm64 /Users/admin/builder/spi-builder-workspace/.dependencies/checkouts/Nimble/Sources/Nimble/Matchers/ContainElementSatisfying.swift (in target 'Nimble' from project 'Nimble')
cd /Users/admin/builder/spi-builder-workspace/.swiftpm/xcode
builtin-SwiftPerFileCompile ContainElementSatisfying.swift
SwiftCompile normal arm64 /Users/admin/builder/spi-builder-workspace/.dependencies/checkouts/Nimble/Sources/Nimble/Matchers/ElementsEqual.swift (in target 'Nimble' from project 'Nimble')
cd /Users/admin/builder/spi-builder-workspace/.swiftpm/xcode
builtin-SwiftPerFileCompile ElementsEqual.swift
SwiftCompile normal arm64 /Users/admin/builder/spi-builder-workspace/.dependencies/checkouts/Nimble/Sources/Nimble/Matchers/EndWith.swift (in target 'Nimble' from project 'Nimble')
cd /Users/admin/builder/spi-builder-workspace/.swiftpm/xcode
builtin-SwiftPerFileCompile EndWith.swift
SwiftCompile normal arm64 Compiling\ resource_bundle_accessor.swift,\ AdapterProtocols.swift,\ AssertionDispatcher.swift,\ AssertionRecorder+Async.swift,\ AssertionRecorder.swift,\ NMBExpectation.swift,\ NimbleEnvironment.swift /Users/admin/builder/spi-builder-workspace/.derivedData/Build/Intermediates.noindex/Nimble.build/Debug-xros/Nimble-t.build/DerivedSources/resource_bundle_accessor.swift /Users/admin/builder/spi-builder-workspace/.dependencies/checkouts/Nimble/Sources/Nimble/Adapters/AdapterProtocols.swift /Users/admin/builder/spi-builder-workspace/.dependencies/checkouts/Nimble/Sources/Nimble/Adapters/AssertionDispatcher.swift /Users/admin/builder/spi-builder-workspace/.dependencies/checkouts/Nimble/Sources/Nimble/Adapters/AssertionRecorder+Async.swift /Users/admin/builder/spi-builder-workspace/.dependencies/checkouts/Nimble/Sources/Nimble/Adapters/AssertionRecorder.swift /Users/admin/builder/spi-builder-workspace/.dependencies/checkouts/Nimble/Sources/Nimble/Adapters/NMBExpectation.swift /Users/admin/builder/spi-builder-workspace/.dependencies/checkouts/Nimble/Sources/Nimble/Adapters/NimbleEnvironment.swift (in target 'Nimble' from project 'Nimble')
SwiftCompile normal arm64 /Users/admin/builder/spi-builder-workspace/.derivedData/Build/Intermediates.noindex/Nimble.build/Debug-xros/Nimble-t.build/DerivedSources/resource_bundle_accessor.swift (in target 'Nimble' from project 'Nimble')
cd /Users/admin/builder/spi-builder-workspace/.swiftpm/xcode
builtin-SwiftPerFileCompile resource_bundle_accessor.swift
SwiftCompile normal arm64 /Users/admin/builder/spi-builder-workspace/.dependencies/checkouts/Nimble/Sources/Nimble/Adapters/AdapterProtocols.swift (in target 'Nimble' from project 'Nimble')
cd /Users/admin/builder/spi-builder-workspace/.swiftpm/xcode
builtin-SwiftPerFileCompile AdapterProtocols.swift
SwiftCompile normal arm64 /Users/admin/builder/spi-builder-workspace/.dependencies/checkouts/Nimble/Sources/Nimble/Adapters/AssertionDispatcher.swift (in target 'Nimble' from project 'Nimble')
cd /Users/admin/builder/spi-builder-workspace/.swiftpm/xcode
builtin-SwiftPerFileCompile AssertionDispatcher.swift
SwiftCompile normal arm64 /Users/admin/builder/spi-builder-workspace/.dependencies/checkouts/Nimble/Sources/Nimble/Adapters/AssertionRecorder+Async.swift (in target 'Nimble' from project 'Nimble')
cd /Users/admin/builder/spi-builder-workspace/.swiftpm/xcode
builtin-SwiftPerFileCompile AssertionRecorder+Async.swift
SwiftCompile normal arm64 /Users/admin/builder/spi-builder-workspace/.dependencies/checkouts/Nimble/Sources/Nimble/Adapters/AssertionRecorder.swift (in target 'Nimble' from project 'Nimble')
cd /Users/admin/builder/spi-builder-workspace/.swiftpm/xcode
builtin-SwiftPerFileCompile AssertionRecorder.swift
SwiftCompile normal arm64 /Users/admin/builder/spi-builder-workspace/.dependencies/checkouts/Nimble/Sources/Nimble/Adapters/NMBExpectation.swift (in target 'Nimble' from project 'Nimble')
cd /Users/admin/builder/spi-builder-workspace/.swiftpm/xcode
builtin-SwiftPerFileCompile NMBExpectation.swift
SwiftCompile normal arm64 /Users/admin/builder/spi-builder-workspace/.dependencies/checkouts/Nimble/Sources/Nimble/Adapters/NimbleEnvironment.swift (in target 'Nimble' from project 'Nimble')
cd /Users/admin/builder/spi-builder-workspace/.swiftpm/xcode
builtin-SwiftPerFileCompile NimbleEnvironment.swift
SwiftEmitModule normal arm64 Emitting\ module\ for\ SnapshotTesting (in target 'SnapshotTesting' from project 'swift-snapshot-testing')
SwiftCompile normal arm64 (in target 'SnapshotTesting' from project 'swift-snapshot-testing')
cd /Users/admin/builder/spi-builder-workspace/.swiftpm/xcode
SwiftCompile normal arm64 Compiling\ SnapshotTestingConfiguration.swift,\ SnapshotsTestTrait.swift,\ Snapshotting.swift,\ Any.swift /Users/admin/builder/spi-builder-workspace/.dependencies/checkouts/swift-snapshot-testing/Sources/SnapshotTesting/SnapshotTestingConfiguration.swift /Users/admin/builder/spi-builder-workspace/.dependencies/checkouts/swift-snapshot-testing/Sources/SnapshotTesting/SnapshotsTestTrait.swift /Users/admin/builder/spi-builder-workspace/.dependencies/checkouts/swift-snapshot-testing/Sources/SnapshotTesting/Snapshotting.swift /Users/admin/builder/spi-builder-workspace/.dependencies/checkouts/swift-snapshot-testing/Sources/SnapshotTesting/Snapshotting/Any.swift (in target 'SnapshotTesting' from project 'swift-snapshot-testing')
SwiftCompile normal arm64 /Users/admin/builder/spi-builder-workspace/.dependencies/checkouts/swift-snapshot-testing/Sources/SnapshotTesting/SnapshotTestingConfiguration.swift (in target 'SnapshotTesting' from project 'swift-snapshot-testing')
cd /Users/admin/builder/spi-builder-workspace/.swiftpm/xcode
builtin-SwiftPerFileCompile SnapshotTestingConfiguration.swift
SwiftCompile normal arm64 /Users/admin/builder/spi-builder-workspace/.dependencies/checkouts/swift-snapshot-testing/Sources/SnapshotTesting/SnapshotsTestTrait.swift (in target 'SnapshotTesting' from project 'swift-snapshot-testing')
cd /Users/admin/builder/spi-builder-workspace/.swiftpm/xcode
builtin-SwiftPerFileCompile SnapshotsTestTrait.swift
SwiftCompile normal arm64 /Users/admin/builder/spi-builder-workspace/.dependencies/checkouts/swift-snapshot-testing/Sources/SnapshotTesting/Snapshotting.swift (in target 'SnapshotTesting' from project 'swift-snapshot-testing')
cd /Users/admin/builder/spi-builder-workspace/.swiftpm/xcode
builtin-SwiftPerFileCompile Snapshotting.swift
SwiftCompile normal arm64 /Users/admin/builder/spi-builder-workspace/.dependencies/checkouts/swift-snapshot-testing/Sources/SnapshotTesting/Snapshotting/Any.swift (in target 'SnapshotTesting' from project 'swift-snapshot-testing')
cd /Users/admin/builder/spi-builder-workspace/.swiftpm/xcode
builtin-SwiftPerFileCompile Any.swift
SwiftCompile normal arm64 Compiling\ NSImage.swift,\ NSView.swift,\ NSViewController.swift /Users/admin/builder/spi-builder-workspace/.dependencies/checkouts/swift-snapshot-testing/Sources/SnapshotTesting/Snapshotting/NSImage.swift /Users/admin/builder/spi-builder-workspace/.dependencies/checkouts/swift-snapshot-testing/Sources/SnapshotTesting/Snapshotting/NSView.swift /Users/admin/builder/spi-builder-workspace/.dependencies/checkouts/swift-snapshot-testing/Sources/SnapshotTesting/Snapshotting/NSViewController.swift (in target 'SnapshotTesting' from project 'swift-snapshot-testing')
SwiftCompile normal arm64 /Users/admin/builder/spi-builder-workspace/.dependencies/checkouts/swift-snapshot-testing/Sources/SnapshotTesting/Snapshotting/NSImage.swift (in target 'SnapshotTesting' from project 'swift-snapshot-testing')
cd /Users/admin/builder/spi-builder-workspace/.swiftpm/xcode
builtin-SwiftPerFileCompile NSImage.swift
SwiftCompile normal arm64 /Users/admin/builder/spi-builder-workspace/.dependencies/checkouts/swift-snapshot-testing/Sources/SnapshotTesting/Snapshotting/NSView.swift (in target 'SnapshotTesting' from project 'swift-snapshot-testing')
cd /Users/admin/builder/spi-builder-workspace/.swiftpm/xcode
builtin-SwiftPerFileCompile NSView.swift
SwiftCompile normal arm64 /Users/admin/builder/spi-builder-workspace/.dependencies/checkouts/swift-snapshot-testing/Sources/SnapshotTesting/Snapshotting/NSViewController.swift (in target 'SnapshotTesting' from project 'swift-snapshot-testing')
cd /Users/admin/builder/spi-builder-workspace/.swiftpm/xcode
builtin-SwiftPerFileCompile NSViewController.swift
SwiftCompile normal arm64 Compiling\ Diffing.swift,\ Wait.swift,\ Deprecations.swift,\ RecordIssue.swift /Users/admin/builder/spi-builder-workspace/.dependencies/checkouts/swift-snapshot-testing/Sources/SnapshotTesting/Diffing.swift /Users/admin/builder/spi-builder-workspace/.dependencies/checkouts/swift-snapshot-testing/Sources/SnapshotTesting/Extensions/Wait.swift /Users/admin/builder/spi-builder-workspace/.dependencies/checkouts/swift-snapshot-testing/Sources/SnapshotTesting/Internal/Deprecations.swift /Users/admin/builder/spi-builder-workspace/.dependencies/checkouts/swift-snapshot-testing/Sources/SnapshotTesting/Internal/RecordIssue.swift (in target 'SnapshotTesting' from project 'swift-snapshot-testing')
SwiftCompile normal arm64 /Users/admin/builder/spi-builder-workspace/.dependencies/checkouts/swift-snapshot-testing/Sources/SnapshotTesting/Diffing.swift (in target 'SnapshotTesting' from project 'swift-snapshot-testing')
cd /Users/admin/builder/spi-builder-workspace/.swiftpm/xcode
builtin-SwiftPerFileCompile Diffing.swift
SwiftCompile normal arm64 /Users/admin/builder/spi-builder-workspace/.dependencies/checkouts/swift-snapshot-testing/Sources/SnapshotTesting/Extensions/Wait.swift (in target 'SnapshotTesting' from project 'swift-snapshot-testing')
cd /Users/admin/builder/spi-builder-workspace/.swiftpm/xcode
builtin-SwiftPerFileCompile Wait.swift
SwiftCompile normal arm64 /Users/admin/builder/spi-builder-workspace/.dependencies/checkouts/swift-snapshot-testing/Sources/SnapshotTesting/Internal/Deprecations.swift (in target 'SnapshotTesting' from project 'swift-snapshot-testing')
cd /Users/admin/builder/spi-builder-workspace/.swiftpm/xcode
builtin-SwiftPerFileCompile Deprecations.swift
SwiftCompile normal arm64 /Users/admin/builder/spi-builder-workspace/.dependencies/checkouts/swift-snapshot-testing/Sources/SnapshotTesting/Internal/RecordIssue.swift (in target 'SnapshotTesting' from project 'swift-snapshot-testing')
cd /Users/admin/builder/spi-builder-workspace/.swiftpm/xcode
builtin-SwiftPerFileCompile RecordIssue.swift
SwiftDriverJobDiscovery normal arm64 Compiling NSImage.swift, NSView.swift, NSViewController.swift (in target 'SnapshotTesting' from project 'swift-snapshot-testing')
SwiftCompile normal arm64 Compiling\ String+SpecialCharacters.swift,\ View.swift,\ XCTAttachment.swift,\ Diff.swift /Users/admin/builder/spi-builder-workspace/.dependencies/checkouts/swift-snapshot-testing/Sources/SnapshotTesting/Common/String+SpecialCharacters.swift /Users/admin/builder/spi-builder-workspace/.dependencies/checkouts/swift-snapshot-testing/Sources/SnapshotTesting/Common/View.swift /Users/admin/builder/spi-builder-workspace/.dependencies/checkouts/swift-snapshot-testing/Sources/SnapshotTesting/Common/XCTAttachment.swift /Users/admin/builder/spi-builder-workspace/.dependencies/checkouts/swift-snapshot-testing/Sources/SnapshotTesting/Diff.swift (in target 'SnapshotTesting' from project 'swift-snapshot-testing')
SwiftCompile normal arm64 /Users/admin/builder/spi-builder-workspace/.dependencies/checkouts/swift-snapshot-testing/Sources/SnapshotTesting/Common/String+SpecialCharacters.swift (in target 'SnapshotTesting' from project 'swift-snapshot-testing')
cd /Users/admin/builder/spi-builder-workspace/.swiftpm/xcode
builtin-SwiftPerFileCompile String+SpecialCharacters.swift
SwiftCompile normal arm64 /Users/admin/builder/spi-builder-workspace/.dependencies/checkouts/swift-snapshot-testing/Sources/SnapshotTesting/Common/View.swift (in target 'SnapshotTesting' from project 'swift-snapshot-testing')
cd /Users/admin/builder/spi-builder-workspace/.swiftpm/xcode
builtin-SwiftPerFileCompile View.swift
SwiftCompile normal arm64 /Users/admin/builder/spi-builder-workspace/.dependencies/checkouts/swift-snapshot-testing/Sources/SnapshotTesting/Common/XCTAttachment.swift (in target 'SnapshotTesting' from project 'swift-snapshot-testing')
cd /Users/admin/builder/spi-builder-workspace/.swiftpm/xcode
builtin-SwiftPerFileCompile XCTAttachment.swift
SwiftCompile normal arm64 /Users/admin/builder/spi-builder-workspace/.dependencies/checkouts/swift-snapshot-testing/Sources/SnapshotTesting/Diff.swift (in target 'SnapshotTesting' from project 'swift-snapshot-testing')
cd /Users/admin/builder/spi-builder-workspace/.swiftpm/xcode
builtin-SwiftPerFileCompile Diff.swift
SwiftDriverJobDiscovery normal arm64 Compiling resource_bundle_accessor.swift, AdapterProtocols.swift, AssertionDispatcher.swift, AssertionRecorder+Async.swift, AssertionRecorder.swift, NMBExpectation.swift, NimbleEnvironment.swift (in target 'Nimble' from project 'Nimble')
SwiftCompile normal arm64 Compiling\ SwiftUIView.swift,\ UIBezierPath.swift,\ UIImage.swift /Users/admin/builder/spi-builder-workspace/.dependencies/checkouts/swift-snapshot-testing/Sources/SnapshotTesting/Snapshotting/SwiftUIView.swift /Users/admin/builder/spi-builder-workspace/.dependencies/checkouts/swift-snapshot-testing/Sources/SnapshotTesting/Snapshotting/UIBezierPath.swift /Users/admin/builder/spi-builder-workspace/.dependencies/checkouts/swift-snapshot-testing/Sources/SnapshotTesting/Snapshotting/UIImage.swift (in target 'SnapshotTesting' from project 'swift-snapshot-testing')
SwiftCompile normal arm64 /Users/admin/builder/spi-builder-workspace/.dependencies/checkouts/swift-snapshot-testing/Sources/SnapshotTesting/Snapshotting/SwiftUIView.swift (in target 'SnapshotTesting' from project 'swift-snapshot-testing')
cd /Users/admin/builder/spi-builder-workspace/.swiftpm/xcode
builtin-SwiftPerFileCompile SwiftUIView.swift
SwiftCompile normal arm64 /Users/admin/builder/spi-builder-workspace/.dependencies/checkouts/swift-snapshot-testing/Sources/SnapshotTesting/Snapshotting/UIBezierPath.swift (in target 'SnapshotTesting' from project 'swift-snapshot-testing')
cd /Users/admin/builder/spi-builder-workspace/.swiftpm/xcode
builtin-SwiftPerFileCompile UIBezierPath.swift
SwiftCompile normal arm64 /Users/admin/builder/spi-builder-workspace/.dependencies/checkouts/swift-snapshot-testing/Sources/SnapshotTesting/Snapshotting/UIImage.swift (in target 'SnapshotTesting' from project 'swift-snapshot-testing')
cd /Users/admin/builder/spi-builder-workspace/.swiftpm/xcode
builtin-SwiftPerFileCompile UIImage.swift
SwiftDriverJobDiscovery normal arm64 Compiling BeWithin.swift, BeginWith.swift, BeginWithPrefix.swift, Contain.swift, ContainElementSatisfying.swift, ElementsEqual.swift, EndWith.swift (in target 'Nimble' from project 'Nimble')
SwiftCompile normal arm64 Compiling\ UIView.swift,\ UIViewController.swift,\ URLRequest.swift /Users/admin/builder/spi-builder-workspace/.dependencies/checkouts/swift-snapshot-testing/Sources/SnapshotTesting/Snapshotting/UIView.swift /Users/admin/builder/spi-builder-workspace/.dependencies/checkouts/swift-snapshot-testing/Sources/SnapshotTesting/Snapshotting/UIViewController.swift /Users/admin/builder/spi-builder-workspace/.dependencies/checkouts/swift-snapshot-testing/Sources/SnapshotTesting/Snapshotting/URLRequest.swift (in target 'SnapshotTesting' from project 'swift-snapshot-testing')
SwiftCompile normal arm64 /Users/admin/builder/spi-builder-workspace/.dependencies/checkouts/swift-snapshot-testing/Sources/SnapshotTesting/Snapshotting/UIView.swift (in target 'SnapshotTesting' from project 'swift-snapshot-testing')
cd /Users/admin/builder/spi-builder-workspace/.swiftpm/xcode
builtin-SwiftPerFileCompile UIView.swift
SwiftCompile normal arm64 /Users/admin/builder/spi-builder-workspace/.dependencies/checkouts/swift-snapshot-testing/Sources/SnapshotTesting/Snapshotting/UIViewController.swift (in target 'SnapshotTesting' from project 'swift-snapshot-testing')
cd /Users/admin/builder/spi-builder-workspace/.swiftpm/xcode
builtin-SwiftPerFileCompile UIViewController.swift
SwiftCompile normal arm64 /Users/admin/builder/spi-builder-workspace/.dependencies/checkouts/swift-snapshot-testing/Sources/SnapshotTesting/Snapshotting/URLRequest.swift (in target 'SnapshotTesting' from project 'swift-snapshot-testing')
cd /Users/admin/builder/spi-builder-workspace/.swiftpm/xcode
builtin-SwiftPerFileCompile URLRequest.swift
SwiftDriverJobDiscovery normal arm64 Compiling BeIdenticalTo.swift, BeLessThan.swift, BeLessThanOrEqual.swift, BeLogical.swift, BeNil.swift, BeResult.swift, BeVoid.swift (in target 'Nimble' from project 'Nimble')
SwiftCompile normal arm64 Compiling\ Data.swift,\ Encodable.swift,\ NSBezierPath.swift /Users/admin/builder/spi-builder-workspace/.dependencies/checkouts/swift-snapshot-testing/Sources/SnapshotTesting/Snapshotting/Data.swift /Users/admin/builder/spi-builder-workspace/.dependencies/checkouts/swift-snapshot-testing/Sources/SnapshotTesting/Snapshotting/Encodable.swift /Users/admin/builder/spi-builder-workspace/.dependencies/checkouts/swift-snapshot-testing/Sources/SnapshotTesting/Snapshotting/NSBezierPath.swift (in target 'SnapshotTesting' from project 'swift-snapshot-testing')
SwiftCompile normal arm64 /Users/admin/builder/spi-builder-workspace/.dependencies/checkouts/swift-snapshot-testing/Sources/SnapshotTesting/Snapshotting/Data.swift (in target 'SnapshotTesting' from project 'swift-snapshot-testing')
cd /Users/admin/builder/spi-builder-workspace/.swiftpm/xcode
builtin-SwiftPerFileCompile Data.swift
SwiftCompile normal arm64 /Users/admin/builder/spi-builder-workspace/.dependencies/checkouts/swift-snapshot-testing/Sources/SnapshotTesting/Snapshotting/Encodable.swift (in target 'SnapshotTesting' from project 'swift-snapshot-testing')
cd /Users/admin/builder/spi-builder-workspace/.swiftpm/xcode
builtin-SwiftPerFileCompile Encodable.swift
SwiftCompile normal arm64 /Users/admin/builder/spi-builder-workspace/.dependencies/checkouts/swift-snapshot-testing/Sources/SnapshotTesting/Snapshotting/NSBezierPath.swift (in target 'SnapshotTesting' from project 'swift-snapshot-testing')
cd /Users/admin/builder/spi-builder-workspace/.swiftpm/xcode
builtin-SwiftPerFileCompile NSBezierPath.swift
SwiftDriverJobDiscovery normal arm64 Emitting module for Nimble (in target 'Nimble' from project 'Nimble')
SwiftDriver\ Compilation\ Requirements Nimble normal arm64 com.apple.xcode.tools.swift.compiler (in target 'Nimble' from project 'Nimble')
cd /Users/admin/builder/spi-builder-workspace/.swiftpm/xcode
builtin-Swift-Compilation-Requirements -- /Applications/Xcode-27.0.0-Release.Candidate.app/Contents/Developer/Toolchains/XcodeDefault.xctoolchain/usr/bin/swiftc -parse-as-library -module-name Nimble -Onone @/Users/admin/builder/spi-builder-workspace/.derivedData/Build/Intermediates.noindex/Nimble.build/Debug-xros/Nimble-t.build/Objects-normal/arm64/Nimble.SwiftFileList -DSWIFT_PACKAGE -DDEBUG -DSWIFT_MODULE_RESOURCE_BUNDLE_AVAILABLE -Xcc -fmodule-map-file\=/Users/admin/builder/spi-builder-workspace/.derivedData/Build/Intermediates.noindex/GeneratedModuleMaps-xros/CwlCatchExceptionSupport.modulemap -Xcc -fmodule-map-file\=/Users/admin/builder/spi-builder-workspace/.derivedData/Build/Intermediates.noindex/GeneratedModuleMaps-xros/CwlMachBadInstructionHandler.modulemap -DXcode -plugin-path /Applications/Xcode-27.0.0-Release.Candidate.app/Contents/Developer/Toolchains/XcodeDefault.xctoolchain/usr/lib/swift/host/plugins/testing -enable-experimental-feature DebugDescriptionMacro -sdk /Applications/Xcode-27.0.0-Release.Candidate.app/Contents/Developer/Platforms/XROS.platform/Developer/SDKs/XROS27.0.sdk -target arm64-apple-xros1.0 -g -module-cache-path /Users/admin/builder/spi-builder-workspace/.derivedData/ModuleCache.noindex -Xfrontend -serialize-debugging-options -profile-coverage-mapping -profile-generate -enable-testing -suppress-warnings -index-store-path /Users/admin/builder/spi-builder-workspace/.derivedData/Index.noindex/DataStore -Xcc -D_LIBCPP_HARDENING_MODE\=_LIBCPP_HARDENING_MODE_DEBUG -swift-version 5 -I /Users/admin/builder/spi-builder-workspace/.derivedData/Build/Products/Debug-xros -Isystem /Applications/Xcode-27.0.0-Release.Candidate.app/Contents/Developer/Platforms/XROS.platform/Developer/usr/lib -F /Users/admin/builder/spi-builder-workspace/.derivedData/Build/Products/Debug-xros/PackageFrameworks -F /Users/admin/builder/spi-builder-workspace/.derivedData/Build/Products/Debug-xros -F /Applications/Xcode-27.0.0-Release.Candidate.app/Contents/Developer/Platforms/XROS.platform/Developer/Library/Frameworks -F /Applications/Xcode-27.0.0-Release.Candidate.app/Contents/Developer/Platforms/XROS.platform/Developer/SDKs/XROS27.0.sdk/Developer/Library/Frameworks -c -j10 -enable-batch-mode -incremental -Xcc -ivfsstatcache -Xcc /Users/admin/builder/spi-builder-workspace/.derivedData/SDKStatCaches.noindex/xros27.0-24M361-e829b21a6f8c9b70876ba0858053c044735bd543db762f57723cac368afd1ce4.sdkstatcache -output-file-map /Users/admin/builder/spi-builder-workspace/.derivedData/Build/Intermediates.noindex/Nimble.build/Debug-xros/Nimble-t.build/Objects-normal/arm64/Nimble-OutputFileMap.json -save-temps -no-color-diagnostics -explicit-module-build -module-cache-path /Users/admin/builder/spi-builder-workspace/.derivedData/Build/Intermediates.noindex/SwiftExplicitPrecompiledModules -clang-scanner-module-cache-path /Users/admin/builder/spi-builder-workspace/.derivedData/ModuleCache.noindex -sdk-module-cache-path /Users/admin/builder/spi-builder-workspace/.derivedData/SDKExplicitPrecompiledModules -emit-dependencies -emit-module -emit-module-path /Users/admin/builder/spi-builder-workspace/.derivedData/Build/Intermediates.noindex/Nimble.build/Debug-xros/Nimble-t.build/Objects-normal/arm64/Nimble.swiftmodule -serialize-diagnostics -dependency-scan-serialize-diagnostics-path /Users/admin/builder/spi-builder-workspace/.derivedData/Build/Intermediates.noindex/Nimble.build/Debug-xros/Nimble-t.build/Objects-normal/arm64/Nimble-dependency-scan.dia -user-module-version 14.0.0 -validate-clang-modules-once -clang-build-session-file /Users/admin/builder/spi-builder-workspace/.derivedData/ModuleCache.noindex/Session.modulevalidation -Xcc -fmodules-prune-interval\=86400 -Xcc -fmodules-prune-after\=345600 -package-name nimble -emit-const-values -const-gather-protocols-list /Users/admin/builder/spi-builder-workspace/.derivedData/Build/Intermediates.noindex/Nimble.build/Debug-xros/Nimble-t.build/Objects-normal/arm64/Nimble_const_extract_protocols.json -Xcc -I/Users/admin/builder/spi-builder-workspace/.dependencies/checkouts/CwlCatchException/Sources/CwlCatchExceptionSupport/include -Xcc -I/Users/admin/builder/spi-builder-workspace/.dependencies/checkouts/CwlPreconditionTesting/Sources/CwlMachBadInstructionHandler/include -Xcc -I/Users/admin/builder/spi-builder-workspace/.derivedData/Build/Products/Debug-xros/include -Xcc -I/Users/admin/builder/spi-builder-workspace/.derivedData/Build/Intermediates.noindex/Nimble.build/Debug-xros/Nimble-t.build/DerivedSources-normal/arm64 -Xcc -I/Users/admin/builder/spi-builder-workspace/.derivedData/Build/Intermediates.noindex/Nimble.build/Debug-xros/Nimble-t.build/DerivedSources/arm64 -Xcc -I/Users/admin/builder/spi-builder-workspace/.derivedData/Build/Intermediates.noindex/Nimble.build/Debug-xros/Nimble-t.build/DerivedSources -Xcc -DSWIFT_PACKAGE -Xcc -DDEBUG\=1 -emit-objc-header -emit-objc-header-path /Users/admin/builder/spi-builder-workspace/.derivedData/Build/Intermediates.noindex/Nimble.build/Debug-xros/Nimble-t.build/Objects-normal/arm64/Nimble-Swift.h -working-directory /Users/admin/builder/spi-builder-workspace/.swiftpm/xcode -experimental-emit-module-separately -disable-cmo
SwiftDriverJobDiscovery normal arm64 Emitting module for SnapshotTesting (in target 'SnapshotTesting' from project 'swift-snapshot-testing')
SwiftCompile normal arm64 Compiling\ AssertSnapshot.swift,\ Async.swift,\ Internal.swift,\ PlistEncoder.swift /Users/admin/builder/spi-builder-workspace/.dependencies/checkouts/swift-snapshot-testing/Sources/SnapshotTesting/AssertSnapshot.swift /Users/admin/builder/spi-builder-workspace/.dependencies/checkouts/swift-snapshot-testing/Sources/SnapshotTesting/Async.swift /Users/admin/builder/spi-builder-workspace/.dependencies/checkouts/swift-snapshot-testing/Sources/SnapshotTesting/Common/Internal.swift /Users/admin/builder/spi-builder-workspace/.dependencies/checkouts/swift-snapshot-testing/Sources/SnapshotTesting/Common/PlistEncoder.swift (in target 'SnapshotTesting' from project 'swift-snapshot-testing')
/Users/admin/builder/spi-builder-workspace/.dependencies/checkouts/swift-snapshot-testing/Sources/SnapshotTesting/AssertSnapshot.swift:646:23: error: cannot find 'Image' in scope
644 | if #available(iOS 14.0, tvOS 14.0, macOS 11.0, watchOS 7.0, *),
645 | name.hasSuffix(".png"),
646 | let image = Image(data: data)
| `- error: cannot find 'Image' in scope
647 | {
648 | Attachment.record(image, named: name, as: .png, sourceLocation: sourceLocation)
Failed frontend command:
/Applications/Xcode-27.0.0-Release.Candidate.app/Contents/Developer/Toolchains/XcodeDefault.xctoolchain/usr/bin/swift-frontend -frontend -c -primary-file /Users/admin/builder/spi-builder-workspace/.dependencies/checkouts/swift-snapshot-testing/Sources/SnapshotTesting/AssertSnapshot.swift -primary-file /Users/admin/builder/spi-builder-workspace/.dependencies/checkouts/swift-snapshot-testing/Sources/SnapshotTesting/Async.swift -primary-file /Users/admin/builder/spi-builder-workspace/.dependencies/checkouts/swift-snapshot-testing/Sources/SnapshotTesting/Common/Internal.swift -primary-file /Users/admin/builder/spi-builder-workspace/.dependencies/checkouts/swift-snapshot-testing/Sources/SnapshotTesting/Common/PlistEncoder.swift /Users/admin/builder/spi-builder-workspace/.dependencies/checkouts/swift-snapshot-testing/Sources/SnapshotTesting/Common/String+SpecialCharacters.swift /Users/admin/builder/spi-builder-workspace/.dependencies/checkouts/swift-snapshot-testing/Sources/SnapshotTesting/Common/View.swift /Users/admin/builder/spi-builder-workspace/.dependencies/checkouts/swift-snapshot-testing/Sources/SnapshotTesting/Common/XCTAttachment.swift /Users/admin/builder/spi-builder-workspace/.dependencies/checkouts/swift-snapshot-testing/Sources/SnapshotTesting/Diff.swift /Users/admin/builder/spi-builder-workspace/.dependencies/checkouts/swift-snapshot-testing/Sources/SnapshotTesting/Diffing.swift /Users/admin/builder/spi-builder-workspace/.dependencies/checkouts/swift-snapshot-testing/Sources/SnapshotTesting/Extensions/Wait.swift /Users/admin/builder/spi-builder-workspace/.dependencies/checkouts/swift-snapshot-testing/Sources/SnapshotTesting/Internal/Deprecations.swift /Users/admin/builder/spi-builder-workspace/.dependencies/checkouts/swift-snapshot-testing/Sources/SnapshotTesting/Internal/RecordIssue.swift /Users/admin/builder/spi-builder-workspace/.dependencies/checkouts/swift-snapshot-testing/Sources/SnapshotTesting/SnapshotTestingConfiguration.swift /Users/admin/builder/spi-builder-workspace/.dependencies/checkouts/swift-snapshot-testing/Sources/SnapshotTesting/SnapshotsTestTrait.swift /Users/admin/builder/spi-builder-workspace/.dependencies/checkouts/swift-snapshot-testing/Sources/SnapshotTesting/Snapshotting.swift /Users/admin/builder/spi-builder-workspace/.dependencies/checkouts/swift-snapshot-testing/Sources/SnapshotTesting/Snapshotting/Any.swift /Users/admin/builder/spi-builder-workspace/.dependencies/checkouts/swift-snapshot-testing/Sources/SnapshotTesting/Snapshotting/CALayer.swift /Users/admin/builder/spi-builder-workspace/.dependencies/checkouts/swift-snapshot-testing/Sources/SnapshotTesting/Snapshotting/CGPath.swift /Users/admin/builder/spi-builder-workspace/.dependencies/checkouts/swift-snapshot-testing/Sources/SnapshotTesting/Snapshotting/CaseIterable.swift /Users/admin/builder/spi-builder-workspace/.dependencies/checkouts/swift-snapshot-testing/Sources/SnapshotTesting/Snapshotting/Data.swift /Users/admin/builder/spi-builder-workspace/.dependencies/checkouts/swift-snapshot-testing/Sources/SnapshotTesting/Snapshotting/Encodable.swift /Users/admin/builder/spi-builder-workspace/.dependencies/checkouts/swift-snapshot-testing/Sources/SnapshotTesting/Snapshotting/NSBezierPath.swift /Users/admin/builder/spi-builder-workspace/.dependencies/checkouts/swift-snapshot-testing/Sources/SnapshotTesting/Snapshotting/NSImage.swift /Users/admin/builder/spi-builder-workspace/.dependencies/checkouts/swift-snapshot-testing/Sources/SnapshotTesting/Snapshotting/NSView.swift /Users/admin/builder/spi-builder-workspace/.dependencies/checkouts/swift-snapshot-testing/Sources/SnapshotTesting/Snapshotting/NSViewController.swift /Users/admin/builder/spi-builder-workspace/.dependencies/checkouts/swift-snapshot-testing/Sources/SnapshotTesting/Snapshotting/SceneKit.swift /Users/admin/builder/spi-builder-workspace/.dependencies/checkouts/swift-snapshot-testing/Sources/SnapshotTesting/Snapshotting/SpriteKit.swift /Users/admin/builder/spi-builder-workspace/.dependencies/checkouts/swift-snapshot-testing/Sources/SnapshotTesting/Snapshotting/String.swift /Users/admin/builder/spi-builder-workspace/.dependencies/checkouts/swift-snapshot-testing/Sources/SnapshotTesting/Snapshotting/SwiftUIView.swift /Users/admin/builder/spi-builder-workspace/.dependencies/checkouts/swift-snapshot-testing/Sources/SnapshotTesting/Snapshotting/UIBezierPath.swift /Users/admin/builder/spi-builder-workspace/.dependencies/checkouts/swift-snapshot-testing/Sources/SnapshotTesting/Snapshotting/UIImage.swift /Users/admin/builder/spi-builder-workspace/.dependencies/checkouts/swift-snapshot-testing/Sources/SnapshotTesting/Snapshotting/UIView.swift /Users/admin/builder/spi-builder-workspace/.dependencies/checkouts/swift-snapshot-testing/Sources/SnapshotTesting/Snapshotting/UIViewController.swift /Users/admin/builder/spi-builder-workspace/.dependencies/checkouts/swift-snapshot-testing/Sources/SnapshotTesting/Snapshotting/URLRequest.swift -supplementary-output-file-map /Users/admin/builder/spi-builder-workspace/.derivedData/Build/Intermediates.noindex/swift-snapshot-testing.build/Debug-xros/SnapshotTesting-t.build/Objects-normal/arm64/supplementaryOutputs-1 -target arm64-apple-xros1.0 -module-can-import-version ObjectiveC 973.1 0 -module-can-import-version SwiftUI 8.0.84.1 8.0.84 -module-can-import-version Testing 2084 0 -module-can-import-version UIKit 9127.0.84.1 9127.0.84 -disable-cross-import-overlay-search -swift-module-cross-import Testing /Applications/Xcode-27.0.0-Release.Candidate.app/Contents/Developer/Platforms/XROS.platform/Developer/Library/Frameworks/Testing.framework/Modules/Testing.swiftcrossimport/CoreGraphics.swiftoverlay -swift-module-cross-import Testing /Applications/Xcode-27.0.0-Release.Candidate.app/Contents/Developer/Platforms/XROS.platform/Developer/Library/Frameworks/Testing.framework/Modules/Testing.swiftcrossimport/CoreImage.swiftoverlay -swift-module-cross-import Testing /Applications/Xcode-27.0.0-Release.Candidate.app/Contents/Developer/Platforms/XROS.platform/Developer/Library/Frameworks/Testing.framework/Modules/Testing.swiftcrossimport/CoreTransferable.swiftoverlay -swift-module-cross-import Testing /Applications/Xcode-27.0.0-Release.Candidate.app/Contents/Developer/Platforms/XROS.platform/Developer/Library/Frameworks/Testing.framework/Modules/Testing.swiftcrossimport/Foundation.swiftoverlay -swift-module-cross-import Testing /Applications/Xcode-27.0.0-Release.Candidate.app/Contents/Developer/Platforms/XROS.platform/Developer/Library/Frameworks/Testing.framework/Modules/Testing.swiftcrossimport/UIKit.swiftoverlay -load-resolved-plugin /Applications/Xcode-27.0.0-Release.Candidate.app/Contents/Developer/Platforms/XROS.platform/Developer/usr/lib/swift/host/plugins/libFoundationMacros.dylib\#/Applications/Xcode-27.0.0-Release.Candidate.app/Contents/Developer/Platforms/XROS.platform/Developer/usr/bin/swift-plugin-server\#FoundationMacros -load-resolved-plugin /Applications/Xcode-27.0.0-Release.Candidate.app/Contents/Developer/Platforms/XROS.platform/Developer/usr/lib/swift/host/plugins/libObservationMacros.dylib\#/Applications/Xcode-27.0.0-Release.Candidate.app/Contents/Developer/Platforms/XROS.platform/Developer/usr/bin/swift-plugin-server\#ObservationMacros -load-resolved-plugin /Applications/Xcode-27.0.0-Release.Candidate.app/Contents/Developer/Platforms/XROS.platform/Developer/usr/lib/swift/host/plugins/libPreviewsMacros.dylib\#/Applications/Xcode-27.0.0-Release.Candidate.app/Contents/Developer/Platforms/XROS.platform/Developer/usr/bin/swift-plugin-server\#PreviewsMacros -load-resolved-plugin /Applications/Xcode-27.0.0-Release.Candidate.app/Contents/Developer/Platforms/XROS.platform/Developer/usr/lib/swift/host/plugins/libSwiftMacros.dylib\#/Applications/Xcode-27.0.0-Release.Candidate.app/Contents/Developer/Platforms/XROS.platform/Developer/usr/bin/swift-plugin-server\#SwiftMacros -load-resolved-plugin /Applications/Xcode-27.0.0-Release.Candidate.app/Contents/Developer/Platforms/XROS.platform/Developer/usr/lib/swift/host/plugins/libSwiftUIMacros.dylib\#/Applications/Xcode-27.0.0-Release.Candidate.app/Contents/Developer/Platforms/XROS.platform/Developer/usr/bin/swift-plugin-server\#SwiftUIMacros -load-resolved-plugin /Applications/Xcode-27.0.0-Release.Candidate.app/Contents/Developer/Toolchains/XcodeDefault.xctoolchain/usr/lib/swift/host/plugins/testing/libTestingMacros.dylib\#\#TestingMacros -disable-implicit-swift-modules -Xcc -fno-implicit-modules -Xcc -fno-implicit-module-maps -explicit-swift-module-map-file /Users/admin/builder/spi-builder-workspace/.derivedData/Build/Intermediates.noindex/swift-snapshot-testing.build/Debug-xros/SnapshotTesting-t.build/Objects-normal/arm64/SnapshotTesting-dependencies-1.json -Xllvm -aarch64-use-tbi -enable-objc-interop -stack-check -sdk /Applications/Xcode-27.0.0-Release.Candidate.app/Contents/Developer/Platforms/XROS.platform/Developer/SDKs/XROS27.0.sdk -I /Users/admin/builder/spi-builder-workspace/.derivedData/Build/Products/Debug-xros -Isystem /Applications/Xcode-27.0.0-Release.Candidate.app/Contents/Developer/Platforms/XROS.platform/Developer/usr/lib -F /Users/admin/builder/spi-builder-workspace/.derivedData/Build/Products/Debug-xros -F /Applications/Xcode-27.0.0-Release.Candidate.app/Contents/Developer/Platforms/XROS.platform/Developer/Library/Frameworks -F /Applications/Xcode-27.0.0-Release.Candidate.app/Contents/Developer/Platforms/XROS.platform/Developer/SDKs/XROS27.0.sdk/Developer/Library/Frameworks -module-cache-path /Users/admin/builder/spi-builder-workspace/.derivedData/Build/Intermediates.noindex/SwiftExplicitPrecompiledModules -no-color-diagnostics -Xcc -fno-color-diagnostics -enable-testing -g -debug-info-format\=dwarf -dwarf-version\=4 -suppress-warnings -profile-generate -profile-coverage-mapping -swift-version 5 -Onone -D SWIFT_PACKAGE -D DEBUG -D SWIFT_MODULE_RESOURCE_BUNDLE_UNAVAILABLE -D Xcode -serialize-debugging-options -enable-experimental-feature DebugDescriptionMacro -empty-abi-descriptor -user-module-version 1.19.6 -validate-clang-modules-once -clang-build-session-file /Users/admin/builder/spi-builder-workspace/.derivedData/ModuleCache.noindex/Session.modulevalidation -Xcc -working-directory -Xcc /Users/admin/builder/spi-builder-workspace/.swiftpm/xcode -enable-anonymous-context-mangled-names -file-compilation-dir /Users/admin/builder/spi-builder-workspace/.swiftpm/xcode -Xcc -D_LIBCPP_HARDENING_MODE\=_LIBCPP_HARDENING_MODE_DEBUG -Xcc -ivfsstatcache -Xcc /Users/admin/builder/spi-builder-workspace/.derivedData/SDKStatCaches.noindex/xros27.0-24M361-e829b21a6f8c9b70876ba0858053c044735bd543db762f57723cac368afd1ce4.sdkstatcache -Xcc -fmodules-prune-interval\=86400 -Xcc -fmodules-prune-after\=345600 -Xcc -I/Users/admin/builder/spi-builder-workspace/.derivedData/Build/Products/Debug-xros/include -Xcc -I/Users/admin/builder/spi-builder-workspace/.derivedData/Build/Intermediates.noindex/swift-snapshot-testing.build/Debug-xros/SnapshotTesting-t.build/DerivedSources-normal/arm64 -Xcc -I/Users/admin/builder/spi-builder-workspace/.derivedData/Build/Intermediates.noindex/swift-snapshot-testing.build/Debug-xros/SnapshotTesting-t.build/DerivedSources/arm64 -Xcc -I/Users/admin/builder/spi-builder-workspace/.derivedData/Build/Intermediates.noindex/swift-snapshot-testing.build/Debug-xros/SnapshotTesting-t.build/DerivedSources -Xcc -DSWIFT_PACKAGE -Xcc -DDEBUG\=1 -no-auto-bridging-header-chaining -module-name SnapshotTesting -package-name swift_snapshot_testing -const-gather-protocols-file /Users/admin/builder/spi-builder-workspace/.derivedData/Build/Intermediates.noindex/swift-snapshot-testing.build/Debug-xros/SnapshotTesting-t.build/Objects-normal/arm64/SnapshotTesting_const_extract_protocols.json -disable-clang-spi -clang-target arm64-apple-xros27.0 -target-sdk-version 27.0 -target-sdk-name xros27.0 -in-process-plugin-server-path /Applications/Xcode-27.0.0-Release.Candidate.app/Contents/Developer/Toolchains/XcodeDefault.xctoolchain/usr/lib/swift/host/libSwiftInProcPluginServer.dylib -parse-as-library -o /Users/admin/builder/spi-builder-workspace/.derivedData/Build/Intermediates.noindex/swift-snapshot-testing.build/Debug-xros/SnapshotTesting-t.build/Objects-normal/arm64/AssertSnapshot.o -o /Users/admin/builder/spi-builder-workspace/.derivedData/Build/Intermediates.noindex/swift-snapshot-testing.build/Debug-xros/SnapshotTesting-t.build/Objects-normal/arm64/Async.o -o /Users/admin/builder/spi-builder-workspace/.derivedData/Build/Intermediates.noindex/swift-snapshot-testing.build/Debug-xros/SnapshotTesting-t.build/Objects-normal/arm64/Internal.o -o /Users/admin/builder/spi-builder-workspace/.derivedData/Build/Intermediates.noindex/swift-snapshot-testing.build/Debug-xros/SnapshotTesting-t.build/Objects-normal/arm64/PlistEncoder.o -debug-module-path /Users/admin/builder/spi-builder-workspace/.derivedData/Build/Intermediates.noindex/swift-snapshot-testing.build/Debug-xros/SnapshotTesting-t.build/Objects-normal/arm64/SnapshotTesting.swiftmodule -index-unit-output-path /swift-snapshot-testing.build/Debug-xros/SnapshotTesting-t.build/Objects-normal/arm64/AssertSnapshot.o -index-unit-output-path /swift-snapshot-testing.build/Debug-xros/SnapshotTesting-t.build/Objects-normal/arm64/Async.o -index-unit-output-path /swift-snapshot-testing.build/Debug-xros/SnapshotTesting-t.build/Objects-normal/arm64/Internal.o -index-unit-output-path /swift-snapshot-testing.build/Debug-xros/SnapshotTesting-t.build/Objects-normal/arm64/PlistEncoder.o -index-store-path /Users/admin/builder/spi-builder-workspace/.derivedData/Index.noindex/DataStore -index-system-modules
SwiftCompile normal arm64 /Users/admin/builder/spi-builder-workspace/.dependencies/checkouts/swift-snapshot-testing/Sources/SnapshotTesting/AssertSnapshot.swift (in target 'SnapshotTesting' from project 'swift-snapshot-testing')
cd /Users/admin/builder/spi-builder-workspace/.swiftpm/xcode
builtin-SwiftPerFileCompile AssertSnapshot.swift
SwiftCompile normal arm64 /Users/admin/builder/spi-builder-workspace/.dependencies/checkouts/swift-snapshot-testing/Sources/SnapshotTesting/Async.swift (in target 'SnapshotTesting' from project 'swift-snapshot-testing')
cd /Users/admin/builder/spi-builder-workspace/.swiftpm/xcode
builtin-SwiftPerFileCompile Async.swift
SwiftCompile normal arm64 /Users/admin/builder/spi-builder-workspace/.dependencies/checkouts/swift-snapshot-testing/Sources/SnapshotTesting/Common/Internal.swift (in target 'SnapshotTesting' from project 'swift-snapshot-testing')
cd /Users/admin/builder/spi-builder-workspace/.swiftpm/xcode
builtin-SwiftPerFileCompile Internal.swift
SwiftCompile normal arm64 /Users/admin/builder/spi-builder-workspace/.dependencies/checkouts/swift-snapshot-testing/Sources/SnapshotTesting/Common/PlistEncoder.swift (in target 'SnapshotTesting' from project 'swift-snapshot-testing')
cd /Users/admin/builder/spi-builder-workspace/.swiftpm/xcode
builtin-SwiftPerFileCompile PlistEncoder.swift
SwiftDriver\ Compilation\ Requirements SnapshotTesting normal arm64 com.apple.xcode.tools.swift.compiler (in target 'SnapshotTesting' from project 'swift-snapshot-testing')
cd /Users/admin/builder/spi-builder-workspace/.swiftpm/xcode
builtin-Swift-Compilation-Requirements -- /Applications/Xcode-27.0.0-Release.Candidate.app/Contents/Developer/Toolchains/XcodeDefault.xctoolchain/usr/bin/swiftc -parse-as-library -module-name SnapshotTesting -Onone @/Users/admin/builder/spi-builder-workspace/.derivedData/Build/Intermediates.noindex/swift-snapshot-testing.build/Debug-xros/SnapshotTesting-t.build/Objects-normal/arm64/SnapshotTesting.SwiftFileList -DSWIFT_PACKAGE -DDEBUG -DSWIFT_MODULE_RESOURCE_BUNDLE_UNAVAILABLE -DXcode -plugin-path /Applications/Xcode-27.0.0-Release.Candidate.app/Contents/Developer/Toolchains/XcodeDefault.xctoolchain/usr/lib/swift/host/plugins/testing -enable-experimental-feature DebugDescriptionMacro -sdk /Applications/Xcode-27.0.0-Release.Candidate.app/Contents/Developer/Platforms/XROS.platform/Developer/SDKs/XROS27.0.sdk -target arm64-apple-xros1.0 -g -module-cache-path /Users/admin/builder/spi-builder-workspace/.derivedData/ModuleCache.noindex -Xfrontend -serialize-debugging-options -profile-coverage-mapping -profile-generate -enable-testing -suppress-warnings -index-store-path /Users/admin/builder/spi-builder-workspace/.derivedData/Index.noindex/DataStore -Xcc -D_LIBCPP_HARDENING_MODE\=_LIBCPP_HARDENING_MODE_DEBUG -swift-version 5 -I /Users/admin/builder/spi-builder-workspace/.derivedData/Build/Products/Debug-xros -Isystem /Applications/Xcode-27.0.0-Release.Candidate.app/Contents/Developer/Platforms/XROS.platform/Developer/usr/lib -F /Users/admin/builder/spi-builder-workspace/.derivedData/Build/Products/Debug-xros -F /Applications/Xcode-27.0.0-Release.Candidate.app/Contents/Developer/Platforms/XROS.platform/Developer/Library/Frameworks -F /Applications/Xcode-27.0.0-Release.Candidate.app/Contents/Developer/Platforms/XROS.platform/Developer/SDKs/XROS27.0.sdk/Developer/Library/Frameworks -c -j10 -enable-batch-mode -incremental -Xcc -ivfsstatcache -Xcc /Users/admin/builder/spi-builder-workspace/.derivedData/SDKStatCaches.noindex/xros27.0-24M361-e829b21a6f8c9b70876ba0858053c044735bd543db762f57723cac368afd1ce4.sdkstatcache -output-file-map /Users/admin/builder/spi-builder-workspace/.derivedData/Build/Intermediates.noindex/swift-snapshot-testing.build/Debug-xros/SnapshotTesting-t.build/Objects-normal/arm64/SnapshotTesting-OutputFileMap.json -save-temps -no-color-diagnostics -explicit-module-build -module-cache-path /Users/admin/builder/spi-builder-workspace/.derivedData/Build/Intermediates.noindex/SwiftExplicitPrecompiledModules -clang-scanner-module-cache-path /Users/admin/builder/spi-builder-workspace/.derivedData/ModuleCache.noindex -sdk-module-cache-path /Users/admin/builder/spi-builder-workspace/.derivedData/SDKExplicitPrecompiledModules -emit-dependencies -emit-module -emit-module-path /Users/admin/builder/spi-builder-workspace/.derivedData/Build/Intermediates.noindex/swift-snapshot-testing.build/Debug-xros/SnapshotTesting-t.build/Objects-normal/arm64/SnapshotTesting.swiftmodule -serialize-diagnostics -dependency-scan-serialize-diagnostics-path /Users/admin/builder/spi-builder-workspace/.derivedData/Build/Intermediates.noindex/swift-snapshot-testing.build/Debug-xros/SnapshotTesting-t.build/Objects-normal/arm64/SnapshotTesting-dependency-scan.dia -user-module-version 1.19.6 -validate-clang-modules-once -clang-build-session-file /Users/admin/builder/spi-builder-workspace/.derivedData/ModuleCache.noindex/Session.modulevalidation -Xcc -fmodules-prune-interval\=86400 -Xcc -fmodules-prune-after\=345600 -package-name swift_snapshot_testing -emit-const-values -const-gather-protocols-list /Users/admin/builder/spi-builder-workspace/.derivedData/Build/Intermediates.noindex/swift-snapshot-testing.build/Debug-xros/SnapshotTesting-t.build/Objects-normal/arm64/SnapshotTesting_const_extract_protocols.json -Xcc -I/Users/admin/builder/spi-builder-workspace/.derivedData/Build/Products/Debug-xros/include -Xcc -I/Users/admin/builder/spi-builder-workspace/.derivedData/Build/Intermediates.noindex/swift-snapshot-testing.build/Debug-xros/SnapshotTesting-t.build/DerivedSources-normal/arm64 -Xcc -I/Users/admin/builder/spi-builder-workspace/.derivedData/Build/Intermediates.noindex/swift-snapshot-testing.build/Debug-xros/SnapshotTesting-t.build/DerivedSources/arm64 -Xcc -I/Users/admin/builder/spi-builder-workspace/.derivedData/Build/Intermediates.noindex/swift-snapshot-testing.build/Debug-xros/SnapshotTesting-t.build/DerivedSources -Xcc -DSWIFT_PACKAGE -Xcc -DDEBUG\=1 -emit-objc-header -emit-objc-header-path /Users/admin/builder/spi-builder-workspace/.derivedData/Build/Intermediates.noindex/swift-snapshot-testing.build/Debug-xros/SnapshotTesting-t.build/Objects-normal/arm64/SnapshotTesting-Swift.h -working-directory /Users/admin/builder/spi-builder-workspace/.swiftpm/xcode -experimental-emit-module-separately -disable-cmo
SwiftDriverJobDiscovery normal arm64 Compiling Matcher.swift, MatcherProtocols.swift, Negation.swift, PostNotification.swift, RaisesException.swift, SatisfyAllOf.swift, SatisfyAnyOf.swift (in target 'Nimble' from project 'Nimble')
SwiftMergeGeneratedHeaders /Users/admin/builder/spi-builder-workspace/.derivedData/Build/Intermediates.noindex/GeneratedModuleMaps-xros/Nimble-Swift.h /Users/admin/builder/spi-builder-workspace/.derivedData/Build/Intermediates.noindex/Nimble.build/Debug-xros/Nimble-t.build/Objects-normal/arm64/Nimble-Swift.h (in target 'Nimble' from project 'Nimble')
cd /Users/admin/builder/spi-builder-workspace/.dependencies/checkouts/Nimble
builtin-swiftHeaderTool -arch arm64 /Users/admin/builder/spi-builder-workspace/.derivedData/Build/Intermediates.noindex/Nimble.build/Debug-xros/Nimble-t.build/Objects-normal/arm64/Nimble-Swift.h -o /Users/admin/builder/spi-builder-workspace/.derivedData/Build/Intermediates.noindex/GeneratedModuleMaps-xros/Nimble-Swift.h
SwiftMergeGeneratedHeaders /Users/admin/builder/spi-builder-workspace/.derivedData/Build/Intermediates.noindex/GeneratedModuleMaps-xros/SnapshotTesting-Swift.h /Users/admin/builder/spi-builder-workspace/.derivedData/Build/Intermediates.noindex/swift-snapshot-testing.build/Debug-xros/SnapshotTesting-t.build/Objects-normal/arm64/SnapshotTesting-Swift.h (in target 'SnapshotTesting' from project 'swift-snapshot-testing')
cd /Users/admin/builder/spi-builder-workspace/.dependencies/checkouts/swift-snapshot-testing
builtin-swiftHeaderTool -arch arm64 /Users/admin/builder/spi-builder-workspace/.derivedData/Build/Intermediates.noindex/swift-snapshot-testing.build/Debug-xros/SnapshotTesting-t.build/Objects-normal/arm64/SnapshotTesting-Swift.h -o /Users/admin/builder/spi-builder-workspace/.derivedData/Build/Intermediates.noindex/GeneratedModuleMaps-xros/SnapshotTesting-Swift.h
Copy /Users/admin/builder/spi-builder-workspace/.derivedData/Build/Products/Debug-xros/SnapshotTesting.swiftmodule/arm64-apple-xros.swiftmodule /Users/admin/builder/spi-builder-workspace/.derivedData/Build/Intermediates.noindex/swift-snapshot-testing.build/Debug-xros/SnapshotTesting-t.build/Objects-normal/arm64/SnapshotTesting.swiftmodule (in target 'SnapshotTesting' from project 'swift-snapshot-testing')
cd /Users/admin/builder/spi-builder-workspace/.dependencies/checkouts/swift-snapshot-testing
builtin-copy -exclude .DS_Store -exclude CVS -exclude .svn -exclude .git -exclude .hg -resolve-src-symlinks -rename /Users/admin/builder/spi-builder-workspace/.derivedData/Build/Intermediates.noindex/swift-snapshot-testing.build/Debug-xros/SnapshotTesting-t.build/Objects-normal/arm64/SnapshotTesting.swiftmodule /Users/admin/builder/spi-builder-workspace/.derivedData/Build/Products/Debug-xros/SnapshotTesting.swiftmodule/arm64-apple-xros.swiftmodule
Copy /Users/admin/builder/spi-builder-workspace/.derivedData/Build/Products/Debug-xros/SnapshotTesting.swiftmodule/arm64-apple-xros.swiftdoc /Users/admin/builder/spi-builder-workspace/.derivedData/Build/Intermediates.noindex/swift-snapshot-testing.build/Debug-xros/SnapshotTesting-t.build/Objects-normal/arm64/SnapshotTesting.swiftdoc (in target 'SnapshotTesting' from project 'swift-snapshot-testing')
cd /Users/admin/builder/spi-builder-workspace/.dependencies/checkouts/swift-snapshot-testing
builtin-copy -exclude .DS_Store -exclude CVS -exclude .svn -exclude .git -exclude .hg -resolve-src-symlinks -rename /Users/admin/builder/spi-builder-workspace/.derivedData/Build/Intermediates.noindex/swift-snapshot-testing.build/Debug-xros/SnapshotTesting-t.build/Objects-normal/arm64/SnapshotTesting.swiftdoc /Users/admin/builder/spi-builder-workspace/.derivedData/Build/Products/Debug-xros/SnapshotTesting.swiftmodule/arm64-apple-xros.swiftdoc
Copy /Users/admin/builder/spi-builder-workspace/.derivedData/Build/Products/Debug-xros/SnapshotTesting.swiftmodule/arm64-apple-xros.abi.json /Users/admin/builder/spi-builder-workspace/.derivedData/Build/Intermediates.noindex/swift-snapshot-testing.build/Debug-xros/SnapshotTesting-t.build/Objects-normal/arm64/SnapshotTesting.abi.json (in target 'SnapshotTesting' from project 'swift-snapshot-testing')
cd /Users/admin/builder/spi-builder-workspace/.dependencies/checkouts/swift-snapshot-testing
builtin-copy -exclude .DS_Store -exclude CVS -exclude .svn -exclude .git -exclude .hg -resolve-src-symlinks -rename /Users/admin/builder/spi-builder-workspace/.derivedData/Build/Intermediates.noindex/swift-snapshot-testing.build/Debug-xros/SnapshotTesting-t.build/Objects-normal/arm64/SnapshotTesting.abi.json /Users/admin/builder/spi-builder-workspace/.derivedData/Build/Products/Debug-xros/SnapshotTesting.swiftmodule/arm64-apple-xros.abi.json
Copy /Users/admin/builder/spi-builder-workspace/.derivedData/Build/Products/Debug-xros/SnapshotTesting.swiftmodule/Project/arm64-apple-xros.swiftsourceinfo /Users/admin/builder/spi-builder-workspace/.derivedData/Build/Intermediates.noindex/swift-snapshot-testing.build/Debug-xros/SnapshotTesting-t.build/Objects-normal/arm64/SnapshotTesting.swiftsourceinfo (in target 'SnapshotTesting' from project 'swift-snapshot-testing')
cd /Users/admin/builder/spi-builder-workspace/.dependencies/checkouts/swift-snapshot-testing
builtin-copy -exclude .DS_Store -exclude CVS -exclude .svn -exclude .git -exclude .hg -resolve-src-symlinks -rename /Users/admin/builder/spi-builder-workspace/.derivedData/Build/Intermediates.noindex/swift-snapshot-testing.build/Debug-xros/SnapshotTesting-t.build/Objects-normal/arm64/SnapshotTesting.swiftsourceinfo /Users/admin/builder/spi-builder-workspace/.derivedData/Build/Products/Debug-xros/SnapshotTesting.swiftmodule/Project/arm64-apple-xros.swiftsourceinfo
Copy /Users/admin/builder/spi-builder-workspace/.derivedData/Build/Products/Debug-xros/Nimble.swiftmodule/arm64-apple-xros.swiftmodule /Users/admin/builder/spi-builder-workspace/.derivedData/Build/Intermediates.noindex/Nimble.build/Debug-xros/Nimble-t.build/Objects-normal/arm64/Nimble.swiftmodule (in target 'Nimble' from project 'Nimble')
cd /Users/admin/builder/spi-builder-workspace/.dependencies/checkouts/Nimble
builtin-copy -exclude .DS_Store -exclude CVS -exclude .svn -exclude .git -exclude .hg -resolve-src-symlinks -rename /Users/admin/builder/spi-builder-workspace/.derivedData/Build/Intermediates.noindex/Nimble.build/Debug-xros/Nimble-t.build/Objects-normal/arm64/Nimble.swiftmodule /Users/admin/builder/spi-builder-workspace/.derivedData/Build/Products/Debug-xros/Nimble.swiftmodule/arm64-apple-xros.swiftmodule
Copy /Users/admin/builder/spi-builder-workspace/.derivedData/Build/Products/Debug-xros/Nimble.swiftmodule/arm64-apple-xros.swiftdoc /Users/admin/builder/spi-builder-workspace/.derivedData/Build/Intermediates.noindex/Nimble.build/Debug-xros/Nimble-t.build/Objects-normal/arm64/Nimble.swiftdoc (in target 'Nimble' from project 'Nimble')
cd /Users/admin/builder/spi-builder-workspace/.dependencies/checkouts/Nimble
builtin-copy -exclude .DS_Store -exclude CVS -exclude .svn -exclude .git -exclude .hg -resolve-src-symlinks -rename /Users/admin/builder/spi-builder-workspace/.derivedData/Build/Intermediates.noindex/Nimble.build/Debug-xros/Nimble-t.build/Objects-normal/arm64/Nimble.swiftdoc /Users/admin/builder/spi-builder-workspace/.derivedData/Build/Products/Debug-xros/Nimble.swiftmodule/arm64-apple-xros.swiftdoc
Copy /Users/admin/builder/spi-builder-workspace/.derivedData/Build/Products/Debug-xros/Nimble.swiftmodule/arm64-apple-xros.abi.json /Users/admin/builder/spi-builder-workspace/.derivedData/Build/Intermediates.noindex/Nimble.build/Debug-xros/Nimble-t.build/Objects-normal/arm64/Nimble.abi.json (in target 'Nimble' from project 'Nimble')
cd /Users/admin/builder/spi-builder-workspace/.dependencies/checkouts/Nimble
builtin-copy -exclude .DS_Store -exclude CVS -exclude .svn -exclude .git -exclude .hg -resolve-src-symlinks -rename /Users/admin/builder/spi-builder-workspace/.derivedData/Build/Intermediates.noindex/Nimble.build/Debug-xros/Nimble-t.build/Objects-normal/arm64/Nimble.abi.json /Users/admin/builder/spi-builder-workspace/.derivedData/Build/Products/Debug-xros/Nimble.swiftmodule/arm64-apple-xros.abi.json
Copy /Users/admin/builder/spi-builder-workspace/.derivedData/Build/Products/Debug-xros/Nimble.swiftmodule/Project/arm64-apple-xros.swiftsourceinfo /Users/admin/builder/spi-builder-workspace/.derivedData/Build/Intermediates.noindex/Nimble.build/Debug-xros/Nimble-t.build/Objects-normal/arm64/Nimble.swiftsourceinfo (in target 'Nimble' from project 'Nimble')
cd /Users/admin/builder/spi-builder-workspace/.dependencies/checkouts/Nimble
builtin-copy -exclude .DS_Store -exclude CVS -exclude .svn -exclude .git -exclude .hg -resolve-src-symlinks -rename /Users/admin/builder/spi-builder-workspace/.derivedData/Build/Intermediates.noindex/Nimble.build/Debug-xros/Nimble-t.build/Objects-normal/arm64/Nimble.swiftsourceinfo /Users/admin/builder/spi-builder-workspace/.derivedData/Build/Products/Debug-xros/Nimble.swiftmodule/Project/arm64-apple-xros.swiftsourceinfo
SwiftCompile normal arm64 Compiling\ CALayer.swift,\ CGPath.swift,\ CaseIterable.swift /Users/admin/builder/spi-builder-workspace/.dependencies/checkouts/swift-snapshot-testing/Sources/SnapshotTesting/Snapshotting/CALayer.swift /Users/admin/builder/spi-builder-workspace/.dependencies/checkouts/swift-snapshot-testing/Sources/SnapshotTesting/Snapshotting/CGPath.swift /Users/admin/builder/spi-builder-workspace/.dependencies/checkouts/swift-snapshot-testing/Sources/SnapshotTesting/Snapshotting/CaseIterable.swift (in target 'SnapshotTesting' from project 'swift-snapshot-testing')
SwiftCompile normal arm64 /Users/admin/builder/spi-builder-workspace/.dependencies/checkouts/swift-snapshot-testing/Sources/SnapshotTesting/Snapshotting/CALayer.swift (in target 'SnapshotTesting' from project 'swift-snapshot-testing')
cd /Users/admin/builder/spi-builder-workspace/.swiftpm/xcode
builtin-SwiftPerFileCompile CALayer.swift
SwiftCompile normal arm64 /Users/admin/builder/spi-builder-workspace/.dependencies/checkouts/swift-snapshot-testing/Sources/SnapshotTesting/Snapshotting/CGPath.swift (in target 'SnapshotTesting' from project 'swift-snapshot-testing')
cd /Users/admin/builder/spi-builder-workspace/.swiftpm/xcode
builtin-SwiftPerFileCompile CGPath.swift
SwiftCompile normal arm64 /Users/admin/builder/spi-builder-workspace/.dependencies/checkouts/swift-snapshot-testing/Sources/SnapshotTesting/Snapshotting/CaseIterable.swift (in target 'SnapshotTesting' from project 'swift-snapshot-testing')
cd /Users/admin/builder/spi-builder-workspace/.swiftpm/xcode
builtin-SwiftPerFileCompile CaseIterable.swift
SwiftDriverJobDiscovery normal arm64 Compiling UIView.swift, UIViewController.swift, URLRequest.swift (in target 'SnapshotTesting' from project 'swift-snapshot-testing')
SwiftCompile normal arm64 Compiling\ SceneKit.swift,\ SpriteKit.swift,\ String.swift /Users/admin/builder/spi-builder-workspace/.dependencies/checkouts/swift-snapshot-testing/Sources/SnapshotTesting/Snapshotting/SceneKit.swift /Users/admin/builder/spi-builder-workspace/.dependencies/checkouts/swift-snapshot-testing/Sources/SnapshotTesting/Snapshotting/SpriteKit.swift /Users/admin/builder/spi-builder-workspace/.dependencies/checkouts/swift-snapshot-testing/Sources/SnapshotTesting/Snapshotting/String.swift (in target 'SnapshotTesting' from project 'swift-snapshot-testing')
SwiftCompile normal arm64 /Users/admin/builder/spi-builder-workspace/.dependencies/checkouts/swift-snapshot-testing/Sources/SnapshotTesting/Snapshotting/SceneKit.swift (in target 'SnapshotTesting' from project 'swift-snapshot-testing')
cd /Users/admin/builder/spi-builder-workspace/.swiftpm/xcode
builtin-SwiftPerFileCompile SceneKit.swift
SwiftCompile normal arm64 /Users/admin/builder/spi-builder-workspace/.dependencies/checkouts/swift-snapshot-testing/Sources/SnapshotTesting/Snapshotting/SpriteKit.swift (in target 'SnapshotTesting' from project 'swift-snapshot-testing')
cd /Users/admin/builder/spi-builder-workspace/.swiftpm/xcode
builtin-SwiftPerFileCompile SpriteKit.swift
SwiftCompile normal arm64 /Users/admin/builder/spi-builder-workspace/.dependencies/checkouts/swift-snapshot-testing/Sources/SnapshotTesting/Snapshotting/String.swift (in target 'SnapshotTesting' from project 'swift-snapshot-testing')
cd /Users/admin/builder/spi-builder-workspace/.swiftpm/xcode
builtin-SwiftPerFileCompile String.swift
SwiftCompile normal arm64 Compiling\ NimbleSwiftTestingHandler.swift,\ NimbleXCTestHandler.swift,\ ExceptionCapture.swift,\ AsyncExpression.swift,\ DSL+AsyncAwait.swift,\ DSL+Require.swift,\ DSL+Wait.swift /Users/admin/builder/spi-builder-workspace/.dependencies/checkouts/Nimble/Sources/Nimble/Adapters/NimbleSwiftTestingHandler.swift /Users/admin/builder/spi-builder-workspace/.dependencies/checkouts/Nimble/Sources/Nimble/Adapters/NimbleXCTestHandler.swift /Users/admin/builder/spi-builder-workspace/.dependencies/checkouts/Nimble/Sources/Nimble/Adapters/NonObjectiveC/ExceptionCapture.swift /Users/admin/builder/spi-builder-workspace/.dependencies/checkouts/Nimble/Sources/Nimble/AsyncExpression.swift /Users/admin/builder/spi-builder-workspace/.dependencies/checkouts/Nimble/Sources/Nimble/DSL+AsyncAwait.swift /Users/admin/builder/spi-builder-workspace/.dependencies/checkouts/Nimble/Sources/Nimble/DSL+Require.swift /Users/admin/builder/spi-builder-workspace/.dependencies/checkouts/Nimble/Sources/Nimble/DSL+Wait.swift (in target 'Nimble' from project 'Nimble')
SwiftCompile normal arm64 /Users/admin/builder/spi-builder-workspace/.dependencies/checkouts/Nimble/Sources/Nimble/Adapters/NimbleSwiftTestingHandler.swift (in target 'Nimble' from project 'Nimble')
cd /Users/admin/builder/spi-builder-workspace/.swiftpm/xcode
builtin-SwiftPerFileCompile NimbleSwiftTestingHandler.swift
SwiftCompile normal arm64 /Users/admin/builder/spi-builder-workspace/.dependencies/checkouts/Nimble/Sources/Nimble/Adapters/NimbleXCTestHandler.swift (in target 'Nimble' from project 'Nimble')
cd /Users/admin/builder/spi-builder-workspace/.swiftpm/xcode
builtin-SwiftPerFileCompile NimbleXCTestHandler.swift
SwiftCompile normal arm64 /Users/admin/builder/spi-builder-workspace/.dependencies/checkouts/Nimble/Sources/Nimble/Adapters/NonObjectiveC/ExceptionCapture.swift (in target 'Nimble' from project 'Nimble')
cd /Users/admin/builder/spi-builder-workspace/.swiftpm/xcode
builtin-SwiftPerFileCompile ExceptionCapture.swift
SwiftCompile normal arm64 /Users/admin/builder/spi-builder-workspace/.dependencies/checkouts/Nimble/Sources/Nimble/AsyncExpression.swift (in target 'Nimble' from project 'Nimble')
cd /Users/admin/builder/spi-builder-workspace/.swiftpm/xcode
builtin-SwiftPerFileCompile AsyncExpression.swift
SwiftCompile normal arm64 /Users/admin/builder/spi-builder-workspace/.dependencies/checkouts/Nimble/Sources/Nimble/DSL+AsyncAwait.swift (in target 'Nimble' from project 'Nimble')
cd /Users/admin/builder/spi-builder-workspace/.swiftpm/xcode
builtin-SwiftPerFileCompile DSL+AsyncAwait.swift
SwiftCompile normal arm64 /Users/admin/builder/spi-builder-workspace/.dependencies/checkouts/Nimble/Sources/Nimble/DSL+Require.swift (in target 'Nimble' from project 'Nimble')
cd /Users/admin/builder/spi-builder-workspace/.swiftpm/xcode
builtin-SwiftPerFileCompile DSL+Require.swift
SwiftCompile normal arm64 /Users/admin/builder/spi-builder-workspace/.dependencies/checkouts/Nimble/Sources/Nimble/DSL+Wait.swift (in target 'Nimble' from project 'Nimble')
cd /Users/admin/builder/spi-builder-workspace/.swiftpm/xcode
builtin-SwiftPerFileCompile DSL+Wait.swift
SwiftDriverJobDiscovery normal arm64 Compiling AsyncAwait.swift, AsyncTimerSequence.swift, Errors.swift, NimbleTimeInterval.swift, PollAwait.swift, SourceLocation.swift, Stringers.swift (in target 'Nimble' from project 'Nimble')
SwiftDriverJobDiscovery normal arm64 Compiling String+SpecialCharacters.swift, View.swift, XCTAttachment.swift, Diff.swift (in target 'SnapshotTesting' from project 'swift-snapshot-testing')
SwiftCompile normal arm64 Compiling\ DSL.swift,\ Expectation.swift,\ ExpectationMessage.swift,\ Expression.swift,\ FailureMessage.swift,\ AllPass.swift,\ AsyncAllPass.swift /Users/admin/builder/spi-builder-workspace/.dependencies/checkouts/Nimble/Sources/Nimble/DSL.swift /Users/admin/builder/spi-builder-workspace/.dependencies/checkouts/Nimble/Sources/Nimble/Expectation.swift /Users/admin/builder/spi-builder-workspace/.dependencies/checkouts/Nimble/Sources/Nimble/ExpectationMessage.swift /Users/admin/builder/spi-builder-workspace/.dependencies/checkouts/Nimble/Sources/Nimble/Expression.swift /Users/admin/builder/spi-builder-workspace/.dependencies/checkouts/Nimble/Sources/Nimble/FailureMessage.swift /Users/admin/builder/spi-builder-workspace/.dependencies/checkouts/Nimble/Sources/Nimble/Matchers/AllPass.swift /Users/admin/builder/spi-builder-workspace/.dependencies/checkouts/Nimble/Sources/Nimble/Matchers/AsyncAllPass.swift (in target 'Nimble' from project 'Nimble')
SwiftCompile normal arm64 /Users/admin/builder/spi-builder-workspace/.dependencies/checkouts/Nimble/Sources/Nimble/DSL.swift (in target 'Nimble' from project 'Nimble')
cd /Users/admin/builder/spi-builder-workspace/.swiftpm/xcode
builtin-SwiftPerFileCompile DSL.swift
SwiftCompile normal arm64 /Users/admin/builder/spi-builder-workspace/.dependencies/checkouts/Nimble/Sources/Nimble/Expectation.swift (in target 'Nimble' from project 'Nimble')
cd /Users/admin/builder/spi-builder-workspace/.swiftpm/xcode
builtin-SwiftPerFileCompile Expectation.swift
SwiftCompile normal arm64 /Users/admin/builder/spi-builder-workspace/.dependencies/checkouts/Nimble/Sources/Nimble/ExpectationMessage.swift (in target 'Nimble' from project 'Nimble')
cd /Users/admin/builder/spi-builder-workspace/.swiftpm/xcode
builtin-SwiftPerFileCompile ExpectationMessage.swift
SwiftCompile normal arm64 /Users/admin/builder/spi-builder-workspace/.dependencies/checkouts/Nimble/Sources/Nimble/Expression.swift (in target 'Nimble' from project 'Nimble')
cd /Users/admin/builder/spi-builder-workspace/.swiftpm/xcode
builtin-SwiftPerFileCompile Expression.swift
SwiftCompile normal arm64 /Users/admin/builder/spi-builder-workspace/.dependencies/checkouts/Nimble/Sources/Nimble/FailureMessage.swift (in target 'Nimble' from project 'Nimble')
cd /Users/admin/builder/spi-builder-workspace/.swiftpm/xcode
builtin-SwiftPerFileCompile FailureMessage.swift
SwiftCompile normal arm64 /Users/admin/builder/spi-builder-workspace/.dependencies/checkouts/Nimble/Sources/Nimble/Matchers/AllPass.swift (in target 'Nimble' from project 'Nimble')
cd /Users/admin/builder/spi-builder-workspace/.swiftpm/xcode
builtin-SwiftPerFileCompile AllPass.swift
SwiftCompile normal arm64 /Users/admin/builder/spi-builder-workspace/.dependencies/checkouts/Nimble/Sources/Nimble/Matchers/AsyncAllPass.swift (in target 'Nimble' from project 'Nimble')
cd /Users/admin/builder/spi-builder-workspace/.swiftpm/xcode
builtin-SwiftPerFileCompile AsyncAllPass.swift
SwiftDriverJobDiscovery normal arm64 Compiling CALayer.swift, CGPath.swift, CaseIterable.swift (in target 'SnapshotTesting' from project 'swift-snapshot-testing')
SwiftCompile normal arm64 Compiling\ AsyncMatcher.swift,\ BeAKindOf.swift,\ BeAnInstanceOf.swift,\ BeCloseTo.swift,\ BeEmpty.swift,\ BeGreaterThan.swift,\ BeGreaterThanOrEqualTo.swift /Users/admin/builder/spi-builder-workspace/.dependencies/checkouts/Nimble/Sources/Nimble/Matchers/AsyncMatcher.swift /Users/admin/builder/spi-builder-workspace/.dependencies/checkouts/Nimble/Sources/Nimble/Matchers/BeAKindOf.swift /Users/admin/builder/spi-builder-workspace/.dependencies/checkouts/Nimble/Sources/Nimble/Matchers/BeAnInstanceOf.swift /Users/admin/builder/spi-builder-workspace/.dependencies/checkouts/Nimble/Sources/Nimble/Matchers/BeCloseTo.swift /Users/admin/builder/spi-builder-workspace/.dependencies/checkouts/Nimble/Sources/Nimble/Matchers/BeEmpty.swift /Users/admin/builder/spi-builder-workspace/.dependencies/checkouts/Nimble/Sources/Nimble/Matchers/BeGreaterThan.swift /Users/admin/builder/spi-builder-workspace/.dependencies/checkouts/Nimble/Sources/Nimble/Matchers/BeGreaterThanOrEqualTo.swift (in target 'Nimble' from project 'Nimble')
SwiftCompile normal arm64 /Users/admin/builder/spi-builder-workspace/.dependencies/checkouts/Nimble/Sources/Nimble/Matchers/AsyncMatcher.swift (in target 'Nimble' from project 'Nimble')
cd /Users/admin/builder/spi-builder-workspace/.swiftpm/xcode
builtin-SwiftPerFileCompile AsyncMatcher.swift
SwiftCompile normal arm64 /Users/admin/builder/spi-builder-workspace/.dependencies/checkouts/Nimble/Sources/Nimble/Matchers/BeAKindOf.swift (in target 'Nimble' from project 'Nimble')
cd /Users/admin/builder/spi-builder-workspace/.swiftpm/xcode
builtin-SwiftPerFileCompile BeAKindOf.swift
SwiftCompile normal arm64 /Users/admin/builder/spi-builder-workspace/.dependencies/checkouts/Nimble/Sources/Nimble/Matchers/BeAnInstanceOf.swift (in target 'Nimble' from project 'Nimble')
cd /Users/admin/builder/spi-builder-workspace/.swiftpm/xcode
builtin-SwiftPerFileCompile BeAnInstanceOf.swift
SwiftCompile normal arm64 /Users/admin/builder/spi-builder-workspace/.dependencies/checkouts/Nimble/Sources/Nimble/Matchers/BeCloseTo.swift (in target 'Nimble' from project 'Nimble')
cd /Users/admin/builder/spi-builder-workspace/.swiftpm/xcode
builtin-SwiftPerFileCompile BeCloseTo.swift
SwiftCompile normal arm64 /Users/admin/builder/spi-builder-workspace/.dependencies/checkouts/Nimble/Sources/Nimble/Matchers/BeEmpty.swift (in target 'Nimble' from project 'Nimble')
cd /Users/admin/builder/spi-builder-workspace/.swiftpm/xcode
builtin-SwiftPerFileCompile BeEmpty.swift
SwiftCompile normal arm64 /Users/admin/builder/spi-builder-workspace/.dependencies/checkouts/Nimble/Sources/Nimble/Matchers/BeGreaterThan.swift (in target 'Nimble' from project 'Nimble')
cd /Users/admin/builder/spi-builder-workspace/.swiftpm/xcode
builtin-SwiftPerFileCompile BeGreaterThan.swift
SwiftCompile normal arm64 /Users/admin/builder/spi-builder-workspace/.dependencies/checkouts/Nimble/Sources/Nimble/Matchers/BeGreaterThanOrEqualTo.swift (in target 'Nimble' from project 'Nimble')
cd /Users/admin/builder/spi-builder-workspace/.swiftpm/xcode
builtin-SwiftPerFileCompile BeGreaterThanOrEqualTo.swift
SwiftDriverJobDiscovery normal arm64 Compiling ThrowAssertion.swift, ThrowError.swift, ToSucceed.swift, Polling+AsyncAwait.swift, Polling+Require.swift, Polling.swift, Requirement.swift (in target 'Nimble' from project 'Nimble')
SwiftCompile normal arm64 Compiling\ Equal+Tuple.swift,\ Equal+TupleArray.swift,\ Equal.swift,\ HaveCount.swift,\ Map.swift,\ Match.swift,\ MatchError.swift /Users/admin/builder/spi-builder-workspace/.dependencies/checkouts/Nimble/Sources/Nimble/Matchers/Equal+Tuple.swift /Users/admin/builder/spi-builder-workspace/.dependencies/checkouts/Nimble/Sources/Nimble/Matchers/Equal+TupleArray.swift /Users/admin/builder/spi-builder-workspace/.dependencies/checkouts/Nimble/Sources/Nimble/Matchers/Equal.swift /Users/admin/builder/spi-builder-workspace/.dependencies/checkouts/Nimble/Sources/Nimble/Matchers/HaveCount.swift /Users/admin/builder/spi-builder-workspace/.dependencies/checkouts/Nimble/Sources/Nimble/Matchers/Map.swift /Users/admin/builder/spi-builder-workspace/.dependencies/checkouts/Nimble/Sources/Nimble/Matchers/Match.swift /Users/admin/builder/spi-builder-workspace/.dependencies/checkouts/Nimble/Sources/Nimble/Matchers/MatchError.swift (in target 'Nimble' from project 'Nimble')
SwiftCompile normal arm64 /Users/admin/builder/spi-builder-workspace/.dependencies/checkouts/Nimble/Sources/Nimble/Matchers/Equal+Tuple.swift (in target 'Nimble' from project 'Nimble')
cd /Users/admin/builder/spi-builder-workspace/.swiftpm/xcode
builtin-SwiftPerFileCompile Equal+Tuple.swift
SwiftCompile normal arm64 /Users/admin/builder/spi-builder-workspace/.dependencies/checkouts/Nimble/Sources/Nimble/Matchers/Equal+TupleArray.swift (in target 'Nimble' from project 'Nimble')
cd /Users/admin/builder/spi-builder-workspace/.swiftpm/xcode
builtin-SwiftPerFileCompile Equal+TupleArray.swift
SwiftCompile normal arm64 /Users/admin/builder/spi-builder-workspace/.dependencies/checkouts/Nimble/Sources/Nimble/Matchers/Equal.swift (in target 'Nimble' from project 'Nimble')
cd /Users/admin/builder/spi-builder-workspace/.swiftpm/xcode
builtin-SwiftPerFileCompile Equal.swift
SwiftCompile normal arm64 /Users/admin/builder/spi-builder-workspace/.dependencies/checkouts/Nimble/Sources/Nimble/Matchers/HaveCount.swift (in target 'Nimble' from project 'Nimble')
cd /Users/admin/builder/spi-builder-workspace/.swiftpm/xcode
builtin-SwiftPerFileCompile HaveCount.swift
SwiftCompile normal arm64 /Users/admin/builder/spi-builder-workspace/.dependencies/checkouts/Nimble/Sources/Nimble/Matchers/Map.swift (in target 'Nimble' from project 'Nimble')
cd /Users/admin/builder/spi-builder-workspace/.swiftpm/xcode
builtin-SwiftPerFileCompile Map.swift
SwiftCompile normal arm64 /Users/admin/builder/spi-builder-workspace/.dependencies/checkouts/Nimble/Sources/Nimble/Matchers/Match.swift (in target 'Nimble' from project 'Nimble')
cd /Users/admin/builder/spi-builder-workspace/.swiftpm/xcode
builtin-SwiftPerFileCompile Match.swift
SwiftCompile normal arm64 /Users/admin/builder/spi-builder-workspace/.dependencies/checkouts/Nimble/Sources/Nimble/Matchers/MatchError.swift (in target 'Nimble' from project 'Nimble')
cd /Users/admin/builder/spi-builder-workspace/.swiftpm/xcode
builtin-SwiftPerFileCompile MatchError.swift
SwiftDriverJobDiscovery normal arm64 Compiling SceneKit.swift, SpriteKit.swift, String.swift (in target 'SnapshotTesting' from project 'swift-snapshot-testing')
SwiftDriverJobDiscovery normal arm64 Compiling Data.swift, Encodable.swift, NSBezierPath.swift (in target 'SnapshotTesting' from project 'swift-snapshot-testing')
ScanDependencies /Users/admin/builder/spi-builder-workspace/.derivedData/Build/Intermediates.noindex/Nimble.build/Debug-xros/NimbleObjectiveC-t.build/Objects-normal/arm64/XCTestObservationCenter+Register.o /Users/admin/builder/spi-builder-workspace/.dependencies/checkouts/Nimble/Sources/NimbleObjectiveC/XCTestObservationCenter+Register.m normal arm64 objective-c com.apple.compilers.llvm.clang.1_0.compiler (in target 'NimbleObjectiveC' from project 'Nimble')
cd /Users/admin/builder/spi-builder-workspace/.swiftpm/xcode
Using response file: /Users/admin/builder/spi-builder-workspace/.derivedData/Build/Intermediates.noindex/Nimble.build/Debug-xros/NimbleObjectiveC-t.build/Objects-normal/arm64/e6072d4f65d7061329687fe24e3d63a7-common-args.resp
builtin-ScanDependencies -o /Users/admin/builder/spi-builder-workspace/.derivedData/Build/Intermediates.noindex/Nimble.build/Debug-xros/NimbleObjectiveC-t.build/Objects-normal/arm64/XCTestObservationCenter+Register.o.scan -- /Applications/Xcode-27.0.0-Release.Candidate.app/Contents/Developer/Toolchains/XcodeDefault.xctoolchain/usr/bin/clang -x objective-c -ivfsstatcache /Users/admin/builder/spi-builder-workspace/.derivedData/SDKStatCaches.noindex/xros27.0-24M361-e829b21a6f8c9b70876ba0858053c044735bd543db762f57723cac368afd1ce4.sdkstatcache -target arm64-apple-xros1.0 -fmessage-length\=0 -fdiagnostics-show-note-include-stack -fmacro-backtrace-limit\=0 -fno-color-diagnostics -fmodules-prune-interval\=86400 -fmodules-prune-after\=345600 -fbuild-session-file\=/Users/admin/builder/spi-builder-workspace/.derivedData/ModuleCache.noindex/Session.modulevalidation -fmodules-validate-once-per-build-session -Wnon-modular-include-in-framework-module -Werror\=non-modular-include-in-framework-module -Wno-trigraphs -Wno-missing-field-initializers -Wno-missing-prototypes -Wno-return-type -Wno-implicit-atomic-properties -Wno-objc-interface-ivars -Wno-arc-repeated-use-of-weak -Wno-missing-braces -Wparentheses -Wswitch -Wno-unused-function -Wno-unused-label -Wno-unused-parameter -Wno-unused-variable -Wunused-value -Wno-empty-body -Wno-uninitialized -Wno-unknown-pragmas -w -Wno-shadow -Wno-four-char-constants -Wno-conversion -Wno-constant-conversion -Wno-int-conversion -Wno-bool-conversion -Wno-enum-conversion -Wno-float-conversion -Wno-non-literal-null-conversion -Wno-objc-literal-conversion -Wshorten-64-to-32 -Wpointer-sign -Wno-newline-eof -Wno-selector -Wno-strict-selector-match -Wno-undeclared-selector -Wno-deprecated-implementations -Wno-implicit-fallthrough -isysroot /Applications/Xcode-27.0.0-Release.Candidate.app/Contents/Developer/Platforms/XROS.platform/Developer/SDKs/XROS27.0.sdk -fstrict-aliasing -Wprotocol -Wdeprecated-declarations -Wno-sign-conversion -Wno-infinite-recursion -Wno-comma -Wno-block-capture-autoreleasing -Wno-strict-prototypes -Wno-semicolon-before-method-body -index-store-path /Users/admin/builder/spi-builder-workspace/.derivedData/Index.noindex/DataStore @/Users/admin/builder/spi-builder-workspace/.derivedData/Build/Intermediates.noindex/Nimble.build/Debug-xros/NimbleObjectiveC-t.build/Objects-normal/arm64/e6072d4f65d7061329687fe24e3d63a7-common-args.resp -MMD -MT dependencies -MF /Users/admin/builder/spi-builder-workspace/.derivedData/Build/Intermediates.noindex/Nimble.build/Debug-xros/NimbleObjectiveC-t.build/Objects-normal/arm64/XCTestObservationCenter+Register.d --serialize-diagnostics /Users/admin/builder/spi-builder-workspace/.derivedData/Build/Intermediates.noindex/Nimble.build/Debug-xros/NimbleObjectiveC-t.build/Objects-normal/arm64/XCTestObservationCenter+Register.dia -c /Users/admin/builder/spi-builder-workspace/.dependencies/checkouts/Nimble/Sources/NimbleObjectiveC/XCTestObservationCenter+Register.m -o /Users/admin/builder/spi-builder-workspace/.derivedData/Build/Intermediates.noindex/Nimble.build/Debug-xros/NimbleObjectiveC-t.build/Objects-normal/arm64/XCTestObservationCenter+Register.o -index-unit-output-path /Nimble.build/Debug-xros/NimbleObjectiveC-t.build/Objects-normal/arm64/XCTestObservationCenter+Register.o
ScanDependencies /Users/admin/builder/spi-builder-workspace/.derivedData/Build/Intermediates.noindex/Nimble.build/Debug-xros/NimbleObjectiveC-t.build/Objects-normal/arm64/NMBStringify.o /Users/admin/builder/spi-builder-workspace/.dependencies/checkouts/Nimble/Sources/NimbleObjectiveC/NMBStringify.m normal arm64 objective-c com.apple.compilers.llvm.clang.1_0.compiler (in target 'NimbleObjectiveC' from project 'Nimble')
cd /Users/admin/builder/spi-builder-workspace/.swiftpm/xcode
Using response file: /Users/admin/builder/spi-builder-workspace/.derivedData/Build/Intermediates.noindex/Nimble.build/Debug-xros/NimbleObjectiveC-t.build/Objects-normal/arm64/e6072d4f65d7061329687fe24e3d63a7-common-args.resp
builtin-ScanDependencies -o /Users/admin/builder/spi-builder-workspace/.derivedData/Build/Intermediates.noindex/Nimble.build/Debug-xros/NimbleObjectiveC-t.build/Objects-normal/arm64/NMBStringify.o.scan -- /Applications/Xcode-27.0.0-Release.Candidate.app/Contents/Developer/Toolchains/XcodeDefault.xctoolchain/usr/bin/clang -x objective-c -ivfsstatcache /Users/admin/builder/spi-builder-workspace/.derivedData/SDKStatCaches.noindex/xros27.0-24M361-e829b21a6f8c9b70876ba0858053c044735bd543db762f57723cac368afd1ce4.sdkstatcache -target arm64-apple-xros1.0 -fmessage-length\=0 -fdiagnostics-show-note-include-stack -fmacro-backtrace-limit\=0 -fno-color-diagnostics -fmodules-prune-interval\=86400 -fmodules-prune-after\=345600 -fbuild-session-file\=/Users/admin/builder/spi-builder-workspace/.derivedData/ModuleCache.noindex/Session.modulevalidation -fmodules-validate-once-per-build-session -Wnon-modular-include-in-framework-module -Werror\=non-modular-include-in-framework-module -Wno-trigraphs -Wno-missing-field-initializers -Wno-missing-prototypes -Wno-return-type -Wno-implicit-atomic-properties -Wno-objc-interface-ivars -Wno-arc-repeated-use-of-weak -Wno-missing-braces -Wparentheses -Wswitch -Wno-unused-function -Wno-unused-label -Wno-unused-parameter -Wno-unused-variable -Wunused-value -Wno-empty-body -Wno-uninitialized -Wno-unknown-pragmas -w -Wno-shadow -Wno-four-char-constants -Wno-conversion -Wno-constant-conversion -Wno-int-conversion -Wno-bool-conversion -Wno-enum-conversion -Wno-float-conversion -Wno-non-literal-null-conversion -Wno-objc-literal-conversion -Wshorten-64-to-32 -Wpointer-sign -Wno-newline-eof -Wno-selector -Wno-strict-selector-match -Wno-undeclared-selector -Wno-deprecated-implementations -Wno-implicit-fallthrough -isysroot /Applications/Xcode-27.0.0-Release.Candidate.app/Contents/Developer/Platforms/XROS.platform/Developer/SDKs/XROS27.0.sdk -fstrict-aliasing -Wprotocol -Wdeprecated-declarations -Wno-sign-conversion -Wno-infinite-recursion -Wno-comma -Wno-block-capture-autoreleasing -Wno-strict-prototypes -Wno-semicolon-before-method-body -index-store-path /Users/admin/builder/spi-builder-workspace/.derivedData/Index.noindex/DataStore @/Users/admin/builder/spi-builder-workspace/.derivedData/Build/Intermediates.noindex/Nimble.build/Debug-xros/NimbleObjectiveC-t.build/Objects-normal/arm64/e6072d4f65d7061329687fe24e3d63a7-common-args.resp -MMD -MT dependencies -MF /Users/admin/builder/spi-builder-workspace/.derivedData/Build/Intermediates.noindex/Nimble.build/Debug-xros/NimbleObjectiveC-t.build/Objects-normal/arm64/NMBStringify.d --serialize-diagnostics /Users/admin/builder/spi-builder-workspace/.derivedData/Build/Intermediates.noindex/Nimble.build/Debug-xros/NimbleObjectiveC-t.build/Objects-normal/arm64/NMBStringify.dia -c /Users/admin/builder/spi-builder-workspace/.dependencies/checkouts/Nimble/Sources/NimbleObjectiveC/NMBStringify.m -o /Users/admin/builder/spi-builder-workspace/.derivedData/Build/Intermediates.noindex/Nimble.build/Debug-xros/NimbleObjectiveC-t.build/Objects-normal/arm64/NMBStringify.o -index-unit-output-path /Nimble.build/Debug-xros/NimbleObjectiveC-t.build/Objects-normal/arm64/NMBStringify.o
ScanDependencies /Users/admin/builder/spi-builder-workspace/.derivedData/Build/Intermediates.noindex/Nimble.build/Debug-xros/NimbleObjectiveC-t.build/Objects-normal/arm64/NMBExceptionCapture.o /Users/admin/builder/spi-builder-workspace/.dependencies/checkouts/Nimble/Sources/NimbleObjectiveC/NMBExceptionCapture.m normal arm64 objective-c com.apple.compilers.llvm.clang.1_0.compiler (in target 'NimbleObjectiveC' from project 'Nimble')
cd /Users/admin/builder/spi-builder-workspace/.swiftpm/xcode
Using response file: /Users/admin/builder/spi-builder-workspace/.derivedData/Build/Intermediates.noindex/Nimble.build/Debug-xros/NimbleObjectiveC-t.build/Objects-normal/arm64/e6072d4f65d7061329687fe24e3d63a7-common-args.resp
builtin-ScanDependencies -o /Users/admin/builder/spi-builder-workspace/.derivedData/Build/Intermediates.noindex/Nimble.build/Debug-xros/NimbleObjectiveC-t.build/Objects-normal/arm64/NMBExceptionCapture.o.scan -- /Applications/Xcode-27.0.0-Release.Candidate.app/Contents/Developer/Toolchains/XcodeDefault.xctoolchain/usr/bin/clang -x objective-c -ivfsstatcache /Users/admin/builder/spi-builder-workspace/.derivedData/SDKStatCaches.noindex/xros27.0-24M361-e829b21a6f8c9b70876ba0858053c044735bd543db762f57723cac368afd1ce4.sdkstatcache -target arm64-apple-xros1.0 -fmessage-length\=0 -fdiagnostics-show-note-include-stack -fmacro-backtrace-limit\=0 -fno-color-diagnostics -fmodules-prune-interval\=86400 -fmodules-prune-after\=345600 -fbuild-session-file\=/Users/admin/builder/spi-builder-workspace/.derivedData/ModuleCache.noindex/Session.modulevalidation -fmodules-validate-once-per-build-session -Wnon-modular-include-in-framework-module -Werror\=non-modular-include-in-framework-module -Wno-trigraphs -Wno-missing-field-initializers -Wno-missing-prototypes -Wno-return-type -Wno-implicit-atomic-properties -Wno-objc-interface-ivars -Wno-arc-repeated-use-of-weak -Wno-missing-braces -Wparentheses -Wswitch -Wno-unused-function -Wno-unused-label -Wno-unused-parameter -Wno-unused-variable -Wunused-value -Wno-empty-body -Wno-uninitialized -Wno-unknown-pragmas -w -Wno-shadow -Wno-four-char-constants -Wno-conversion -Wno-constant-conversion -Wno-int-conversion -Wno-bool-conversion -Wno-enum-conversion -Wno-float-conversion -Wno-non-literal-null-conversion -Wno-objc-literal-conversion -Wshorten-64-to-32 -Wpointer-sign -Wno-newline-eof -Wno-selector -Wno-strict-selector-match -Wno-undeclared-selector -Wno-deprecated-implementations -Wno-implicit-fallthrough -isysroot /Applications/Xcode-27.0.0-Release.Candidate.app/Contents/Developer/Platforms/XROS.platform/Developer/SDKs/XROS27.0.sdk -fstrict-aliasing -Wprotocol -Wdeprecated-declarations -Wno-sign-conversion -Wno-infinite-recursion -Wno-comma -Wno-block-capture-autoreleasing -Wno-strict-prototypes -Wno-semicolon-before-method-body -index-store-path /Users/admin/builder/spi-builder-workspace/.derivedData/Index.noindex/DataStore @/Users/admin/builder/spi-builder-workspace/.derivedData/Build/Intermediates.noindex/Nimble.build/Debug-xros/NimbleObjectiveC-t.build/Objects-normal/arm64/e6072d4f65d7061329687fe24e3d63a7-common-args.resp -MMD -MT dependencies -MF /Users/admin/builder/spi-builder-workspace/.derivedData/Build/Intermediates.noindex/Nimble.build/Debug-xros/NimbleObjectiveC-t.build/Objects-normal/arm64/NMBExceptionCapture.d --serialize-diagnostics /Users/admin/builder/spi-builder-workspace/.derivedData/Build/Intermediates.noindex/Nimble.build/Debug-xros/NimbleObjectiveC-t.build/Objects-normal/arm64/NMBExceptionCapture.dia -c /Users/admin/builder/spi-builder-workspace/.dependencies/checkouts/Nimble/Sources/NimbleObjectiveC/NMBExceptionCapture.m -o /Users/admin/builder/spi-builder-workspace/.derivedData/Build/Intermediates.noindex/Nimble.build/Debug-xros/NimbleObjectiveC-t.build/Objects-normal/arm64/NMBExceptionCapture.o -index-unit-output-path /Nimble.build/Debug-xros/NimbleObjectiveC-t.build/Objects-normal/arm64/NMBExceptionCapture.o
SwiftDriverJobDiscovery normal arm64 Compiling SnapshotTestingConfiguration.swift, SnapshotsTestTrait.swift, Snapshotting.swift, Any.swift (in target 'SnapshotTesting' from project 'swift-snapshot-testing')
ScanDependencies /Users/admin/builder/spi-builder-workspace/.derivedData/Build/Intermediates.noindex/Nimble.build/Debug-xros/NimbleObjectiveC-t.build/Objects-normal/arm64/DSL.o /Users/admin/builder/spi-builder-workspace/.dependencies/checkouts/Nimble/Sources/NimbleObjectiveC/DSL.m normal arm64 objective-c com.apple.compilers.llvm.clang.1_0.compiler (in target 'NimbleObjectiveC' from project 'Nimble')
cd /Users/admin/builder/spi-builder-workspace/.swiftpm/xcode
Using response file: /Users/admin/builder/spi-builder-workspace/.derivedData/Build/Intermediates.noindex/Nimble.build/Debug-xros/NimbleObjectiveC-t.build/Objects-normal/arm64/e6072d4f65d7061329687fe24e3d63a7-common-args.resp
builtin-ScanDependencies -o /Users/admin/builder/spi-builder-workspace/.derivedData/Build/Intermediates.noindex/Nimble.build/Debug-xros/NimbleObjectiveC-t.build/Objects-normal/arm64/DSL.o.scan -- /Applications/Xcode-27.0.0-Release.Candidate.app/Contents/Developer/Toolchains/XcodeDefault.xctoolchain/usr/bin/clang -x objective-c -ivfsstatcache /Users/admin/builder/spi-builder-workspace/.derivedData/SDKStatCaches.noindex/xros27.0-24M361-e829b21a6f8c9b70876ba0858053c044735bd543db762f57723cac368afd1ce4.sdkstatcache -target arm64-apple-xros1.0 -fmessage-length\=0 -fdiagnostics-show-note-include-stack -fmacro-backtrace-limit\=0 -fno-color-diagnostics -fmodules-prune-interval\=86400 -fmodules-prune-after\=345600 -fbuild-session-file\=/Users/admin/builder/spi-builder-workspace/.derivedData/ModuleCache.noindex/Session.modulevalidation -fmodules-validate-once-per-build-session -Wnon-modular-include-in-framework-module -Werror\=non-modular-include-in-framework-module -Wno-trigraphs -Wno-missing-field-initializers -Wno-missing-prototypes -Wno-return-type -Wno-implicit-atomic-properties -Wno-objc-interface-ivars -Wno-arc-repeated-use-of-weak -Wno-missing-braces -Wparentheses -Wswitch -Wno-unused-function -Wno-unused-label -Wno-unused-parameter -Wno-unused-variable -Wunused-value -Wno-empty-body -Wno-uninitialized -Wno-unknown-pragmas -w -Wno-shadow -Wno-four-char-constants -Wno-conversion -Wno-constant-conversion -Wno-int-conversion -Wno-bool-conversion -Wno-enum-conversion -Wno-float-conversion -Wno-non-literal-null-conversion -Wno-objc-literal-conversion -Wshorten-64-to-32 -Wpointer-sign -Wno-newline-eof -Wno-selector -Wno-strict-selector-match -Wno-undeclared-selector -Wno-deprecated-implementations -Wno-implicit-fallthrough -isysroot /Applications/Xcode-27.0.0-Release.Candidate.app/Contents/Developer/Platforms/XROS.platform/Developer/SDKs/XROS27.0.sdk -fstrict-aliasing -Wprotocol -Wdeprecated-declarations -Wno-sign-conversion -Wno-infinite-recursion -Wno-comma -Wno-block-capture-autoreleasing -Wno-strict-prototypes -Wno-semicolon-before-method-body -index-store-path /Users/admin/builder/spi-builder-workspace/.derivedData/Index.noindex/DataStore @/Users/admin/builder/spi-builder-workspace/.derivedData/Build/Intermediates.noindex/Nimble.build/Debug-xros/NimbleObjectiveC-t.build/Objects-normal/arm64/e6072d4f65d7061329687fe24e3d63a7-common-args.resp -MMD -MT dependencies -MF /Users/admin/builder/spi-builder-workspace/.derivedData/Build/Intermediates.noindex/Nimble.build/Debug-xros/NimbleObjectiveC-t.build/Objects-normal/arm64/DSL.d --serialize-diagnostics /Users/admin/builder/spi-builder-workspace/.derivedData/Build/Intermediates.noindex/Nimble.build/Debug-xros/NimbleObjectiveC-t.build/Objects-normal/arm64/DSL.dia -c /Users/admin/builder/spi-builder-workspace/.dependencies/checkouts/Nimble/Sources/NimbleObjectiveC/DSL.m -o /Users/admin/builder/spi-builder-workspace/.derivedData/Build/Intermediates.noindex/Nimble.build/Debug-xros/NimbleObjectiveC-t.build/Objects-normal/arm64/DSL.o -index-unit-output-path /Nimble.build/Debug-xros/NimbleObjectiveC-t.build/Objects-normal/arm64/DSL.o
SwiftDriverJobDiscovery normal arm64 Compiling Diffing.swift, Wait.swift, Deprecations.swift, RecordIssue.swift (in target 'SnapshotTesting' from project 'swift-snapshot-testing')
SwiftDriverJobDiscovery normal arm64 Compiling DSL.swift, Expectation.swift, ExpectationMessage.swift, Expression.swift, FailureMessage.swift, AllPass.swift, AsyncAllPass.swift (in target 'Nimble' from project 'Nimble')
SwiftDriver Nimble-SnapshotTesting normal arm64 com.apple.xcode.tools.swift.compiler (in target 'Nimble-SnapshotTesting' from project 'Nimble-SnapshotTesting')
cd /Users/admin/builder/spi-builder-workspace/.swiftpm/xcode
builtin-SwiftDriver -- /Applications/Xcode-27.0.0-Release.Candidate.app/Contents/Developer/Toolchains/XcodeDefault.xctoolchain/usr/bin/swiftc -parse-as-library -module-name Nimble_SnapshotTesting -Onone @/Users/admin/builder/spi-builder-workspace/.derivedData/Build/Intermediates.noindex/Nimble-SnapshotTesting.build/Debug-xros/Nimble-SnapshotTesting-t.build/Objects-normal/arm64/Nimble-SnapshotTesting.SwiftFileList -DSWIFT_PACKAGE -DDEBUG -DSWIFT_MODULE_RESOURCE_BUNDLE_UNAVAILABLE -Xcc -fmodule-map-file\=/Users/admin/builder/spi-builder-workspace/.derivedData/Build/Intermediates.noindex/GeneratedModuleMaps-xros/CwlCatchExceptionSupport.modulemap -Xcc -fmodule-map-file\=/Users/admin/builder/spi-builder-workspace/.derivedData/Build/Intermediates.noindex/GeneratedModuleMaps-xros/CwlMachBadInstructionHandler.modulemap -Xcc -fmodule-map-file\=/Users/admin/builder/spi-builder-workspace/.derivedData/Build/Intermediates.noindex/GeneratedModuleMaps-xros/NimbleObjectiveC.modulemap -DXcode -plugin-path /Applications/Xcode-27.0.0-Release.Candidate.app/Contents/Developer/Toolchains/XcodeDefault.xctoolchain/usr/lib/swift/host/plugins/testing -enable-experimental-feature DebugDescriptionMacro -sdk /Applications/Xcode-27.0.0-Release.Candidate.app/Contents/Developer/Platforms/XROS.platform/Developer/SDKs/XROS27.0.sdk -target arm64-apple-xros1.0 -g -module-cache-path /Users/admin/builder/spi-builder-workspace/.derivedData/ModuleCache.noindex -Xfrontend -serialize-debugging-options -profile-coverage-mapping -profile-generate -enable-testing -index-store-path /Users/admin/builder/spi-builder-workspace/.derivedData/Index.noindex/DataStore -Xcc -D_LIBCPP_HARDENING_MODE\=_LIBCPP_HARDENING_MODE_DEBUG -swift-version 5 -I /Users/admin/builder/spi-builder-workspace/.derivedData/Build/Products/Debug-xros -Isystem /Applications/Xcode-27.0.0-Release.Candidate.app/Contents/Developer/Platforms/XROS.platform/Developer/usr/lib -F /Users/admin/builder/spi-builder-workspace/.derivedData/Build/Products/Debug-xros/PackageFrameworks -F /Users/admin/builder/spi-builder-workspace/.derivedData/Build/Products/Debug-xros -F /Applications/Xcode-27.0.0-Release.Candidate.app/Contents/Developer/Platforms/XROS.platform/Developer/Library/Frameworks -F /Applications/Xcode-27.0.0-Release.Candidate.app/Contents/Developer/Platforms/XROS.platform/Developer/SDKs/XROS27.0.sdk/Developer/Library/Frameworks -c -j10 -enable-batch-mode -incremental -Xcc -ivfsstatcache -Xcc /Users/admin/builder/spi-builder-workspace/.derivedData/SDKStatCaches.noindex/xros27.0-24M361-e829b21a6f8c9b70876ba0858053c044735bd543db762f57723cac368afd1ce4.sdkstatcache -output-file-map /Users/admin/builder/spi-builder-workspace/.derivedData/Build/Intermediates.noindex/Nimble-SnapshotTesting.build/Debug-xros/Nimble-SnapshotTesting-t.build/Objects-normal/arm64/Nimble-SnapshotTesting-OutputFileMap.json -save-temps -no-color-diagnostics -explicit-module-build -module-cache-path /Users/admin/builder/spi-builder-workspace/.derivedData/Build/Intermediates.noindex/SwiftExplicitPrecompiledModules -clang-scanner-module-cache-path /Users/admin/builder/spi-builder-workspace/.derivedData/ModuleCache.noindex -sdk-module-cache-path /Users/admin/builder/spi-builder-workspace/.derivedData/SDKExplicitPrecompiledModules -emit-dependencies -emit-module -emit-module-path /Users/admin/builder/spi-builder-workspace/.derivedData/Build/Intermediates.noindex/Nimble-SnapshotTesting.build/Debug-xros/Nimble-SnapshotTesting-t.build/Objects-normal/arm64/Nimble_SnapshotTesting.swiftmodule -serialize-diagnostics -dependency-scan-serialize-diagnostics-path /Users/admin/builder/spi-builder-workspace/.derivedData/Build/Intermediates.noindex/Nimble-SnapshotTesting.build/Debug-xros/Nimble-SnapshotTesting-t.build/Objects-normal/arm64/Nimble_SnapshotTesting-dependency-scan.dia -validate-clang-modules-once -clang-build-session-file /Users/admin/builder/spi-builder-workspace/.derivedData/ModuleCache.noindex/Session.modulevalidation -Xcc -fmodules-prune-interval\=86400 -Xcc -fmodules-prune-after\=345600 -package-name spi_builder_workspace -emit-const-values -const-gather-protocols-list /Users/admin/builder/spi-builder-workspace/.derivedData/Build/Intermediates.noindex/Nimble-SnapshotTesting.build/Debug-xros/Nimble-SnapshotTesting-t.build/Objects-normal/arm64/Nimble-SnapshotTesting_const_extract_protocols.json -Xcc -I/Users/admin/builder/spi-builder-workspace/.dependencies/checkouts/CwlCatchException/Sources/CwlCatchExceptionSupport/include -Xcc -I/Users/admin/builder/spi-builder-workspace/.dependencies/checkouts/CwlPreconditionTesting/Sources/CwlMachBadInstructionHandler/include -Xcc -I/Users/admin/builder/spi-builder-workspace/.dependencies/checkouts/Nimble/Sources/NimbleObjectiveC/include -Xcc -I/Users/admin/builder/spi-builder-workspace/.derivedData/Build/Products/Debug-xros/include -Xcc -I/Users/admin/builder/spi-builder-workspace/.derivedData/Build/Intermediates.noindex/Nimble-SnapshotTesting.build/Debug-xros/Nimble-SnapshotTesting-t.build/DerivedSources-normal/arm64 -Xcc -I/Users/admin/builder/spi-builder-workspace/.derivedData/Build/Intermediates.noindex/Nimble-SnapshotTesting.build/Debug-xros/Nimble-SnapshotTesting-t.build/DerivedSources/arm64 -Xcc -I/Users/admin/builder/spi-builder-workspace/.derivedData/Build/Intermediates.noindex/Nimble-SnapshotTesting.build/Debug-xros/Nimble-SnapshotTesting-t.build/DerivedSources -Xcc -DSWIFT_PACKAGE -Xcc -DDEBUG\=1 -emit-objc-header -emit-objc-header-path /Users/admin/builder/spi-builder-workspace/.derivedData/Build/Intermediates.noindex/Nimble-SnapshotTesting.build/Debug-xros/Nimble-SnapshotTesting-t.build/Objects-normal/arm64/Nimble-SnapshotTesting-Swift.h -working-directory /Users/admin/builder/spi-builder-workspace/.swiftpm/xcode -experimental-emit-module-separately -disable-cmo
SwiftDriverJobDiscovery normal arm64 Compiling NimbleSwiftTestingHandler.swift, NimbleXCTestHandler.swift, ExceptionCapture.swift, AsyncExpression.swift, DSL+AsyncAwait.swift, DSL+Require.swift, DSL+Wait.swift (in target 'Nimble' from project 'Nimble')
SwiftDriverJobDiscovery normal arm64 Compiling AsyncMatcher.swift, BeAKindOf.swift, BeAnInstanceOf.swift, BeCloseTo.swift, BeEmpty.swift, BeGreaterThan.swift, BeGreaterThanOrEqualTo.swift (in target 'Nimble' from project 'Nimble')
CompileC /Users/admin/builder/spi-builder-workspace/.derivedData/Build/Intermediates.noindex/Nimble.build/Debug-xros/NimbleObjectiveC-t.build/Objects-normal/arm64/NMBExceptionCapture.o /Users/admin/builder/spi-builder-workspace/.dependencies/checkouts/Nimble/Sources/NimbleObjectiveC/NMBExceptionCapture.m normal arm64 objective-c com.apple.compilers.llvm.clang.1_0.compiler (in target 'NimbleObjectiveC' from project 'Nimble')
cd /Users/admin/builder/spi-builder-workspace/.swiftpm/xcode
Using response file: /Users/admin/builder/spi-builder-workspace/.derivedData/Build/Intermediates.noindex/Nimble.build/Debug-xros/NimbleObjectiveC-t.build/Objects-normal/arm64/e6072d4f65d7061329687fe24e3d63a7-common-args.resp
/Applications/Xcode-27.0.0-Release.Candidate.app/Contents/Developer/Toolchains/XcodeDefault.xctoolchain/usr/bin/clang -x objective-c -ivfsstatcache /Users/admin/builder/spi-builder-workspace/.derivedData/SDKStatCaches.noindex/xros27.0-24M361-e829b21a6f8c9b70876ba0858053c044735bd543db762f57723cac368afd1ce4.sdkstatcache -target arm64-apple-xros1.0 -fmessage-length\=0 -fdiagnostics-show-note-include-stack -fmacro-backtrace-limit\=0 -fno-color-diagnostics -fmodules-prune-interval\=86400 -fmodules-prune-after\=345600 -fbuild-session-file\=/Users/admin/builder/spi-builder-workspace/.derivedData/ModuleCache.noindex/Session.modulevalidation -fmodules-validate-once-per-build-session -Wnon-modular-include-in-framework-module -Werror\=non-modular-include-in-framework-module -Wno-trigraphs -Wno-missing-field-initializers -Wno-missing-prototypes -Wno-return-type -Wno-implicit-atomic-properties -Wno-objc-interface-ivars -Wno-arc-repeated-use-of-weak -Wno-missing-braces -Wparentheses -Wswitch -Wno-unused-function -Wno-unused-label -Wno-unused-parameter -Wno-unused-variable -Wunused-value -Wno-empty-body -Wno-uninitialized -Wno-unknown-pragmas -w -Wno-shadow -Wno-four-char-constants -Wno-conversion -Wno-constant-conversion -Wno-int-conversion -Wno-bool-conversion -Wno-enum-conversion -Wno-float-conversion -Wno-non-literal-null-conversion -Wno-objc-literal-conversion -Wshorten-64-to-32 -Wpointer-sign -Wno-newline-eof -Wno-selector -Wno-strict-selector-match -Wno-undeclared-selector -Wno-deprecated-implementations -Wno-implicit-fallthrough -isysroot /Applications/Xcode-27.0.0-Release.Candidate.app/Contents/Developer/Platforms/XROS.platform/Developer/SDKs/XROS27.0.sdk -fstrict-aliasing -Wprotocol -Wdeprecated-declarations -Wno-sign-conversion -Wno-infinite-recursion -Wno-comma -Wno-block-capture-autoreleasing -Wno-strict-prototypes -Wno-semicolon-before-method-body -index-store-path /Users/admin/builder/spi-builder-workspace/.derivedData/Index.noindex/DataStore @/Users/admin/builder/spi-builder-workspace/.derivedData/Build/Intermediates.noindex/Nimble.build/Debug-xros/NimbleObjectiveC-t.build/Objects-normal/arm64/e6072d4f65d7061329687fe24e3d63a7-common-args.resp -MMD -MT dependencies -MF /Users/admin/builder/spi-builder-workspace/.derivedData/Build/Intermediates.noindex/Nimble.build/Debug-xros/NimbleObjectiveC-t.build/Objects-normal/arm64/NMBExceptionCapture.d --serialize-diagnostics /Users/admin/builder/spi-builder-workspace/.derivedData/Build/Intermediates.noindex/Nimble.build/Debug-xros/NimbleObjectiveC-t.build/Objects-normal/arm64/NMBExceptionCapture.dia -c /Users/admin/builder/spi-builder-workspace/.dependencies/checkouts/Nimble/Sources/NimbleObjectiveC/NMBExceptionCapture.m -o /Users/admin/builder/spi-builder-workspace/.derivedData/Build/Intermediates.noindex/Nimble.build/Debug-xros/NimbleObjectiveC-t.build/Objects-normal/arm64/NMBExceptionCapture.o -index-unit-output-path /Nimble.build/Debug-xros/NimbleObjectiveC-t.build/Objects-normal/arm64/NMBExceptionCapture.o
SwiftDriverJobDiscovery normal arm64 Compiling Equal+Tuple.swift, Equal+TupleArray.swift, Equal.swift, HaveCount.swift, Map.swift, Match.swift, MatchError.swift (in target 'Nimble' from project 'Nimble')
SwiftDriver\ Compilation Nimble normal arm64 com.apple.xcode.tools.swift.compiler (in target 'Nimble' from project 'Nimble')
cd /Users/admin/builder/spi-builder-workspace/.swiftpm/xcode
builtin-Swift-Compilation -- /Applications/Xcode-27.0.0-Release.Candidate.app/Contents/Developer/Toolchains/XcodeDefault.xctoolchain/usr/bin/swiftc -parse-as-library -module-name Nimble -Onone @/Users/admin/builder/spi-builder-workspace/.derivedData/Build/Intermediates.noindex/Nimble.build/Debug-xros/Nimble-t.build/Objects-normal/arm64/Nimble.SwiftFileList -DSWIFT_PACKAGE -DDEBUG -DSWIFT_MODULE_RESOURCE_BUNDLE_AVAILABLE -Xcc -fmodule-map-file\=/Users/admin/builder/spi-builder-workspace/.derivedData/Build/Intermediates.noindex/GeneratedModuleMaps-xros/CwlCatchExceptionSupport.modulemap -Xcc -fmodule-map-file\=/Users/admin/builder/spi-builder-workspace/.derivedData/Build/Intermediates.noindex/GeneratedModuleMaps-xros/CwlMachBadInstructionHandler.modulemap -DXcode -plugin-path /Applications/Xcode-27.0.0-Release.Candidate.app/Contents/Developer/Toolchains/XcodeDefault.xctoolchain/usr/lib/swift/host/plugins/testing -enable-experimental-feature DebugDescriptionMacro -sdk /Applications/Xcode-27.0.0-Release.Candidate.app/Contents/Developer/Platforms/XROS.platform/Developer/SDKs/XROS27.0.sdk -target arm64-apple-xros1.0 -g -module-cache-path /Users/admin/builder/spi-builder-workspace/.derivedData/ModuleCache.noindex -Xfrontend -serialize-debugging-options -profile-coverage-mapping -profile-generate -enable-testing -suppress-warnings -index-store-path /Users/admin/builder/spi-builder-workspace/.derivedData/Index.noindex/DataStore -Xcc -D_LIBCPP_HARDENING_MODE\=_LIBCPP_HARDENING_MODE_DEBUG -swift-version 5 -I /Users/admin/builder/spi-builder-workspace/.derivedData/Build/Products/Debug-xros -Isystem /Applications/Xcode-27.0.0-Release.Candidate.app/Contents/Developer/Platforms/XROS.platform/Developer/usr/lib -F /Users/admin/builder/spi-builder-workspace/.derivedData/Build/Products/Debug-xros/PackageFrameworks -F /Users/admin/builder/spi-builder-workspace/.derivedData/Build/Products/Debug-xros -F /Applications/Xcode-27.0.0-Release.Candidate.app/Contents/Developer/Platforms/XROS.platform/Developer/Library/Frameworks -F /Applications/Xcode-27.0.0-Release.Candidate.app/Contents/Developer/Platforms/XROS.platform/Developer/SDKs/XROS27.0.sdk/Developer/Library/Frameworks -c -j10 -enable-batch-mode -incremental -Xcc -ivfsstatcache -Xcc /Users/admin/builder/spi-builder-workspace/.derivedData/SDKStatCaches.noindex/xros27.0-24M361-e829b21a6f8c9b70876ba0858053c044735bd543db762f57723cac368afd1ce4.sdkstatcache -output-file-map /Users/admin/builder/spi-builder-workspace/.derivedData/Build/Intermediates.noindex/Nimble.build/Debug-xros/Nimble-t.build/Objects-normal/arm64/Nimble-OutputFileMap.json -save-temps -no-color-diagnostics -explicit-module-build -module-cache-path /Users/admin/builder/spi-builder-workspace/.derivedData/Build/Intermediates.noindex/SwiftExplicitPrecompiledModules -clang-scanner-module-cache-path /Users/admin/builder/spi-builder-workspace/.derivedData/ModuleCache.noindex -sdk-module-cache-path /Users/admin/builder/spi-builder-workspace/.derivedData/SDKExplicitPrecompiledModules -emit-dependencies -emit-module -emit-module-path /Users/admin/builder/spi-builder-workspace/.derivedData/Build/Intermediates.noindex/Nimble.build/Debug-xros/Nimble-t.build/Objects-normal/arm64/Nimble.swiftmodule -serialize-diagnostics -dependency-scan-serialize-diagnostics-path /Users/admin/builder/spi-builder-workspace/.derivedData/Build/Intermediates.noindex/Nimble.build/Debug-xros/Nimble-t.build/Objects-normal/arm64/Nimble-dependency-scan.dia -user-module-version 14.0.0 -validate-clang-modules-once -clang-build-session-file /Users/admin/builder/spi-builder-workspace/.derivedData/ModuleCache.noindex/Session.modulevalidation -Xcc -fmodules-prune-interval\=86400 -Xcc -fmodules-prune-after\=345600 -package-name nimble -emit-const-values -const-gather-protocols-list /Users/admin/builder/spi-builder-workspace/.derivedData/Build/Intermediates.noindex/Nimble.build/Debug-xros/Nimble-t.build/Objects-normal/arm64/Nimble_const_extract_protocols.json -Xcc -I/Users/admin/builder/spi-builder-workspace/.dependencies/checkouts/CwlCatchException/Sources/CwlCatchExceptionSupport/include -Xcc -I/Users/admin/builder/spi-builder-workspace/.dependencies/checkouts/CwlPreconditionTesting/Sources/CwlMachBadInstructionHandler/include -Xcc -I/Users/admin/builder/spi-builder-workspace/.derivedData/Build/Products/Debug-xros/include -Xcc -I/Users/admin/builder/spi-builder-workspace/.derivedData/Build/Intermediates.noindex/Nimble.build/Debug-xros/Nimble-t.build/DerivedSources-normal/arm64 -Xcc -I/Users/admin/builder/spi-builder-workspace/.derivedData/Build/Intermediates.noindex/Nimble.build/Debug-xros/Nimble-t.build/DerivedSources/arm64 -Xcc -I/Users/admin/builder/spi-builder-workspace/.derivedData/Build/Intermediates.noindex/Nimble.build/Debug-xros/Nimble-t.build/DerivedSources -Xcc -DSWIFT_PACKAGE -Xcc -DDEBUG\=1 -emit-objc-header -emit-objc-header-path /Users/admin/builder/spi-builder-workspace/.derivedData/Build/Intermediates.noindex/Nimble.build/Debug-xros/Nimble-t.build/Objects-normal/arm64/Nimble-Swift.h -working-directory /Users/admin/builder/spi-builder-workspace/.swiftpm/xcode -experimental-emit-module-separately -disable-cmo
Ld /Users/admin/builder/spi-builder-workspace/.derivedData/Build/Products/Debug-xros/Nimble.o normal (in target 'Nimble' from project 'Nimble')
cd /Users/admin/builder/spi-builder-workspace/.dependencies/checkouts/Nimble
/Applications/Xcode-27.0.0-Release.Candidate.app/Contents/Developer/Toolchains/XcodeDefault.xctoolchain/usr/bin/clang -Xlinker -reproducible -target arm64-apple-xros1.0 -r -isysroot /Applications/Xcode-27.0.0-Release.Candidate.app/Contents/Developer/Platforms/XROS.platform/Developer/SDKs/XROS27.0.sdk -O0 -w -Xlinker -no_warn_duplicate_libraries -F/Users/admin/builder/spi-builder-workspace/.derivedData/Build/Intermediates.noindex/EagerLinkingTBDs/Debug-xros -F/Users/admin/builder/spi-builder-workspace/.derivedData/Build/Products/Debug-xros/PackageFrameworks -F/Users/admin/builder/spi-builder-workspace/.derivedData/Build/Products/Debug-xros -iframework /Applications/Xcode-27.0.0-Release.Candidate.app/Contents/Developer/Platforms/XROS.platform/Developer/Library/Frameworks -iframework /Applications/Xcode-27.0.0-Release.Candidate.app/Contents/Developer/Platforms/XROS.platform/Developer/SDKs/XROS27.0.sdk/Developer/Library/Frameworks -filelist /Users/admin/builder/spi-builder-workspace/.derivedData/Build/Intermediates.noindex/Nimble.build/Debug-xros/Nimble-t.build/Objects-normal/arm64/Nimble.LinkFileList -nostdlib -Xlinker -object_path_lto -Xlinker /Users/admin/builder/spi-builder-workspace/.derivedData/Build/Intermediates.noindex/Nimble.build/Debug-xros/Nimble-t.build/Objects-normal/arm64/Nimble_lto.o -Xlinker -no_deduplicate -Xlinker -debug_variant -Xlinker -dependency_info -Xlinker /Users/admin/builder/spi-builder-workspace/.derivedData/Build/Intermediates.noindex/Nimble.build/Debug-xros/Nimble-t.build/Objects-normal/arm64/Nimble_dependency_info.dat -fobjc-link-runtime -L/Applications/Xcode-27.0.0-Release.Candidate.app/Contents/Developer/Toolchains/XcodeDefault.xctoolchain/usr/lib/swift/xros -L/usr/lib/swift -Xlinker -add_ast_path -Xlinker /Users/admin/builder/spi-builder-workspace/.derivedData/Build/Intermediates.noindex/Nimble.build/Debug-xros/Nimble-t.build/Objects-normal/arm64/Nimble.swiftmodule -o /Users/admin/builder/spi-builder-workspace/.derivedData/Build/Products/Debug-xros/Nimble.o
ExtractAppIntentsMetadata (in target 'Nimble' from project 'Nimble')
cd /Users/admin/builder/spi-builder-workspace/.dependencies/checkouts/Nimble
/Applications/Xcode-27.0.0-Release.Candidate.app/Contents/Developer/Toolchains/XcodeDefault.xctoolchain/usr/bin/appintentsmetadataprocessor --toolchain-dir /var/run/com.apple.security.cryptexd/mnt/com.apple.MobileAsset.MetalToolchain-v27.1.266.1.muP6Ke/Metal.xctoolchain --module-name Nimble --sdk-root /Applications/Xcode-27.0.0-Release.Candidate.app/Contents/Developer/Platforms/XROS.platform/Developer/SDKs/XROS27.0.sdk --xcode-version 27A266a --platform-family xrOS --deployment-target 1.0 --bundle-identifier nimble.Nimble --output /Users/admin/builder/spi-builder-workspace/.derivedData/Build/Products/Debug-xros/Nimble.appintents --target-triple arm64-apple-xros1.0 --binary-file /Users/admin/builder/spi-builder-workspace/.derivedData/Build/Products/Debug-xros/Nimble.o --dependency-file /Users/admin/builder/spi-builder-workspace/.derivedData/Build/Intermediates.noindex/Nimble.build/Debug-xros/Nimble-t.build/Objects-normal/arm64/Nimble_dependency_info.dat --stringsdata-file /Users/admin/builder/spi-builder-workspace/.derivedData/Build/Intermediates.noindex/Nimble.build/Debug-xros/Nimble-t.build/Objects-normal/arm64/ExtractedAppShortcutsMetadata.stringsdata --source-file-list /Users/admin/builder/spi-builder-workspace/.derivedData/Build/Intermediates.noindex/Nimble.build/Debug-xros/Nimble-t.build/Objects-normal/arm64/Nimble.SwiftFileList --metadata-file-list /Users/admin/builder/spi-builder-workspace/.derivedData/Build/Intermediates.noindex/Nimble.build/Debug-xros/Nimble-t.build/Nimble.DependencyMetadataFileList --static-metadata-file-list /Users/admin/builder/spi-builder-workspace/.derivedData/Build/Intermediates.noindex/Nimble.build/Debug-xros/Nimble-t.build/Nimble.DependencyStaticMetadataFileList --swift-const-vals-list /Users/admin/builder/spi-builder-workspace/.derivedData/Build/Intermediates.noindex/Nimble.build/Debug-xros/Nimble-t.build/Objects-normal/arm64/Nimble.SwiftConstValuesFileList --force --compile-time-extraction --deployment-aware-processing --no-app-shortcuts-localization
2026-09-23 09:37:00.967 appintentsmetadataprocessor[1517:8047] Starting appintentsmetadataprocessor export
2026-09-23 09:37:01.066 appintentsmetadataprocessor[1517:8047] Extracted no relevant App Intents symbols, skipping writing output
PrecompileModule /Users/admin/builder/spi-builder-workspace/.derivedData/Build/Intermediates.noindex/ExplicitPrecompiledModules/UserNotifications-DT2WIXB6JLDANRP3E119RA72P.scan
cd /
builtin-precompileModule /Users/admin/builder/spi-builder-workspace/.derivedData/Build/Intermediates.noindex/ExplicitPrecompiledModules/UserNotifications-DT2WIXB6JLDANRP3E119RA72P.scan
PrecompileModule /Users/admin/builder/spi-builder-workspace/.derivedData/Build/Intermediates.noindex/ExplicitPrecompiledModules/CoreGraphics-57DJYYMLML6RGO4COS7YTBS3L.scan
cd /
builtin-precompileModule /Users/admin/builder/spi-builder-workspace/.derivedData/Build/Intermediates.noindex/ExplicitPrecompiledModules/CoreGraphics-57DJYYMLML6RGO4COS7YTBS3L.scan
PrecompileModule /Users/admin/builder/spi-builder-workspace/.derivedData/Build/Intermediates.noindex/ExplicitPrecompiledModules/Symbols-28KXTU3ZS443S473VWSDVUM55.scan
cd /
builtin-precompileModule /Users/admin/builder/spi-builder-workspace/.derivedData/Build/Intermediates.noindex/ExplicitPrecompiledModules/Symbols-28KXTU3ZS443S473VWSDVUM55.scan
PrecompileModule /Users/admin/builder/spi-builder-workspace/.derivedData/Build/Intermediates.noindex/ExplicitPrecompiledModules/IOSurface-BZAFT07FXZGUPVSNHWIGD65W2.scan
cd /
builtin-precompileModule /Users/admin/builder/spi-builder-workspace/.derivedData/Build/Intermediates.noindex/ExplicitPrecompiledModules/IOSurface-BZAFT07FXZGUPVSNHWIGD65W2.scan
PrecompileModule /Users/admin/builder/spi-builder-workspace/.derivedData/Build/Intermediates.noindex/ExplicitPrecompiledModules/UIUtilities-5LBWQEN9R9HTPW3LO2XG41JOA.scan
cd /
builtin-precompileModule /Users/admin/builder/spi-builder-workspace/.derivedData/Build/Intermediates.noindex/ExplicitPrecompiledModules/UIUtilities-5LBWQEN9R9HTPW3LO2XG41JOA.scan
PrecompileModule /Users/admin/builder/spi-builder-workspace/.derivedData/Build/Intermediates.noindex/ExplicitPrecompiledModules/_LocationEssentials-190FMTDDKOD2FT273O2QB7A1M.scan
cd /
builtin-precompileModule /Users/admin/builder/spi-builder-workspace/.derivedData/Build/Intermediates.noindex/ExplicitPrecompiledModules/_LocationEssentials-190FMTDDKOD2FT273O2QB7A1M.scan
PrecompileModule /Users/admin/builder/spi-builder-workspace/.derivedData/Build/Intermediates.noindex/ExplicitPrecompiledModules/CoreLocation-AITQCCJJWLWO3KW9HNNFI87B7.scan
cd /
builtin-precompileModule /Users/admin/builder/spi-builder-workspace/.derivedData/Build/Intermediates.noindex/ExplicitPrecompiledModules/CoreLocation-AITQCCJJWLWO3KW9HNNFI87B7.scan
PrecompileModule /Users/admin/builder/spi-builder-workspace/.derivedData/Build/Intermediates.noindex/ExplicitPrecompiledModules/OpenGLES-E1Y11QTWKZISR05BVSEPN4T6X.scan
cd /
builtin-precompileModule /Users/admin/builder/spi-builder-workspace/.derivedData/Build/Intermediates.noindex/ExplicitPrecompiledModules/OpenGLES-E1Y11QTWKZISR05BVSEPN4T6X.scan
PrecompileModule /Users/admin/builder/spi-builder-workspace/.derivedData/Build/Intermediates.noindex/ExplicitPrecompiledModules/Metal-BKC4VSKOUZ2DI90QKKYW78FIK.scan
cd /
builtin-precompileModule /Users/admin/builder/spi-builder-workspace/.derivedData/Build/Intermediates.noindex/ExplicitPrecompiledModules/Metal-BKC4VSKOUZ2DI90QKKYW78FIK.scan
PrecompileModule /Users/admin/builder/spi-builder-workspace/.derivedData/Build/Intermediates.noindex/ExplicitPrecompiledModules/FileProvider-5UUHL1S9EVVIQERLHMZCM0TG8.scan
cd /
builtin-precompileModule /Users/admin/builder/spi-builder-workspace/.derivedData/Build/Intermediates.noindex/ExplicitPrecompiledModules/FileProvider-5UUHL1S9EVVIQERLHMZCM0TG8.scan
PrecompileModule /Users/admin/builder/spi-builder-workspace/.derivedData/Build/Intermediates.noindex/ExplicitPrecompiledModules/ImageIO-7UAPA44DSWRLBIXFPIIL8SQ15.scan
cd /
builtin-precompileModule /Users/admin/builder/spi-builder-workspace/.derivedData/Build/Intermediates.noindex/ExplicitPrecompiledModules/ImageIO-7UAPA44DSWRLBIXFPIIL8SQ15.scan
PrecompileModule /Users/admin/builder/spi-builder-workspace/.derivedData/Build/Intermediates.noindex/ExplicitPrecompiledModules/CoreText-7S4LQRHZCYH9C30PXQLHOHW55.scan
cd /
builtin-precompileModule /Users/admin/builder/spi-builder-workspace/.derivedData/Build/Intermediates.noindex/ExplicitPrecompiledModules/CoreText-7S4LQRHZCYH9C30PXQLHOHW55.scan
PrecompileModule /Users/admin/builder/spi-builder-workspace/.derivedData/Build/Intermediates.noindex/ExplicitPrecompiledModules/CoreMotion-6EWUCH36GC7LP0FEXTXV1Q48L.scan
cd /
builtin-precompileModule /Users/admin/builder/spi-builder-workspace/.derivedData/Build/Intermediates.noindex/ExplicitPrecompiledModules/CoreMotion-6EWUCH36GC7LP0FEXTXV1Q48L.scan
SwiftEmitModule normal arm64 Emitting\ module\ for\ Nimble_SnapshotTesting (in target 'Nimble-SnapshotTesting' from project 'Nimble-SnapshotTesting')
SwiftCompile normal arm64 (in target 'Nimble-SnapshotTesting' from project 'Nimble-SnapshotTesting')
cd /Users/admin/builder/spi-builder-workspace/.swiftpm/xcode
SwiftCompile normal arm64 Compiling\ Atomic.swift /Users/admin/builder/spi-builder-workspace/Sources/Nimble-SnapshotTesting/Atomic.swift (in target 'Nimble-SnapshotTesting' from project 'Nimble-SnapshotTesting')
SwiftCompile normal arm64 /Users/admin/builder/spi-builder-workspace/Sources/Nimble-SnapshotTesting/Atomic.swift (in target 'Nimble-SnapshotTesting' from project 'Nimble-SnapshotTesting')
cd /Users/admin/builder/spi-builder-workspace/.swiftpm/xcode
builtin-SwiftPerFileCompile Atomic.swift
SwiftCompile normal arm64 Compiling\ HaveValidSnapshot.swift /Users/admin/builder/spi-builder-workspace/Sources/Nimble-SnapshotTesting/HaveValidSnapshot.swift (in target 'Nimble-SnapshotTesting' from project 'Nimble-SnapshotTesting')
SwiftCompile normal arm64 /Users/admin/builder/spi-builder-workspace/Sources/Nimble-SnapshotTesting/HaveValidSnapshot.swift (in target 'Nimble-SnapshotTesting' from project 'Nimble-SnapshotTesting')
cd /Users/admin/builder/spi-builder-workspace/.swiftpm/xcode
builtin-SwiftPerFileCompile HaveValidSnapshot.swift
SwiftCompile normal arm64 Compiling\ PrettySyntax.swift /Users/admin/builder/spi-builder-workspace/Sources/Nimble-SnapshotTesting/PrettySyntax.swift (in target 'Nimble-SnapshotTesting' from project 'Nimble-SnapshotTesting')
SwiftCompile normal arm64 /Users/admin/builder/spi-builder-workspace/Sources/Nimble-SnapshotTesting/PrettySyntax.swift (in target 'Nimble-SnapshotTesting' from project 'Nimble-SnapshotTesting')
cd /Users/admin/builder/spi-builder-workspace/.swiftpm/xcode
builtin-SwiftPerFileCompile PrettySyntax.swift
SwiftCompile normal arm64 Compiling\ CurrentTestCaseTracker.swift /Users/admin/builder/spi-builder-workspace/Sources/Nimble-SnapshotTesting/CurrentTestCaseTracker.swift (in target 'Nimble-SnapshotTesting' from project 'Nimble-SnapshotTesting')
SwiftCompile normal arm64 /Users/admin/builder/spi-builder-workspace/Sources/Nimble-SnapshotTesting/CurrentTestCaseTracker.swift (in target 'Nimble-SnapshotTesting' from project 'Nimble-SnapshotTesting')
cd /Users/admin/builder/spi-builder-workspace/.swiftpm/xcode
builtin-SwiftPerFileCompile CurrentTestCaseTracker.swift
PrecompileModule /Users/admin/builder/spi-builder-workspace/.derivedData/Build/Intermediates.noindex/ExplicitPrecompiledModules/CoreVideo-3U72B0XTLYDV63ROARF0XFQ1J.scan
cd /
builtin-precompileModule /Users/admin/builder/spi-builder-workspace/.derivedData/Build/Intermediates.noindex/ExplicitPrecompiledModules/CoreVideo-3U72B0XTLYDV63ROARF0XFQ1J.scan
PruneExplicitPrecompiledModules /Users/admin/builder/spi-builder-workspace/.derivedData/Build/Intermediates.noindex/ExplicitPrecompiledModules
PruneExplicitPrecompiledModules /Users/admin/builder/spi-builder-workspace/.derivedData/SDKExplicitPrecompiledModules
PruneExplicitPrecompiledModules /Users/admin/builder/spi-builder-workspace/.derivedData/Build/Intermediates.noindex/SwiftExplicitPrecompiledModules
2026-09-23 09:36:42.005 xcodebuild[1170:6369] [MT] IDERunDestination: Supported platforms for the buildables in the current scheme is empty.
2026-09-23 09:36:42.108 xcodebuild[1170:6369] [MT] IDERunDestination: Supported platforms for the buildables in the current scheme is empty.
** BUILD FAILED **
The following build commands failed:
SwiftCompile normal arm64 Compiling\ AssertSnapshot.swift,\ Async.swift,\ Internal.swift,\ PlistEncoder.swift /Users/admin/builder/spi-builder-workspace/.dependencies/checkouts/swift-snapshot-testing/Sources/SnapshotTesting/AssertSnapshot.swift /Users/admin/builder/spi-builder-workspace/.dependencies/checkouts/swift-snapshot-testing/Sources/SnapshotTesting/Async.swift /Users/admin/builder/spi-builder-workspace/.dependencies/checkouts/swift-snapshot-testing/Sources/SnapshotTesting/Common/Internal.swift /Users/admin/builder/spi-builder-workspace/.dependencies/checkouts/swift-snapshot-testing/Sources/SnapshotTesting/Common/PlistEncoder.swift (in target 'SnapshotTesting' from project 'swift-snapshot-testing')
SwiftCompile normal arm64 /Users/admin/builder/spi-builder-workspace/.dependencies/checkouts/swift-snapshot-testing/Sources/SnapshotTesting/AssertSnapshot.swift (in target 'SnapshotTesting' from project 'swift-snapshot-testing')
Building workspace Nimble-SnapshotTesting with scheme Nimble-SnapshotTesting
(3 failures)
Command line invocation:
/Applications/Xcode-27.0.0-Release.Candidate.app/Contents/Developer/usr/bin/xcodebuild -IDEClonedSourcePackagesDirPathOverride=/Users/admin/builder/spi-builder-workspace/.dependencies -resolvePackageDependencies
Resolve Package Graph
Resolved source packages:
swift-issue-reporting: https://github.com/pointfreeco/swift-issue-reporting @ 2.1.1
Quick: https://github.com/Quick/Quick.git @ 7.6.2
CwlPreconditionTesting: https://github.com/mattgallagher/CwlPreconditionTesting.git @ 2.2.2
swift-algorithms: https://github.com/apple/swift-algorithms.git @ 1.2.1
CwlCatchException: https://github.com/mattgallagher/CwlCatchException.git @ 2.2.1
swift-numerics: https://github.com/apple/swift-numerics.git @ 1.1.1
swift-snapshot-testing: https://github.com/pointfreeco/swift-snapshot-testing.git @ 1.19.6
Nimble-SnapshotTesting: /Users/admin/builder/spi-builder-workspace
swift-argument-parser: https://github.com/apple/swift-argument-parser.git @ 1.8.2
Nimble: https://github.com/Quick/Nimble.git @ 14.0.0
swift-syntax: https://github.com/swiftlang/swift-syntax @ 604.0.0
swift-custom-dump: https://github.com/pointfreeco/swift-custom-dump @ 1.7.3
resolved source packages: swift-issue-reporting, Quick, CwlPreconditionTesting, swift-algorithms, CwlCatchException, swift-numerics, swift-snapshot-testing, Nimble-SnapshotTesting, swift-argument-parser, Nimble, swift-syntax, swift-custom-dump
2026-09-23 09:37:02.279 xcodebuild[1537:8182] [MT] IDERunDestination: Supported platforms for the buildables in the current scheme is empty.
2026-09-23 09:37:02.383 xcodebuild[1537:8182] [MT] IDERunDestination: Supported platforms for the buildables in the current scheme is empty.
{
"dependencies" : [
{
"identity" : "swift-snapshot-testing",
"requirement" : {
"range" : [
{
"lower_bound" : "1.10.0",
"upper_bound" : "2.0.0"
}
]
},
"type" : "sourceControl",
"url" : "https://github.com/pointfreeco/swift-snapshot-testing.git"
},
{
"identity" : "nimble",
"requirement" : {
"range" : [
{
"lower_bound" : "14.0.0",
"upper_bound" : "15.0.0"
}
]
},
"type" : "sourceControl",
"url" : "https://github.com/Quick/Nimble.git"
},
{
"identity" : "quick",
"requirement" : {
"range" : [
{
"lower_bound" : "7.0.0",
"upper_bound" : "8.0.0"
}
]
},
"type" : "sourceControl",
"url" : "https://github.com/Quick/Quick.git"
}
],
"manifest_display_name" : "Nimble-SnapshotTesting",
"name" : "Nimble-SnapshotTesting",
"path" : "/Users/admin/builder/spi-builder-workspace",
"platforms" : [
{
"name" : "ios",
"version" : "13.0"
},
{
"name" : "tvos",
"version" : "13.0"
},
{
"name" : "macos",
"version" : "10.15"
},
{
"name" : "watchos",
"version" : "6.0"
}
],
"products" : [
{
"name" : "Nimble-SnapshotTesting",
"targets" : [
"NimbleSnapshotTestingObjc"
],
"type" : {
"library" : [
"automatic"
]
}
}
],
"targets" : [
{
"c99name" : "NimbleSnapshotTestingObjc",
"module_type" : "ClangTarget",
"name" : "NimbleSnapshotTestingObjc",
"path" : "Sources/NimbleSnapshotTestingObjc",
"product_memberships" : [
"Nimble-SnapshotTesting"
],
"sources" : [
"XCTestObservationCenter+CurrentTestCaseTracker.m"
],
"target_dependencies" : [
"Nimble-SnapshotTesting"
],
"type" : "library"
},
{
"c99name" : "Nimble_SnapshotTestingTests",
"module_type" : "SwiftTarget",
"name" : "Nimble-SnapshotTestingTests",
"path" : "Tests/Nimble-SnapshotTestingTests",
"product_dependencies" : [
"Quick",
"Nimble"
],
"sources" : [
"SnapshotsSpec.swift"
],
"target_dependencies" : [
"NimbleSnapshotTestingObjc"
],
"type" : "test"
},
{
"c99name" : "Nimble_SnapshotTesting",
"module_type" : "SwiftTarget",
"name" : "Nimble-SnapshotTesting",
"path" : "Sources/Nimble-SnapshotTesting",
"product_dependencies" : [
"SnapshotTesting",
"Nimble"
],
"product_memberships" : [
"Nimble-SnapshotTesting"
],
"sources" : [
"Atomic.swift",
"CurrentTestCaseTracker.swift",
"HaveValidSnapshot.swift",
"PrettySyntax.swift"
],
"type" : "library"
}
],
"tools_version" : "5.9"
}
{
"workspace" : {
"name" : "Nimble-SnapshotTesting",
"schemes" : [
"Nimble-SnapshotTesting"
]
}
}
2026-09-23 09:37:05.432 xcodebuild[1558:8332] [MT] IDERunDestination: Supported platforms for the buildables in the current scheme is empty.
2026-09-23 09:37:05.533 xcodebuild[1558:8332] [MT] IDERunDestination: Supported platforms for the buildables in the current scheme is empty.
Running build ...
env DEVELOPER_DIR=/Applications/Xcode-27.0.0-Release.Candidate.app xcrun xcodebuild -IDEClonedSourcePackagesDirPathOverride=$PWD/.dependencies -skipMacroValidation -skipPackagePluginValidation -derivedDataPath $PWD/.derivedData build -scheme Nimble-SnapshotTesting -destination generic/platform=xrOS
Command line invocation:
/Applications/Xcode-27.0.0-Release.Candidate.app/Contents/Developer/usr/bin/xcodebuild -IDEClonedSourcePackagesDirPathOverride=/Users/admin/builder/spi-builder-workspace/.dependencies -skipMacroValidation -skipPackagePluginValidation -derivedDataPath /Users/admin/builder/spi-builder-workspace/.derivedData build -scheme Nimble-SnapshotTesting -destination generic/platform=xrOS
Resolve Package Graph
Resolved source packages:
swift-algorithms: https://github.com/apple/swift-algorithms.git @ 1.2.1
swift-snapshot-testing: https://github.com/pointfreeco/swift-snapshot-testing.git @ 1.19.6
Nimble: https://github.com/Quick/Nimble.git @ 14.0.0
Nimble-SnapshotTesting: /Users/admin/builder/spi-builder-workspace
CwlCatchException: https://github.com/mattgallagher/CwlCatchException.git @ 2.2.1
CwlPreconditionTesting: https://github.com/mattgallagher/CwlPreconditionTesting.git @ 2.2.2
swift-custom-dump: https://github.com/pointfreeco/swift-custom-dump @ 1.7.3
swift-argument-parser: https://github.com/apple/swift-argument-parser.git @ 1.8.2
Quick: https://github.com/Quick/Quick.git @ 7.6.2
swift-numerics: https://github.com/apple/swift-numerics.git @ 1.1.1
swift-issue-reporting: https://github.com/pointfreeco/swift-issue-reporting @ 2.1.1
swift-syntax: https://github.com/swiftlang/swift-syntax @ 604.0.0
ComputePackagePrebuildTargetDependencyGraph
Prepare packages
CreateBuildRequest
SendProjectDescription
CreateBuildOperation
ComputeTargetDependencyGraph
note: Building targets in dependency order
note: Target dependency graph (15 targets)
Target 'Nimble-SnapshotTesting-product' in project 'Nimble-SnapshotTesting'
➜ Explicit dependency on target 'NimbleSnapshotTestingObjc' in project 'Nimble-SnapshotTesting'
➜ Explicit dependency on target 'Nimble-SnapshotTesting' in project 'Nimble-SnapshotTesting'
➜ Explicit dependency on target 'SnapshotTesting-product' in project 'swift-snapshot-testing'
➜ Explicit dependency on target 'Nimble-product' in project 'Nimble'
Target 'NimbleSnapshotTestingObjc' in project 'Nimble-SnapshotTesting'
➜ Explicit dependency on target 'Nimble-SnapshotTesting' in project 'Nimble-SnapshotTesting'
➜ Explicit dependency on target 'SnapshotTesting-product' in project 'swift-snapshot-testing'
➜ Explicit dependency on target 'Nimble-product' in project 'Nimble'
Target 'Nimble-SnapshotTesting' in project 'Nimble-SnapshotTesting'
➜ Explicit dependency on target 'SnapshotTesting-product' in project 'swift-snapshot-testing'
➜ Explicit dependency on target 'Nimble-product' in project 'Nimble'
Target 'Nimble-product' in project 'Nimble'
➜ Explicit dependency on target 'Nimble' in project 'Nimble'
➜ Explicit dependency on target 'NimbleObjectiveC' in project 'Nimble'
➜ Explicit dependency on target 'Nimble_Nimble' in project 'Nimble'
➜ Explicit dependency on target 'CwlPreconditionTesting-product' in project 'CwlPreconditionTesting'
Target 'NimbleObjectiveC' in project 'Nimble'
➜ Explicit dependency on target 'Nimble' in project 'Nimble'
➜ Explicit dependency on target 'CwlPreconditionTesting-product' in project 'CwlPreconditionTesting'
Target 'Nimble' in project 'Nimble'
➜ Explicit dependency on target 'Nimble_Nimble' in project 'Nimble'
➜ Explicit dependency on target 'CwlPreconditionTesting-product' in project 'CwlPreconditionTesting'
Target 'CwlPreconditionTesting-product' in project 'CwlPreconditionTesting'
➜ Explicit dependency on target 'CwlPreconditionTesting' in project 'CwlPreconditionTesting'
➜ Explicit dependency on target 'CwlMachBadInstructionHandler' in project 'CwlPreconditionTesting'
➜ Explicit dependency on target 'CwlCatchException-product' in project 'CwlCatchException'
Target 'CwlPreconditionTesting' in project 'CwlPreconditionTesting'
➜ Explicit dependency on target 'CwlMachBadInstructionHandler' in project 'CwlPreconditionTesting'
➜ Explicit dependency on target 'CwlCatchException-product' in project 'CwlCatchException'
Target 'CwlCatchException-product' in project 'CwlCatchException'
➜ Explicit dependency on target 'CwlCatchException' in project 'CwlCatchException'
➜ Explicit dependency on target 'CwlCatchExceptionSupport' in project 'CwlCatchException'
Target 'CwlCatchException' in project 'CwlCatchException'
➜ Explicit dependency on target 'CwlCatchExceptionSupport' in project 'CwlCatchException'
Target 'CwlCatchExceptionSupport' in project 'CwlCatchException' (no dependencies)
Target 'CwlMachBadInstructionHandler' in project 'CwlPreconditionTesting' (no dependencies)
Target 'Nimble_Nimble' in project 'Nimble' (no dependencies)
Target 'SnapshotTesting-product' in project 'swift-snapshot-testing'
➜ Explicit dependency on target 'SnapshotTesting' in project 'swift-snapshot-testing'
Target 'SnapshotTesting' in project 'swift-snapshot-testing' (no dependencies)
GatherProvisioningInputs
CreateBuildDescription
ClangStatCache /Applications/Xcode-27.0.0-Release.Candidate.app/Contents/Developer/Toolchains/XcodeDefault.xctoolchain/usr/bin/clang-stat-cache /Applications/Xcode-27.0.0-Release.Candidate.app/Contents/Developer/Platforms/XROS.platform/Developer/SDKs/XROS27.0.sdk /Users/admin/builder/spi-builder-workspace/.derivedData/SDKStatCaches.noindex/xros27.0-24M361-e829b21a6f8c9b70876ba0858053c044735bd543db762f57723cac368afd1ce4.sdkstatcache
cd /Users/admin/builder/spi-builder-workspace/.swiftpm/xcode
/Applications/Xcode-27.0.0-Release.Candidate.app/Contents/Developer/Toolchains/XcodeDefault.xctoolchain/usr/bin/clang-stat-cache /Applications/Xcode-27.0.0-Release.Candidate.app/Contents/Developer/Platforms/XROS.platform/Developer/SDKs/XROS27.0.sdk -o /Users/admin/builder/spi-builder-workspace/.derivedData/SDKStatCaches.noindex/xros27.0-24M361-e829b21a6f8c9b70876ba0858053c044735bd543db762f57723cac368afd1ce4.sdkstatcache
SwiftDriver SnapshotTesting normal arm64 com.apple.xcode.tools.swift.compiler (in target 'SnapshotTesting' from project 'swift-snapshot-testing')
cd /Users/admin/builder/spi-builder-workspace/.swiftpm/xcode
builtin-SwiftDriver -- /Applications/Xcode-27.0.0-Release.Candidate.app/Contents/Developer/Toolchains/XcodeDefault.xctoolchain/usr/bin/swiftc -parse-as-library -module-name SnapshotTesting -Onone @/Users/admin/builder/spi-builder-workspace/.derivedData/Build/Intermediates.noindex/swift-snapshot-testing.build/Debug-xros/SnapshotTesting-t.build/Objects-normal/arm64/SnapshotTesting.SwiftFileList -DSWIFT_PACKAGE -DDEBUG -DSWIFT_MODULE_RESOURCE_BUNDLE_UNAVAILABLE -DXcode -plugin-path /Applications/Xcode-27.0.0-Release.Candidate.app/Contents/Developer/Toolchains/XcodeDefault.xctoolchain/usr/lib/swift/host/plugins/testing -enable-experimental-feature DebugDescriptionMacro -sdk /Applications/Xcode-27.0.0-Release.Candidate.app/Contents/Developer/Platforms/XROS.platform/Developer/SDKs/XROS27.0.sdk -target arm64-apple-xros1.0 -g -module-cache-path /Users/admin/builder/spi-builder-workspace/.derivedData/ModuleCache.noindex -Xfrontend -serialize-debugging-options -profile-coverage-mapping -profile-generate -enable-testing -suppress-warnings -index-store-path /Users/admin/builder/spi-builder-workspace/.derivedData/Index.noindex/DataStore -Xcc -D_LIBCPP_HARDENING_MODE\=_LIBCPP_HARDENING_MODE_DEBUG -swift-version 5 -I /Users/admin/builder/spi-builder-workspace/.derivedData/Build/Products/Debug-xros -Isystem /Applications/Xcode-27.0.0-Release.Candidate.app/Contents/Developer/Platforms/XROS.platform/Developer/usr/lib -F /Users/admin/builder/spi-builder-workspace/.derivedData/Build/Products/Debug-xros -F /Applications/Xcode-27.0.0-Release.Candidate.app/Contents/Developer/Platforms/XROS.platform/Developer/Library/Frameworks -F /Applications/Xcode-27.0.0-Release.Candidate.app/Contents/Developer/Platforms/XROS.platform/Developer/SDKs/XROS27.0.sdk/Developer/Library/Frameworks -c -j10 -enable-batch-mode -incremental -Xcc -ivfsstatcache -Xcc /Users/admin/builder/spi-builder-workspace/.derivedData/SDKStatCaches.noindex/xros27.0-24M361-e829b21a6f8c9b70876ba0858053c044735bd543db762f57723cac368afd1ce4.sdkstatcache -output-file-map /Users/admin/builder/spi-builder-workspace/.derivedData/Build/Intermediates.noindex/swift-snapshot-testing.build/Debug-xros/SnapshotTesting-t.build/Objects-normal/arm64/SnapshotTesting-OutputFileMap.json -save-temps -no-color-diagnostics -explicit-module-build -module-cache-path /Users/admin/builder/spi-builder-workspace/.derivedData/Build/Intermediates.noindex/SwiftExplicitPrecompiledModules -clang-scanner-module-cache-path /Users/admin/builder/spi-builder-workspace/.derivedData/ModuleCache.noindex -sdk-module-cache-path /Users/admin/builder/spi-builder-workspace/.derivedData/SDKExplicitPrecompiledModules -emit-dependencies -emit-module -emit-module-path /Users/admin/builder/spi-builder-workspace/.derivedData/Build/Intermediates.noindex/swift-snapshot-testing.build/Debug-xros/SnapshotTesting-t.build/Objects-normal/arm64/SnapshotTesting.swiftmodule -serialize-diagnostics -dependency-scan-serialize-diagnostics-path /Users/admin/builder/spi-builder-workspace/.derivedData/Build/Intermediates.noindex/swift-snapshot-testing.build/Debug-xros/SnapshotTesting-t.build/Objects-normal/arm64/SnapshotTesting-dependency-scan.dia -user-module-version 1.19.6 -validate-clang-modules-once -clang-build-session-file /Users/admin/builder/spi-builder-workspace/.derivedData/ModuleCache.noindex/Session.modulevalidation -Xcc -fmodules-prune-interval\=86400 -Xcc -fmodules-prune-after\=345600 -package-name swift_snapshot_testing -emit-const-values -const-gather-protocols-list /Users/admin/builder/spi-builder-workspace/.derivedData/Build/Intermediates.noindex/swift-snapshot-testing.build/Debug-xros/SnapshotTesting-t.build/Objects-normal/arm64/SnapshotTesting_const_extract_protocols.json -Xcc -I/Users/admin/builder/spi-builder-workspace/.derivedData/Build/Products/Debug-xros/include -Xcc -I/Users/admin/builder/spi-builder-workspace/.derivedData/Build/Intermediates.noindex/swift-snapshot-testing.build/Debug-xros/SnapshotTesting-t.build/DerivedSources-normal/arm64 -Xcc -I/Users/admin/builder/spi-builder-workspace/.derivedData/Build/Intermediates.noindex/swift-snapshot-testing.build/Debug-xros/SnapshotTesting-t.build/DerivedSources/arm64 -Xcc -I/Users/admin/builder/spi-builder-workspace/.derivedData/Build/Intermediates.noindex/swift-snapshot-testing.build/Debug-xros/SnapshotTesting-t.build/DerivedSources -Xcc -DSWIFT_PACKAGE -Xcc -DDEBUG\=1 -emit-objc-header -emit-objc-header-path /Users/admin/builder/spi-builder-workspace/.derivedData/Build/Intermediates.noindex/swift-snapshot-testing.build/Debug-xros/SnapshotTesting-t.build/Objects-normal/arm64/SnapshotTesting-Swift.h -working-directory /Users/admin/builder/spi-builder-workspace/.swiftpm/xcode -experimental-emit-module-separately -disable-cmo
SwiftDriver Nimble-SnapshotTesting normal arm64 com.apple.xcode.tools.swift.compiler (in target 'Nimble-SnapshotTesting' from project 'Nimble-SnapshotTesting')
cd /Users/admin/builder/spi-builder-workspace/.swiftpm/xcode
builtin-SwiftDriver -- /Applications/Xcode-27.0.0-Release.Candidate.app/Contents/Developer/Toolchains/XcodeDefault.xctoolchain/usr/bin/swiftc -parse-as-library -module-name Nimble_SnapshotTesting -Onone @/Users/admin/builder/spi-builder-workspace/.derivedData/Build/Intermediates.noindex/Nimble-SnapshotTesting.build/Debug-xros/Nimble-SnapshotTesting-t.build/Objects-normal/arm64/Nimble-SnapshotTesting.SwiftFileList -DSWIFT_PACKAGE -DDEBUG -DSWIFT_MODULE_RESOURCE_BUNDLE_UNAVAILABLE -Xcc -fmodule-map-file\=/Users/admin/builder/spi-builder-workspace/.derivedData/Build/Intermediates.noindex/GeneratedModuleMaps-xros/CwlCatchExceptionSupport.modulemap -Xcc -fmodule-map-file\=/Users/admin/builder/spi-builder-workspace/.derivedData/Build/Intermediates.noindex/GeneratedModuleMaps-xros/CwlMachBadInstructionHandler.modulemap -Xcc -fmodule-map-file\=/Users/admin/builder/spi-builder-workspace/.derivedData/Build/Intermediates.noindex/GeneratedModuleMaps-xros/NimbleObjectiveC.modulemap -DXcode -plugin-path /Applications/Xcode-27.0.0-Release.Candidate.app/Contents/Developer/Toolchains/XcodeDefault.xctoolchain/usr/lib/swift/host/plugins/testing -enable-experimental-feature DebugDescriptionMacro -sdk /Applications/Xcode-27.0.0-Release.Candidate.app/Contents/Developer/Platforms/XROS.platform/Developer/SDKs/XROS27.0.sdk -target arm64-apple-xros1.0 -g -module-cache-path /Users/admin/builder/spi-builder-workspace/.derivedData/ModuleCache.noindex -Xfrontend -serialize-debugging-options -profile-coverage-mapping -profile-generate -enable-testing -index-store-path /Users/admin/builder/spi-builder-workspace/.derivedData/Index.noindex/DataStore -Xcc -D_LIBCPP_HARDENING_MODE\=_LIBCPP_HARDENING_MODE_DEBUG -swift-version 5 -I /Users/admin/builder/spi-builder-workspace/.derivedData/Build/Products/Debug-xros -Isystem /Applications/Xcode-27.0.0-Release.Candidate.app/Contents/Developer/Platforms/XROS.platform/Developer/usr/lib -F /Users/admin/builder/spi-builder-workspace/.derivedData/Build/Products/Debug-xros/PackageFrameworks -F /Users/admin/builder/spi-builder-workspace/.derivedData/Build/Products/Debug-xros -F /Applications/Xcode-27.0.0-Release.Candidate.app/Contents/Developer/Platforms/XROS.platform/Developer/Library/Frameworks -F /Applications/Xcode-27.0.0-Release.Candidate.app/Contents/Developer/Platforms/XROS.platform/Developer/SDKs/XROS27.0.sdk/Developer/Library/Frameworks -c -j10 -enable-batch-mode -incremental -Xcc -ivfsstatcache -Xcc /Users/admin/builder/spi-builder-workspace/.derivedData/SDKStatCaches.noindex/xros27.0-24M361-e829b21a6f8c9b70876ba0858053c044735bd543db762f57723cac368afd1ce4.sdkstatcache -output-file-map /Users/admin/builder/spi-builder-workspace/.derivedData/Build/Intermediates.noindex/Nimble-SnapshotTesting.build/Debug-xros/Nimble-SnapshotTesting-t.build/Objects-normal/arm64/Nimble-SnapshotTesting-OutputFileMap.json -save-temps -no-color-diagnostics -explicit-module-build -module-cache-path /Users/admin/builder/spi-builder-workspace/.derivedData/Build/Intermediates.noindex/SwiftExplicitPrecompiledModules -clang-scanner-module-cache-path /Users/admin/builder/spi-builder-workspace/.derivedData/ModuleCache.noindex -sdk-module-cache-path /Users/admin/builder/spi-builder-workspace/.derivedData/SDKExplicitPrecompiledModules -emit-dependencies -emit-module -emit-module-path /Users/admin/builder/spi-builder-workspace/.derivedData/Build/Intermediates.noindex/Nimble-SnapshotTesting.build/Debug-xros/Nimble-SnapshotTesting-t.build/Objects-normal/arm64/Nimble_SnapshotTesting.swiftmodule -serialize-diagnostics -dependency-scan-serialize-diagnostics-path /Users/admin/builder/spi-builder-workspace/.derivedData/Build/Intermediates.noindex/Nimble-SnapshotTesting.build/Debug-xros/Nimble-SnapshotTesting-t.build/Objects-normal/arm64/Nimble_SnapshotTesting-dependency-scan.dia -validate-clang-modules-once -clang-build-session-file /Users/admin/builder/spi-builder-workspace/.derivedData/ModuleCache.noindex/Session.modulevalidation -Xcc -fmodules-prune-interval\=86400 -Xcc -fmodules-prune-after\=345600 -package-name spi_builder_workspace -emit-const-values -const-gather-protocols-list /Users/admin/builder/spi-builder-workspace/.derivedData/Build/Intermediates.noindex/Nimble-SnapshotTesting.build/Debug-xros/Nimble-SnapshotTesting-t.build/Objects-normal/arm64/Nimble-SnapshotTesting_const_extract_protocols.json -Xcc -I/Users/admin/builder/spi-builder-workspace/.dependencies/checkouts/CwlCatchException/Sources/CwlCatchExceptionSupport/include -Xcc -I/Users/admin/builder/spi-builder-workspace/.dependencies/checkouts/CwlPreconditionTesting/Sources/CwlMachBadInstructionHandler/include -Xcc -I/Users/admin/builder/spi-builder-workspace/.dependencies/checkouts/Nimble/Sources/NimbleObjectiveC/include -Xcc -I/Users/admin/builder/spi-builder-workspace/.derivedData/Build/Products/Debug-xros/include -Xcc -I/Users/admin/builder/spi-builder-workspace/.derivedData/Build/Intermediates.noindex/Nimble-SnapshotTesting.build/Debug-xros/Nimble-SnapshotTesting-t.build/DerivedSources-normal/arm64 -Xcc -I/Users/admin/builder/spi-builder-workspace/.derivedData/Build/Intermediates.noindex/Nimble-SnapshotTesting.build/Debug-xros/Nimble-SnapshotTesting-t.build/DerivedSources/arm64 -Xcc -I/Users/admin/builder/spi-builder-workspace/.derivedData/Build/Intermediates.noindex/Nimble-SnapshotTesting.build/Debug-xros/Nimble-SnapshotTesting-t.build/DerivedSources -Xcc -DSWIFT_PACKAGE -Xcc -DDEBUG\=1 -emit-objc-header -emit-objc-header-path /Users/admin/builder/spi-builder-workspace/.derivedData/Build/Intermediates.noindex/Nimble-SnapshotTesting.build/Debug-xros/Nimble-SnapshotTesting-t.build/Objects-normal/arm64/Nimble-SnapshotTesting-Swift.h -working-directory /Users/admin/builder/spi-builder-workspace/.swiftpm/xcode -experimental-emit-module-separately -disable-cmo
PrecompileModule /Users/admin/builder/spi-builder-workspace/.derivedData/Build/Intermediates.noindex/ExplicitPrecompiledModules/CoreVideo-3U72B0XTLYDV63ROARF0XFQ1J.scan
cd /
builtin-precompileModule /Users/admin/builder/spi-builder-workspace/.derivedData/Build/Intermediates.noindex/ExplicitPrecompiledModules/CoreVideo-3U72B0XTLYDV63ROARF0XFQ1J.scan
PrecompileModule /Users/admin/builder/spi-builder-workspace/.derivedData/Build/Intermediates.noindex/ExplicitPrecompiledModules/CoreImage-47F4MDZQR8BDUEPJSCSMJBGAM.scan
cd /
builtin-precompileModule /Users/admin/builder/spi-builder-workspace/.derivedData/Build/Intermediates.noindex/ExplicitPrecompiledModules/CoreImage-47F4MDZQR8BDUEPJSCSMJBGAM.scan
PrecompileModule /Users/admin/builder/spi-builder-workspace/.derivedData/Build/Intermediates.noindex/ExplicitPrecompiledModules/QuartzCore-BNKIKWVYHS571YQ5L4JKZM89.scan
cd /
builtin-precompileModule /Users/admin/builder/spi-builder-workspace/.derivedData/Build/Intermediates.noindex/ExplicitPrecompiledModules/QuartzCore-BNKIKWVYHS571YQ5L4JKZM89.scan
PrecompileModule /Users/admin/builder/spi-builder-workspace/.derivedData/Build/Intermediates.noindex/ExplicitPrecompiledModules/UIKit-BQASPB6ZG23HBRXU5SL14B1ON.scan
cd /
builtin-precompileModule /Users/admin/builder/spi-builder-workspace/.derivedData/Build/Intermediates.noindex/ExplicitPrecompiledModules/UIKit-BQASPB6ZG23HBRXU5SL14B1ON.scan
SwiftCompile normal arm64 Compiling\ HaveValidSnapshot.swift /Users/admin/builder/spi-builder-workspace/Sources/Nimble-SnapshotTesting/HaveValidSnapshot.swift (in target 'Nimble-SnapshotTesting' from project 'Nimble-SnapshotTesting')
SwiftCompile normal arm64 /Users/admin/builder/spi-builder-workspace/Sources/Nimble-SnapshotTesting/HaveValidSnapshot.swift (in target 'Nimble-SnapshotTesting' from project 'Nimble-SnapshotTesting')
cd /Users/admin/builder/spi-builder-workspace/.swiftpm/xcode
builtin-SwiftPerFileCompile HaveValidSnapshot.swift
/Users/admin/builder/spi-builder-workspace/Sources/Nimble-SnapshotTesting/HaveValidSnapshot.swift:98:35: warning: 'verifySnapshot(of:as:named:record:snapshotDirectory:timeout:fileID:file:testName:line:column:)' is deprecated: Use overload with 'record: SnapshotTestingConfiguration.Record?' [#DeprecatedDeclaration]
96 |
97 | for strategy in strategies {
98 | if let errorMessage = verifySnapshot(of: value,
| `- warning: 'verifySnapshot(of:as:named:record:snapshotDirectory:timeout:fileID:file:testName:line:column:)' is deprecated: Use overload with 'record: SnapshotTestingConfiguration.Record?' [#DeprecatedDeclaration]
99 | as: strategy,
100 | named: name ?? testCaseIdentifier(line: line),
[#DeprecatedDeclaration]: <https://docs.swift.org/compiler/documentation/diagnostics/deprecated-declaration>
SwiftEmitModule normal arm64 Emitting\ module\ for\ Nimble_SnapshotTesting (in target 'Nimble-SnapshotTesting' from project 'Nimble-SnapshotTesting')
SwiftCompile normal arm64 (in target 'Nimble-SnapshotTesting' from project 'Nimble-SnapshotTesting')
cd /Users/admin/builder/spi-builder-workspace/.swiftpm/xcode
SwiftCompile normal arm64 Compiling\ PrettySyntax.swift /Users/admin/builder/spi-builder-workspace/Sources/Nimble-SnapshotTesting/PrettySyntax.swift (in target 'Nimble-SnapshotTesting' from project 'Nimble-SnapshotTesting')
SwiftCompile normal arm64 /Users/admin/builder/spi-builder-workspace/Sources/Nimble-SnapshotTesting/PrettySyntax.swift (in target 'Nimble-SnapshotTesting' from project 'Nimble-SnapshotTesting')
cd /Users/admin/builder/spi-builder-workspace/.swiftpm/xcode
builtin-SwiftPerFileCompile PrettySyntax.swift
SwiftCompile normal arm64 Compiling\ CurrentTestCaseTracker.swift /Users/admin/builder/spi-builder-workspace/Sources/Nimble-SnapshotTesting/CurrentTestCaseTracker.swift (in target 'Nimble-SnapshotTesting' from project 'Nimble-SnapshotTesting')
SwiftCompile normal arm64 /Users/admin/builder/spi-builder-workspace/Sources/Nimble-SnapshotTesting/CurrentTestCaseTracker.swift (in target 'Nimble-SnapshotTesting' from project 'Nimble-SnapshotTesting')
cd /Users/admin/builder/spi-builder-workspace/.swiftpm/xcode
builtin-SwiftPerFileCompile CurrentTestCaseTracker.swift
SwiftCompile normal arm64 Compiling\ Atomic.swift /Users/admin/builder/spi-builder-workspace/Sources/Nimble-SnapshotTesting/Atomic.swift (in target 'Nimble-SnapshotTesting' from project 'Nimble-SnapshotTesting')
SwiftCompile normal arm64 /Users/admin/builder/spi-builder-workspace/Sources/Nimble-SnapshotTesting/Atomic.swift (in target 'Nimble-SnapshotTesting' from project 'Nimble-SnapshotTesting')
cd /Users/admin/builder/spi-builder-workspace/.swiftpm/xcode
builtin-SwiftPerFileCompile Atomic.swift
SwiftCompile normal arm64 Compiling\ AssertSnapshot.swift /Users/admin/builder/spi-builder-workspace/.dependencies/checkouts/swift-snapshot-testing/Sources/SnapshotTesting/AssertSnapshot.swift (in target 'SnapshotTesting' from project 'swift-snapshot-testing')
/Users/admin/builder/spi-builder-workspace/.dependencies/checkouts/swift-snapshot-testing/Sources/SnapshotTesting/AssertSnapshot.swift:646:23: error: cannot find 'Image' in scope
644 | if #available(iOS 14.0, tvOS 14.0, macOS 11.0, watchOS 7.0, *),
645 | name.hasSuffix(".png"),
646 | let image = Image(data: data)
| `- error: cannot find 'Image' in scope
647 | {
648 | Attachment.record(image, named: name, as: .png, sourceLocation: sourceLocation)
Failed frontend command:
SwiftCompile normal arm64 /Users/admin/builder/spi-builder-workspace/.dependencies/checkouts/swift-snapshot-testing/Sources/SnapshotTesting/AssertSnapshot.swift (in target 'SnapshotTesting' from project 'swift-snapshot-testing')
cd /Users/admin/builder/spi-builder-workspace/.swiftpm/xcode
builtin-SwiftPerFileCompile AssertSnapshot.swift
/Applications/Xcode-27.0.0-Release.Candidate.app/Contents/Developer/Toolchains/XcodeDefault.xctoolchain/usr/bin/swift-frontend -frontend -c -primary-file /Users/admin/builder/spi-builder-workspace/.dependencies/checkouts/swift-snapshot-testing/Sources/SnapshotTesting/AssertSnapshot.swift /Users/admin/builder/spi-builder-workspace/.dependencies/checkouts/swift-snapshot-testing/Sources/SnapshotTesting/Async.swift /Users/admin/builder/spi-builder-workspace/.dependencies/checkouts/swift-snapshot-testing/Sources/SnapshotTesting/Common/Internal.swift /Users/admin/builder/spi-builder-workspace/.dependencies/checkouts/swift-snapshot-testing/Sources/SnapshotTesting/Common/PlistEncoder.swift /Users/admin/builder/spi-builder-workspace/.dependencies/checkouts/swift-snapshot-testing/Sources/SnapshotTesting/Common/String+SpecialCharacters.swift /Users/admin/builder/spi-builder-workspace/.dependencies/checkouts/swift-snapshot-testing/Sources/SnapshotTesting/Common/View.swift /Users/admin/builder/spi-builder-workspace/.dependencies/checkouts/swift-snapshot-testing/Sources/SnapshotTesting/Common/XCTAttachment.swift /Users/admin/builder/spi-builder-workspace/.dependencies/checkouts/swift-snapshot-testing/Sources/SnapshotTesting/Diff.swift /Users/admin/builder/spi-builder-workspace/.dependencies/checkouts/swift-snapshot-testing/Sources/SnapshotTesting/Diffing.swift /Users/admin/builder/spi-builder-workspace/.dependencies/checkouts/swift-snapshot-testing/Sources/SnapshotTesting/Extensions/Wait.swift /Users/admin/builder/spi-builder-workspace/.dependencies/checkouts/swift-snapshot-testing/Sources/SnapshotTesting/Internal/Deprecations.swift /Users/admin/builder/spi-builder-workspace/.dependencies/checkouts/swift-snapshot-testing/Sources/SnapshotTesting/Internal/RecordIssue.swift /Users/admin/builder/spi-builder-workspace/.dependencies/checkouts/swift-snapshot-testing/Sources/SnapshotTesting/SnapshotTestingConfiguration.swift /Users/admin/builder/spi-builder-workspace/.dependencies/checkouts/swift-snapshot-testing/Sources/SnapshotTesting/SnapshotsTestTrait.swift /Users/admin/builder/spi-builder-workspace/.dependencies/checkouts/swift-snapshot-testing/Sources/SnapshotTesting/Snapshotting.swift /Users/admin/builder/spi-builder-workspace/.dependencies/checkouts/swift-snapshot-testing/Sources/SnapshotTesting/Snapshotting/Any.swift /Users/admin/builder/spi-builder-workspace/.dependencies/checkouts/swift-snapshot-testing/Sources/SnapshotTesting/Snapshotting/CALayer.swift /Users/admin/builder/spi-builder-workspace/.dependencies/checkouts/swift-snapshot-testing/Sources/SnapshotTesting/Snapshotting/CGPath.swift /Users/admin/builder/spi-builder-workspace/.dependencies/checkouts/swift-snapshot-testing/Sources/SnapshotTesting/Snapshotting/CaseIterable.swift /Users/admin/builder/spi-builder-workspace/.dependencies/checkouts/swift-snapshot-testing/Sources/SnapshotTesting/Snapshotting/Data.swift /Users/admin/builder/spi-builder-workspace/.dependencies/checkouts/swift-snapshot-testing/Sources/SnapshotTesting/Snapshotting/Encodable.swift /Users/admin/builder/spi-builder-workspace/.dependencies/checkouts/swift-snapshot-testing/Sources/SnapshotTesting/Snapshotting/NSBezierPath.swift /Users/admin/builder/spi-builder-workspace/.dependencies/checkouts/swift-snapshot-testing/Sources/SnapshotTesting/Snapshotting/NSImage.swift /Users/admin/builder/spi-builder-workspace/.dependencies/checkouts/swift-snapshot-testing/Sources/SnapshotTesting/Snapshotting/NSView.swift /Users/admin/builder/spi-builder-workspace/.dependencies/checkouts/swift-snapshot-testing/Sources/SnapshotTesting/Snapshotting/NSViewController.swift /Users/admin/builder/spi-builder-workspace/.dependencies/checkouts/swift-snapshot-testing/Sources/SnapshotTesting/Snapshotting/SceneKit.swift /Users/admin/builder/spi-builder-workspace/.dependencies/checkouts/swift-snapshot-testing/Sources/SnapshotTesting/Snapshotting/SpriteKit.swift /Users/admin/builder/spi-builder-workspace/.dependencies/checkouts/swift-snapshot-testing/Sources/SnapshotTesting/Snapshotting/String.swift /Users/admin/builder/spi-builder-workspace/.dependencies/checkouts/swift-snapshot-testing/Sources/SnapshotTesting/Snapshotting/SwiftUIView.swift /Users/admin/builder/spi-builder-workspace/.dependencies/checkouts/swift-snapshot-testing/Sources/SnapshotTesting/Snapshotting/UIBezierPath.swift /Users/admin/builder/spi-builder-workspace/.dependencies/checkouts/swift-snapshot-testing/Sources/SnapshotTesting/Snapshotting/UIImage.swift /Users/admin/builder/spi-builder-workspace/.dependencies/checkouts/swift-snapshot-testing/Sources/SnapshotTesting/Snapshotting/UIView.swift /Users/admin/builder/spi-builder-workspace/.dependencies/checkouts/swift-snapshot-testing/Sources/SnapshotTesting/Snapshotting/UIViewController.swift /Users/admin/builder/spi-builder-workspace/.dependencies/checkouts/swift-snapshot-testing/Sources/SnapshotTesting/Snapshotting/URLRequest.swift -emit-dependencies-path /Users/admin/builder/spi-builder-workspace/.derivedData/Build/Intermediates.noindex/swift-snapshot-testing.build/Debug-xros/SnapshotTesting-t.build/Objects-normal/arm64/AssertSnapshot.d -emit-const-values-path /Users/admin/builder/spi-builder-workspace/.derivedData/Build/Intermediates.noindex/swift-snapshot-testing.build/Debug-xros/SnapshotTesting-t.build/Objects-normal/arm64/AssertSnapshot.swiftconstvalues -emit-reference-dependencies-path /Users/admin/builder/spi-builder-workspace/.derivedData/Build/Intermediates.noindex/swift-snapshot-testing.build/Debug-xros/SnapshotTesting-t.build/Objects-normal/arm64/AssertSnapshot.swiftdeps -serialize-diagnostics-path /Users/admin/builder/spi-builder-workspace/.derivedData/Build/Intermediates.noindex/swift-snapshot-testing.build/Debug-xros/SnapshotTesting-t.build/Objects-normal/arm64/AssertSnapshot.dia -target arm64-apple-xros1.0 -module-can-import-version ObjectiveC 973.1 0 -module-can-import-version SwiftUI 8.0.84.1 8.0.84 -module-can-import-version Testing 2084 0 -module-can-import-version UIKit 9127.0.84.1 9127.0.84 -disable-cross-import-overlay-search -swift-module-cross-import Testing /Applications/Xcode-27.0.0-Release.Candidate.app/Contents/Developer/Platforms/XROS.platform/Developer/Library/Frameworks/Testing.framework/Modules/Testing.swiftcrossimport/CoreGraphics.swiftoverlay -swift-module-cross-import Testing /Applications/Xcode-27.0.0-Release.Candidate.app/Contents/Developer/Platforms/XROS.platform/Developer/Library/Frameworks/Testing.framework/Modules/Testing.swiftcrossimport/CoreImage.swiftoverlay -swift-module-cross-import Testing /Applications/Xcode-27.0.0-Release.Candidate.app/Contents/Developer/Platforms/XROS.platform/Developer/Library/Frameworks/Testing.framework/Modules/Testing.swiftcrossimport/CoreTransferable.swiftoverlay -swift-module-cross-import Testing /Applications/Xcode-27.0.0-Release.Candidate.app/Contents/Developer/Platforms/XROS.platform/Developer/Library/Frameworks/Testing.framework/Modules/Testing.swiftcrossimport/Foundation.swiftoverlay -swift-module-cross-import Testing /Applications/Xcode-27.0.0-Release.Candidate.app/Contents/Developer/Platforms/XROS.platform/Developer/Library/Frameworks/Testing.framework/Modules/Testing.swiftcrossimport/UIKit.swiftoverlay -load-resolved-plugin /Applications/Xcode-27.0.0-Release.Candidate.app/Contents/Developer/Platforms/XROS.platform/Developer/usr/lib/swift/host/plugins/libFoundationMacros.dylib\#/Applications/Xcode-27.0.0-Release.Candidate.app/Contents/Developer/Platforms/XROS.platform/Developer/usr/bin/swift-plugin-server\#FoundationMacros -load-resolved-plugin /Applications/Xcode-27.0.0-Release.Candidate.app/Contents/Developer/Platforms/XROS.platform/Developer/usr/lib/swift/host/plugins/libObservationMacros.dylib\#/Applications/Xcode-27.0.0-Release.Candidate.app/Contents/Developer/Platforms/XROS.platform/Developer/usr/bin/swift-plugin-server\#ObservationMacros -load-resolved-plugin /Applications/Xcode-27.0.0-Release.Candidate.app/Contents/Developer/Platforms/XROS.platform/Developer/usr/lib/swift/host/plugins/libPreviewsMacros.dylib\#/Applications/Xcode-27.0.0-Release.Candidate.app/Contents/Developer/Platforms/XROS.platform/Developer/usr/bin/swift-plugin-server\#PreviewsMacros -load-resolved-plugin /Applications/Xcode-27.0.0-Release.Candidate.app/Contents/Developer/Platforms/XROS.platform/Developer/usr/lib/swift/host/plugins/libSwiftMacros.dylib\#/Applications/Xcode-27.0.0-Release.Candidate.app/Contents/Developer/Platforms/XROS.platform/Developer/usr/bin/swift-plugin-server\#SwiftMacros -load-resolved-plugin /Applications/Xcode-27.0.0-Release.Candidate.app/Contents/Developer/Platforms/XROS.platform/Developer/usr/lib/swift/host/plugins/libSwiftUIMacros.dylib\#/Applications/Xcode-27.0.0-Release.Candidate.app/Contents/Developer/Platforms/XROS.platform/Developer/usr/bin/swift-plugin-server\#SwiftUIMacros -load-resolved-plugin /Applications/Xcode-27.0.0-Release.Candidate.app/Contents/Developer/Toolchains/XcodeDefault.xctoolchain/usr/lib/swift/host/plugins/testing/libTestingMacros.dylib\#\#TestingMacros -disable-implicit-swift-modules -Xcc -fno-implicit-modules -Xcc -fno-implicit-module-maps -explicit-swift-module-map-file /Users/admin/builder/spi-builder-workspace/.derivedData/Build/Intermediates.noindex/swift-snapshot-testing.build/Debug-xros/SnapshotTesting-t.build/Objects-normal/arm64/SnapshotTesting-dependencies-1.json -Xllvm -aarch64-use-tbi -enable-objc-interop -stack-check -sdk /Applications/Xcode-27.0.0-Release.Candidate.app/Contents/Developer/Platforms/XROS.platform/Developer/SDKs/XROS27.0.sdk -I /Users/admin/builder/spi-builder-workspace/.derivedData/Build/Products/Debug-xros -Isystem /Applications/Xcode-27.0.0-Release.Candidate.app/Contents/Developer/Platforms/XROS.platform/Developer/usr/lib -F /Users/admin/builder/spi-builder-workspace/.derivedData/Build/Products/Debug-xros -F /Applications/Xcode-27.0.0-Release.Candidate.app/Contents/Developer/Platforms/XROS.platform/Developer/Library/Frameworks -F /Applications/Xcode-27.0.0-Release.Candidate.app/Contents/Developer/Platforms/XROS.platform/Developer/SDKs/XROS27.0.sdk/Developer/Library/Frameworks -module-cache-path /Users/admin/builder/spi-builder-workspace/.derivedData/Build/Intermediates.noindex/SwiftExplicitPrecompiledModules -no-color-diagnostics -Xcc -fno-color-diagnostics -enable-testing -g -debug-info-format\=dwarf -dwarf-version\=4 -suppress-warnings -profile-generate -profile-coverage-mapping -swift-version 5 -Onone -D SWIFT_PACKAGE -D DEBUG -D SWIFT_MODULE_RESOURCE_BUNDLE_UNAVAILABLE -D Xcode -serialize-debugging-options -enable-experimental-feature DebugDescriptionMacro -empty-abi-descriptor -user-module-version 1.19.6 -validate-clang-modules-once -clang-build-session-file /Users/admin/builder/spi-builder-workspace/.derivedData/ModuleCache.noindex/Session.modulevalidation -Xcc -working-directory -Xcc /Users/admin/builder/spi-builder-workspace/.swiftpm/xcode -enable-anonymous-context-mangled-names -file-compilation-dir /Users/admin/builder/spi-builder-workspace/.swiftpm/xcode -Xcc -D_LIBCPP_HARDENING_MODE\=_LIBCPP_HARDENING_MODE_DEBUG -Xcc -ivfsstatcache -Xcc /Users/admin/builder/spi-builder-workspace/.derivedData/SDKStatCaches.noindex/xros27.0-24M361-e829b21a6f8c9b70876ba0858053c044735bd543db762f57723cac368afd1ce4.sdkstatcache -Xcc -fmodules-prune-interval\=86400 -Xcc -fmodules-prune-after\=345600 -Xcc -I/Users/admin/builder/spi-builder-workspace/.derivedData/Build/Products/Debug-xros/include -Xcc -I/Users/admin/builder/spi-builder-workspace/.derivedData/Build/Intermediates.noindex/swift-snapshot-testing.build/Debug-xros/SnapshotTesting-t.build/DerivedSources-normal/arm64 -Xcc -I/Users/admin/builder/spi-builder-workspace/.derivedData/Build/Intermediates.noindex/swift-snapshot-testing.build/Debug-xros/SnapshotTesting-t.build/DerivedSources/arm64 -Xcc -I/Users/admin/builder/spi-builder-workspace/.derivedData/Build/Intermediates.noindex/swift-snapshot-testing.build/Debug-xros/SnapshotTesting-t.build/DerivedSources -Xcc -DSWIFT_PACKAGE -Xcc -DDEBUG\=1 -no-auto-bridging-header-chaining -module-name SnapshotTesting -package-name swift_snapshot_testing -const-gather-protocols-file /Users/admin/builder/spi-builder-workspace/.derivedData/Build/Intermediates.noindex/swift-snapshot-testing.build/Debug-xros/SnapshotTesting-t.build/Objects-normal/arm64/SnapshotTesting_const_extract_protocols.json -disable-clang-spi -clang-target arm64-apple-xros27.0 -target-sdk-version 27.0 -target-sdk-name xros27.0 -in-process-plugin-server-path /Applications/Xcode-27.0.0-Release.Candidate.app/Contents/Developer/Toolchains/XcodeDefault.xctoolchain/usr/lib/swift/host/libSwiftInProcPluginServer.dylib -parse-as-library -o /Users/admin/builder/spi-builder-workspace/.derivedData/Build/Intermediates.noindex/swift-snapshot-testing.build/Debug-xros/SnapshotTesting-t.build/Objects-normal/arm64/AssertSnapshot.o -debug-module-path /Users/admin/builder/spi-builder-workspace/.derivedData/Build/Intermediates.noindex/swift-snapshot-testing.build/Debug-xros/SnapshotTesting-t.build/Objects-normal/arm64/SnapshotTesting.swiftmodule -index-unit-output-path /swift-snapshot-testing.build/Debug-xros/SnapshotTesting-t.build/Objects-normal/arm64/AssertSnapshot.o -index-store-path /Users/admin/builder/spi-builder-workspace/.derivedData/Index.noindex/DataStore -index-system-modules
SwiftCompile normal arm64 Compiling\ Async.swift /Users/admin/builder/spi-builder-workspace/.dependencies/checkouts/swift-snapshot-testing/Sources/SnapshotTesting/Async.swift (in target 'SnapshotTesting' from project 'swift-snapshot-testing')
SwiftCompile normal arm64 /Users/admin/builder/spi-builder-workspace/.dependencies/checkouts/swift-snapshot-testing/Sources/SnapshotTesting/Async.swift (in target 'SnapshotTesting' from project 'swift-snapshot-testing')
cd /Users/admin/builder/spi-builder-workspace/.swiftpm/xcode
builtin-SwiftPerFileCompile Async.swift
SwiftEmitModule normal arm64 Emitting\ module\ for\ SnapshotTesting (in target 'SnapshotTesting' from project 'swift-snapshot-testing')
SwiftCompile normal arm64 (in target 'SnapshotTesting' from project 'swift-snapshot-testing')
cd /Users/admin/builder/spi-builder-workspace/.swiftpm/xcode
SwiftCompile normal arm64 Compiling\ SwiftUIView.swift /Users/admin/builder/spi-builder-workspace/.dependencies/checkouts/swift-snapshot-testing/Sources/SnapshotTesting/Snapshotting/SwiftUIView.swift (in target 'SnapshotTesting' from project 'swift-snapshot-testing')
SwiftCompile normal arm64 /Users/admin/builder/spi-builder-workspace/.dependencies/checkouts/swift-snapshot-testing/Sources/SnapshotTesting/Snapshotting/SwiftUIView.swift (in target 'SnapshotTesting' from project 'swift-snapshot-testing')
cd /Users/admin/builder/spi-builder-workspace/.swiftpm/xcode
builtin-SwiftPerFileCompile SwiftUIView.swift
SwiftCompile normal arm64 Compiling\ UIBezierPath.swift /Users/admin/builder/spi-builder-workspace/.dependencies/checkouts/swift-snapshot-testing/Sources/SnapshotTesting/Snapshotting/UIBezierPath.swift (in target 'SnapshotTesting' from project 'swift-snapshot-testing')
SwiftCompile normal arm64 /Users/admin/builder/spi-builder-workspace/.dependencies/checkouts/swift-snapshot-testing/Sources/SnapshotTesting/Snapshotting/UIBezierPath.swift (in target 'SnapshotTesting' from project 'swift-snapshot-testing')
cd /Users/admin/builder/spi-builder-workspace/.swiftpm/xcode
builtin-SwiftPerFileCompile UIBezierPath.swift
SwiftDriverJobDiscovery normal arm64 Compiling Async.swift (in target 'SnapshotTesting' from project 'swift-snapshot-testing')
SwiftCompile normal arm64 Compiling\ PlistEncoder.swift /Users/admin/builder/spi-builder-workspace/.dependencies/checkouts/swift-snapshot-testing/Sources/SnapshotTesting/Common/PlistEncoder.swift (in target 'SnapshotTesting' from project 'swift-snapshot-testing')
SwiftCompile normal arm64 /Users/admin/builder/spi-builder-workspace/.dependencies/checkouts/swift-snapshot-testing/Sources/SnapshotTesting/Common/PlistEncoder.swift (in target 'SnapshotTesting' from project 'swift-snapshot-testing')
cd /Users/admin/builder/spi-builder-workspace/.swiftpm/xcode
builtin-SwiftPerFileCompile PlistEncoder.swift
SwiftCompile normal arm64 Compiling\ Internal.swift /Users/admin/builder/spi-builder-workspace/.dependencies/checkouts/swift-snapshot-testing/Sources/SnapshotTesting/Common/Internal.swift (in target 'SnapshotTesting' from project 'swift-snapshot-testing')
SwiftCompile normal arm64 /Users/admin/builder/spi-builder-workspace/.dependencies/checkouts/swift-snapshot-testing/Sources/SnapshotTesting/Common/Internal.swift (in target 'SnapshotTesting' from project 'swift-snapshot-testing')
cd /Users/admin/builder/spi-builder-workspace/.swiftpm/xcode
builtin-SwiftPerFileCompile Internal.swift
SwiftCompile normal arm64 Compiling\ UIImage.swift /Users/admin/builder/spi-builder-workspace/.dependencies/checkouts/swift-snapshot-testing/Sources/SnapshotTesting/Snapshotting/UIImage.swift (in target 'SnapshotTesting' from project 'swift-snapshot-testing')
SwiftCompile normal arm64 /Users/admin/builder/spi-builder-workspace/.dependencies/checkouts/swift-snapshot-testing/Sources/SnapshotTesting/Snapshotting/UIImage.swift (in target 'SnapshotTesting' from project 'swift-snapshot-testing')
cd /Users/admin/builder/spi-builder-workspace/.swiftpm/xcode
builtin-SwiftPerFileCompile UIImage.swift
SwiftDriverJobDiscovery normal arm64 Compiling PrettySyntax.swift (in target 'Nimble-SnapshotTesting' from project 'Nimble-SnapshotTesting')
SwiftDriverJobDiscovery normal arm64 Emitting module for Nimble_SnapshotTesting (in target 'Nimble-SnapshotTesting' from project 'Nimble-SnapshotTesting')
SwiftCompile normal arm64 Compiling\ View.swift /Users/admin/builder/spi-builder-workspace/.dependencies/checkouts/swift-snapshot-testing/Sources/SnapshotTesting/Common/View.swift (in target 'SnapshotTesting' from project 'swift-snapshot-testing')
SwiftCompile normal arm64 /Users/admin/builder/spi-builder-workspace/.dependencies/checkouts/swift-snapshot-testing/Sources/SnapshotTesting/Common/View.swift (in target 'SnapshotTesting' from project 'swift-snapshot-testing')
cd /Users/admin/builder/spi-builder-workspace/.swiftpm/xcode
builtin-SwiftPerFileCompile View.swift
SwiftDriverJobDiscovery normal arm64 Compiling Atomic.swift (in target 'Nimble-SnapshotTesting' from project 'Nimble-SnapshotTesting')
SwiftDriver\ Compilation\ Requirements Nimble-SnapshotTesting normal arm64 com.apple.xcode.tools.swift.compiler (in target 'Nimble-SnapshotTesting' from project 'Nimble-SnapshotTesting')
cd /Users/admin/builder/spi-builder-workspace/.swiftpm/xcode
builtin-Swift-Compilation-Requirements -- /Applications/Xcode-27.0.0-Release.Candidate.app/Contents/Developer/Toolchains/XcodeDefault.xctoolchain/usr/bin/swiftc -parse-as-library -module-name Nimble_SnapshotTesting -Onone @/Users/admin/builder/spi-builder-workspace/.derivedData/Build/Intermediates.noindex/Nimble-SnapshotTesting.build/Debug-xros/Nimble-SnapshotTesting-t.build/Objects-normal/arm64/Nimble-SnapshotTesting.SwiftFileList -DSWIFT_PACKAGE -DDEBUG -DSWIFT_MODULE_RESOURCE_BUNDLE_UNAVAILABLE -Xcc -fmodule-map-file\=/Users/admin/builder/spi-builder-workspace/.derivedData/Build/Intermediates.noindex/GeneratedModuleMaps-xros/CwlCatchExceptionSupport.modulemap -Xcc -fmodule-map-file\=/Users/admin/builder/spi-builder-workspace/.derivedData/Build/Intermediates.noindex/GeneratedModuleMaps-xros/CwlMachBadInstructionHandler.modulemap -Xcc -fmodule-map-file\=/Users/admin/builder/spi-builder-workspace/.derivedData/Build/Intermediates.noindex/GeneratedModuleMaps-xros/NimbleObjectiveC.modulemap -DXcode -plugin-path /Applications/Xcode-27.0.0-Release.Candidate.app/Contents/Developer/Toolchains/XcodeDefault.xctoolchain/usr/lib/swift/host/plugins/testing -enable-experimental-feature DebugDescriptionMacro -sdk /Applications/Xcode-27.0.0-Release.Candidate.app/Contents/Developer/Platforms/XROS.platform/Developer/SDKs/XROS27.0.sdk -target arm64-apple-xros1.0 -g -module-cache-path /Users/admin/builder/spi-builder-workspace/.derivedData/ModuleCache.noindex -Xfrontend -serialize-debugging-options -profile-coverage-mapping -profile-generate -enable-testing -index-store-path /Users/admin/builder/spi-builder-workspace/.derivedData/Index.noindex/DataStore -Xcc -D_LIBCPP_HARDENING_MODE\=_LIBCPP_HARDENING_MODE_DEBUG -swift-version 5 -I /Users/admin/builder/spi-builder-workspace/.derivedData/Build/Products/Debug-xros -Isystem /Applications/Xcode-27.0.0-Release.Candidate.app/Contents/Developer/Platforms/XROS.platform/Developer/usr/lib -F /Users/admin/builder/spi-builder-workspace/.derivedData/Build/Products/Debug-xros/PackageFrameworks -F /Users/admin/builder/spi-builder-workspace/.derivedData/Build/Products/Debug-xros -F /Applications/Xcode-27.0.0-Release.Candidate.app/Contents/Developer/Platforms/XROS.platform/Developer/Library/Frameworks -F /Applications/Xcode-27.0.0-Release.Candidate.app/Contents/Developer/Platforms/XROS.platform/Developer/SDKs/XROS27.0.sdk/Developer/Library/Frameworks -c -j10 -enable-batch-mode -incremental -Xcc -ivfsstatcache -Xcc /Users/admin/builder/spi-builder-workspace/.derivedData/SDKStatCaches.noindex/xros27.0-24M361-e829b21a6f8c9b70876ba0858053c044735bd543db762f57723cac368afd1ce4.sdkstatcache -output-file-map /Users/admin/builder/spi-builder-workspace/.derivedData/Build/Intermediates.noindex/Nimble-SnapshotTesting.build/Debug-xros/Nimble-SnapshotTesting-t.build/Objects-normal/arm64/Nimble-SnapshotTesting-OutputFileMap.json -save-temps -no-color-diagnostics -explicit-module-build -module-cache-path /Users/admin/builder/spi-builder-workspace/.derivedData/Build/Intermediates.noindex/SwiftExplicitPrecompiledModules -clang-scanner-module-cache-path /Users/admin/builder/spi-builder-workspace/.derivedData/ModuleCache.noindex -sdk-module-cache-path /Users/admin/builder/spi-builder-workspace/.derivedData/SDKExplicitPrecompiledModules -emit-dependencies -emit-module -emit-module-path /Users/admin/builder/spi-builder-workspace/.derivedData/Build/Intermediates.noindex/Nimble-SnapshotTesting.build/Debug-xros/Nimble-SnapshotTesting-t.build/Objects-normal/arm64/Nimble_SnapshotTesting.swiftmodule -serialize-diagnostics -dependency-scan-serialize-diagnostics-path /Users/admin/builder/spi-builder-workspace/.derivedData/Build/Intermediates.noindex/Nimble-SnapshotTesting.build/Debug-xros/Nimble-SnapshotTesting-t.build/Objects-normal/arm64/Nimble_SnapshotTesting-dependency-scan.dia -validate-clang-modules-once -clang-build-session-file /Users/admin/builder/spi-builder-workspace/.derivedData/ModuleCache.noindex/Session.modulevalidation -Xcc -fmodules-prune-interval\=86400 -Xcc -fmodules-prune-after\=345600 -package-name spi_builder_workspace -emit-const-values -const-gather-protocols-list /Users/admin/builder/spi-builder-workspace/.derivedData/Build/Intermediates.noindex/Nimble-SnapshotTesting.build/Debug-xros/Nimble-SnapshotTesting-t.build/Objects-normal/arm64/Nimble-SnapshotTesting_const_extract_protocols.json -Xcc -I/Users/admin/builder/spi-builder-workspace/.dependencies/checkouts/CwlCatchException/Sources/CwlCatchExceptionSupport/include -Xcc -I/Users/admin/builder/spi-builder-workspace/.dependencies/checkouts/CwlPreconditionTesting/Sources/CwlMachBadInstructionHandler/include -Xcc -I/Users/admin/builder/spi-builder-workspace/.dependencies/checkouts/Nimble/Sources/NimbleObjectiveC/include -Xcc -I/Users/admin/builder/spi-builder-workspace/.derivedData/Build/Products/Debug-xros/include -Xcc -I/Users/admin/builder/spi-builder-workspace/.derivedData/Build/Intermediates.noindex/Nimble-SnapshotTesting.build/Debug-xros/Nimble-SnapshotTesting-t.build/DerivedSources-normal/arm64 -Xcc -I/Users/admin/builder/spi-builder-workspace/.derivedData/Build/Intermediates.noindex/Nimble-SnapshotTesting.build/Debug-xros/Nimble-SnapshotTesting-t.build/DerivedSources/arm64 -Xcc -I/Users/admin/builder/spi-builder-workspace/.derivedData/Build/Intermediates.noindex/Nimble-SnapshotTesting.build/Debug-xros/Nimble-SnapshotTesting-t.build/DerivedSources -Xcc -DSWIFT_PACKAGE -Xcc -DDEBUG\=1 -emit-objc-header -emit-objc-header-path /Users/admin/builder/spi-builder-workspace/.derivedData/Build/Intermediates.noindex/Nimble-SnapshotTesting.build/Debug-xros/Nimble-SnapshotTesting-t.build/Objects-normal/arm64/Nimble-SnapshotTesting-Swift.h -working-directory /Users/admin/builder/spi-builder-workspace/.swiftpm/xcode -experimental-emit-module-separately -disable-cmo
SwiftDriverJobDiscovery normal arm64 Compiling CurrentTestCaseTracker.swift (in target 'Nimble-SnapshotTesting' from project 'Nimble-SnapshotTesting')
PrecompileModule /Users/admin/builder/spi-builder-workspace/.derivedData/Build/Intermediates.noindex/ExplicitPrecompiledModules/XCUIAutomation-AW46WVUYPOECCWPIFZLZYR9M2.scan
cd /
builtin-precompileModule /Users/admin/builder/spi-builder-workspace/.derivedData/Build/Intermediates.noindex/ExplicitPrecompiledModules/XCUIAutomation-AW46WVUYPOECCWPIFZLZYR9M2.scan
SwiftMergeGeneratedHeaders /Users/admin/builder/spi-builder-workspace/.derivedData/Build/Intermediates.noindex/GeneratedModuleMaps-xros/Nimble-SnapshotTesting-Swift.h /Users/admin/builder/spi-builder-workspace/.derivedData/Build/Intermediates.noindex/Nimble-SnapshotTesting.build/Debug-xros/Nimble-SnapshotTesting-t.build/Objects-normal/arm64/Nimble-SnapshotTesting-Swift.h (in target 'Nimble-SnapshotTesting' from project 'Nimble-SnapshotTesting')
cd /Users/admin/builder/spi-builder-workspace
builtin-swiftHeaderTool -arch arm64 /Users/admin/builder/spi-builder-workspace/.derivedData/Build/Intermediates.noindex/Nimble-SnapshotTesting.build/Debug-xros/Nimble-SnapshotTesting-t.build/Objects-normal/arm64/Nimble-SnapshotTesting-Swift.h -o /Users/admin/builder/spi-builder-workspace/.derivedData/Build/Intermediates.noindex/GeneratedModuleMaps-xros/Nimble-SnapshotTesting-Swift.h
SwiftDriverJobDiscovery normal arm64 Compiling HaveValidSnapshot.swift (in target 'Nimble-SnapshotTesting' from project 'Nimble-SnapshotTesting')
Copy /Users/admin/builder/spi-builder-workspace/.derivedData/Build/Products/Debug-xros/Nimble_SnapshotTesting.swiftmodule/arm64-apple-xros.swiftmodule /Users/admin/builder/spi-builder-workspace/.derivedData/Build/Intermediates.noindex/Nimble-SnapshotTesting.build/Debug-xros/Nimble-SnapshotTesting-t.build/Objects-normal/arm64/Nimble_SnapshotTesting.swiftmodule (in target 'Nimble-SnapshotTesting' from project 'Nimble-SnapshotTesting')
cd /Users/admin/builder/spi-builder-workspace
builtin-copy -exclude .DS_Store -exclude CVS -exclude .svn -exclude .git -exclude .hg -resolve-src-symlinks -rename /Users/admin/builder/spi-builder-workspace/.derivedData/Build/Intermediates.noindex/Nimble-SnapshotTesting.build/Debug-xros/Nimble-SnapshotTesting-t.build/Objects-normal/arm64/Nimble_SnapshotTesting.swiftmodule /Users/admin/builder/spi-builder-workspace/.derivedData/Build/Products/Debug-xros/Nimble_SnapshotTesting.swiftmodule/arm64-apple-xros.swiftmodule
Copy /Users/admin/builder/spi-builder-workspace/.derivedData/Build/Products/Debug-xros/Nimble_SnapshotTesting.swiftmodule/arm64-apple-xros.swiftdoc /Users/admin/builder/spi-builder-workspace/.derivedData/Build/Intermediates.noindex/Nimble-SnapshotTesting.build/Debug-xros/Nimble-SnapshotTesting-t.build/Objects-normal/arm64/Nimble_SnapshotTesting.swiftdoc (in target 'Nimble-SnapshotTesting' from project 'Nimble-SnapshotTesting')
cd /Users/admin/builder/spi-builder-workspace
builtin-copy -exclude .DS_Store -exclude CVS -exclude .svn -exclude .git -exclude .hg -resolve-src-symlinks -rename /Users/admin/builder/spi-builder-workspace/.derivedData/Build/Intermediates.noindex/Nimble-SnapshotTesting.build/Debug-xros/Nimble-SnapshotTesting-t.build/Objects-normal/arm64/Nimble_SnapshotTesting.swiftdoc /Users/admin/builder/spi-builder-workspace/.derivedData/Build/Products/Debug-xros/Nimble_SnapshotTesting.swiftmodule/arm64-apple-xros.swiftdoc
Copy /Users/admin/builder/spi-builder-workspace/.derivedData/Build/Products/Debug-xros/Nimble_SnapshotTesting.swiftmodule/arm64-apple-xros.abi.json /Users/admin/builder/spi-builder-workspace/.derivedData/Build/Intermediates.noindex/Nimble-SnapshotTesting.build/Debug-xros/Nimble-SnapshotTesting-t.build/Objects-normal/arm64/Nimble_SnapshotTesting.abi.json (in target 'Nimble-SnapshotTesting' from project 'Nimble-SnapshotTesting')
cd /Users/admin/builder/spi-builder-workspace
builtin-copy -exclude .DS_Store -exclude CVS -exclude .svn -exclude .git -exclude .hg -resolve-src-symlinks -rename /Users/admin/builder/spi-builder-workspace/.derivedData/Build/Intermediates.noindex/Nimble-SnapshotTesting.build/Debug-xros/Nimble-SnapshotTesting-t.build/Objects-normal/arm64/Nimble_SnapshotTesting.abi.json /Users/admin/builder/spi-builder-workspace/.derivedData/Build/Products/Debug-xros/Nimble_SnapshotTesting.swiftmodule/arm64-apple-xros.abi.json
Copy /Users/admin/builder/spi-builder-workspace/.derivedData/Build/Products/Debug-xros/Nimble_SnapshotTesting.swiftmodule/Project/arm64-apple-xros.swiftsourceinfo /Users/admin/builder/spi-builder-workspace/.derivedData/Build/Intermediates.noindex/Nimble-SnapshotTesting.build/Debug-xros/Nimble-SnapshotTesting-t.build/Objects-normal/arm64/Nimble_SnapshotTesting.swiftsourceinfo (in target 'Nimble-SnapshotTesting' from project 'Nimble-SnapshotTesting')
cd /Users/admin/builder/spi-builder-workspace
builtin-copy -exclude .DS_Store -exclude CVS -exclude .svn -exclude .git -exclude .hg -resolve-src-symlinks -rename /Users/admin/builder/spi-builder-workspace/.derivedData/Build/Intermediates.noindex/Nimble-SnapshotTesting.build/Debug-xros/Nimble-SnapshotTesting-t.build/Objects-normal/arm64/Nimble_SnapshotTesting.swiftsourceinfo /Users/admin/builder/spi-builder-workspace/.derivedData/Build/Products/Debug-xros/Nimble_SnapshotTesting.swiftmodule/Project/arm64-apple-xros.swiftsourceinfo
SwiftCompile normal arm64 Compiling\ Any.swift /Users/admin/builder/spi-builder-workspace/.dependencies/checkouts/swift-snapshot-testing/Sources/SnapshotTesting/Snapshotting/Any.swift (in target 'SnapshotTesting' from project 'swift-snapshot-testing')
SwiftCompile normal arm64 /Users/admin/builder/spi-builder-workspace/.dependencies/checkouts/swift-snapshot-testing/Sources/SnapshotTesting/Snapshotting/Any.swift (in target 'SnapshotTesting' from project 'swift-snapshot-testing')
cd /Users/admin/builder/spi-builder-workspace/.swiftpm/xcode
builtin-SwiftPerFileCompile Any.swift
SwiftCompile normal arm64 Compiling\ CaseIterable.swift /Users/admin/builder/spi-builder-workspace/.dependencies/checkouts/swift-snapshot-testing/Sources/SnapshotTesting/Snapshotting/CaseIterable.swift (in target 'SnapshotTesting' from project 'swift-snapshot-testing')
SwiftCompile normal arm64 /Users/admin/builder/spi-builder-workspace/.dependencies/checkouts/swift-snapshot-testing/Sources/SnapshotTesting/Snapshotting/CaseIterable.swift (in target 'SnapshotTesting' from project 'swift-snapshot-testing')
cd /Users/admin/builder/spi-builder-workspace/.swiftpm/xcode
builtin-SwiftPerFileCompile CaseIterable.swift
PrecompileModule /Users/admin/builder/spi-builder-workspace/.derivedData/Build/Intermediates.noindex/ExplicitPrecompiledModules/XCTest-6J7F01VFCB0SYD3RG5DEODZ5C.scan
cd /
builtin-precompileModule /Users/admin/builder/spi-builder-workspace/.derivedData/Build/Intermediates.noindex/ExplicitPrecompiledModules/XCTest-6J7F01VFCB0SYD3RG5DEODZ5C.scan
SwiftDriverJobDiscovery normal arm64 Compiling UIBezierPath.swift (in target 'SnapshotTesting' from project 'swift-snapshot-testing')
SwiftCompile normal arm64 Compiling\ String.swift /Users/admin/builder/spi-builder-workspace/.dependencies/checkouts/swift-snapshot-testing/Sources/SnapshotTesting/Snapshotting/String.swift (in target 'SnapshotTesting' from project 'swift-snapshot-testing')
SwiftCompile normal arm64 /Users/admin/builder/spi-builder-workspace/.dependencies/checkouts/swift-snapshot-testing/Sources/SnapshotTesting/Snapshotting/String.swift (in target 'SnapshotTesting' from project 'swift-snapshot-testing')
cd /Users/admin/builder/spi-builder-workspace/.swiftpm/xcode
builtin-SwiftPerFileCompile String.swift
SwiftDriverJobDiscovery normal arm64 Compiling Internal.swift (in target 'SnapshotTesting' from project 'swift-snapshot-testing')
SwiftCompile normal arm64 Compiling\ Snapshotting.swift /Users/admin/builder/spi-builder-workspace/.dependencies/checkouts/swift-snapshot-testing/Sources/SnapshotTesting/Snapshotting.swift (in target 'SnapshotTesting' from project 'swift-snapshot-testing')
SwiftCompile normal arm64 /Users/admin/builder/spi-builder-workspace/.dependencies/checkouts/swift-snapshot-testing/Sources/SnapshotTesting/Snapshotting.swift (in target 'SnapshotTesting' from project 'swift-snapshot-testing')
cd /Users/admin/builder/spi-builder-workspace/.swiftpm/xcode
builtin-SwiftPerFileCompile Snapshotting.swift
SwiftDriverJobDiscovery normal arm64 Compiling UIImage.swift (in target 'SnapshotTesting' from project 'swift-snapshot-testing')
SwiftCompile normal arm64 Compiling\ Data.swift /Users/admin/builder/spi-builder-workspace/.dependencies/checkouts/swift-snapshot-testing/Sources/SnapshotTesting/Snapshotting/Data.swift (in target 'SnapshotTesting' from project 'swift-snapshot-testing')
SwiftCompile normal arm64 /Users/admin/builder/spi-builder-workspace/.dependencies/checkouts/swift-snapshot-testing/Sources/SnapshotTesting/Snapshotting/Data.swift (in target 'SnapshotTesting' from project 'swift-snapshot-testing')
cd /Users/admin/builder/spi-builder-workspace/.swiftpm/xcode
builtin-SwiftPerFileCompile Data.swift
PruneExplicitPrecompiledModules /Users/admin/builder/spi-builder-workspace/.derivedData/Build/Intermediates.noindex/ExplicitPrecompiledModules
PruneExplicitPrecompiledModules /Users/admin/builder/spi-builder-workspace/.derivedData/Build/Intermediates.noindex/SwiftExplicitPrecompiledModules
PruneExplicitPrecompiledModules /Users/admin/builder/spi-builder-workspace/.derivedData/SDKExplicitPrecompiledModules
2026-09-23 09:37:08.271 xcodebuild[1572:8441] [MT] IDERunDestination: Supported platforms for the buildables in the current scheme is empty.
2026-09-23 09:37:08.370 xcodebuild[1572:8441] [MT] IDERunDestination: Supported platforms for the buildables in the current scheme is empty.
** BUILD FAILED **
The following build commands failed:
SwiftCompile normal arm64 /Users/admin/builder/spi-builder-workspace/.dependencies/checkouts/swift-snapshot-testing/Sources/SnapshotTesting/AssertSnapshot.swift (in target 'SnapshotTesting' from project 'swift-snapshot-testing')
SwiftCompile normal arm64 Compiling\ AssertSnapshot.swift /Users/admin/builder/spi-builder-workspace/.dependencies/checkouts/swift-snapshot-testing/Sources/SnapshotTesting/AssertSnapshot.swift (in target 'SnapshotTesting' from project 'swift-snapshot-testing')
Building workspace Nimble-SnapshotTesting with scheme Nimble-SnapshotTesting
(3 failures)
BUILD FAILURE 6.4 visionOS