Build Information
Failed to build Luminare, reference main (7958d3), with Swift 6.2 for Linux on 12 Oct 2026 11:54:59 UTC.
Build Command
bash -c docker run --pull=always --rm -v "checkouts-54344845-0":/host -w "$PWD" -e JAVA_HOME="/root/.sdkman/candidates/java/current" -e SPI_BUILD="1" -e SPI_PROCESSING="1" registry.gitlab.com/saguaro1/spi-images:basic-6.2-latest swift build --triple x86_64-unknown-linux-gnu 2>&1Build Log
========================================
RunAll
========================================
Builder version: 5.1.1
Interrupt handler set up.
========================================
Checkout
========================================
Clone URL: https://github.com/MrKai77/Luminare.git
Reference: main
Initialized empty Git repository in /host/spi-builder-workspace/.git/
hint: Using 'master' as the name for the initial branch. This default branch name
hint: is subject to change. To configure the initial branch name to use in all
hint: of your new repositories, which will suppress this warning, call:
hint:
hint: git config --global init.defaultBranch <name>
hint:
hint: Names commonly chosen instead of 'master' are 'main', 'trunk' and
hint: 'development'. The just-created branch can be renamed via this command:
hint:
hint: git branch -m <name>
From https://github.com/MrKai77/Luminare
* branch main -> FETCH_HEAD
* [new branch] main -> origin/main
HEAD is now at 7958d31 🐞 Fix picker not being clickable on macOS Sequoia (#38)
Cloned https://github.com/MrKai77/Luminare.git
Revision (git rev-parse @):
7958d31278ad054abf0a7cf19e5ae700399a812f
SUCCESS checkout https://github.com/MrKai77/Luminare.git at main
========================================
Build
========================================
Selected platform: linux
Swift version: 6.2
Building package at path: $PWD
https://github.com/MrKai77/Luminare.git
Running build ...
bash -c docker run --pull=always --rm -v "checkouts-54344845-0":/host -w "$PWD" -e JAVA_HOME="/root/.sdkman/candidates/java/current" -e SPI_BUILD="1" -e SPI_PROCESSING="1" registry.gitlab.com/saguaro1/spi-images:basic-6.2-latest swift build --triple x86_64-unknown-linux-gnu 2>&1
basic-6.2-latest: Pulling from saguaro1/spi-images
Digest: sha256:24009fa1488c01937630ee3297a7a7a1872c773069724929dff85071fefc3743
Status: Image is up to date for registry.gitlab.com/saguaro1/spi-images:basic-6.2-latest
Fetching https://github.com/apple/swift-docc-plugin
Fetching https://github.com/lorenzofiamingo/swiftui-variadic-views
Fetching https://github.com/siteline/swiftui-introspect
[1/2345] Fetching swift-docc-plugin
[236/2380] Fetching swift-docc-plugin, swiftui-variadic-views
[271/15308] Fetching swift-docc-plugin, swiftui-variadic-views, swiftui-introspect
Fetched https://github.com/lorenzofiamingo/swiftui-variadic-views from cache (0.68s)
Fetched https://github.com/apple/swift-docc-plugin from cache (0.68s)
Fetched https://github.com/siteline/swiftui-introspect from cache (0.68s)
Computing version for https://github.com/lorenzofiamingo/swiftui-variadic-views
Computed https://github.com/lorenzofiamingo/swiftui-variadic-views at 1.0.0 (0.83s)
Computing version for https://github.com/siteline/swiftui-introspect
warning: 'swiftui-introspect': /Package@swift-6.0.swift:5:15: warning: 'init(name:defaultLocalization:platforms:pkgConfig:providers:products:dependencies:targets:swiftLanguageVersions:cLanguageStandard:cxxLanguageStandard:)' is deprecated: replaced by 'init(name:defaultLocalization:platforms:pkgConfig:providers:products:dependencies:targets:swiftLanguageModes:cLanguageStandard:cxxLanguageStandard:)' [#DeprecatedDeclaration]
3 | import PackageDescription
4 |
5 | let package = Package(
| |- warning: 'init(name:defaultLocalization:platforms:pkgConfig:providers:products:dependencies:targets:swiftLanguageVersions:cLanguageStandard:cxxLanguageStandard:)' is deprecated: replaced by 'init(name:defaultLocalization:platforms:pkgConfig:providers:products:dependencies:targets:swiftLanguageModes:cLanguageStandard:cxxLanguageStandard:)' [#DeprecatedDeclaration]
| `- note: use 'init(name:defaultLocalization:platforms:pkgConfig:providers:products:dependencies:targets:swiftLanguageModes:cLanguageStandard:cxxLanguageStandard:)' instead
6 | name: "swiftui-introspect",
7 | platforms: [
[#DeprecatedDeclaration]: <https://docs.swift.org/compiler/documentation/diagnostics/deprecated-declaration>
Computed https://github.com/siteline/swiftui-introspect at 1.5.0 (0.14s)
Computing version for https://github.com/apple/swift-docc-plugin
Computed https://github.com/apple/swift-docc-plugin at 1.5.0 (0.88s)
Fetching https://github.com/swiftlang/swift-docc-symbolkit
[1/3837] Fetching swift-docc-symbolkit
Fetched https://github.com/swiftlang/swift-docc-symbolkit from cache (0.59s)
Computing version for https://github.com/swiftlang/swift-docc-symbolkit
Computed https://github.com/swiftlang/swift-docc-symbolkit at 1.0.0 (0.79s)
Creating working copy for https://github.com/siteline/swiftui-introspect
Working copy of https://github.com/siteline/swiftui-introspect resolved at 1.5.0
Creating working copy for https://github.com/apple/swift-docc-plugin
Working copy of https://github.com/apple/swift-docc-plugin resolved at 1.5.0
Creating working copy for https://github.com/lorenzofiamingo/swiftui-variadic-views
Working copy of https://github.com/lorenzofiamingo/swiftui-variadic-views resolved at 1.0.0
Creating working copy for https://github.com/swiftlang/swift-docc-symbolkit
Working copy of https://github.com/swiftlang/swift-docc-symbolkit resolved at 1.0.0
warning: 'swiftui-introspect': /host/spi-builder-workspace/.build/checkouts/swiftui-introspect/Package@swift-6.0.swift:5:15: warning: 'init(name:defaultLocalization:platforms:pkgConfig:providers:products:dependencies:targets:swiftLanguageVersions:cLanguageStandard:cxxLanguageStandard:)' is deprecated: replaced by 'init(name:defaultLocalization:platforms:pkgConfig:providers:products:dependencies:targets:swiftLanguageModes:cLanguageStandard:cxxLanguageStandard:)' [#DeprecatedDeclaration]
3 | import PackageDescription
4 |
5 | let package = Package(
| |- warning: 'init(name:defaultLocalization:platforms:pkgConfig:providers:products:dependencies:targets:swiftLanguageVersions:cLanguageStandard:cxxLanguageStandard:)' is deprecated: replaced by 'init(name:defaultLocalization:platforms:pkgConfig:providers:products:dependencies:targets:swiftLanguageModes:cLanguageStandard:cxxLanguageStandard:)' [#DeprecatedDeclaration]
| `- note: use 'init(name:defaultLocalization:platforms:pkgConfig:providers:products:dependencies:targets:swiftLanguageModes:cLanguageStandard:cxxLanguageStandard:)' instead
6 | name: "swiftui-introspect",
7 | platforms: [
[#DeprecatedDeclaration]: <https://docs.swift.org/compiler/documentation/diagnostics/deprecated-declaration>
[1/1] Compiling plugin Swift-DocC Preview
[2/2] Compiling plugin Swift-DocC
Building for debugging...
[2/6] Write sources
[5/6] Write swift-version-24593BA9C3E375BF.txt
[7/67] Compiling VariadicViews VariadicViewChildren.swift
/host/spi-builder-workspace/.build/checkouts/swiftui-variadic-views/Sources/VariadicViews/MultiVariadicView.swift:1:8: error: no such module 'SwiftUI'
1 | import SwiftUI
| `- error: no such module 'SwiftUI'
2 |
3 | /// A multi container view that allows for dynamic insertion of content multiple child views.
[8/67] Compiling SwiftUIIntrospect Form.swift
/host/spi-builder-workspace/.build/checkouts/swiftui-introspect/Sources/Introspect.swift:2:8: error: no such module 'SwiftUI'
1 | #if !os(watchOS)
2 | import SwiftUI
| `- error: no such module 'SwiftUI'
3 |
4 | /// The scope of introspection i.e. where introspect should look to find
[9/67] Compiling SwiftUIIntrospect FormWithGroupedStyle.swift
/host/spi-builder-workspace/.build/checkouts/swiftui-introspect/Sources/Introspect.swift:2:8: error: no such module 'SwiftUI'
1 | #if !os(watchOS)
2 | import SwiftUI
| `- error: no such module 'SwiftUI'
3 |
4 | /// The scope of introspection i.e. where introspect should look to find
[10/67] Compiling SwiftUIIntrospect FullScreenCover.swift
/host/spi-builder-workspace/.build/checkouts/swiftui-introspect/Sources/Introspect.swift:2:8: error: no such module 'SwiftUI'
1 | #if !os(watchOS)
2 | import SwiftUI
| `- error: no such module 'SwiftUI'
3 |
4 | /// The scope of introspection i.e. where introspect should look to find
[11/67] Compiling SwiftUIIntrospect List.swift
/host/spi-builder-workspace/.build/checkouts/swiftui-introspect/Sources/Introspect.swift:2:8: error: no such module 'SwiftUI'
1 | #if !os(watchOS)
2 | import SwiftUI
| `- error: no such module 'SwiftUI'
3 |
4 | /// The scope of introspection i.e. where introspect should look to find
[12/67] Compiling SwiftUIIntrospect ListCell.swift
/host/spi-builder-workspace/.build/checkouts/swiftui-introspect/Sources/Introspect.swift:2:8: error: no such module 'SwiftUI'
1 | #if !os(watchOS)
2 | import SwiftUI
| `- error: no such module 'SwiftUI'
3 |
4 | /// The scope of introspection i.e. where introspect should look to find
[13/67] Compiling SwiftUIIntrospect ListWithBorderedStyle.swift
/host/spi-builder-workspace/.build/checkouts/swiftui-introspect/Sources/Introspect.swift:2:8: error: no such module 'SwiftUI'
1 | #if !os(watchOS)
2 | import SwiftUI
| `- error: no such module 'SwiftUI'
3 |
4 | /// The scope of introspection i.e. where introspect should look to find
[14/67] Compiling SwiftUIIntrospect ListWithGroupedStyle.swift
/host/spi-builder-workspace/.build/checkouts/swiftui-introspect/Sources/Introspect.swift:2:8: error: no such module 'SwiftUI'
1 | #if !os(watchOS)
2 | import SwiftUI
| `- error: no such module 'SwiftUI'
3 |
4 | /// The scope of introspection i.e. where introspect should look to find
[15/67] Compiling SwiftUIIntrospect ListWithInsetGroupedStyle.swift
/host/spi-builder-workspace/.build/checkouts/swiftui-introspect/Sources/Introspect.swift:2:8: error: no such module 'SwiftUI'
1 | #if !os(watchOS)
2 | import SwiftUI
| `- error: no such module 'SwiftUI'
3 |
4 | /// The scope of introspection i.e. where introspect should look to find
error: emit-module command failed with exit code 1 (use -v to see invocation)
[16/74] Emitting module VariadicViews
/host/spi-builder-workspace/.build/checkouts/swiftui-variadic-views/Sources/VariadicViews/MultiVariadicView.swift:1:8: error: no such module 'SwiftUI'
1 | import SwiftUI
| `- error: no such module 'SwiftUI'
2 |
3 | /// A multi container view that allows for dynamic insertion of content multiple child views.
[17/74] Compiling VariadicViews MultiVariadicView.swift
/host/spi-builder-workspace/.build/checkouts/swiftui-variadic-views/Sources/VariadicViews/MultiVariadicView.swift:1:8: error: no such module 'SwiftUI'
1 | import SwiftUI
| `- error: no such module 'SwiftUI'
2 |
3 | /// A multi container view that allows for dynamic insertion of content multiple child views.
[18/74] Compiling SwiftUIIntrospect PickerWithMenuStyle.swift
/host/spi-builder-workspace/.build/checkouts/swiftui-introspect/Sources/Introspect.swift:2:8: error: no such module 'SwiftUI'
1 | #if !os(watchOS)
2 | import SwiftUI
| `- error: no such module 'SwiftUI'
3 |
4 | /// The scope of introspection i.e. where introspect should look to find
[19/74] Compiling SwiftUIIntrospect PickerWithSegmentedStyle.swift
/host/spi-builder-workspace/.build/checkouts/swiftui-introspect/Sources/Introspect.swift:2:8: error: no such module 'SwiftUI'
1 | #if !os(watchOS)
2 | import SwiftUI
| `- error: no such module 'SwiftUI'
3 |
4 | /// The scope of introspection i.e. where introspect should look to find
[20/74] Compiling SwiftUIIntrospect PickerWithWheelStyle.swift
/host/spi-builder-workspace/.build/checkouts/swiftui-introspect/Sources/Introspect.swift:2:8: error: no such module 'SwiftUI'
1 | #if !os(watchOS)
2 | import SwiftUI
| `- error: no such module 'SwiftUI'
3 |
4 | /// The scope of introspection i.e. where introspect should look to find
[21/74] Compiling SwiftUIIntrospect Popover.swift
/host/spi-builder-workspace/.build/checkouts/swiftui-introspect/Sources/Introspect.swift:2:8: error: no such module 'SwiftUI'
1 | #if !os(watchOS)
2 | import SwiftUI
| `- error: no such module 'SwiftUI'
3 |
4 | /// The scope of introspection i.e. where introspect should look to find
[22/74] Compiling SwiftUIIntrospect ProgressView.swift
/host/spi-builder-workspace/.build/checkouts/swiftui-introspect/Sources/Introspect.swift:2:8: error: no such module 'SwiftUI'
1 | #if !os(watchOS)
2 | import SwiftUI
| `- error: no such module 'SwiftUI'
3 |
4 | /// The scope of introspection i.e. where introspect should look to find
[23/74] Compiling SwiftUIIntrospect ProgressViewWithCircularStyle.swift
/host/spi-builder-workspace/.build/checkouts/swiftui-introspect/Sources/Introspect.swift:2:8: error: no such module 'SwiftUI'
1 | #if !os(watchOS)
2 | import SwiftUI
| `- error: no such module 'SwiftUI'
3 |
4 | /// The scope of introspection i.e. where introspect should look to find
[24/74] Compiling SwiftUIIntrospect ProgressViewWithLinearStyle.swift
/host/spi-builder-workspace/.build/checkouts/swiftui-introspect/Sources/Introspect.swift:2:8: error: no such module 'SwiftUI'
1 | #if !os(watchOS)
2 | import SwiftUI
| `- error: no such module 'SwiftUI'
3 |
4 | /// The scope of introspection i.e. where introspect should look to find
[25/74] Compiling SwiftUIIntrospect ScrollView.swift
/host/spi-builder-workspace/.build/checkouts/swiftui-introspect/Sources/Introspect.swift:2:8: error: no such module 'SwiftUI'
1 | #if !os(watchOS)
2 | import SwiftUI
| `- error: no such module 'SwiftUI'
3 |
4 | /// The scope of introspection i.e. where introspect should look to find
[26/74] Compiling VariadicViews UnaryView.swift
/host/spi-builder-workspace/.build/checkouts/swiftui-variadic-views/Sources/VariadicViews/MultiVariadicView.swift:1:8: error: no such module 'SwiftUI'
1 | import SwiftUI
| `- error: no such module 'SwiftUI'
2 |
3 | /// A multi container view that allows for dynamic insertion of content multiple child views.
[27/74] Compiling VariadicViews UnaryVariadicView.swift
/host/spi-builder-workspace/.build/checkouts/swiftui-variadic-views/Sources/VariadicViews/MultiVariadicView.swift:1:8: error: no such module 'SwiftUI'
1 | import SwiftUI
| `- error: no such module 'SwiftUI'
2 |
3 | /// A multi container view that allows for dynamic insertion of content multiple child views.
[28/74] Compiling VariadicViews ViewTrait.swift
/host/spi-builder-workspace/.build/checkouts/swiftui-variadic-views/Sources/VariadicViews/MultiVariadicView.swift:1:8: error: no such module 'SwiftUI'
1 | import SwiftUI
| `- error: no such module 'SwiftUI'
2 |
3 | /// A multi container view that allows for dynamic insertion of content multiple child views.
[29/74] Compiling SwiftUIIntrospect ListWithInsetStyle.swift
/host/spi-builder-workspace/.build/checkouts/swiftui-introspect/Sources/Introspect.swift:2:8: error: no such module 'SwiftUI'
1 | #if !os(watchOS)
2 | import SwiftUI
| `- error: no such module 'SwiftUI'
3 |
4 | /// The scope of introspection i.e. where introspect should look to find
[30/74] Compiling SwiftUIIntrospect ListWithSidebarStyle.swift
/host/spi-builder-workspace/.build/checkouts/swiftui-introspect/Sources/Introspect.swift:2:8: error: no such module 'SwiftUI'
1 | #if !os(watchOS)
2 | import SwiftUI
| `- error: no such module 'SwiftUI'
3 |
4 | /// The scope of introspection i.e. where introspect should look to find
[31/74] Compiling SwiftUIIntrospect Map.swift
/host/spi-builder-workspace/.build/checkouts/swiftui-introspect/Sources/Introspect.swift:2:8: error: no such module 'SwiftUI'
1 | #if !os(watchOS)
2 | import SwiftUI
| `- error: no such module 'SwiftUI'
3 |
4 | /// The scope of introspection i.e. where introspect should look to find
[32/74] Compiling SwiftUIIntrospect NavigationSplitView.swift
/host/spi-builder-workspace/.build/checkouts/swiftui-introspect/Sources/Introspect.swift:2:8: error: no such module 'SwiftUI'
1 | #if !os(watchOS)
2 | import SwiftUI
| `- error: no such module 'SwiftUI'
3 |
4 | /// The scope of introspection i.e. where introspect should look to find
[33/74] Compiling SwiftUIIntrospect NavigationStack.swift
/host/spi-builder-workspace/.build/checkouts/swiftui-introspect/Sources/Introspect.swift:2:8: error: no such module 'SwiftUI'
1 | #if !os(watchOS)
2 | import SwiftUI
| `- error: no such module 'SwiftUI'
3 |
4 | /// The scope of introspection i.e. where introspect should look to find
[34/74] Compiling SwiftUIIntrospect NavigationViewWithColumnsStyle.swift
/host/spi-builder-workspace/.build/checkouts/swiftui-introspect/Sources/Introspect.swift:2:8: error: no such module 'SwiftUI'
1 | #if !os(watchOS)
2 | import SwiftUI
| `- error: no such module 'SwiftUI'
3 |
4 | /// The scope of introspection i.e. where introspect should look to find
[35/74] Compiling SwiftUIIntrospect NavigationViewWithStackStyle.swift
/host/spi-builder-workspace/.build/checkouts/swiftui-introspect/Sources/Introspect.swift:2:8: error: no such module 'SwiftUI'
1 | #if !os(watchOS)
2 | import SwiftUI
| `- error: no such module 'SwiftUI'
3 |
4 | /// The scope of introspection i.e. where introspect should look to find
[36/74] Compiling SwiftUIIntrospect PageControl.swift
/host/spi-builder-workspace/.build/checkouts/swiftui-introspect/Sources/Introspect.swift:2:8: error: no such module 'SwiftUI'
1 | #if !os(watchOS)
2 | import SwiftUI
| `- error: no such module 'SwiftUI'
3 |
4 | /// The scope of introspection i.e. where introspect should look to find
error: emit-module command failed with exit code 1 (use -v to see invocation)
[37/74] Emitting module SwiftUIIntrospect
/host/spi-builder-workspace/.build/checkouts/swiftui-introspect/Sources/Introspect.swift:2:8: error: no such module 'SwiftUI'
1 | #if !os(watchOS)
2 | import SwiftUI
| `- error: no such module 'SwiftUI'
3 |
4 | /// The scope of introspection i.e. where introspect should look to find
[38/74] Compiling SwiftUIIntrospect ToggleWithCheckboxStyle.swift
/host/spi-builder-workspace/.build/checkouts/swiftui-introspect/Sources/Introspect.swift:2:8: error: no such module 'SwiftUI'
1 | #if !os(watchOS)
2 | import SwiftUI
| `- error: no such module 'SwiftUI'
3 |
4 | /// The scope of introspection i.e. where introspect should look to find
[39/74] Compiling SwiftUIIntrospect ToggleWithSwitchStyle.swift
/host/spi-builder-workspace/.build/checkouts/swiftui-introspect/Sources/Introspect.swift:2:8: error: no such module 'SwiftUI'
1 | #if !os(watchOS)
2 | import SwiftUI
| `- error: no such module 'SwiftUI'
3 |
4 | /// The scope of introspection i.e. where introspect should look to find
[40/74] Compiling SwiftUIIntrospect VideoPlayer.swift
/host/spi-builder-workspace/.build/checkouts/swiftui-introspect/Sources/Introspect.swift:2:8: error: no such module 'SwiftUI'
1 | #if !os(watchOS)
2 | import SwiftUI
| `- error: no such module 'SwiftUI'
3 |
4 | /// The scope of introspection i.e. where introspect should look to find
[41/74] Compiling SwiftUIIntrospect View.swift
/host/spi-builder-workspace/.build/checkouts/swiftui-introspect/Sources/Introspect.swift:2:8: error: no such module 'SwiftUI'
1 | #if !os(watchOS)
2 | import SwiftUI
| `- error: no such module 'SwiftUI'
3 |
4 | /// The scope of introspection i.e. where introspect should look to find
[42/74] Compiling SwiftUIIntrospect ViewController.swift
/host/spi-builder-workspace/.build/checkouts/swiftui-introspect/Sources/Introspect.swift:2:8: error: no such module 'SwiftUI'
1 | #if !os(watchOS)
2 | import SwiftUI
| `- error: no such module 'SwiftUI'
3 |
4 | /// The scope of introspection i.e. where introspect should look to find
[43/74] Compiling SwiftUIIntrospect Window.swift
/host/spi-builder-workspace/.build/checkouts/swiftui-introspect/Sources/Introspect.swift:2:8: error: no such module 'SwiftUI'
1 | #if !os(watchOS)
2 | import SwiftUI
| `- error: no such module 'SwiftUI'
3 |
4 | /// The scope of introspection i.e. where introspect should look to find
[44/74] Compiling SwiftUIIntrospect Weak.swift
/host/spi-builder-workspace/.build/checkouts/swiftui-introspect/Sources/Introspect.swift:2:8: error: no such module 'SwiftUI'
1 | #if !os(watchOS)
2 | import SwiftUI
| `- error: no such module 'SwiftUI'
3 |
4 | /// The scope of introspection i.e. where introspect should look to find
BUILD FAILURE 6.2 linux