Build Information
Failed to build swift-nio-udp, reference 1.1.5 (ba5875), with Swift 6.2 for Wasm on 15 Aug 2026 12:25:34 UTC.
Build Command
bash -c docker run --pull=always --rm -v "checkouts-54344843-0":/host -w "$PWD" -e JAVA_HOME="/root/.sdkman/candidates/java/current" -e SPI_BUILD="1" -e SPI_PROCESSING="1" registry.gitlab.com/saguaro1/spi-images:wasm-6.2-latest swift build --swift-sdk swift-6.2-RELEASE_wasm 2>&1Build Log
========================================
RunAll
========================================
Builder version: 5.0.1
Interrupt handler set up.
========================================
Checkout
========================================
Clone URL: https://github.com/1amageek/swift-nio-udp.git
Reference: 1.1.5
Initialized empty Git repository in /host/spi-builder-workspace/.git/
hint: Using 'master' as the name for the initial branch. This default branch name
hint: is subject to change. To configure the initial branch name to use in all
hint: of your new repositories, which will suppress this warning, call:
hint:
hint: git config --global init.defaultBranch <name>
hint:
hint: Names commonly chosen instead of 'master' are 'main', 'trunk' and
hint: 'development'. The just-created branch can be renamed via this command:
hint:
hint: git branch -m <name>
From https://github.com/1amageek/swift-nio-udp
* tag 1.1.5 -> FETCH_HEAD
HEAD is now at ba5875d Separate live multicast capability tests
Cloned https://github.com/1amageek/swift-nio-udp.git
Revision (git rev-parse @):
ba5875d1fd2930dcbc2b1bd45cf96379800a71a5
SUCCESS checkout https://github.com/1amageek/swift-nio-udp.git at 1.1.5
========================================
Build
========================================
Selected platform: wasm
Swift version: 6.2
Building package at path: $PWD
https://github.com/1amageek/swift-nio-udp.git
Running build ...
bash -c docker run --pull=always --rm -v "checkouts-54344843-0":/host -w "$PWD" -e JAVA_HOME="/root/.sdkman/candidates/java/current" -e SPI_BUILD="1" -e SPI_PROCESSING="1" registry.gitlab.com/saguaro1/spi-images:wasm-6.2-latest swift build --swift-sdk swift-6.2-RELEASE_wasm 2>&1
wasm-6.2-latest: Pulling from saguaro1/spi-images
Digest: sha256:70428a4f4110aef5b17a27427e965f31cf3855e8cf1dfdc416ed61c780337965
Status: Image is up to date for registry.gitlab.com/saguaro1/spi-images:wasm-6.2-latest
Fetching https://github.com/apple/swift-nio.git
[1/85373] Fetching swift-nio
Fetched https://github.com/apple/swift-nio.git from cache (2.96s)
Computing version for https://github.com/apple/swift-nio.git
Computed https://github.com/apple/swift-nio.git at 2.101.3 (3.32s)
Fetching https://github.com/apple/swift-atomics.git
Fetching https://github.com/apple/swift-collections.git
Fetching https://github.com/apple/swift-system.git
[1/1875] Fetching swift-atomics
[1876/28598] Fetching swift-atomics, swift-collections
[1877/35440] Fetching swift-atomics, swift-collections, swift-system
Fetched https://github.com/apple/swift-atomics.git from cache (1.06s)
Fetched https://github.com/apple/swift-system.git from cache (1.06s)
Fetched https://github.com/apple/swift-collections.git from cache (1.07s)
Computing version for https://github.com/apple/swift-atomics.git
Computed https://github.com/apple/swift-atomics.git at 1.3.1 (1.23s)
Computing version for https://github.com/apple/swift-collections.git
Computed https://github.com/apple/swift-collections.git at 1.6.0 (0.23s)
Computing version for https://github.com/apple/swift-system.git
Computed https://github.com/apple/swift-system.git at 1.8.1 (0.17s)
Creating working copy for https://github.com/apple/swift-system.git
Working copy of https://github.com/apple/swift-system.git resolved at 1.8.1
Creating working copy for https://github.com/apple/swift-collections.git
Working copy of https://github.com/apple/swift-collections.git resolved at 1.6.0
Creating working copy for https://github.com/apple/swift-atomics.git
Working copy of https://github.com/apple/swift-atomics.git resolved at 1.3.1
Creating working copy for https://github.com/apple/swift-nio.git
Working copy of https://github.com/apple/swift-nio.git resolved at 2.101.3
Building for debugging...
[0/23] Write sources
[9/23] Compiling CNIOWindows shim.c
[10/23] Compiling CNIOWindows WSAStartup.c
[10/23] Compiling CNIOLinux shim.c
[10/23] Compiling CNIOOpenBSD shim.c
[10/23] Compiling CNIOWASI CNIOWASI.c
[10/23] Compiling CNIOPosix event_loop_id.c
[11/23] Write sources
[16/23] Compiling _AtomicsShims.c
[17/23] Compiling CNIODarwin shim.c
[18/23] Compiling CNIOLinux liburing_shims.c
[19/23] Compiling CNIOFreeBSD shim.c
[20/23] Write swift-version-24593BA9C3E375BF.txt
[21/65] Compiling c-nioatomics.c
[22/65] Compiling c-atomics.c
[24/72] Compiling Atomics AtomicStorage.swift
[25/72] Compiling Atomics AtomicValue.swift
[26/74] Compiling _NIOBase64 Base64.swift
[27/74] Emitting module _NIOBase64
[28/75] Compiling Atomics RawRepresentable.swift
[29/75] Compiling Atomics AtomicBool.swift
[30/75] Compiling Atomics ManagedAtomic.swift
[33/75] Compiling Atomics IntegerConformances.swift
[34/75] Compiling Atomics PointerConformances.swift
[35/75] Compiling Atomics Primitives.native.swift
[36/75] Compiling Atomics OptionalRawRepresentable.swift
[37/75] Emitting module InternalCollectionsUtilities
[39/77] Compiling InternalCollectionsUtilities _SortedCollection.swift
[40/77] Compiling InternalCollectionsUtilities _UniqueCollection.swift
[41/77] Compiling Atomics AtomicMemoryOrderings.swift
[42/77] Compiling Atomics DoubleWord.swift
[43/77] Compiling Atomics UnsafeAtomic.swift
[44/77] Compiling Atomics UnsafeAtomicLazyReference.swift
[49/77] Compiling _NIODataStructures PriorityQueue.swift
[50/77] Compiling _NIODataStructures _TinyArray.swift
[52/77] Compiling Atomics ManagedAtomicLazyReference.swift
[53/77] Compiling Atomics AtomicInteger.swift
[54/77] Compiling Atomics AtomicOptionalWrappable.swift
[55/77] Compiling Atomics AtomicReference.swift
[56/77] Compiling NIOConcurrencyHelpers lock.swift
[57/77] Emitting module Atomics
[65/78] Emitting module _NIODataStructures
[66/78] Compiling _NIODataStructures Heap.swift
[74/80] Compiling NIOConcurrencyHelpers atomics.swift
[75/80] Compiling NIOConcurrencyHelpers NIOThreadPoolWorkAvailable.swift
[77/80] Emitting module NIOConcurrencyHelpers
[78/80] Compiling NIOConcurrencyHelpers NIOLock.swift
[79/80] Compiling NIOConcurrencyHelpers NIOLockedValueBox.swift
[80/80] Compiling NIOConcurrencyHelpers NIOAtomic.swift
[82/117] Compiling ContainersPreview Producer+Map.swift
[83/117] Compiling ContainersPreview Producer+Reduce.swift
[84/117] Compiling ContainersPreview Producer.swift
[85/117] Compiling ContainersPreview InputSpan.swift
[86/117] Compiling ContainersPreview MutableRef.swift
[87/117] Compiling ContainersPreview Drain+Map.swift
[88/117] Compiling ContainersPreview Drain+Reduce.swift
[89/117] Compiling ContainersPreview Drain.swift
[90/117] Compiling ContainersPreview Producer+Collect.swift
[91/117] Compiling ContainersPreview Producer+Filter.swift
[92/117] Compiling ContainersPreview BorrowingSequence+Standard Conformances.swift
[93/117] Compiling ContainersPreview BorrowingSequence+Utilities.swift
[94/117] Compiling ContainersPreview BorrowingSequence.swift
[95/117] Compiling ContainersPreview BidirectionalContainer.swift
[96/117] Compiling ContainersPreview Container+Filter.swift
[97/117] Compiling ContainersPreview Container+SpanwiseZip.swift
[98/117] Compiling ContainersPreview Container.swift
[99/117] Compiling ContainersPreview ContainerIterator.swift
[100/117] Compiling ContainersPreview DynamicContainer.swift
[101/117] Compiling ContainersPreview MutableContainer.swift
[102/117] Compiling ContainersPreview BorrowingIteratorProtocol+Map.swift
[103/117] Compiling ContainersPreview BorrowingIteratorProtocol+Reduce.swift
[104/117] Compiling ContainersPreview BorrowingIteratorProtocol+SpanwiseZip.swift
[105/117] Compiling ContainersPreview BorrowingIteratorProtocol.swift
[106/117] Compiling ContainersPreview BorrowingSequence+Algorithms.swift
[107/121] Compiling ContainersPreview PermutableContainer.swift
[108/121] Compiling ContainersPreview RandomAccessContainer.swift
[109/121] Compiling ContainersPreview RangeExpression2.swift
[110/121] Compiling ContainersPreview RangeReplaceableContainer.swift
[111/121] Compiling ContainersPreview Strideable+Limits.swift
[112/121] Compiling ContainersPreview Ref.swift
[113/121] Compiling ContainersPreview Shared.swift
[114/121] Compiling ContainersPreview SpanIterator.swift
[115/121] Compiling ContainersPreview UniqueBox.swift
[116/121] Compiling ContainersPreview OutputSpan+Extras.swift
[117/121] Compiling ContainersPreview TemporaryAllocation.swift
[118/121] Compiling ContainersPreview BorrowingIteratorProtocol+Copy.swift
[119/121] Compiling ContainersPreview BorrowingIteratorProtocol+ElementsEqual.swift
[120/121] Compiling ContainersPreview BorrowingIteratorProtocol+Filter.swift
[121/121] Emitting module ContainersPreview
[123/163] Compiling DequeModule UniqueDeque+Container.swift
[124/163] Compiling DequeModule UniqueDeque+Deprecated.swift
[125/163] Compiling DequeModule UniqueDeque+Descriptions.swift
[126/163] Compiling DequeModule UniqueDeque+Equatable.swift
[127/163] Compiling DequeModule UniqueDeque+Experimental.swift
[128/168] Compiling DequeModule UniqueDeque+Hashable.swift
[129/168] Compiling DequeModule UniqueDeque+Initializers.swift
[130/168] Compiling DequeModule UniqueDeque+Insertions.swift
[131/168] Compiling DequeModule UniqueDeque+Prepend.swift
[132/168] Compiling DequeModule UniqueDeque+Removals.swift
[133/168] Compiling DequeModule _DequeBuffer.swift
[134/168] Compiling DequeModule _DequeBufferHeader.swift
[135/168] Compiling DequeModule RigidDeque+Append.swift
[136/168] Compiling DequeModule RigidDeque+Consumption.swift
[137/168] Compiling DequeModule RigidDeque+Container.swift
[138/168] Compiling DequeModule RigidDeque+Descriptions.swift
[139/168] Compiling DequeModule RigidDeque+Removals.swift
[140/168] Compiling DequeModule RigidDeque+Replacements.swift
[141/168] Compiling DequeModule RigidDeque+Testing.swift
[142/168] Compiling DequeModule RigidDeque.swift
[143/168] Compiling DequeModule UniqueDeque+Append.swift
[144/168] Compiling DequeModule UniqueDeque+Consumption.swift
[145/168] Compiling DequeModule RigidDeque+Equatable.swift
[146/168] Compiling DequeModule RigidDeque+Experimental.swift
[147/168] Compiling DequeModule RigidDeque+Hashable.swift
[148/168] Compiling DequeModule RigidDeque+Initializers.swift
[149/168] Compiling DequeModule RigidDeque+Insertions.swift
[150/168] Compiling DequeModule RigidDeque+Prepend.swift
[151/168] Compiling DequeModule Deque+Extras.swift
[152/168] Compiling DequeModule Deque+Hashable.swift
[153/168] Compiling DequeModule Deque+Testing.swift
[154/168] Compiling DequeModule Deque._Storage.swift
[155/168] Compiling DequeModule Deque._UnsafeHandle.swift
[156/168] Compiling DequeModule Deque.swift
[157/168] Compiling DequeModule Deque+Codable.swift
[158/168] Compiling DequeModule Deque+Collection.swift
[159/168] Compiling DequeModule Deque+CustomReflectable.swift
[160/168] Compiling DequeModule Deque+Descriptions.swift
[161/168] Compiling DequeModule Deque+Equatable.swift
[162/168] Compiling DequeModule Deque+ExpressibleByArrayLiteral.swift
[163/168] Emitting module DequeModule
[164/168] Compiling DequeModule UniqueDeque+Replacements.swift
[165/168] Compiling DequeModule UniqueDeque.swift
[166/168] Compiling DequeModule _DequeSlot.swift
[167/168] Compiling DequeModule _UnsafeDequeHandle.swift
[168/168] Compiling DequeModule _UnsafeDequeSegments.swift
[170/233] Compiling NIOCore IPProtocol.swift
[171/233] Compiling NIOCore IntegerBitPacking.swift
[172/233] Compiling NIOCore IntegerTypes.swift
[173/233] Compiling NIOCore Interfaces.swift
[174/233] Compiling NIOCore Linux.swift
[175/233] Compiling NIOCore MarkedCircularBuffer.swift
[176/233] Compiling NIOCore MulticastChannel.swift
[177/233] Compiling NIOCore NIOAny.swift
[178/233] Compiling NIOCore NIOCloseOnErrorHandler.swift
[179/241] Compiling NIOCore NIOCoreSendableMetatype.swift
[180/241] Compiling NIOCore NIODecodedAsyncSequence.swift
[181/241] Compiling NIOCore NIOLoopBound.swift
[182/241] Compiling NIOCore NIOPooledRecvBufferAllocator.swift
[183/241] Compiling NIOCore NIOScheduledCallback.swift
[184/241] Compiling NIOCore NIOSendable.swift
[185/241] Compiling NIOCore NIOSplitLinesMessageDecoder.swift
[186/241] Compiling NIOCore NIOTransportAccessibleChannelCore.swift
[187/241] Compiling NIOCore RecvByteBufferAllocator.swift
[188/241] Compiling NIOCore EventLoopFuture+Deprecated.swift
[189/241] Compiling NIOCore EventLoopFuture+WithEventLoop.swift
[190/241] Compiling NIOCore EventLoopFuture.swift
[191/241] Compiling NIOCore FileDescriptor.swift
[192/241] Compiling NIOCore FileHandle.swift
[193/241] Compiling NIOCore FileRegion.swift
[194/241] Compiling NIOCore GlobalSingletons.swift
[195/241] Compiling NIOCore IO.swift
[196/241] Compiling NIOCore IOData.swift
[197/241] Compiling NIOCore CircularBuffer.swift
[198/241] Compiling NIOCore Codec.swift
[199/241] Compiling NIOCore ConvenienceOptionSupport.swift
[200/241] Compiling NIOCore DeadChannel.swift
[201/241] Compiling NIOCore DispatchQueue+WithFuture.swift
[202/241] Compiling NIOCore EventLoop+Deprecated.swift
[203/241] Compiling NIOCore EventLoop+SerialExecutor.swift
[204/241] Compiling NIOCore EventLoop.swift
[205/241] Compiling NIOCore EventLoopFuture+AssumeIsolated.swift
[206/241] Compiling NIOCore AddressedEnvelope.swift
[207/241] Compiling NIOCore AsyncAwaitSupport.swift
[208/241] Compiling NIOCore AsyncChannel.swift
[209/241] Compiling NIOCore AsyncChannelHandler.swift
[210/241] Compiling NIOCore AsyncChannelInboundStream.swift
[211/241] Compiling NIOCore AsyncChannelOutboundWriter.swift
[212/241] Compiling NIOCore NIOAsyncSequenceProducer.swift
[213/241] Compiling NIOCore NIOAsyncSequenceProducerStrategies.swift
[214/241] Compiling NIOCore NIOAsyncWriter.swift
[215/241] Compiling NIOCore SingleStepByteToMessageDecoder.swift
[216/241] Compiling NIOCore SocketAddresses.swift
[217/241] Compiling NIOCore SocketOptionProvider.swift
[218/241] Compiling NIOCore SystemCallHelpers.swift
[219/241] Compiling NIOCore TimeAmount+Duration.swift
[220/241] Compiling NIOCore TypeAssistedChannelHandler.swift
[221/241] Compiling NIOCore UniversalBootstrapSupport.swift
[222/241] Compiling NIOCore Utilities.swift
[223/241] Compiling NIOCore NIOThrowingAsyncSequenceProducer.swift
[224/241] Compiling NIOCore BSDSocketAPI.swift
[225/241] Compiling NIOCore ByteBuffer-aux.swift
[226/241] Compiling NIOCore ByteBuffer-binaryEncodedLengthPrefix.swift
[227/241] Compiling NIOCore ByteBuffer-conversions.swift
[228/241] Compiling NIOCore ByteBuffer-core.swift
[229/241] Compiling NIOCore ByteBuffer-hex.swift
[230/241] Compiling NIOCore ByteBuffer-int.swift
[231/241] Compiling NIOCore ByteBuffer-lengthPrefix.swift
[232/241] Compiling NIOCore ByteBuffer-multi-int.swift
[233/241] Compiling NIOCore ByteBuffer-quicBinaryEncodingStrategy.swift
[234/241] Compiling NIOCore ByteBuffer-views.swift
[235/241] Compiling NIOCore Channel.swift
[236/241] Compiling NIOCore ChannelHandler.swift
[237/241] Compiling NIOCore ChannelHandlers.swift
[238/241] Compiling NIOCore ChannelInvoker.swift
[239/241] Compiling NIOCore ChannelOption.swift
[240/241] Compiling NIOCore ChannelPipeline.swift
[241/241] Emitting module NIOCore
error: emit-module command failed with exit code 1 (use -v to see invocation)
[243/292] Emitting module NIOPosix
/host/spi-builder-workspace/.build/checkouts/swift-nio/Sources/NIOPosix/BaseSocketChannel+AccessibleTransport.swift:17:11: error: cannot find type 'BaseSocketChannel' in scope
15 | import NIOCore
16 |
17 | extension BaseSocketChannel where SocketType: BaseSocket {
| `- error: cannot find type 'BaseSocketChannel' in scope
18 | /// The underlying transport type backing this channel.
19 | typealias Transport = NIOBSDSocket.Handle
/host/spi-builder-workspace/.build/checkouts/swift-nio/Sources/NIOPosix/BaseSocketChannel+AccessibleTransport.swift:27:11: error: cannot find type 'BaseSocketChannel' in scope
25 | }
26 |
27 | extension BaseSocketChannel where SocketType: PipePair {
| `- error: cannot find type 'BaseSocketChannel' in scope
28 | /// The underlying transport type backing this channel.
29 | typealias Transport = NIOBSDSocket.PipeHandle
/host/spi-builder-workspace/.build/checkouts/swift-nio/Sources/NIOPosix/BaseSocketChannel+AccessibleTransport.swift:42:11: error: cannot find type 'SocketChannel' in scope
40 | }
41 |
42 | extension SocketChannel: NIOTransportAccessibleChannelCore {}
| `- error: cannot find type 'SocketChannel' in scope
43 | extension ServerSocketChannel: NIOTransportAccessibleChannelCore {}
44 | extension DatagramChannel: NIOTransportAccessibleChannelCore {}
/host/spi-builder-workspace/.build/checkouts/swift-nio/Sources/NIOPosix/BaseSocketChannel+AccessibleTransport.swift:43:11: error: cannot find type 'ServerSocketChannel' in scope
41 |
42 | extension SocketChannel: NIOTransportAccessibleChannelCore {}
43 | extension ServerSocketChannel: NIOTransportAccessibleChannelCore {}
| `- error: cannot find type 'ServerSocketChannel' in scope
44 | extension DatagramChannel: NIOTransportAccessibleChannelCore {}
45 | extension PipeChannel: NIOTransportAccessibleChannelCore {}
/host/spi-builder-workspace/.build/checkouts/swift-nio/Sources/NIOPosix/BaseSocketChannel+AccessibleTransport.swift:44:11: error: cannot find type 'DatagramChannel' in scope
42 | extension SocketChannel: NIOTransportAccessibleChannelCore {}
43 | extension ServerSocketChannel: NIOTransportAccessibleChannelCore {}
44 | extension DatagramChannel: NIOTransportAccessibleChannelCore {}
| `- error: cannot find type 'DatagramChannel' in scope
45 | extension PipeChannel: NIOTransportAccessibleChannelCore {}
46 |
/host/spi-builder-workspace/.build/checkouts/swift-nio/Sources/NIOPosix/BaseSocketChannel+AccessibleTransport.swift:45:11: error: cannot find type 'PipeChannel' in scope
43 | extension ServerSocketChannel: NIOTransportAccessibleChannelCore {}
44 | extension DatagramChannel: NIOTransportAccessibleChannelCore {}
45 | extension PipeChannel: NIOTransportAccessibleChannelCore {}
| `- error: cannot find type 'PipeChannel' in scope
46 |
[244/299] Compiling NIOPosix PipeChannel.swift
[245/299] Compiling NIOPosix PipePair.swift
[246/299] Compiling NIOPosix Pool.swift
[247/299] Compiling NIOPosix PosixSingletons+ConcurrencyTakeOver.swift
[248/299] Compiling NIOPosix PosixSingletons.swift
[249/299] Compiling NIOPosix RawSocketBootstrap.swift
[250/299] Compiling NIOPosix Resolver.swift
[251/299] Compiling NIOPosix BaseStreamSocketChannel.swift
[252/299] Compiling NIOPosix Bootstrap.swift
[253/299] Compiling NIOPosix ControlMessage.swift
[254/299] Compiling NIOPosix DatagramVectorReadManager.swift
[255/299] Compiling NIOPosix Errors+Any.swift
[256/299] Compiling NIOPosix FileDescriptor.swift
[257/299] Compiling NIOPosix GetaddrinfoResolver.swift
[258/299] Compiling NIOPosix HappyEyeballs.swift
[259/299] Compiling NIOPosix IO.swift
[260/299] Compiling NIOPosix IntegerBitPacking.swift
[261/299] Compiling NIOPosix IntegerTypes.swift
[262/299] Compiling NIOPosix Linux.swift
[263/299] Compiling NIOPosix LinuxCPUSet.swift
[264/299] Compiling NIOPosix LinuxUring.swift
[265/299] Compiling NIOPosix BSDSocketAPICommon.swift
/host/spi-builder-workspace/.build/checkouts/swift-nio/Sources/NIOPosix/BaseSocketChannel+AccessibleTransport.swift:17:11: error: cannot find type 'BaseSocketChannel' in scope
15 | import NIOCore
16 |
17 | extension BaseSocketChannel where SocketType: BaseSocket {
| `- error: cannot find type 'BaseSocketChannel' in scope
18 | /// The underlying transport type backing this channel.
19 | typealias Transport = NIOBSDSocket.Handle
/host/spi-builder-workspace/.build/checkouts/swift-nio/Sources/NIOPosix/BaseSocketChannel+AccessibleTransport.swift:27:11: error: cannot find type 'BaseSocketChannel' in scope
25 | }
26 |
27 | extension BaseSocketChannel where SocketType: PipePair {
| `- error: cannot find type 'BaseSocketChannel' in scope
28 | /// The underlying transport type backing this channel.
29 | typealias Transport = NIOBSDSocket.PipeHandle
/host/spi-builder-workspace/.build/checkouts/swift-nio/Sources/NIOPosix/BaseSocketChannel+AccessibleTransport.swift:42:11: error: cannot find type 'SocketChannel' in scope
40 | }
41 |
42 | extension SocketChannel: NIOTransportAccessibleChannelCore {}
| `- error: cannot find type 'SocketChannel' in scope
43 | extension ServerSocketChannel: NIOTransportAccessibleChannelCore {}
44 | extension DatagramChannel: NIOTransportAccessibleChannelCore {}
/host/spi-builder-workspace/.build/checkouts/swift-nio/Sources/NIOPosix/BaseSocketChannel+AccessibleTransport.swift:43:11: error: cannot find type 'ServerSocketChannel' in scope
41 |
42 | extension SocketChannel: NIOTransportAccessibleChannelCore {}
43 | extension ServerSocketChannel: NIOTransportAccessibleChannelCore {}
| `- error: cannot find type 'ServerSocketChannel' in scope
44 | extension DatagramChannel: NIOTransportAccessibleChannelCore {}
45 | extension PipeChannel: NIOTransportAccessibleChannelCore {}
/host/spi-builder-workspace/.build/checkouts/swift-nio/Sources/NIOPosix/BaseSocketChannel+AccessibleTransport.swift:44:11: error: cannot find type 'DatagramChannel' in scope
42 | extension SocketChannel: NIOTransportAccessibleChannelCore {}
43 | extension ServerSocketChannel: NIOTransportAccessibleChannelCore {}
44 | extension DatagramChannel: NIOTransportAccessibleChannelCore {}
| `- error: cannot find type 'DatagramChannel' in scope
45 | extension PipeChannel: NIOTransportAccessibleChannelCore {}
46 |
/host/spi-builder-workspace/.build/checkouts/swift-nio/Sources/NIOPosix/BaseSocketChannel+AccessibleTransport.swift:45:11: error: cannot find type 'PipeChannel' in scope
43 | extension ServerSocketChannel: NIOTransportAccessibleChannelCore {}
44 | extension DatagramChannel: NIOTransportAccessibleChannelCore {}
45 | extension PipeChannel: NIOTransportAccessibleChannelCore {}
| `- error: cannot find type 'PipeChannel' in scope
46 |
/host/spi-builder-workspace/.build/checkouts/swift-nio/Sources/NIOPosix/BaseSocketChannel+AccessibleTransport.swift:17:29: error: 'where' clause cannot be applied to a non-generic top-level declaration
15 | import NIOCore
16 |
17 | extension BaseSocketChannel where SocketType: BaseSocket {
| `- error: 'where' clause cannot be applied to a non-generic top-level declaration
18 | /// The underlying transport type backing this channel.
19 | typealias Transport = NIOBSDSocket.Handle
/host/spi-builder-workspace/.build/checkouts/swift-nio/Sources/NIOPosix/BaseSocketChannel+AccessibleTransport.swift:27:29: error: 'where' clause cannot be applied to a non-generic top-level declaration
25 | }
26 |
27 | extension BaseSocketChannel where SocketType: PipePair {
| `- error: 'where' clause cannot be applied to a non-generic top-level declaration
28 | /// The underlying transport type backing this channel.
29 | typealias Transport = NIOBSDSocket.PipeHandle
[266/299] Compiling NIOPosix BSDSocketAPIPosix.swift
/host/spi-builder-workspace/.build/checkouts/swift-nio/Sources/NIOPosix/BaseSocketChannel+AccessibleTransport.swift:17:11: error: cannot find type 'BaseSocketChannel' in scope
15 | import NIOCore
16 |
17 | extension BaseSocketChannel where SocketType: BaseSocket {
| `- error: cannot find type 'BaseSocketChannel' in scope
18 | /// The underlying transport type backing this channel.
19 | typealias Transport = NIOBSDSocket.Handle
/host/spi-builder-workspace/.build/checkouts/swift-nio/Sources/NIOPosix/BaseSocketChannel+AccessibleTransport.swift:27:11: error: cannot find type 'BaseSocketChannel' in scope
25 | }
26 |
27 | extension BaseSocketChannel where SocketType: PipePair {
| `- error: cannot find type 'BaseSocketChannel' in scope
28 | /// The underlying transport type backing this channel.
29 | typealias Transport = NIOBSDSocket.PipeHandle
/host/spi-builder-workspace/.build/checkouts/swift-nio/Sources/NIOPosix/BaseSocketChannel+AccessibleTransport.swift:42:11: error: cannot find type 'SocketChannel' in scope
40 | }
41 |
42 | extension SocketChannel: NIOTransportAccessibleChannelCore {}
| `- error: cannot find type 'SocketChannel' in scope
43 | extension ServerSocketChannel: NIOTransportAccessibleChannelCore {}
44 | extension DatagramChannel: NIOTransportAccessibleChannelCore {}
/host/spi-builder-workspace/.build/checkouts/swift-nio/Sources/NIOPosix/BaseSocketChannel+AccessibleTransport.swift:43:11: error: cannot find type 'ServerSocketChannel' in scope
41 |
42 | extension SocketChannel: NIOTransportAccessibleChannelCore {}
43 | extension ServerSocketChannel: NIOTransportAccessibleChannelCore {}
| `- error: cannot find type 'ServerSocketChannel' in scope
44 | extension DatagramChannel: NIOTransportAccessibleChannelCore {}
45 | extension PipeChannel: NIOTransportAccessibleChannelCore {}
/host/spi-builder-workspace/.build/checkouts/swift-nio/Sources/NIOPosix/BaseSocketChannel+AccessibleTransport.swift:44:11: error: cannot find type 'DatagramChannel' in scope
42 | extension SocketChannel: NIOTransportAccessibleChannelCore {}
43 | extension ServerSocketChannel: NIOTransportAccessibleChannelCore {}
44 | extension DatagramChannel: NIOTransportAccessibleChannelCore {}
| `- error: cannot find type 'DatagramChannel' in scope
45 | extension PipeChannel: NIOTransportAccessibleChannelCore {}
46 |
/host/spi-builder-workspace/.build/checkouts/swift-nio/Sources/NIOPosix/BaseSocketChannel+AccessibleTransport.swift:45:11: error: cannot find type 'PipeChannel' in scope
43 | extension ServerSocketChannel: NIOTransportAccessibleChannelCore {}
44 | extension DatagramChannel: NIOTransportAccessibleChannelCore {}
45 | extension PipeChannel: NIOTransportAccessibleChannelCore {}
| `- error: cannot find type 'PipeChannel' in scope
46 |
/host/spi-builder-workspace/.build/checkouts/swift-nio/Sources/NIOPosix/BaseSocketChannel+AccessibleTransport.swift:17:29: error: 'where' clause cannot be applied to a non-generic top-level declaration
15 | import NIOCore
16 |
17 | extension BaseSocketChannel where SocketType: BaseSocket {
| `- error: 'where' clause cannot be applied to a non-generic top-level declaration
18 | /// The underlying transport type backing this channel.
19 | typealias Transport = NIOBSDSocket.Handle
/host/spi-builder-workspace/.build/checkouts/swift-nio/Sources/NIOPosix/BaseSocketChannel+AccessibleTransport.swift:27:29: error: 'where' clause cannot be applied to a non-generic top-level declaration
25 | }
26 |
27 | extension BaseSocketChannel where SocketType: PipePair {
| `- error: 'where' clause cannot be applied to a non-generic top-level declaration
28 | /// The underlying transport type backing this channel.
29 | typealias Transport = NIOBSDSocket.PipeHandle
[267/299] Compiling NIOPosix BSDSocketAPIWindows.swift
/host/spi-builder-workspace/.build/checkouts/swift-nio/Sources/NIOPosix/BaseSocketChannel+AccessibleTransport.swift:17:11: error: cannot find type 'BaseSocketChannel' in scope
15 | import NIOCore
16 |
17 | extension BaseSocketChannel where SocketType: BaseSocket {
| `- error: cannot find type 'BaseSocketChannel' in scope
18 | /// The underlying transport type backing this channel.
19 | typealias Transport = NIOBSDSocket.Handle
/host/spi-builder-workspace/.build/checkouts/swift-nio/Sources/NIOPosix/BaseSocketChannel+AccessibleTransport.swift:27:11: error: cannot find type 'BaseSocketChannel' in scope
25 | }
26 |
27 | extension BaseSocketChannel where SocketType: PipePair {
| `- error: cannot find type 'BaseSocketChannel' in scope
28 | /// The underlying transport type backing this channel.
29 | typealias Transport = NIOBSDSocket.PipeHandle
/host/spi-builder-workspace/.build/checkouts/swift-nio/Sources/NIOPosix/BaseSocketChannel+AccessibleTransport.swift:42:11: error: cannot find type 'SocketChannel' in scope
40 | }
41 |
42 | extension SocketChannel: NIOTransportAccessibleChannelCore {}
| `- error: cannot find type 'SocketChannel' in scope
43 | extension ServerSocketChannel: NIOTransportAccessibleChannelCore {}
44 | extension DatagramChannel: NIOTransportAccessibleChannelCore {}
/host/spi-builder-workspace/.build/checkouts/swift-nio/Sources/NIOPosix/BaseSocketChannel+AccessibleTransport.swift:43:11: error: cannot find type 'ServerSocketChannel' in scope
41 |
42 | extension SocketChannel: NIOTransportAccessibleChannelCore {}
43 | extension ServerSocketChannel: NIOTransportAccessibleChannelCore {}
| `- error: cannot find type 'ServerSocketChannel' in scope
44 | extension DatagramChannel: NIOTransportAccessibleChannelCore {}
45 | extension PipeChannel: NIOTransportAccessibleChannelCore {}
/host/spi-builder-workspace/.build/checkouts/swift-nio/Sources/NIOPosix/BaseSocketChannel+AccessibleTransport.swift:44:11: error: cannot find type 'DatagramChannel' in scope
42 | extension SocketChannel: NIOTransportAccessibleChannelCore {}
43 | extension ServerSocketChannel: NIOTransportAccessibleChannelCore {}
44 | extension DatagramChannel: NIOTransportAccessibleChannelCore {}
| `- error: cannot find type 'DatagramChannel' in scope
45 | extension PipeChannel: NIOTransportAccessibleChannelCore {}
46 |
/host/spi-builder-workspace/.build/checkouts/swift-nio/Sources/NIOPosix/BaseSocketChannel+AccessibleTransport.swift:45:11: error: cannot find type 'PipeChannel' in scope
43 | extension ServerSocketChannel: NIOTransportAccessibleChannelCore {}
44 | extension DatagramChannel: NIOTransportAccessibleChannelCore {}
45 | extension PipeChannel: NIOTransportAccessibleChannelCore {}
| `- error: cannot find type 'PipeChannel' in scope
46 |
/host/spi-builder-workspace/.build/checkouts/swift-nio/Sources/NIOPosix/BaseSocketChannel+AccessibleTransport.swift:17:29: error: 'where' clause cannot be applied to a non-generic top-level declaration
15 | import NIOCore
16 |
17 | extension BaseSocketChannel where SocketType: BaseSocket {
| `- error: 'where' clause cannot be applied to a non-generic top-level declaration
18 | /// The underlying transport type backing this channel.
19 | typealias Transport = NIOBSDSocket.Handle
/host/spi-builder-workspace/.build/checkouts/swift-nio/Sources/NIOPosix/BaseSocketChannel+AccessibleTransport.swift:27:29: error: 'where' clause cannot be applied to a non-generic top-level declaration
25 | }
26 |
27 | extension BaseSocketChannel where SocketType: PipePair {
| `- error: 'where' clause cannot be applied to a non-generic top-level declaration
28 | /// The underlying transport type backing this channel.
29 | typealias Transport = NIOBSDSocket.PipeHandle
[268/299] Compiling NIOPosix BaseSocket.swift
/host/spi-builder-workspace/.build/checkouts/swift-nio/Sources/NIOPosix/BaseSocketChannel+AccessibleTransport.swift:17:11: error: cannot find type 'BaseSocketChannel' in scope
15 | import NIOCore
16 |
17 | extension BaseSocketChannel where SocketType: BaseSocket {
| `- error: cannot find type 'BaseSocketChannel' in scope
18 | /// The underlying transport type backing this channel.
19 | typealias Transport = NIOBSDSocket.Handle
/host/spi-builder-workspace/.build/checkouts/swift-nio/Sources/NIOPosix/BaseSocketChannel+AccessibleTransport.swift:27:11: error: cannot find type 'BaseSocketChannel' in scope
25 | }
26 |
27 | extension BaseSocketChannel where SocketType: PipePair {
| `- error: cannot find type 'BaseSocketChannel' in scope
28 | /// The underlying transport type backing this channel.
29 | typealias Transport = NIOBSDSocket.PipeHandle
/host/spi-builder-workspace/.build/checkouts/swift-nio/Sources/NIOPosix/BaseSocketChannel+AccessibleTransport.swift:42:11: error: cannot find type 'SocketChannel' in scope
40 | }
41 |
42 | extension SocketChannel: NIOTransportAccessibleChannelCore {}
| `- error: cannot find type 'SocketChannel' in scope
43 | extension ServerSocketChannel: NIOTransportAccessibleChannelCore {}
44 | extension DatagramChannel: NIOTransportAccessibleChannelCore {}
/host/spi-builder-workspace/.build/checkouts/swift-nio/Sources/NIOPosix/BaseSocketChannel+AccessibleTransport.swift:43:11: error: cannot find type 'ServerSocketChannel' in scope
41 |
42 | extension SocketChannel: NIOTransportAccessibleChannelCore {}
43 | extension ServerSocketChannel: NIOTransportAccessibleChannelCore {}
| `- error: cannot find type 'ServerSocketChannel' in scope
44 | extension DatagramChannel: NIOTransportAccessibleChannelCore {}
45 | extension PipeChannel: NIOTransportAccessibleChannelCore {}
/host/spi-builder-workspace/.build/checkouts/swift-nio/Sources/NIOPosix/BaseSocketChannel+AccessibleTransport.swift:44:11: error: cannot find type 'DatagramChannel' in scope
42 | extension SocketChannel: NIOTransportAccessibleChannelCore {}
43 | extension ServerSocketChannel: NIOTransportAccessibleChannelCore {}
44 | extension DatagramChannel: NIOTransportAccessibleChannelCore {}
| `- error: cannot find type 'DatagramChannel' in scope
45 | extension PipeChannel: NIOTransportAccessibleChannelCore {}
46 |
/host/spi-builder-workspace/.build/checkouts/swift-nio/Sources/NIOPosix/BaseSocketChannel+AccessibleTransport.swift:45:11: error: cannot find type 'PipeChannel' in scope
43 | extension ServerSocketChannel: NIOTransportAccessibleChannelCore {}
44 | extension DatagramChannel: NIOTransportAccessibleChannelCore {}
45 | extension PipeChannel: NIOTransportAccessibleChannelCore {}
| `- error: cannot find type 'PipeChannel' in scope
46 |
/host/spi-builder-workspace/.build/checkouts/swift-nio/Sources/NIOPosix/BaseSocketChannel+AccessibleTransport.swift:17:29: error: 'where' clause cannot be applied to a non-generic top-level declaration
15 | import NIOCore
16 |
17 | extension BaseSocketChannel where SocketType: BaseSocket {
| `- error: 'where' clause cannot be applied to a non-generic top-level declaration
18 | /// The underlying transport type backing this channel.
19 | typealias Transport = NIOBSDSocket.Handle
/host/spi-builder-workspace/.build/checkouts/swift-nio/Sources/NIOPosix/BaseSocketChannel+AccessibleTransport.swift:27:29: error: 'where' clause cannot be applied to a non-generic top-level declaration
25 | }
26 |
27 | extension BaseSocketChannel where SocketType: PipePair {
| `- error: 'where' clause cannot be applied to a non-generic top-level declaration
28 | /// The underlying transport type backing this channel.
29 | typealias Transport = NIOBSDSocket.PipeHandle
[269/299] Compiling NIOPosix BaseSocketChannel+AccessibleTransport.swift
/host/spi-builder-workspace/.build/checkouts/swift-nio/Sources/NIOPosix/BaseSocketChannel+AccessibleTransport.swift:17:11: error: cannot find type 'BaseSocketChannel' in scope
15 | import NIOCore
16 |
17 | extension BaseSocketChannel where SocketType: BaseSocket {
| `- error: cannot find type 'BaseSocketChannel' in scope
18 | /// The underlying transport type backing this channel.
19 | typealias Transport = NIOBSDSocket.Handle
/host/spi-builder-workspace/.build/checkouts/swift-nio/Sources/NIOPosix/BaseSocketChannel+AccessibleTransport.swift:27:11: error: cannot find type 'BaseSocketChannel' in scope
25 | }
26 |
27 | extension BaseSocketChannel where SocketType: PipePair {
| `- error: cannot find type 'BaseSocketChannel' in scope
28 | /// The underlying transport type backing this channel.
29 | typealias Transport = NIOBSDSocket.PipeHandle
/host/spi-builder-workspace/.build/checkouts/swift-nio/Sources/NIOPosix/BaseSocketChannel+AccessibleTransport.swift:42:11: error: cannot find type 'SocketChannel' in scope
40 | }
41 |
42 | extension SocketChannel: NIOTransportAccessibleChannelCore {}
| `- error: cannot find type 'SocketChannel' in scope
43 | extension ServerSocketChannel: NIOTransportAccessibleChannelCore {}
44 | extension DatagramChannel: NIOTransportAccessibleChannelCore {}
/host/spi-builder-workspace/.build/checkouts/swift-nio/Sources/NIOPosix/BaseSocketChannel+AccessibleTransport.swift:43:11: error: cannot find type 'ServerSocketChannel' in scope
41 |
42 | extension SocketChannel: NIOTransportAccessibleChannelCore {}
43 | extension ServerSocketChannel: NIOTransportAccessibleChannelCore {}
| `- error: cannot find type 'ServerSocketChannel' in scope
44 | extension DatagramChannel: NIOTransportAccessibleChannelCore {}
45 | extension PipeChannel: NIOTransportAccessibleChannelCore {}
/host/spi-builder-workspace/.build/checkouts/swift-nio/Sources/NIOPosix/BaseSocketChannel+AccessibleTransport.swift:44:11: error: cannot find type 'DatagramChannel' in scope
42 | extension SocketChannel: NIOTransportAccessibleChannelCore {}
43 | extension ServerSocketChannel: NIOTransportAccessibleChannelCore {}
44 | extension DatagramChannel: NIOTransportAccessibleChannelCore {}
| `- error: cannot find type 'DatagramChannel' in scope
45 | extension PipeChannel: NIOTransportAccessibleChannelCore {}
46 |
/host/spi-builder-workspace/.build/checkouts/swift-nio/Sources/NIOPosix/BaseSocketChannel+AccessibleTransport.swift:45:11: error: cannot find type 'PipeChannel' in scope
43 | extension ServerSocketChannel: NIOTransportAccessibleChannelCore {}
44 | extension DatagramChannel: NIOTransportAccessibleChannelCore {}
45 | extension PipeChannel: NIOTransportAccessibleChannelCore {}
| `- error: cannot find type 'PipeChannel' in scope
46 |
/host/spi-builder-workspace/.build/checkouts/swift-nio/Sources/NIOPosix/BaseSocketChannel+AccessibleTransport.swift:17:29: error: 'where' clause cannot be applied to a non-generic top-level declaration
15 | import NIOCore
16 |
17 | extension BaseSocketChannel where SocketType: BaseSocket {
| `- error: 'where' clause cannot be applied to a non-generic top-level declaration
18 | /// The underlying transport type backing this channel.
19 | typealias Transport = NIOBSDSocket.Handle
/host/spi-builder-workspace/.build/checkouts/swift-nio/Sources/NIOPosix/BaseSocketChannel+AccessibleTransport.swift:27:29: error: 'where' clause cannot be applied to a non-generic top-level declaration
25 | }
26 |
27 | extension BaseSocketChannel where SocketType: PipePair {
| `- error: 'where' clause cannot be applied to a non-generic top-level declaration
28 | /// The underlying transport type backing this channel.
29 | typealias Transport = NIOBSDSocket.PipeHandle
[270/299] Compiling NIOPosix BaseSocketChannel+SocketOptionProvider.swift
/host/spi-builder-workspace/.build/checkouts/swift-nio/Sources/NIOPosix/BaseSocketChannel+AccessibleTransport.swift:17:11: error: cannot find type 'BaseSocketChannel' in scope
15 | import NIOCore
16 |
17 | extension BaseSocketChannel where SocketType: BaseSocket {
| `- error: cannot find type 'BaseSocketChannel' in scope
18 | /// The underlying transport type backing this channel.
19 | typealias Transport = NIOBSDSocket.Handle
/host/spi-builder-workspace/.build/checkouts/swift-nio/Sources/NIOPosix/BaseSocketChannel+AccessibleTransport.swift:27:11: error: cannot find type 'BaseSocketChannel' in scope
25 | }
26 |
27 | extension BaseSocketChannel where SocketType: PipePair {
| `- error: cannot find type 'BaseSocketChannel' in scope
28 | /// The underlying transport type backing this channel.
29 | typealias Transport = NIOBSDSocket.PipeHandle
/host/spi-builder-workspace/.build/checkouts/swift-nio/Sources/NIOPosix/BaseSocketChannel+AccessibleTransport.swift:42:11: error: cannot find type 'SocketChannel' in scope
40 | }
41 |
42 | extension SocketChannel: NIOTransportAccessibleChannelCore {}
| `- error: cannot find type 'SocketChannel' in scope
43 | extension ServerSocketChannel: NIOTransportAccessibleChannelCore {}
44 | extension DatagramChannel: NIOTransportAccessibleChannelCore {}
/host/spi-builder-workspace/.build/checkouts/swift-nio/Sources/NIOPosix/BaseSocketChannel+AccessibleTransport.swift:43:11: error: cannot find type 'ServerSocketChannel' in scope
41 |
42 | extension SocketChannel: NIOTransportAccessibleChannelCore {}
43 | extension ServerSocketChannel: NIOTransportAccessibleChannelCore {}
| `- error: cannot find type 'ServerSocketChannel' in scope
44 | extension DatagramChannel: NIOTransportAccessibleChannelCore {}
45 | extension PipeChannel: NIOTransportAccessibleChannelCore {}
/host/spi-builder-workspace/.build/checkouts/swift-nio/Sources/NIOPosix/BaseSocketChannel+AccessibleTransport.swift:44:11: error: cannot find type 'DatagramChannel' in scope
42 | extension SocketChannel: NIOTransportAccessibleChannelCore {}
43 | extension ServerSocketChannel: NIOTransportAccessibleChannelCore {}
44 | extension DatagramChannel: NIOTransportAccessibleChannelCore {}
| `- error: cannot find type 'DatagramChannel' in scope
45 | extension PipeChannel: NIOTransportAccessibleChannelCore {}
46 |
/host/spi-builder-workspace/.build/checkouts/swift-nio/Sources/NIOPosix/BaseSocketChannel+AccessibleTransport.swift:45:11: error: cannot find type 'PipeChannel' in scope
43 | extension ServerSocketChannel: NIOTransportAccessibleChannelCore {}
44 | extension DatagramChannel: NIOTransportAccessibleChannelCore {}
45 | extension PipeChannel: NIOTransportAccessibleChannelCore {}
| `- error: cannot find type 'PipeChannel' in scope
46 |
/host/spi-builder-workspace/.build/checkouts/swift-nio/Sources/NIOPosix/BaseSocketChannel+AccessibleTransport.swift:17:29: error: 'where' clause cannot be applied to a non-generic top-level declaration
15 | import NIOCore
16 |
17 | extension BaseSocketChannel where SocketType: BaseSocket {
| `- error: 'where' clause cannot be applied to a non-generic top-level declaration
18 | /// The underlying transport type backing this channel.
19 | typealias Transport = NIOBSDSocket.Handle
/host/spi-builder-workspace/.build/checkouts/swift-nio/Sources/NIOPosix/BaseSocketChannel+AccessibleTransport.swift:27:29: error: 'where' clause cannot be applied to a non-generic top-level declaration
25 | }
26 |
27 | extension BaseSocketChannel where SocketType: PipePair {
| `- error: 'where' clause cannot be applied to a non-generic top-level declaration
28 | /// The underlying transport type backing this channel.
29 | typealias Transport = NIOBSDSocket.PipeHandle
[271/299] Compiling NIOPosix BaseSocketChannel.swift
/host/spi-builder-workspace/.build/checkouts/swift-nio/Sources/NIOPosix/BaseSocketChannel+AccessibleTransport.swift:17:11: error: cannot find type 'BaseSocketChannel' in scope
15 | import NIOCore
16 |
17 | extension BaseSocketChannel where SocketType: BaseSocket {
| `- error: cannot find type 'BaseSocketChannel' in scope
18 | /// The underlying transport type backing this channel.
19 | typealias Transport = NIOBSDSocket.Handle
/host/spi-builder-workspace/.build/checkouts/swift-nio/Sources/NIOPosix/BaseSocketChannel+AccessibleTransport.swift:27:11: error: cannot find type 'BaseSocketChannel' in scope
25 | }
26 |
27 | extension BaseSocketChannel where SocketType: PipePair {
| `- error: cannot find type 'BaseSocketChannel' in scope
28 | /// The underlying transport type backing this channel.
29 | typealias Transport = NIOBSDSocket.PipeHandle
/host/spi-builder-workspace/.build/checkouts/swift-nio/Sources/NIOPosix/BaseSocketChannel+AccessibleTransport.swift:42:11: error: cannot find type 'SocketChannel' in scope
40 | }
41 |
42 | extension SocketChannel: NIOTransportAccessibleChannelCore {}
| `- error: cannot find type 'SocketChannel' in scope
43 | extension ServerSocketChannel: NIOTransportAccessibleChannelCore {}
44 | extension DatagramChannel: NIOTransportAccessibleChannelCore {}
/host/spi-builder-workspace/.build/checkouts/swift-nio/Sources/NIOPosix/BaseSocketChannel+AccessibleTransport.swift:43:11: error: cannot find type 'ServerSocketChannel' in scope
41 |
42 | extension SocketChannel: NIOTransportAccessibleChannelCore {}
43 | extension ServerSocketChannel: NIOTransportAccessibleChannelCore {}
| `- error: cannot find type 'ServerSocketChannel' in scope
44 | extension DatagramChannel: NIOTransportAccessibleChannelCore {}
45 | extension PipeChannel: NIOTransportAccessibleChannelCore {}
/host/spi-builder-workspace/.build/checkouts/swift-nio/Sources/NIOPosix/BaseSocketChannel+AccessibleTransport.swift:44:11: error: cannot find type 'DatagramChannel' in scope
42 | extension SocketChannel: NIOTransportAccessibleChannelCore {}
43 | extension ServerSocketChannel: NIOTransportAccessibleChannelCore {}
44 | extension DatagramChannel: NIOTransportAccessibleChannelCore {}
| `- error: cannot find type 'DatagramChannel' in scope
45 | extension PipeChannel: NIOTransportAccessibleChannelCore {}
46 |
/host/spi-builder-workspace/.build/checkouts/swift-nio/Sources/NIOPosix/BaseSocketChannel+AccessibleTransport.swift:45:11: error: cannot find type 'PipeChannel' in scope
43 | extension ServerSocketChannel: NIOTransportAccessibleChannelCore {}
44 | extension DatagramChannel: NIOTransportAccessibleChannelCore {}
45 | extension PipeChannel: NIOTransportAccessibleChannelCore {}
| `- error: cannot find type 'PipeChannel' in scope
46 |
/host/spi-builder-workspace/.build/checkouts/swift-nio/Sources/NIOPosix/BaseSocketChannel+AccessibleTransport.swift:17:29: error: 'where' clause cannot be applied to a non-generic top-level declaration
15 | import NIOCore
16 |
17 | extension BaseSocketChannel where SocketType: BaseSocket {
| `- error: 'where' clause cannot be applied to a non-generic top-level declaration
18 | /// The underlying transport type backing this channel.
19 | typealias Transport = NIOBSDSocket.Handle
/host/spi-builder-workspace/.build/checkouts/swift-nio/Sources/NIOPosix/BaseSocketChannel+AccessibleTransport.swift:27:29: error: 'where' clause cannot be applied to a non-generic top-level declaration
25 | }
26 |
27 | extension BaseSocketChannel where SocketType: PipePair {
| `- error: 'where' clause cannot be applied to a non-generic top-level declaration
28 | /// The underlying transport type backing this channel.
29 | typealias Transport = NIOBSDSocket.PipeHandle
[272/299] Compiling NIOPosix Selectable.swift
[273/299] Compiling NIOPosix SelectableChannel.swift
[274/299] Compiling NIOPosix SelectableEventLoop.swift
[275/299] Compiling NIOPosix SelectorEpoll.swift
[276/299] Compiling NIOPosix SelectorGeneric.swift
[277/299] Compiling NIOPosix SelectorKqueue.swift
[278/299] Compiling NIOPosix SelectorUring.swift
[279/299] Compiling NIOPosix MultiThreadedEventLoopGroup.swift
[280/299] Compiling NIOPosix NIOPosixSendableMetatype.swift
[281/299] Compiling NIOPosix NIORandomizedDNSResolver.swift
[282/299] Compiling NIOPosix NIOThreadPool.swift
[283/299] Compiling NIOPosix NonBlockingFileIO.swift
[284/299] Compiling NIOPosix PendingDatagramWritesManager.swift
[285/299] Compiling NIOPosix PendingWritesManager.swift
[286/299] Compiling NIOPosix SelectorWSAPoll.swift
[287/299] Compiling NIOPosix ServerSocket.swift
[288/299] Compiling NIOPosix Socket.swift
[289/299] Compiling NIOPosix SocketChannel.swift
[290/299] Compiling NIOPosix SocketProtocols.swift
[291/299] Compiling NIOPosix StructuredConcurrencyHelpers.swift
[292/299] Compiling NIOPosix System.swift
[293/299] Compiling NIOPosix Thread.swift
[294/299] Compiling NIOPosix ThreadPosix.swift
[295/299] Compiling NIOPosix ThreadWindows.swift
[296/299] Compiling NIOPosix Utilities.swift
[297/299] Compiling NIOPosix VsockAddress.swift
[298/299] Compiling NIOPosix VsockChannelEvents.swift
[299/299] Compiling NIOPosix Windows.swift
BUILD FAILURE 6.2 wasm