Build Information
Failed to build swift-builders, reference main (0363a6), with Swift 6.3 for Wasm on 4 Sep 2026 14:11:38 UTC.
Build Command
bash -c docker run --pull=always --rm -v "checkouts-54344847-0":/host -w "$PWD" -e JAVA_HOME="/root/.sdkman/candidates/java/current" -e SPI_BUILD="1" -e SPI_PROCESSING="1" registry.gitlab.com/saguaro1/spi-images:wasm-6.3-latest swift build --swift-sdk swift-6.3.2-RELEASE_wasm 2>&1Build Log
========================================
RunAll
========================================
Builder version: 5.0.2
Interrupt handler set up.
========================================
Checkout
========================================
Clone URL: https://github.com/davdroman/swift-builders.git
Reference: main
Initialized empty Git repository in /host/spi-builder-workspace/.git/
hint: Using 'master' as the name for the initial branch. This default branch name
hint: is subject to change. To configure the initial branch name to use in all
hint: of your new repositories, which will suppress this warning, call:
hint:
hint: git config --global init.defaultBranch <name>
hint:
hint: Names commonly chosen instead of 'master' are 'main', 'trunk' and
hint: 'development'. The just-created branch can be renamed via this command:
hint:
hint: git branch -m <name>
From https://github.com/davdroman/swift-builders
* branch main -> FETCH_HEAD
* [new branch] main -> origin/main
HEAD is now at 0363a68 chore: enforce SwiftFormat configuration (#34)
Cloned https://github.com/davdroman/swift-builders.git
Revision (git rev-parse @):
0363a6877fc42c545a02b23adc35ee8407c24c13
SPI manifest file found: $PWD/.spi.yml
SUCCESS checkout https://github.com/davdroman/swift-builders.git at main
========================================
Build
========================================
Selected platform: wasm
Swift version: 6.3
Building package at path: $PWD
https://github.com/davdroman/swift-builders.git
Running build ...
bash -c docker run --pull=always --rm -v "checkouts-54344847-0":/host -w "$PWD" -e JAVA_HOME="/root/.sdkman/candidates/java/current" -e SPI_BUILD="1" -e SPI_PROCESSING="1" registry.gitlab.com/saguaro1/spi-images:wasm-6.3-latest swift build --swift-sdk swift-6.3.2-RELEASE_wasm 2>&1
wasm-6.3-latest: Pulling from saguaro1/spi-images
Digest: sha256:e92e38b97676c18adb57b57429ddfb766786102cb50cb918e0d9e8055d05b35d
Status: Image is up to date for registry.gitlab.com/saguaro1/spi-images:wasm-6.3-latest
Fetching https://github.com/google/swift-benchmark
[1/1490] Fetching swift-benchmark
Fetched https://github.com/google/swift-benchmark from cache (0.48s)
Computing version for https://github.com/google/swift-benchmark
Computed https://github.com/google/swift-benchmark at 0.1.2 (1.37s)
Fetching https://github.com/apple/swift-argument-parser
[1/18778] Fetching swift-argument-parser
Fetched https://github.com/apple/swift-argument-parser from cache (0.82s)
Computing version for https://github.com/apple/swift-argument-parser
Computed https://github.com/apple/swift-argument-parser at 1.8.2 (0.99s)
Creating working copy for https://github.com/apple/swift-argument-parser
Working copy of https://github.com/apple/swift-argument-parser resolved at 1.8.2
Creating working copy for https://github.com/google/swift-benchmark
Working copy of https://github.com/google/swift-benchmark resolved at 0.1.2
[1/1] Compiling plugin GenerateManual
[2/2] Compiling plugin GenerateDoccReference
Building for debugging...
[2/15] Write sources
[7/15] Write swift-version-24593BA9C3E375BF.txt
[9/31] Compiling Builders SubstringUTF8ViewBuilder.swift
[10/32] Compiling Builders SubstringUnicodeScalarViewBuilder.swift
[11/32] Emitting module ArgumentParserToolInfo
[12/32] Compiling ArgumentParserToolInfo ToolInfo.swift
[14/33] Compiling Builders DictionaryBuilder.swift
[15/33] Compiling Builders OptionSetBuilder.swift
[15/33] Wrapping AST for ArgumentParserToolInfo for debugging
[17/33] Compiling Builders StringBuilder.swift
[18/33] Compiling Builders StringUTF8ViewBuilder.swift
[19/33] Compiling Builders StringUnicodeScalarViewBuilder.swift
[20/33] Compiling Builders SubstringBuilder.swift
[21/33] Compiling Builders SetBuilder.swift
[22/33] Compiling Builders SliceBuilder.swift
[23/80] Emitting module Builders
[24/80] Compiling ArgumentParser BashCompletionsGenerator.swift
[25/80] Compiling ArgumentParser CompletionsGenerator.swift
[26/80] Compiling ArgumentParser CompletionKind.swift
[27/80] Compiling ArgumentParser Errors.swift
[29/81] Compiling ArgumentParser Mutex.swift
[30/81] Compiling ArgumentParser Platform.swift
[31/81] Compiling ArgumentParser SequenceExtensions.swift
[32/81] Compiling ArgumentParser StringExtensions.swift
[33/81] Compiling ArgumentParser SwiftExtensions.swift
[34/81] Compiling ArgumentParser Tree.swift
[35/81] Emitting module ArgumentParser
[35/87] Wrapping AST for Builders for debugging
[37/87] Compiling ArgumentParser ParentCommand.swift
[38/87] Compiling ArgumentParser AsyncParsableCommand.swift
[39/87] Compiling ArgumentParser CommandConfiguration.swift
[40/87] Compiling ArgumentParser CommandGroup.swift
[41/87] Compiling ArgumentParser EnumerableFlag.swift
[42/87] Compiling ArgumentParser ExpressibleByArgument.swift
[43/87] Compiling ArgumentParser ParsableArguments.swift
[44/87] Compiling ArgumentParser Name.swift
[45/87] Compiling ArgumentParser Parsed.swift
[46/87] Compiling ArgumentParser ParsedValues.swift
[47/87] Compiling ArgumentParser ParserError.swift
[48/87] Compiling ArgumentParser SplitArguments.swift
[49/87] Compiling ArgumentParser DumpHelpGenerator.swift
[50/87] Compiling ArgumentParser ArgumentVisibility.swift
[53/87] Compiling ArgumentParser Flag.swift
[54/87] Compiling ArgumentParser NameSpecification.swift
[55/87] Compiling ArgumentParser Option.swift
[56/87] Compiling ArgumentParser OptionGroup.swift
[57/87] Compiling ArgumentParser HelpCommand.swift
[58/87] Compiling ArgumentParser HelpGenerator.swift
[59/87] Compiling ArgumentParser MessageInfo.swift
[60/87] Compiling ArgumentParser UsageGenerator.swift
[61/87] Compiling ArgumentParser CollectionExtensions.swift
[62/87] Compiling ArgumentParser Foundation.swift
[63/87] Compiling ArgumentParser AsyncCompletionsValidator.swift
[64/87] Compiling ArgumentParser CodingKeyValidator.swift
[65/87] Compiling ArgumentParser NonsenseFlagsValidator.swift
[66/87] Compiling ArgumentParser ParsableArgumentsValidation.swift
[67/87] Compiling ArgumentParser PositionalArgumentsValidator.swift
[68/87] Compiling ArgumentParser UniqueNamesValidator.swift
[71/87] Compiling ArgumentParser FishCompletionsGenerator.swift
[72/87] Compiling ArgumentParser ZshCompletionsGenerator.swift
[73/87] Compiling ArgumentParser Argument.swift
[74/87] Compiling ArgumentParser ArgumentDiscussion.swift
[75/87] Compiling ArgumentParser ArgumentHelp.swift
[76/87] Compiling ArgumentParser ParsableCommand.swift
[77/87] Compiling ArgumentParser ArgumentDecoder.swift
[78/87] Compiling ArgumentParser ArgumentDefinition.swift
[79/87] Compiling ArgumentParser ArgumentSet.swift
[80/87] Compiling ArgumentParser CommandParser.swift
[81/87] Compiling ArgumentParser InputKey.swift
[82/87] Compiling ArgumentParser InputOrigin.swift
[83/88] Wrapping AST for ArgumentParser for debugging
[85/104] Compiling Benchmark BenchmarkTermination.swift
/host/spi-builder-workspace/.build/checkouts/swift-benchmark/Sources/Benchmark/BenchmarkTime.swift:15:8: error: no such module 'Dispatch'
13 | // limitations under the License.
14 |
15 | import Dispatch
| `- error: no such module 'Dispatch'
16 |
17 | @inline(__always)
[86/104] Compiling Benchmark BenchmarkTime.swift
/host/spi-builder-workspace/.build/checkouts/swift-benchmark/Sources/Benchmark/BenchmarkTime.swift:15:8: error: no such module 'Dispatch'
13 | // limitations under the License.
14 |
15 | import Dispatch
| `- error: no such module 'Dispatch'
16 |
17 | @inline(__always)
[87/106] Compiling Benchmark Stats.swift
/host/spi-builder-workspace/.build/checkouts/swift-benchmark/Sources/Benchmark/BenchmarkTime.swift:15:8: error: no such module 'Dispatch'
13 | // limitations under the License.
14 |
15 | import Dispatch
| `- error: no such module 'Dispatch'
16 |
17 | @inline(__always)
[88/106] Compiling Benchmark TestIntegration.swift
/host/spi-builder-workspace/.build/checkouts/swift-benchmark/Sources/Benchmark/BenchmarkTime.swift:15:8: error: no such module 'Dispatch'
13 | // limitations under the License.
14 |
15 | import Dispatch
| `- error: no such module 'Dispatch'
16 |
17 | @inline(__always)
[89/106] Compiling Benchmark Benchmark.swift
/host/spi-builder-workspace/.build/checkouts/swift-benchmark/Sources/Benchmark/BenchmarkTime.swift:15:8: error: no such module 'Dispatch'
13 | // limitations under the License.
14 |
15 | import Dispatch
| `- error: no such module 'Dispatch'
16 |
17 | @inline(__always)
[90/106] Compiling Benchmark BenchmarkArguments.swift
/host/spi-builder-workspace/.build/checkouts/swift-benchmark/Sources/Benchmark/BenchmarkTime.swift:15:8: error: no such module 'Dispatch'
13 | // limitations under the License.
14 |
15 | import Dispatch
| `- error: no such module 'Dispatch'
16 |
17 | @inline(__always)
[91/106] Compiling Benchmark BenchmarkColumn.swift
/host/spi-builder-workspace/.build/checkouts/swift-benchmark/Sources/Benchmark/BenchmarkTime.swift:15:8: error: no such module 'Dispatch'
13 | // limitations under the License.
14 |
15 | import Dispatch
| `- error: no such module 'Dispatch'
16 |
17 | @inline(__always)
[92/106] Compiling Benchmark BenchmarkRunner.swift
/host/spi-builder-workspace/.build/checkouts/swift-benchmark/Sources/Benchmark/BenchmarkTime.swift:15:8: error: no such module 'Dispatch'
13 | // limitations under the License.
14 |
15 | import Dispatch
| `- error: no such module 'Dispatch'
16 |
17 | @inline(__always)
[93/106] Compiling Benchmark BenchmarkSetting.swift
/host/spi-builder-workspace/.build/checkouts/swift-benchmark/Sources/Benchmark/BenchmarkTime.swift:15:8: error: no such module 'Dispatch'
13 | // limitations under the License.
14 |
15 | import Dispatch
| `- error: no such module 'Dispatch'
16 |
17 | @inline(__always)
[94/106] Compiling Benchmark BenchmarkFormatter.swift
/host/spi-builder-workspace/.build/checkouts/swift-benchmark/Sources/Benchmark/BenchmarkTime.swift:15:8: error: no such module 'Dispatch'
13 | // limitations under the License.
14 |
15 | import Dispatch
| `- error: no such module 'Dispatch'
16 |
17 | @inline(__always)
[95/106] Compiling Benchmark BenchmarkMain.swift
/host/spi-builder-workspace/.build/checkouts/swift-benchmark/Sources/Benchmark/BenchmarkTime.swift:15:8: error: no such module 'Dispatch'
13 | // limitations under the License.
14 |
15 | import Dispatch
| `- error: no such module 'Dispatch'
16 |
17 | @inline(__always)
[96/106] Compiling Benchmark BenchmarkCommand.swift
/host/spi-builder-workspace/.build/checkouts/swift-benchmark/Sources/Benchmark/BenchmarkTime.swift:15:8: error: no such module 'Dispatch'
13 | // limitations under the License.
14 |
15 | import Dispatch
| `- error: no such module 'Dispatch'
16 |
17 | @inline(__always)
[97/106] Compiling Benchmark BenchmarkFilter.swift
/host/spi-builder-workspace/.build/checkouts/swift-benchmark/Sources/Benchmark/BenchmarkTime.swift:15:8: error: no such module 'Dispatch'
13 | // limitations under the License.
14 |
15 | import Dispatch
| `- error: no such module 'Dispatch'
16 |
17 | @inline(__always)
[98/106] Compiling Benchmark BenchmarkState.swift
/host/spi-builder-workspace/.build/checkouts/swift-benchmark/Sources/Benchmark/BenchmarkTime.swift:15:8: error: no such module 'Dispatch'
13 | // limitations under the License.
14 |
15 | import Dispatch
| `- error: no such module 'Dispatch'
16 |
17 | @inline(__always)
[99/106] Compiling Benchmark BenchmarkSuite.swift
/host/spi-builder-workspace/.build/checkouts/swift-benchmark/Sources/Benchmark/BenchmarkTime.swift:15:8: error: no such module 'Dispatch'
13 | // limitations under the License.
14 |
15 | import Dispatch
| `- error: no such module 'Dispatch'
16 |
17 | @inline(__always)
[100/106] Compiling Benchmark BenchmarkReporter.swift
/host/spi-builder-workspace/.build/checkouts/swift-benchmark/Sources/Benchmark/BenchmarkTime.swift:15:8: error: no such module 'Dispatch'
13 | // limitations under the License.
14 |
15 | import Dispatch
| `- error: no such module 'Dispatch'
16 |
17 | @inline(__always)
[101/106] Compiling Benchmark BenchmarkResult.swift
/host/spi-builder-workspace/.build/checkouts/swift-benchmark/Sources/Benchmark/BenchmarkTime.swift:15:8: error: no such module 'Dispatch'
13 | // limitations under the License.
14 |
15 | import Dispatch
| `- error: no such module 'Dispatch'
16 |
17 | @inline(__always)
error: emit-module command failed with exit code 1 (use -v to see invocation)
[102/106] Emitting module Benchmark
/host/spi-builder-workspace/.build/checkouts/swift-benchmark/Sources/Benchmark/BenchmarkTime.swift:15:8: error: no such module 'Dispatch'
13 | // limitations under the License.
14 |
15 | import Dispatch
| `- error: no such module 'Dispatch'
16 |
17 | @inline(__always)
BUILD FAILURE 6.3 wasm