Build Information
Failed to build swift-apinotes, reference 0.1.0 (2fe208), with Swift 6.4 for watchOS using Xcode 27.0 on 24 Sep 2026 09:31:12 UTC.
Build Command
env DEVELOPER_DIR=/Applications/Xcode-27.0.0-Release.Candidate.app xcrun xcodebuild -IDEClonedSourcePackagesDirPathOverride=$PWD/.dependencies -skipMacroValidation -skipPackagePluginValidation -derivedDataPath $PWD/.derivedData build -scheme swift-apinotes -destination generic/platform=watchOSBuild Log
33 |
34 | @CodedAt("SwiftName")
35 | public var swiftName: String?
| `- error: external macro implementation type 'MacroPlugin.CodedAt' could not be found for macro 'CodedAt'; '/Users/admin/builder/spi-builder-workspace/.derivedData/Build/Products/Debug/MacroPlugin' produced malformed response
36 |
37 | @CodedAt("SwiftPrivate")
MetaCodable.CodedAt:2:30: note: 'CodedAt' declared here
1 | @available(swift 5.9)
2 | @attached(peer) public macro CodedAt(_ path: StaticString...) = #externalMacro(module: "MacroPlugin", type: "CodedAt")
| `- note: 'CodedAt' declared here
/Users/admin/builder/spi-builder-workspace/Sources/APINotes/Common/CommonEntity.swift:38:16: error: external macro implementation type 'MacroPlugin.CodedAt' could not be found for macro 'CodedAt'; '/Users/admin/builder/spi-builder-workspace/.derivedData/Build/Products/Debug/MacroPlugin' produced malformed response
36 |
37 | @CodedAt("SwiftPrivate")
38 | public var isSwiftPrivate: Bool?
| `- error: external macro implementation type 'MacroPlugin.CodedAt' could not be found for macro 'CodedAt'; '/Users/admin/builder/spi-builder-workspace/.derivedData/Build/Products/Debug/MacroPlugin' produced malformed response
39 |
40 | @CodedAt("Availability")
MetaCodable.CodedAt:2:30: note: 'CodedAt' declared here
1 | @available(swift 5.9)
2 | @attached(peer) public macro CodedAt(_ path: StaticString...) = #externalMacro(module: "MacroPlugin", type: "CodedAt")
| `- note: 'CodedAt' declared here
/Users/admin/builder/spi-builder-workspace/Sources/APINotes/Common/CommonEntity.swift:41:16: error: external macro implementation type 'MacroPlugin.CodedAt' could not be found for macro 'CodedAt'; '/Users/admin/builder/spi-builder-workspace/.derivedData/Build/Products/Debug/MacroPlugin' produced malformed response
39 |
40 | @CodedAt("Availability")
41 | public var availability: Availability?
| `- error: external macro implementation type 'MacroPlugin.CodedAt' could not be found for macro 'CodedAt'; '/Users/admin/builder/spi-builder-workspace/.derivedData/Build/Products/Debug/MacroPlugin' produced malformed response
42 |
43 | @CodedAt("AvailabilityMsg")
MetaCodable.CodedAt:2:30: note: 'CodedAt' declared here
1 | @available(swift 5.9)
2 | @attached(peer) public macro CodedAt(_ path: StaticString...) = #externalMacro(module: "MacroPlugin", type: "CodedAt")
| `- note: 'CodedAt' declared here
/Users/admin/builder/spi-builder-workspace/Sources/APINotes/Common/CommonEntity.swift:44:16: error: external macro implementation type 'MacroPlugin.CodedAt' could not be found for macro 'CodedAt'; '/Users/admin/builder/spi-builder-workspace/.derivedData/Build/Products/Debug/MacroPlugin' produced malformed response
42 |
43 | @CodedAt("AvailabilityMsg")
44 | public var availabilityMessage: String?
| `- error: external macro implementation type 'MacroPlugin.CodedAt' could not be found for macro 'CodedAt'; '/Users/admin/builder/spi-builder-workspace/.derivedData/Build/Products/Debug/MacroPlugin' produced malformed response
45 |
46 | public init(
MetaCodable.CodedAt:2:30: note: 'CodedAt' declared here
1 | @available(swift 5.9)
2 | @attached(peer) public macro CodedAt(_ path: StaticString...) = #externalMacro(module: "MacroPlugin", type: "CodedAt")
| `- note: 'CodedAt' declared here
SwiftCompile normal arm64 Compiling\ Parameter.swift,\ Variable.swift /Users/admin/builder/spi-builder-workspace/Sources/APINotes/Common/Parameter.swift /Users/admin/builder/spi-builder-workspace/Sources/APINotes/Common/Variable.swift (in target 'APINotes' from project 'swift-apinotes')
dyld[1560]: Symbol not found: _swift_initBorrow
Referenced from: <EE7FF0C4-61FA-3DBB-B7F4-3C1E29BA2CDC> /Users/admin/builder/spi-builder-workspace/.derivedData/Build/Products/Debug/MacroPlugin
Expected in: <83794FB3-DE9B-3D23-AB5E-2C1D5D30F134> /usr/lib/swift/libswiftCore.dylib
Assertion failed: (isConcrete()), function getConcrete at ProtocolConformanceRef.h:127.
(to display assertion configuration options: -Xllvm -assert-help)
Please submit a bug report (https://swift.org/contributing/#reporting-bugs) and include the crash backtrace.
Stack dump:
0. Program arguments: /Applications/Xcode-27.0.0-Release.Candidate.app/Contents/Developer/Toolchains/XcodeDefault.xctoolchain/usr/bin/swift-frontend -frontend -c /Users/admin/builder/spi-builder-workspace/Sources/APINotes/Common/CommonEntity.swift /Users/admin/builder/spi-builder-workspace/Sources/APINotes/Common/CommonType.swift /Users/admin/builder/spi-builder-workspace/Sources/APINotes/Common/ObjCMethod.swift /Users/admin/builder/spi-builder-workspace/Sources/APINotes/Common/ObjCProperty.swift -primary-file /Users/admin/builder/spi-builder-workspace/Sources/APINotes/Common/Parameter.swift -primary-file /Users/admin/builder/spi-builder-workspace/Sources/APINotes/Common/Variable.swift /Users/admin/builder/spi-builder-workspace/Sources/APINotes/Enums/Availability.swift /Users/admin/builder/spi-builder-workspace/Sources/APINotes/Enums/EnumExtensibility.swift /Users/admin/builder/spi-builder-workspace/Sources/APINotes/Enums/EnumKind.swift /Users/admin/builder/spi-builder-workspace/Sources/APINotes/Enums/Nullability.swift /Users/admin/builder/spi-builder-workspace/Sources/APINotes/Enums/ObjCMemberKind.swift /Users/admin/builder/spi-builder-workspace/Sources/APINotes/Enums/SwiftWrapper.swift /Users/admin/builder/spi-builder-workspace/Sources/APINotes/Module.swift /Users/admin/builder/spi-builder-workspace/Sources/APINotes/TopLevelItems/Enumerator.swift /Users/admin/builder/spi-builder-workspace/Sources/APINotes/TopLevelItems/Function.swift /Users/admin/builder/spi-builder-workspace/Sources/APINotes/TopLevelItems/ObjCContext.swift /Users/admin/builder/spi-builder-workspace/Sources/APINotes/TopLevelItems/Tag.swift /Users/admin/builder/spi-builder-workspace/Sources/APINotes/TopLevelItems/Typedef.swift /Users/admin/builder/spi-builder-workspace/Sources/APINotes/Version.Tuple.swift /Users/admin/builder/spi-builder-workspace/Sources/APINotes/Version.swift -emit-dependencies-path /Users/admin/builder/spi-builder-workspace/.derivedData/Build/Intermediates.noindex/swift-apinotes.build/Debug-watchos/APINotes-t.build/Objects-normal/arm64/Parameter.d -emit-const-values-path /Users/admin/builder/spi-builder-workspace/.derivedData/Build/Intermediates.noindex/swift-apinotes.build/Debug-watchos/APINotes-t.build/Objects-normal/arm64/Parameter.swiftconstvalues -emit-reference-dependencies-path /Users/admin/builder/spi-builder-workspace/.derivedData/Build/Intermediates.noindex/swift-apinotes.build/Debug-watchos/APINotes-t.build/Objects-normal/arm64/Parameter.swiftdeps -serialize-diagnostics-path /Users/admin/builder/spi-builder-workspace/.derivedData/Build/Intermediates.noindex/swift-apinotes.build/Debug-watchos/APINotes-t.build/Objects-normal/arm64/Parameter.dia -emit-dependencies-path /Users/admin/builder/spi-builder-workspace/.derivedData/Build/Intermediates.noindex/swift-apinotes.build/Debug-watchos/APINotes-t.build/Objects-normal/arm64/Variable.d -emit-const-values-path /Users/admin/builder/spi-builder-workspace/.derivedData/Build/Intermediates.noindex/swift-apinotes.build/Debug-watchos/APINotes-t.build/Objects-normal/arm64/Variable.swiftconstvalues -emit-reference-dependencies-path /Users/admin/builder/spi-builder-workspace/.derivedData/Build/Intermediates.noindex/swift-apinotes.build/Debug-watchos/APINotes-t.build/Objects-normal/arm64/Variable.swiftdeps -serialize-diagnostics-path /Users/admin/builder/spi-builder-workspace/.derivedData/Build/Intermediates.noindex/swift-apinotes.build/Debug-watchos/APINotes-t.build/Objects-normal/arm64/Variable.dia -target arm64-apple-watchos9.0 -disable-cross-import-overlay-search -load-resolved-plugin /Applications/Xcode-27.0.0-Release.Candidate.app/Contents/Developer/Platforms/WatchOS.platform/Developer/usr/lib/swift/host/plugins/libFoundationMacros.dylib#/Applications/Xcode-27.0.0-Release.Candidate.app/Contents/Developer/Platforms/WatchOS.platform/Developer/usr/bin/swift-plugin-server#FoundationMacros -load-resolved-plugin #/Users/admin/builder/spi-builder-workspace/.derivedData/Build/Products/Debug/MacroPlugin#MacroPlugin -load-resolved-plugin /Applications/Xcode-27.0.0-Release.Candidate.app/Contents/Developer/Platforms/WatchOS.platform/Developer/usr/lib/swift/host/plugins/libObservationMacros.dylib#/Applications/Xcode-27.0.0-Release.Candidate.app/Contents/Developer/Platforms/WatchOS.platform/Developer/usr/bin/swift-plugin-server#ObservationMacros -load-resolved-plugin /Applications/Xcode-27.0.0-Release.Candidate.app/Contents/Developer/Platforms/WatchOS.platform/Developer/usr/lib/swift/host/plugins/libSwiftMacros.dylib#/Applications/Xcode-27.0.0-Release.Candidate.app/Contents/Developer/Platforms/WatchOS.platform/Developer/usr/bin/swift-plugin-server#SwiftMacros -disable-implicit-swift-modules -Xcc -fno-implicit-modules -Xcc -fno-implicit-module-maps -explicit-swift-module-map-file /Users/admin/builder/spi-builder-workspace/.derivedData/Build/Intermediates.noindex/swift-apinotes.build/Debug-watchos/APINotes-t.build/Objects-normal/arm64/APINotes-dependencies-2.json -Xllvm -aarch64-use-tbi -enable-objc-interop -stack-check -sdk /Applications/Xcode-27.0.0-Release.Candidate.app/Contents/Developer/Platforms/WatchOS.platform/Developer/SDKs/WatchOS27.0.sdk -I /Users/admin/builder/spi-builder-workspace/.derivedData/Build/Products/Debug-watchos -Isystem /Applications/Xcode-27.0.0-Release.Candidate.app/Contents/Developer/Platforms/WatchOS.platform/Developer/usr/lib -F /Users/admin/builder/spi-builder-workspace/.derivedData/Build/Products/Debug-watchos/PackageFrameworks -F /Users/admin/builder/spi-builder-workspace/.derivedData/Build/Products/Debug-watchos -F /Applications/Xcode-27.0.0-Release.Candidate.app/Contents/Developer/Platforms/WatchOS.platform/Developer/Library/Frameworks -F /Applications/Xcode-27.0.0-Release.Candidate.app/Contents/Developer/Platforms/WatchOS.platform/Developer/SDKs/WatchOS27.0.sdk/Developer/Library/Frameworks -module-cache-path /Users/admin/builder/spi-builder-workspace/.derivedData/Build/Intermediates.noindex/SwiftExplicitPrecompiledModules -no-color-diagnostics -Xcc -fno-color-diagnostics -enable-testing -g -debug-info-format=dwarf -dwarf-version=4 -profile-generate -profile-coverage-mapping -swift-version 5 -Onone -D SWIFT_PACKAGE -D DEBUG -D SWIFT_MODULE_RESOURCE_BUNDLE_UNAVAILABLE -D Xcode -serialize-debugging-options -load-plugin-executable /Users/admin/builder/spi-builder-workspace/.derivedData/Build/Products/Debug/MacroPlugin#MacroPlugin -enable-experimental-feature DebugDescriptionMacro -empty-abi-descriptor -validate-clang-modules-once -clang-build-session-file /Users/admin/builder/spi-builder-workspace/.derivedData/ModuleCache.noindex/Session.modulevalidation -Xcc -working-directory -Xcc /Users/admin/builder/spi-builder-workspace/.swiftpm/xcode -enable-anonymous-context-mangled-names -file-compilation-dir /Users/admin/builder/spi-builder-workspace/.swiftpm/xcode -Xcc -fmodule-map-file=/Users/admin/builder/spi-builder-workspace/.dependencies/checkouts/Yams/Sources/CYaml/include/module.modulemap -Xcc -D_LIBCPP_HARDENING_MODE=_LIBCPP_HARDENING_MODE_DEBUG -Xcc -ivfsstatcache -Xcc /Users/admin/builder/spi-builder-workspace/.derivedData/SDKStatCaches.noindex/watchos27.0-24R360-e829b21a6f8c9b70876ba0858053c04477534ef55a1706bf4c1112bbb242f0a2.sdkstatcache -Xcc -fmodules-prune-interval=86400 -Xcc -fmodules-prune-after=345600 -Xcc -I/Users/admin/builder/spi-builder-workspace/.dependencies/checkouts/Yams/Sources/CYaml/include -Xcc -I/Users/admin/builder/spi-builder-workspace/.derivedData/Build/Products/Debug-watchos/include -Xcc -I/Users/admin/builder/spi-builder-workspace/.derivedData/Build/Intermediates.noindex/swift-apinotes.build/Debug-watchos/APINotes-t.build/DerivedSources-normal/arm64 -Xcc -I/Users/admin/builder/spi-builder-workspace/.derivedData/Build/Intermediates.noindex/swift-apinotes.build/Debug-watchos/APINotes-t.build/DerivedSources/arm64 -Xcc -I/Users/admin/builder/spi-builder-workspace/.derivedData/Build/Intermedi
ates.noindex/swift-apinotes.build/Debug-watchos/APINotes-t.build/DerivedSources -Xcc -DSWIFT_PACKAGE -Xcc -DDEBUG=1 -no-auto-bridging-header-chaining -module-name APINotes -package-name spi_builder_workspace -const-gather-protocols-file /Users/admin/builder/spi-builder-workspace/.derivedData/Build/Intermediates.noindex/swift-apinotes.build/Debug-watchos/APINotes-t.build/Objects-normal/arm64/APINotes_const_extract_protocols.json -disable-clang-spi -clang-target arm64-apple-watchos27.0 -target-sdk-version 27.0 -target-sdk-name watchos27.0 -in-process-plugin-server-path /Applications/Xcode-27.0.0-Release.Candidate.app/Contents/Developer/Toolchains/XcodeDefault.xctoolchain/usr/lib/swift/host/libSwiftInProcPluginServer.dylib -parse-as-library -o /Users/admin/builder/spi-builder-workspace/.derivedData/Build/Intermediates.noindex/swift-apinotes.build/Debug-watchos/APINotes-t.build/Objects-normal/arm64/Parameter.o -o /Users/admin/builder/spi-builder-workspace/.derivedData/Build/Intermediates.noindex/swift-apinotes.build/Debug-watchos/APINotes-t.build/Objects-normal/arm64/Variable.o -debug-module-path /Users/admin/builder/spi-builder-workspace/.derivedData/Build/Intermediates.noindex/swift-apinotes.build/Debug-watchos/APINotes-t.build/Objects-normal/arm64/APINotes.swiftmodule -index-unit-output-path /swift-apinotes.build/Debug-watchos/APINotes-t.build/Objects-normal/arm64/Parameter.o -index-unit-output-path /swift-apinotes.build/Debug-watchos/APINotes-t.build/Objects-normal/arm64/Variable.o -index-store-path /Users/admin/builder/spi-builder-workspace/.derivedData/Index.noindex/DataStore -index-system-modules
1. Apple Swift version 6.4 (swiftlang-6.4.0.34.1 clang-2100.3.34.1)
2. Compiling with effective version 5.10
3. While evaluating request TypeCheckPrimaryFileRequest(source_file "/Users/admin/builder/spi-builder-workspace/Sources/APINotes/Common/Parameter.swift")
4. While type-checking 'Parameter' (at /Users/admin/builder/spi-builder-workspace/Sources/APINotes/Common/Parameter.swift:4:8)
5. While evaluating request StoredPropertiesRequest(APINotes.(file).Parameter@/Users/admin/builder/spi-builder-workspace/Sources/APINotes/Common/Parameter.swift:4:14)
6. While evaluating request ExpandSynthesizedMemberMacroRequest(APINotes.(file).Parameter@/Users/admin/builder/spi-builder-workspace/Sources/APINotes/Common/Parameter.swift:4:14)
7. Assertion failed: (isConcrete()), function getConcrete at ProtocolConformanceRef.h:127.
| (to display assertion configuration options: -Xllvm -assert-help)
Stack dump without symbol names (ensure you have llvm-symbolizer in your PATH or set the environment var `LLVM_SYMBOLIZER_PATH` to point to it):
0 swift-frontend 0x0000000107203bd0 llvm::sys::PrintStackTrace(llvm::raw_ostream&, int) + 56
1 swift-frontend 0x0000000107201358 llvm::sys::RunSignalHandlers() + 172
2 swift-frontend 0x00000001072041c8 SignalHandler(int, __siginfo*, void*) + 360
3 libsystem_platform.dylib 0x0000000181795744 _sigtramp + 56
4 libsystem_pthread.dylib 0x000000018178b8d8 pthread_kill + 296
5 libsystem_c.dylib 0x0000000181691978 abort + 148
6 swift-frontend 0x00000001029b2bc4 _ABORT(char const*, int, char const*, llvm::function_ref<void (llvm::raw_ostream&)>) + 0
7 swift-frontend 0x00000001029b2b80 _abortWithMessage(llvm::StringRef) + 0
8 swift-frontend 0x000000010268fcf8 swift::ConformanceLookupTable::getConformance(swift::NominalTypeDecl*, swift::ConformanceLookupTable::ConformanceEntry*) + 2004
9 swift-frontend 0x000000010268ff78 swift::ConformanceLookupTable::lookupConformance(swift::NominalTypeDecl*, swift::ProtocolDecl*, llvm::SmallVectorImpl<swift::ProtocolConformance*>&) + 520
10 swift-frontend 0x0000000102293aac getIntroducedConformances(swift::NominalTypeDecl*, swift::MacroRole, swift::MacroDecl*, llvm::SmallVectorImpl<swift::ProtocolDecl*>*) + 168
11 swift-frontend 0x00000001022a1bd4 void llvm::function_ref<void (swift::CustomAttr*, swift::MacroDecl*)>::callback_fn<swift::ExpandSynthesizedMemberMacroRequest::evaluate(swift::Evaluator&, swift::Decl*) const::$_0>(long, swift::CustomAttr*, swift::MacroDecl*) + 120
12 swift-frontend 0x0000000102693e7c swift::Decl::forEachAttachedMacro(swift::MacroRole, llvm::function_ref<void (swift::CustomAttr*, swift::MacroDecl*)>) const + 180
13 swift-frontend 0x0000000102290fa8 swift::ExpandSynthesizedMemberMacroRequest::evaluate(swift::Evaluator&, swift::Decl*) const + 84
14 swift-frontend 0x000000010220a708 swift::ExpandSynthesizedMemberMacroRequest::OutputType swift::Evaluator::getResultUncached<swift::ExpandSynthesizedMemberMacroRequest, swift::ExpandSynthesizedMemberMacroRequest::OutputType swift::evaluateOrDefault<swift::ExpandSynthesizedMemberMacroRequest>(swift::Evaluator&, swift::ExpandSynthesizedMemberMacroRequest, swift::ExpandSynthesizedMemberMacroRequest::OutputType)::'lambda'()>(swift::ExpandSynthesizedMemberMacroRequest const&, swift::ExpandSynthesizedMemberMacroRequest::OutputType swift::evaluateOrDefault<swift::ExpandSynthesizedMemberMacroRequest>(swift::Evaluator&, swift::ExpandSynthesizedMemberMacroRequest, swift::ExpandSynthesizedMemberMacroRequest::OutputType)::'lambda'()) + 436
15 swift-frontend 0x000000010220a4b8 swift::ExpandSynthesizedMemberMacroRequest::OutputType swift::Evaluator::getResultCached<swift::ExpandSynthesizedMemberMacroRequest, swift::ExpandSynthesizedMemberMacroRequest::OutputType swift::evaluateOrDefault<swift::ExpandSynthesizedMemberMacroRequest>(swift::Evaluator&, swift::ExpandSynthesizedMemberMacroRequest, swift::ExpandSynthesizedMemberMacroRequest::OutputType)::'lambda'(), (void*)0>(swift::ExpandSynthesizedMemberMacroRequest const&, swift::ExpandSynthesizedMemberMacroRequest::OutputType swift::evaluateOrDefault<swift::ExpandSynthesizedMemberMacroRequest>(swift::Evaluator&, swift::ExpandSynthesizedMemberMacroRequest, swift::ExpandSynthesizedMemberMacroRequest::OutputType)::'lambda'()) + 324
16 swift-frontend 0x0000000102309d24 computeLoweredProperties(swift::NominalTypeDecl*, swift::IterableDeclContext*, (anonymous namespace)::LoweredPropertiesReason) + 156
17 swift-frontend 0x0000000102309064 swift::StoredPropertiesRequest::evaluate(swift::Evaluator&, swift::NominalTypeDecl*) const + 360
18 swift-frontend 0x0000000102703644 swift::StoredPropertiesRequest::OutputType swift::Evaluator::getResultCached<swift::StoredPropertiesRequest, swift::StoredPropertiesRequest::OutputType swift::evaluateOrDefault<swift::StoredPropertiesRequest>(swift::Evaluator&, swift::StoredPropertiesRequest, swift::StoredPropertiesRequest::OutputType)::'lambda'(), (void*)0>(swift::StoredPropertiesRequest const&, swift::StoredPropertiesRequest::OutputType swift::evaluateOrDefault<swift::StoredPropertiesRequest>(swift::Evaluator&, swift::StoredPropertiesRequest, swift::StoredPropertiesRequest::OutputType)::'lambda'()) + 1252
19 swift-frontend 0x000000010224fdc4 (anonymous namespace)::DeclChecker::visitClassDecl(swift::ClassDecl*) + 1276
20 swift-frontend 0x0000000102246e58 (anonymous namespace)::DeclChecker::visit(swift::Decl*) + 2380
21 swift-frontend 0x000000010235626c swift::TypeCheckPrimaryFileRequest::evaluate(swift::Evaluator&, swift::SourceFile*) const + 776
22 swift-frontend 0x000000010235f244 swift::TypeCheckPrimaryFileRequest::OutputType swift::Evaluator::getResultUncached<swift::TypeCheckPrimaryFileRequest, swift::TypeCheckPrimaryFileRequest::OutputType swift::evaluateOrDefault<swift::TypeCheckPrimaryFileRequest>(swift::Evaluator&, swift::TypeCheckPrimaryFileRequest, swift::TypeCheckPrimaryFileRequest::OutputType)::'lambda'()>(swift::TypeCheckPrimaryFileRequest const&, swift::TypeCheckPrimaryFileRequest::OutputType swift::evaluateOrDefault<swift::TypeCheckPrimaryFileRequest>(swift::Evaluator&, swift::TypeCheckPrimaryFileRequest, swift::TypeCheckPrimaryFileRequest::OutputType)::'lambda'()) + 648
23 swift-frontend 0x000000010235efa8 swift::TypeCheckPrimaryFileRequest::OutputType swift::Evaluator::getResultCached<swift::TypeCheckPrimaryFileRequest, swift::TypeCheckPrimaryFileRequest::OutputType swift::evaluateOrDefault<swift::TypeCheckPrimaryFileRequest>(swift::Evaluator&, swift::TypeCheckPrimaryFileRequest, swift::TypeCheckPrimaryFileRequest::OutputType)::'lambda'(), (void*)0>(swift::TypeCheckPrimaryFileRequest const&, swift::TypeCheckPrimaryFileRequest::OutputType swift::evaluateOrDefault<swift::TypeCheckPrimaryFileRequest>(swift::Evaluator&, swift::TypeCheckPrimaryFileRequest, swift::TypeCheckPrimaryFileRequest::OutputType)::'lambda'()) + 184
24 swift-frontend 0x00000001011581a4 bool llvm::function_ref<bool (swift::SourceFile&)>::callback_fn<swift::CompilerInstance::performSema()::$_0>(long, swift::SourceFile&) + 116
25 swift-frontend 0x000000010115111c swift::CompilerInstance::forEachFileToTypeCheck(llvm::function_ref<bool (swift::SourceFile&)>) + 176
26 swift-frontend 0x000000010115103c swift::CompilerInstance::performSema() + 456
27 swift-frontend 0x0000000100d18918 performCompile(swift::CompilerInstance&, int&, swift::FrontendObserver*, llvm::ArrayRef<char const*>) + 556
28 swift-frontend 0x0000000100d15dc4 swift::performFrontend(llvm::ArrayRef<char const*>, char const*, void*, swift::FrontendObserver*) + 3776
29 swift-frontend 0x0000000100c95008 swift::mainEntry(int, char const**) + 5600
30 dyld 0x00000001813c04e4 start + 6992
Failed frontend command:
SwiftCompile normal arm64 /Users/admin/builder/spi-builder-workspace/Sources/APINotes/Common/Parameter.swift (in target 'APINotes' from project 'swift-apinotes')
cd /Users/admin/builder/spi-builder-workspace/.swiftpm/xcode
builtin-SwiftPerFileCompile Parameter.swift
/Users/admin/builder/spi-builder-workspace/.derivedData/Build/Intermediates.noindex/swift-apinotes.build/Debug-watchos/APINotes-t.build/Objects-normal/arm64/Parameter.dia:1:1: warning: Could not read serialized diagnostics file: Error Domain=NSCocoaErrorDomain Code=260 "The file “Parameter.dia” couldn’t be opened because there is no such file." UserInfo={NSFilePath=/Users/admin/builder/spi-builder-workspace/.derivedData/Build/Intermediates.noindex/swift-apinotes.build/Debug-watchos/APINotes-t.build/Objects-normal/arm64/Parameter.dia, NSURL=file:///Users/admin/builder/spi-builder-workspace/.derivedData/Build/Intermediates.noindex/swift-apinotes.build/Debug-watchos/APINotes-t.build/Objects-normal/arm64/Parameter.dia, NSUnderlyingError=0x94123c6f0 {Error Domain=NSPOSIXErrorDomain Code=2 "No such file or directory"}} (in target 'APINotes' from project 'swift-apinotes')
SwiftCompile normal arm64 /Users/admin/builder/spi-builder-workspace/Sources/APINotes/Common/Variable.swift (in target 'APINotes' from project 'swift-apinotes')
cd /Users/admin/builder/spi-builder-workspace/.swiftpm/xcode
builtin-SwiftPerFileCompile Variable.swift
/Users/admin/builder/spi-builder-workspace/.derivedData/Build/Intermediates.noindex/swift-apinotes.build/Debug-watchos/APINotes-t.build/Objects-normal/arm64/Variable.dia:1:1: warning: Could not read serialized diagnostics file: Error Domain=NSCocoaErrorDomain Code=260 "The file “Variable.dia” couldn’t be opened because there is no such file." UserInfo={NSFilePath=/Users/admin/builder/spi-builder-workspace/.derivedData/Build/Intermediates.noindex/swift-apinotes.build/Debug-watchos/APINotes-t.build/Objects-normal/arm64/Variable.dia, NSURL=file:///Users/admin/builder/spi-builder-workspace/.derivedData/Build/Intermediates.noindex/swift-apinotes.build/Debug-watchos/APINotes-t.build/Objects-normal/arm64/Variable.dia, NSUnderlyingError=0x94123e730 {Error Domain=NSPOSIXErrorDomain Code=2 "No such file or directory"}} (in target 'APINotes' from project 'swift-apinotes')
/Applications/Xcode-27.0.0-Release.Candidate.app/Contents/Developer/Toolchains/XcodeDefault.xctoolchain/usr/bin/swift-frontend -frontend -c /Users/admin/builder/spi-builder-workspace/Sources/APINotes/Common/CommonEntity.swift /Users/admin/builder/spi-builder-workspace/Sources/APINotes/Common/CommonType.swift /Users/admin/builder/spi-builder-workspace/Sources/APINotes/Common/ObjCMethod.swift /Users/admin/builder/spi-builder-workspace/Sources/APINotes/Common/ObjCProperty.swift -primary-file /Users/admin/builder/spi-builder-workspace/Sources/APINotes/Common/Parameter.swift -primary-file /Users/admin/builder/spi-builder-workspace/Sources/APINotes/Common/Variable.swift /Users/admin/builder/spi-builder-workspace/Sources/APINotes/Enums/Availability.swift /Users/admin/builder/spi-builder-workspace/Sources/APINotes/Enums/EnumExtensibility.swift /Users/admin/builder/spi-builder-workspace/Sources/APINotes/Enums/EnumKind.swift /Users/admin/builder/spi-builder-workspace/Sources/APINotes/Enums/Nullability.swift /Users/admin/builder/spi-builder-workspace/Sources/APINotes/Enums/ObjCMemberKind.swift /Users/admin/builder/spi-builder-workspace/Sources/APINotes/Enums/SwiftWrapper.swift /Users/admin/builder/spi-builder-workspace/Sources/APINotes/Module.swift /Users/admin/builder/spi-builder-workspace/Sources/APINotes/TopLevelItems/Enumerator.swift /Users/admin/builder/spi-builder-workspace/Sources/APINotes/TopLevelItems/Function.swift /Users/admin/builder/spi-builder-workspace/Sources/APINotes/TopLevelItems/ObjCContext.swift /Users/admin/builder/spi-builder-workspace/Sources/APINotes/TopLevelItems/Tag.swift /Users/admin/builder/spi-builder-workspace/Sources/APINotes/TopLevelItems/Typedef.swift /Users/admin/builder/spi-builder-workspace/Sources/APINotes/Version.Tuple.swift /Users/admin/builder/spi-builder-workspace/Sources/APINotes/Version.swift -emit-dependencies-path /Users/admin/builder/spi-builder-workspace/.derivedData/Build/Intermediates.noindex/swift-apinotes.build/Debug-watchos/APINotes-t.build/Objects-normal/arm64/Parameter.d -emit-const-values-path /Users/admin/builder/spi-builder-workspace/.derivedData/Build/Intermediates.noindex/swift-apinotes.build/Debug-watchos/APINotes-t.build/Objects-normal/arm64/Parameter.swiftconstvalues -emit-reference-dependencies-path /Users/admin/builder/spi-builder-workspace/.derivedData/Build/Intermediates.noindex/swift-apinotes.build/Debug-watchos/APINotes-t.build/Objects-normal/arm64/Parameter.swiftdeps -serialize-diagnostics-path /Users/admin/builder/spi-builder-workspace/.derivedData/Build/Intermediates.noindex/swift-apinotes.build/Debug-watchos/APINotes-t.build/Objects-normal/arm64/Parameter.dia -emit-dependencies-path /Users/admin/builder/spi-builder-workspace/.derivedData/Build/Intermediates.noindex/swift-apinotes.build/Debug-watchos/APINotes-t.build/Objects-normal/arm64/Variable.d -emit-const-values-path /Users/admin/builder/spi-builder-workspace/.derivedData/Build/Intermediates.noindex/swift-apinotes.build/Debug-watchos/APINotes-t.build/Objects-normal/arm64/Variable.swiftconstvalues -emit-reference-dependencies-path /Users/admin/builder/spi-builder-workspace/.derivedData/Build/Intermediates.noindex/swift-apinotes.build/Debug-watchos/APINotes-t.build/Objects-normal/arm64/Variable.swiftdeps -serialize-diagnostics-path /Users/admin/builder/spi-builder-workspace/.derivedData/Build/Intermediates.noindex/swift-apinotes.build/Debug-watchos/APINotes-t.build/Objects-normal/arm64/Variable.dia -target arm64-apple-watchos9.0 -disable-cross-import-overlay-search -load-resolved-plugin /Applications/Xcode-27.0.0-Release.Candidate.app/Contents/Developer/Platforms/WatchOS.platform/Developer/usr/lib/swift/host/plugins/libFoundationMacros.dylib\#/Applications/Xcode-27.0.0-Release.Candidate.app/Contents/Developer/Platforms/WatchOS.platform/Developer/usr/bin/swift-plugin-server\#FoundationMacros -load-resolved-plugin \#/Users/admin/builder/spi-builder-workspace/.derivedData/Build/Products/Debug/MacroPlugin\#MacroPlugin -load-resolved-plugin /Applications/Xcode-27.0.0-Release.Candidate.app/Contents/Developer/Platforms/WatchOS.platform/Developer/usr/lib/swift/host/plugins/libObservationMacros.dylib\#/Applications/Xcode-27.0.0-Release.Candidate.app/Contents/Developer/Platforms/WatchOS.platform/Developer/usr/bin/swift-plugin-server\#ObservationMacros -load-resolved-plugin /Applications/Xcode-27.0.0-Release.Candidate.app/Contents/Developer/Platforms/WatchOS.platform/Developer/usr/lib/swift/host/plugins/libSwiftMacros.dylib\#/Applications/Xcode-27.0.0-Release.Candidate.app/Contents/Developer/Platforms/WatchOS.platform/Developer/usr/bin/swift-plugin-server\#SwiftMacros -disable-implicit-swift-modules -Xcc -fno-implicit-modules -Xcc -fno-implicit-module-maps -explicit-swift-module-map-file /Users/admin/builder/spi-builder-workspace/.derivedData/Build/Intermediates.noindex/swift-apinotes.build/Debug-watchos/APINotes-t.build/Objects-normal/arm64/APINotes-dependencies-2.json -Xllvm -aarch64-use-tbi -enable-objc-interop -stack-check -sdk /Applications/Xcode-27.0.0-Release.Candidate.app/Contents/Developer/Platforms/WatchOS.platform/Developer/SDKs/WatchOS27.0.sdk -I /Users/admin/builder/spi-builder-workspace/.derivedData/Build/Products/Debug-watchos -Isystem /Applications/Xcode-27.0.0-Release.Candidate.app/Contents/Developer/Platforms/WatchOS.platform/Developer/usr/lib -F /Users/admin/builder/spi-builder-workspace/.derivedData/Build/Products/Debug-watchos/PackageFrameworks -F /Users/admin/builder/spi-builder-workspace/.derivedData/Build/Products/Debug-watchos -F /Applications/Xcode-27.0.0-Release.Candidate.app/Contents/Developer/Platforms/WatchOS.platform/Developer/Library/Frameworks -F /Applications/Xcode-27.0.0-Release.Candidate.app/Contents/Developer/Platforms/WatchOS.platform/Developer/SDKs/WatchOS27.0.sdk/Developer/Library/Frameworks -module-cache-path /Users/admin/builder/spi-builder-workspace/.derivedData/Build/Intermediates.noindex/SwiftExplicitPrecompiledModules -no-color-diagnostics -Xcc -fno-color-diagnostics -enable-testing -g -debug-info-format\=dwarf -dwarf-version\=4 -profile-generate -profile-coverage-mapping -swift-version 5 -Onone -D SWIFT_PACKAGE -D DEBUG -D SWIFT_MODULE_RESOURCE_BUNDLE_UNAVAILABLE -D Xcode -serialize-debugging-options -load-plugin-executable /Users/admin/builder/spi-builder-workspace/.derivedData/Build/Products/Debug/MacroPlugin\#MacroPlugin -enable-experimental-feature DebugDescriptionMacro -empty-abi-descriptor -validate-clang-modules-once -clang-build-session-file /Users/admin/builder/spi-builder-workspace/.derivedData/ModuleCache.noindex/Session.modulevalidation -Xcc -working-directory -Xcc /Users/admin/builder/spi-builder-workspace/.swiftpm/xcode -enable-anonymous-context-mangled-names -file-compilation-dir /Users/admin/builder/spi-builder-workspace/.swiftpm/xcode -Xcc -fmodule-map-file\=/Users/admin/builder/spi-builder-workspace/.dependencies/checkouts/Yams/Sources/CYaml/include/module.modulemap -Xcc -D_LIBCPP_HARDENING_MODE\=_LIBCPP_HARDENING_MODE_DEBUG -Xcc -ivfsstatcache -Xcc /Users/admin/builder/spi-builder-workspace/.derivedData/SDKStatCaches.noindex/watchos27.0-24R360-e829b21a6f8c9b70876ba0858053c04477534ef55a1706bf4c1112bbb242f0a2.sdkstatcache -Xcc -fmodules-prune-interval\=86400 -Xcc -fmodules-prune-after\=345600 -Xcc -I/Users/admin/builder/spi-builder-workspace/.dependencies/checkouts/Yams/Sources/CYaml/include -Xcc -I/Users/admin/builder/spi-builder-workspace/.derivedData/Build/Products/Debug-watchos/include -Xcc -I/Users/admin/builder/spi-builder-workspace/.derivedData/Build/Intermediates.noindex/swift-apinotes.build/Debug-watchos/APINotes-t.build/DerivedSources-normal/arm64 -Xcc -I/Users/admin/builder/spi-builder-workspace/.derivedData/Build/Intermediates.noindex/swift-apinotes.build/Debug-watchos/APINotes-t.build/DerivedSources/arm64 -Xcc -I/Users/admin/builder/spi-builder-workspace/.derivedData/Build/Intermediates.noindex/swift-apinotes.build/Debug-watchos/APINotes-t.build/DerivedSources -Xcc -DSWIFT_PACKAGE -Xcc -DDEBUG\=1 -no-auto-bridging-header-chaining -module-name APINotes -package-name spi_builder_workspace -const-gather-protocols-file /Users/admin/builder/spi-builder-workspace/.derivedData/Build/Intermediates.noindex/swift-apinotes.build/Debug-watchos/APINotes-t.build/Objects-normal/arm64/APINotes_const_extract_protocols.json -disable-clang-spi -clang-target arm64-apple-watchos27.0 -target-sdk-version 27.0 -target-sdk-name watchos27.0 -in-process-plugin-server-path /Applications/Xcode-27.0.0-Release.Candidate.app/Contents/Developer/Toolchains/XcodeDefault.xctoolchain/usr/lib/swift/host/libSwiftInProcPluginServer.dylib -parse-as-library -o /Users/admin/builder/spi-builder-workspace/.derivedData/Build/Intermediates.noindex/swift-apinotes.build/Debug-watchos/APINotes-t.build/Objects-normal/arm64/Parameter.o -o /Users/admin/builder/spi-builder-workspace/.derivedData/Build/Intermediates.noindex/swift-apinotes.build/Debug-watchos/APINotes-t.build/Objects-normal/arm64/Variable.o -debug-module-path /Users/admin/builder/spi-builder-workspace/.derivedData/Build/Intermediates.noindex/swift-apinotes.build/Debug-watchos/APINotes-t.build/Objects-normal/arm64/APINotes.swiftmodule -index-unit-output-path /swift-apinotes.build/Debug-watchos/APINotes-t.build/Objects-normal/arm64/Parameter.o -index-unit-output-path /swift-apinotes.build/Debug-watchos/APINotes-t.build/Objects-normal/arm64/Variable.o -index-store-path /Users/admin/builder/spi-builder-workspace/.derivedData/Index.noindex/DataStore -index-system-modules
Command SwiftCompile failed with a nonzero exit code
SwiftCompile normal arm64 Compiling\ ObjCMemberKind.swift,\ SwiftWrapper.swift /Users/admin/builder/spi-builder-workspace/Sources/APINotes/Enums/ObjCMemberKind.swift /Users/admin/builder/spi-builder-workspace/Sources/APINotes/Enums/SwiftWrapper.swift (in target 'APINotes' from project 'swift-apinotes')
SwiftCompile normal arm64 /Users/admin/builder/spi-builder-workspace/Sources/APINotes/Enums/ObjCMemberKind.swift (in target 'APINotes' from project 'swift-apinotes')
cd /Users/admin/builder/spi-builder-workspace/.swiftpm/xcode
builtin-SwiftPerFileCompile ObjCMemberKind.swift
SwiftCompile normal arm64 /Users/admin/builder/spi-builder-workspace/Sources/APINotes/Enums/SwiftWrapper.swift (in target 'APINotes' from project 'swift-apinotes')
cd /Users/admin/builder/spi-builder-workspace/.swiftpm/xcode
builtin-SwiftPerFileCompile SwiftWrapper.swift
SwiftCompile normal arm64 Compiling\ Module.swift,\ Enumerator.swift /Users/admin/builder/spi-builder-workspace/Sources/APINotes/Module.swift /Users/admin/builder/spi-builder-workspace/Sources/APINotes/TopLevelItems/Enumerator.swift (in target 'APINotes' from project 'swift-apinotes')
dyld[1556]: Symbol not found: _swift_initBorrow
Referenced from: <EE7FF0C4-61FA-3DBB-B7F4-3C1E29BA2CDC> /Users/admin/builder/spi-builder-workspace/.derivedData/Build/Products/Debug/MacroPlugin
Expected in: <83794FB3-DE9B-3D23-AB5E-2C1D5D30F134> /usr/lib/swift/libswiftCore.dylib
/Users/admin/builder/spi-builder-workspace/Sources/APINotes/Module.swift:7:15: error: external macro implementation type 'MacroPlugin.MemberInit' could not be found for macro 'MemberInit()'; '/Users/admin/builder/spi-builder-workspace/.derivedData/Build/Products/Debug/MacroPlugin' produced malformed response
5 | @Codable
6 | @MemberInit
7 | public struct Module {
| `- error: external macro implementation type 'MacroPlugin.MemberInit' could not be found for macro 'MemberInit()'; '/Users/admin/builder/spi-builder-workspace/.derivedData/Build/Products/Debug/MacroPlugin' produced malformed response
8 | /// The name of the module (the framework name, for frameworks).
9 | /// Note that this is always the name of a top-level module, even within a
MetaCodable.MemberInit:2:52: note: 'MemberInit()' declared here
1 | @available(swift 5.9)
2 | @attached(member, names: named(init)) public macro MemberInit() = #externalMacro(module: "MacroPlugin", type: "MemberInit")
| `- note: 'MemberInit()' declared here
/Users/admin/builder/spi-builder-workspace/Sources/APINotes/Module.swift:7:15: error: external macro implementation type 'MacroPlugin.Codable' could not be found for macro 'Codable(commonStrategies:)'; '/Users/admin/builder/spi-builder-workspace/.derivedData/Build/Products/Debug/MacroPlugin' produced malformed response
5 | @Codable
6 | @MemberInit
7 | public struct Module {
| `- error: external macro implementation type 'MacroPlugin.Codable' could not be found for macro 'Codable(commonStrategies:)'; '/Users/admin/builder/spi-builder-workspace/.derivedData/Build/Products/Debug/MacroPlugin' produced malformed response
8 | /// The name of the module (the framework name, for frameworks).
9 | /// Note that this is always the name of a top-level module, even within a
MetaCodable.Codable:2:278: note: 'Codable(commonStrategies:)' declared here
1 | @available(swift 5.9)
2 | @attached(extension, conformances: Decodable, Encodable, names: named(CodingKeys), named(DecodingKeys), named(init(from:)), named(encode(to:))) @attached(member, conformances: Decodable, Encodable, names: named(CodingKeys), named(init(from:)), named(encode(to:))) public macro Codable(commonStrategies: [MetaCodable.CodableCommonStrategy] = []) = #externalMacro(module: "MacroPlugin", type: "Codable")
| `- note: 'Codable(commonStrategies:)' declared here
/Users/admin/builder/spi-builder-workspace/Sources/APINotes/Module.swift:12:16: error: external macro implementation type 'MacroPlugin.CodedAt' could not be found for macro 'CodedAt'; '/Users/admin/builder/spi-builder-workspace/.derivedData/Build/Products/Debug/MacroPlugin' produced malformed response
10 | /// private API notes file.
11 | @CodedAt("Name")
12 | public var name: String
| `- error: external macro implementation type 'MacroPlugin.CodedAt' could not be found for macro 'CodedAt'; '/Users/admin/builder/spi-builder-workspace/.derivedData/Build/Products/Debug/MacroPlugin' produced malformed response
13 |
14 | /// The versioned top level items definitions
MetaCodable.CodedAt:2:30: note: 'CodedAt' declared here
1 | @available(swift 5.9)
2 | @attached(peer) public macro CodedAt(_ path: StaticString...) = #externalMacro(module: "MacroPlugin", type: "CodedAt")
| `- note: 'CodedAt' declared here
/Users/admin/builder/spi-builder-workspace/Sources/APINotes/Module.swift:16:16: error: external macro implementation type 'MacroPlugin.CodedAt' could not be found for macro 'CodedAt'; '/Users/admin/builder/spi-builder-workspace/.derivedData/Build/Products/Debug/MacroPlugin' produced malformed response
14 | /// The versioned top level items definitions
15 | @CodedAt("SwiftVersions")
16 | public var versions: [Version]?
| `- error: external macro implementation type 'MacroPlugin.CodedAt' could not be found for macro 'CodedAt'; '/Users/admin/builder/spi-builder-workspace/.derivedData/Build/Products/Debug/MacroPlugin' produced malformed response
17 |
18 | /// Specifies which platform or language the API is available on
MetaCodable.CodedAt:2:30: note: 'CodedAt' declared here
1 | @available(swift 5.9)
2 | @attached(peer) public macro CodedAt(_ path: StaticString...) = #externalMacro(module: "MacroPlugin", type: "CodedAt")
| `- note: 'CodedAt' declared here
/Users/admin/builder/spi-builder-workspace/Sources/APINotes/Module.swift:20:16: error: external macro implementation type 'MacroPlugin.CodedAt' could not be found for macro 'CodedAt'; '/Users/admin/builder/spi-builder-workspace/.derivedData/Build/Products/Debug/MacroPlugin' produced malformed response
18 | /// Specifies which platform or language the API is available on
19 | @CodedAt("Availability")
20 | public var availability: Availability?
| `- error: external macro implementation type 'MacroPlugin.CodedAt' could not be found for macro 'CodedAt'; '/Users/admin/builder/spi-builder-workspace/.derivedData/Build/Products/Debug/MacroPlugin' produced malformed response
21 |
22 | @CodedAt("AvailabilityMsg")
MetaCodable.CodedAt:2:30: note: 'CodedAt' declared here
1 | @available(swift 5.9)
2 | @attached(peer) public macro CodedAt(_ path: StaticString...) = #externalMacro(module: "MacroPlugin", type: "CodedAt")
| `- note: 'CodedAt' declared here
/Users/admin/builder/spi-builder-workspace/Sources/APINotes/Module.swift:23:16: error: external macro implementation type 'MacroPlugin.CodedAt' could not be found for macro 'CodedAt'; '/Users/admin/builder/spi-builder-workspace/.derivedData/Build/Products/Debug/MacroPlugin' produced malformed response
21 |
22 | @CodedAt("AvailabilityMsg")
23 | public var availabilityMessage: String?
| `- error: external macro implementation type 'MacroPlugin.CodedAt' could not be found for macro 'CodedAt'; '/Users/admin/builder/spi-builder-workspace/.derivedData/Build/Products/Debug/MacroPlugin' produced malformed response
24 |
25 | @CodedAt("SwiftInferImportAsMember")
MetaCodable.CodedAt:2:30: note: 'CodedAt' declared here
1 | @available(swift 5.9)
2 | @attached(peer) public macro CodedAt(_ path: StaticString...) = #externalMacro(module: "MacroPlugin", type: "CodedAt")
| `- note: 'CodedAt' declared here
/Users/admin/builder/spi-builder-workspace/Sources/APINotes/Module.swift:26:16: error: external macro implementation type 'MacroPlugin.CodedAt' could not be found for macro 'CodedAt'; '/Users/admin/builder/spi-builder-workspace/.derivedData/Build/Products/Debug/MacroPlugin' produced malformed response
24 |
25 | @CodedAt("SwiftInferImportAsMember")
26 | public var inferImportAsMember: Bool?
| `- error: external macro implementation type 'MacroPlugin.CodedAt' could not be found for macro 'CodedAt'; '/Users/admin/builder/spi-builder-workspace/.derivedData/Build/Products/Debug/MacroPlugin' produced malformed response
27 |
28 | @CodedAt("Classes")
MetaCodable.CodedAt:2:30: note: 'CodedAt' declared here
1 | @available(swift 5.9)
2 | @attached(peer) public macro CodedAt(_ path: StaticString...) = #externalMacro(module: "MacroPlugin", type: "CodedAt")
| `- note: 'CodedAt' declared here
/Users/admin/builder/spi-builder-workspace/Sources/APINotes/Module.swift:29:16: error: external macro implementation type 'MacroPlugin.CodedAt' could not be found for macro 'CodedAt'; '/Users/admin/builder/spi-builder-workspace/.derivedData/Build/Products/Debug/MacroPlugin' produced malformed response
27 |
28 | @CodedAt("Classes")
29 | public var classes: [ObjCClass]?
| `- error: external macro implementation type 'MacroPlugin.CodedAt' could not be found for macro 'CodedAt'; '/Users/admin/builder/spi-builder-workspace/.derivedData/Build/Products/Debug/MacroPlugin' produced malformed response
30 |
31 | @CodedAt("Protocols")
MetaCodable.CodedAt:2:30: note: 'CodedAt' declared here
1 | @available(swift 5.9)
2 | @attached(peer) public macro CodedAt(_ path: StaticString...) = #externalMacro(module: "MacroPlugin", type: "CodedAt")
| `- note: 'CodedAt' declared here
/Users/admin/builder/spi-builder-workspace/Sources/APINotes/Module.swift:32:16: error: external macro implementation type 'MacroPlugin.CodedAt' could not be found for macro 'CodedAt'; '/Users/admin/builder/spi-builder-workspace/.derivedData/Build/Products/Debug/MacroPlugin' produced malformed response
30 |
31 | @CodedAt("Protocols")
32 | public var protocols: [ObjCProtocol]?
| `- error: external macro implementation type 'MacroPlugin.CodedAt' could not be found for macro 'CodedAt'; '/Users/admin/builder/spi-builder-workspace/.derivedData/Build/Products/Debug/MacroPlugin' produced malformed response
33 |
34 | @CodedAt("Tags")
MetaCodable.CodedAt:2:30: note: 'CodedAt' declared here
1 | @available(swift 5.9)
2 | @attached(peer) public macro CodedAt(_ path: StaticString...) = #externalMacro(module: "MacroPlugin", type: "CodedAt")
| `- note: 'CodedAt' declared here
/Users/admin/builder/spi-builder-workspace/Sources/APINotes/Module.swift:35:16: error: external macro implementation type 'MacroPlugin.CodedAt' could not be found for macro 'CodedAt'; '/Users/admin/builder/spi-builder-workspace/.derivedData/Build/Products/Debug/MacroPlugin' produced malformed response
33 |
34 | @CodedAt("Tags")
35 | public var tags: [Tag]?
| `- error: external macro implementation type 'MacroPlugin.CodedAt' could not be found for macro 'CodedAt'; '/Users/admin/builder/spi-builder-workspace/.derivedData/Build/Products/Debug/MacroPlugin' produced malformed response
36 |
37 | @CodedAt("Typedefs")
MetaCodable.CodedAt:2:30: note: 'CodedAt' declared here
1 | @available(swift 5.9)
2 | @attached(peer) public macro CodedAt(_ path: StaticString...) = #externalMacro(module: "MacroPlugin", type: "CodedAt")
| `- note: 'CodedAt' declared here
/Users/admin/builder/spi-builder-workspace/Sources/APINotes/Module.swift:38:16: error: external macro implementation type 'MacroPlugin.CodedAt' could not be found for macro 'CodedAt'; '/Users/admin/builder/spi-builder-workspace/.derivedData/Build/Products/Debug/MacroPlugin' produced malformed response
36 |
37 | @CodedAt("Typedefs")
38 | public var typedefs: [Typedef]?
| `- error: external macro implementation type 'MacroPlugin.CodedAt' could not be found for macro 'CodedAt'; '/Users/admin/builder/spi-builder-workspace/.derivedData/Build/Products/Debug/MacroPlugin' produced malformed response
39 |
40 | @CodedAt("Globals")
MetaCodable.CodedAt:2:30: note: 'CodedAt' declared here
1 | @available(swift 5.9)
2 | @attached(peer) public macro CodedAt(_ path: StaticString...) = #externalMacro(module: "MacroPlugin", type: "CodedAt")
| `- note: 'CodedAt' declared here
/Users/admin/builder/spi-builder-workspace/Sources/APINotes/Module.swift:41:16: error: external macro implementation type 'MacroPlugin.CodedAt' could not be found for macro 'CodedAt'; '/Users/admin/builder/spi-builder-workspace/.derivedData/Build/Products/Debug/MacroPlugin' produced malformed response
39 |
40 | @CodedAt("Globals")
41 | public var globals: [Variable]?
| `- error: external macro implementation type 'MacroPlugin.CodedAt' could not be found for macro 'CodedAt'; '/Users/admin/builder/spi-builder-workspace/.derivedData/Build/Products/Debug/MacroPlugin' produced malformed response
42 |
43 | @CodedAt("Enumerators")
MetaCodable.CodedAt:2:30: note: 'CodedAt' declared here
1 | @available(swift 5.9)
2 | @attached(peer) public macro CodedAt(_ path: StaticString...) = #externalMacro(module: "MacroPlugin", type: "CodedAt")
| `- note: 'CodedAt' declared here
/Users/admin/builder/spi-builder-workspace/Sources/APINotes/Module.swift:44:16: error: external macro implementation type 'MacroPlugin.CodedAt' could not be found for macro 'CodedAt'; '/Users/admin/builder/spi-builder-workspace/.derivedData/Build/Products/Debug/MacroPlugin' produced malformed response
42 |
43 | @CodedAt("Enumerators")
44 | public var enumerators: [Enumerator]?
| `- error: external macro implementation type 'MacroPlugin.CodedAt' could not be found for macro 'CodedAt'; '/Users/admin/builder/spi-builder-workspace/.derivedData/Build/Products/Debug/MacroPlugin' produced malformed response
45 |
46 | @CodedAt("Functions")
MetaCodable.CodedAt:2:30: note: 'CodedAt' declared here
1 | @available(swift 5.9)
2 | @attached(peer) public macro CodedAt(_ path: StaticString...) = #externalMacro(module: "MacroPlugin", type: "CodedAt")
| `- note: 'CodedAt' declared here
/Users/admin/builder/spi-builder-workspace/Sources/APINotes/Module.swift:47:16: error: external macro implementation type 'MacroPlugin.CodedAt' could not be found for macro 'CodedAt'; '/Users/admin/builder/spi-builder-workspace/.derivedData/Build/Products/Debug/MacroPlugin' produced malformed response
45 |
46 | @CodedAt("Functions")
47 | public var functions: [Function]?
| `- error: external macro implementation type 'MacroPlugin.CodedAt' could not be found for macro 'CodedAt'; '/Users/admin/builder/spi-builder-workspace/.derivedData/Build/Products/Debug/MacroPlugin' produced malformed response
48 |
49 | public init(contentsOf url: URL) throws {
MetaCodable.CodedAt:2:30: note: 'CodedAt' declared here
1 | @available(swift 5.9)
2 | @attached(peer) public macro CodedAt(_ path: StaticString...) = #externalMacro(module: "MacroPlugin", type: "CodedAt")
| `- note: 'CodedAt' declared here
/Users/admin/builder/spi-builder-workspace/Sources/APINotes/Module.swift:7:15: error: external macro implementation type 'MacroPlugin.Codable' could not be found for macro 'Codable(commonStrategies:)'; '/Users/admin/builder/spi-builder-workspace/.derivedData/Build/Products/Debug/MacroPlugin' produced malformed response
5 | @Codable
6 | @MemberInit
7 | public struct Module {
| `- error: external macro implementation type 'MacroPlugin.Codable' could not be found for macro 'Codable(commonStrategies:)'; '/Users/admin/builder/spi-builder-workspace/.derivedData/Build/Products/Debug/MacroPlugin' produced malformed response
8 | /// The name of the module (the framework name, for frameworks).
9 | /// Note that this is always the name of a top-level module, even within a
MetaCodable.Codable:2:278: note: 'Codable(commonStrategies:)' declared here
1 | @available(swift 5.9)
2 | @attached(extension, conformances: Decodable, Encodable, names: named(CodingKeys), named(DecodingKeys), named(init(from:)), named(encode(to:))) @attached(member, conformances: Decodable, Encodable, names: named(CodingKeys), named(init(from:)), named(encode(to:))) public macro Codable(commonStrategies: [MetaCodable.CodableCommonStrategy] = []) = #externalMacro(module: "MacroPlugin", type: "Codable")
| `- note: 'Codable(commonStrategies:)' declared here
/Users/admin/builder/spi-builder-workspace/Sources/APINotes/Version.swift:5:15: error: external macro implementation type 'MacroPlugin.Codable' could not be found for macro 'Codable(commonStrategies:)'; '/Users/admin/builder/spi-builder-workspace/.derivedData/Build/Products/Debug/MacroPlugin' produced malformed response
3 | @Codable
4 | @MemberInit
5 | public struct Version {
| `- error: external macro implementation type 'MacroPlugin.Codable' could not be found for macro 'Codable(commonStrategies:)'; '/Users/admin/builder/spi-builder-workspace/.derivedData/Build/Products/Debug/MacroPlugin' produced malformed response
6 | /// The version number which these attributes apply to
7 | @CodedAt("Version")
MetaCodable.Codable:2:278: note: 'Codable(commonStrategies:)' declared here
1 | @available(swift 5.9)
2 | @attached(extension, conformances: Decodable, Encodable, names: named(CodingKeys), named(DecodingKeys), named(init(from:)), named(encode(to:))) @attached(member, conformances: Decodable, Encodable, names: named(CodingKeys), named(init(from:)), named(encode(to:))) public macro Codable(commonStrategies: [MetaCodable.CodableCommonStrategy] = []) = #externalMacro(module: "MacroPlugin", type: "Codable")
| `- note: 'Codable(commonStrategies:)' declared here
Assertion failed: (isConcrete()), function getConcrete at ProtocolConformanceRef.h:127.
(to display assertion configuration options: -Xllvm -assert-help)
Please submit a bug report (https://swift.org/contributing/#reporting-bugs) and include the crash backtrace.
Stack dump:
0. Program arguments: /Applications/Xcode-27.0.0-Release.Candidate.app/Contents/Developer/Toolchains/XcodeDefault.xctoolchain/usr/bin/swift-frontend -frontend -c /Users/admin/builder/spi-builder-workspace/Sources/APINotes/Common/CommonEntity.swift /Users/admin/builder/spi-builder-workspace/Sources/APINotes/Common/CommonType.swift /Users/admin/builder/spi-builder-workspace/Sources/APINotes/Common/ObjCMethod.swift /Users/admin/builder/spi-builder-workspace/Sources/APINotes/Common/ObjCProperty.swift /Users/admin/builder/spi-builder-workspace/Sources/APINotes/Common/Parameter.swift /Users/admin/builder/spi-builder-workspace/Sources/APINotes/Common/Variable.swift /Users/admin/builder/spi-builder-workspace/Sources/APINotes/Enums/Availability.swift /Users/admin/builder/spi-builder-workspace/Sources/APINotes/Enums/EnumExtensibility.swift /Users/admin/builder/spi-builder-workspace/Sources/APINotes/Enums/EnumKind.swift /Users/admin/builder/spi-builder-workspace/Sources/APINotes/Enums/Nullability.swift /Users/admin/builder/spi-builder-workspace/Sources/APINotes/Enums/ObjCMemberKind.swift /Users/admin/builder/spi-builder-workspace/Sources/APINotes/Enums/SwiftWrapper.swift -primary-file /Users/admin/builder/spi-builder-workspace/Sources/APINotes/Module.swift -primary-file /Users/admin/builder/spi-builder-workspace/Sources/APINotes/TopLevelItems/Enumerator.swift /Users/admin/builder/spi-builder-workspace/Sources/APINotes/TopLevelItems/Function.swift /Users/admin/builder/spi-builder-workspace/Sources/APINotes/TopLevelItems/ObjCContext.swift /Users/admin/builder/spi-builder-workspace/Sources/APINotes/TopLevelItems/Tag.swift /Users/admin/builder/spi-builder-workspace/Sources/APINotes/TopLevelItems/Typedef.swift /Users/admin/builder/spi-builder-workspace/Sources/APINotes/Version.Tuple.swift /Users/admin/builder/spi-builder-workspace/Sources/APINotes/Version.swift -emit-dependencies-path /Users/admin/builder/spi-builder-workspace/.derivedData/Build/Intermediates.noindex/swift-apinotes.build/Debug-watchos/APINotes-t.build/Objects-normal/arm64/Module.d -emit-const-values-path /Users/admin/builder/spi-builder-workspace/.derivedData/Build/Intermediates.noindex/swift-apinotes.build/Debug-watchos/APINotes-t.build/Objects-normal/arm64/Module.swiftconstvalues -emit-reference-dependencies-path /Users/admin/builder/spi-builder-workspace/.derivedData/Build/Intermediates.noindex/swift-apinotes.build/Debug-watchos/APINotes-t.build/Objects-normal/arm64/Module.swiftdeps -serialize-diagnostics-path /Users/admin/builder/spi-builder-workspace/.derivedData/Build/Intermediates.noindex/swift-apinotes.build/Debug-watchos/APINotes-t.build/Objects-normal/arm64/Module.dia -emit-dependencies-path /Users/admin/builder/spi-builder-workspace/.derivedData/Build/Intermediates.noindex/swift-apinotes.build/Debug-watchos/APINotes-t.build/Objects-normal/arm64/Enumerator.d -emit-const-values-path /Users/admin/builder/spi-builder-workspace/.derivedData/Build/Intermediates.noindex/swift-apinotes.build/Debug-watchos/APINotes-t.build/Objects-normal/arm64/Enumerator.swiftconstvalues -emit-reference-dependencies-path /Users/admin/builder/spi-builder-workspace/.derivedData/Build/Intermediates.noindex/swift-apinotes.build/Debug-watchos/APINotes-t.build/Objects-normal/arm64/Enumerator.swiftdeps -serialize-diagnostics-path /Users/admin/builder/spi-builder-workspace/.derivedData/Build/Intermediates.noindex/swift-apinotes.build/Debug-watchos/APINotes-t.build/Objects-normal/arm64/Enumerator.dia -target arm64-apple-watchos9.0 -disable-cross-import-overlay-search -load-resolved-plugin /Applications/Xcode-27.0.0-Release.Candidate.app/Contents/Developer/Platforms/WatchOS.platform/Developer/usr/lib/swift/host/plugins/libFoundationMacros.dylib#/Applications/Xcode-27.0.0-Release.Candidate.app/Contents/Developer/Platforms/WatchOS.platform/Developer/usr/bin/swift-plugin-server#FoundationMacros -load-resolved-plugin #/Users/admin/builder/spi-builder-workspace/.derivedData/Build/Products/Debug/MacroPlugin#MacroPlugin -load-resolved-plugin /Applications/Xcode-27.0.0-Release.Candidate.app/Contents/Developer/Platforms/WatchOS.platform/Developer/usr/lib/swift/host/plugins/libObservationMacros.dylib#/Applications/Xcode-27.0.0-Release.Candidate.app/Contents/Developer/Platforms/WatchOS.platform/Developer/usr/bin/swift-plugin-server#ObservationMacros -load-resolved-plugin /Applications/Xcode-27.0.0-Release.Candidate.app/Contents/Developer/Platforms/WatchOS.platform/Developer/usr/lib/swift/host/plugins/libSwiftMacros.dylib#/Applications/Xcode-27.0.0-Release.Candidate.app/Contents/Developer/Platforms/WatchOS.platform/Developer/usr/bin/swift-plugin-server#SwiftMacros -disable-implicit-swift-modules -Xcc -fno-implicit-modules -Xcc -fno-implicit-module-maps -explicit-swift-module-map-file /Users/admin/builder/spi-builder-workspace/.derivedData/Build/Intermediates.noindex/swift-apinotes.build/Debug-watchos/APINotes-t.build/Objects-normal/arm64/APINotes-dependencies-2.json -Xllvm -aarch64-use-tbi -enable-objc-interop -stack-check -sdk /Applications/Xcode-27.0.0-Release.Candidate.app/Contents/Developer/Platforms/WatchOS.platform/Developer/SDKs/WatchOS27.0.sdk -I /Users/admin/builder/spi-builder-workspace/.derivedData/Build/Products/Debug-watchos -Isystem /Applications/Xcode-27.0.0-Release.Candidate.app/Contents/Developer/Platforms/WatchOS.platform/Developer/usr/lib -F /Users/admin/builder/spi-builder-workspace/.derivedData/Build/Products/Debug-watchos/PackageFrameworks -F /Users/admin/builder/spi-builder-workspace/.derivedData/Build/Products/Debug-watchos -F /Applications/Xcode-27.0.0-Release.Candidate.app/Contents/Developer/Platforms/WatchOS.platform/Developer/Library/Frameworks -F /Applications/Xcode-27.0.0-Release.Candidate.app/Contents/Developer/Platforms/WatchOS.platform/Developer/SDKs/WatchOS27.0.sdk/Developer/Library/Frameworks -module-cache-path /Users/admin/builder/spi-builder-workspace/.derivedData/Build/Intermediates.noindex/SwiftExplicitPrecompiledModules -no-color-diagnostics -Xcc -fno-color-diagnostics -enable-testing -g -debug-info-format=dwarf -dwarf-version=4 -profile-generate -profile-coverage-mapping -swift-version 5 -Onone -D SWIFT_PACKAGE -D DEBUG -D SWIFT_MODULE_RESOURCE_BUNDLE_UNAVAILABLE -D Xcode -serialize-debugging-options -load-plugin-executable /Users/admin/builder/spi-builder-workspace/.derivedData/Build/Products/Debug/MacroPlugin#MacroPlugin -enable-experimental-feature DebugDescriptionMacro -empty-abi-descriptor -validate-clang-modules-once -clang-build-session-file /Users/admin/builder/spi-builder-workspace/.derivedData/ModuleCache.noindex/Session.modulevalidation -Xcc -working-directory -Xcc /Users/admin/builder/spi-builder-workspace/.swiftpm/xcode -enable-anonymous-context-mangled-names -file-compilation-dir /Users/admin/builder/spi-builder-workspace/.swiftpm/xcode -Xcc -fmodule-map-file=/Users/admin/builder/spi-builder-workspace/.dependencies/checkouts/Yams/Sources/CYaml/include/module.modulemap -Xcc -D_LIBCPP_HARDENING_MODE=_LIBCPP_HARDENING_MODE_DEBUG -Xcc -ivfsstatcache -Xcc /Users/admin/builder/spi-builder-workspace/.derivedData/SDKStatCaches.noindex/watchos27.0-24R360-e829b21a6f8c9b70876ba0858053c04477534ef55a1706bf4c1112bbb242f0a2.sdkstatcache -Xcc -fmodules-prune-interval=86400 -Xcc -fmodules-prune-after=345600 -Xcc -I/Users/admin/builder/spi-builder-workspace/.dependencies/checkouts/Yams/Sources/CYaml/include -Xcc -I/Users/admin/builder/spi-builder-workspace/.derivedData/Build/Products/Debug-watchos/include -Xcc -I/Users/admin/builder/spi-builder-workspace/.derivedData/Build/Intermediates.noindex/swift-apinotes.build/Debug-watchos/APINotes-t.build/DerivedSources-normal/arm64 -Xcc -I/Users/admin/builder/spi-builder-workspace/.derivedData/Build/Intermediates.noindex/swift-apinotes.build/Debug-watchos/APINotes-t.build/DerivedSources/arm64 -Xcc -I/Users/admin/builder/spi-builder-workspace/.derivedData/Build/Intermediates.noindex/swift-apinotes.build/Debug-watchos/APINotes-t.build/DerivedSources -Xcc -DSWIFT_PACKAGE -Xcc -DDEBUG=1 -no-auto-bridging-header-chaining -module-name APINotes -package-name spi_builder_workspace -const-gather-protocols-file /Users/admin/builder/spi-builder-workspace/.derivedData/Build/Intermediates.noindex/swift-apinotes.build/Debug-watchos/APINotes-t.build/Objects-normal/arm64/APINotes_const_extract_protocols.json -disable-clang-spi -clang-target arm64-apple-watchos27.0 -target-sdk-version 27.0 -target-sdk-name watchos27.0 -in-process-plugin-server-path /Applications/Xcode-27.0.0-Release.Candidate.app/Contents/Developer/Toolchains/XcodeDefault.xctoolchain/usr/lib/swift/host/libSwiftInProcPluginServer.dylib -parse-as-library -o /Users/admin/builder/spi-builder-workspace/.derivedData/Build/Intermediates.noindex/swift-apinotes.build/Debug-watchos/APINotes-t.build/Objects-normal/arm64/Module.o -o /Users/admin/builder/spi-builder-workspace/.derivedData/Build/Intermediates.noindex/swift-apinotes.build/Debug-watchos/APINotes-t.build/Objects-normal/arm64/Enumerator.o -debug-module-path /Users/admin/builder/spi-builder-workspace/.derivedData/Build/Intermediates.noindex/swift-apinotes.build/Debug-watchos/APINotes-t.build/Objects-normal/arm64/APINotes.swiftmodule -index-unit-output-path /swift-apinotes.build/Debug-watchos/APINotes-t.build/Objects-normal/arm64/Module.o -index-unit-output-path /swift-apinotes.build/Debug-watchos/APINotes-t.build/Objects-normal/arm64/Enumerator.o -index-store-path /Users/admin/builder/spi-builder-workspace/.derivedData/Index.noindex/DataStore -index-system-modules
1. Apple Swift version 6.4 (swiftlang-6.4.0.34.1 clang-2100.3.34.1)
2. Compiling with effective version 5.10
3. While evaluating request TypeCheckPrimaryFileRequest(source_file "/Users/admin/builder/spi-builder-workspace/Sources/APINotes/Module.swift")
4. While type-checking 'Module' (at /Users/admin/builder/spi-builder-workspace/Sources/APINotes/Module.swift:7:8)
5. While type-checking declaration 0x90cf9c500 (at /Users/admin/builder/spi-builder-workspace/Sources/APINotes/Module.swift:29:12)
6. While evaluating request PatternBindingEntryRequest((unknown decl)@/Users/admin/builder/spi-builder-workspace/Sources/APINotes/Module.swift:29:12, 0)
7. While evaluating request PatternTypeRequest((pattern @ 0x90cf9c4e0))
8. While evaluating request ResolveTypeRequest(while resolving type , [ObjCClass]?)
9. While evaluating request LookupConformanceRequest(looking up conformance to Swift.(file).Copyable for ObjCClass)
10. While evaluating request ExpandExtensionMacros(APINotes.(file).ObjCClass@/Users/admin/builder/spi-builder-workspace/Sources/APINotes/TopLevelItems/ObjCContext.swift:35:20)
11. Assertion failed: (isConcrete()), function getConcrete at ProtocolConformanceRef.h:127.
| (to display assertion configuration options: -Xllvm -assert-help)
Stack dump without symbol names (ensure you have llvm-symbolizer in your PATH or set the environment var `LLVM_SYMBOLIZER_PATH` to point to it):
0 swift-frontend 0x0000000107653bd0 llvm::sys::PrintStackTrace(llvm::raw_ostream&, int) + 56
1 swift-frontend 0x0000000107651358 llvm::sys::RunSignalHandlers() + 172
2 swift-frontend 0x00000001076541c8 SignalHandler(int, __siginfo*, void*) + 360
3 libsystem_platform.dylib 0x0000000181795744 _sigtramp + 56
4 libsystem_pthread.dylib 0x000000018178b8d8 pthread_kill + 296
5 libsystem_c.dylib 0x0000000181691978 abort + 148
6 swift-frontend 0x0000000102e02bc4 _ABORT(char const*, int, char const*, llvm::function_ref<void (llvm::raw_ostream&)>) + 0
7 swift-frontend 0x0000000102e02b80 _abortWithMessage(llvm::StringRef) + 0
8
SwiftCompile normal arm64 /Users/admin/builder/spi-builder-workspace/Sources/APINotes/Module.swift (in target 'APINotes' from project 'swift-apinotes')
cd /Users/admin/builder/spi-builder-workspace/.swiftpm/xcode
builtin-SwiftPerFileCompile Module.swift
SwiftCompile normal arm64 /Users/admin/builder/spi-builder-workspace/Sources/APINotes/TopLevelItems/Enumerator.swift (in target 'APINotes' from project 'swift-apinotes')
cd /Users/admin/builder/spi-builder-workspace/.swiftpm/xcode
builtin-SwiftPerFileCompile Enumerator.swift
SwiftCompile normal arm64 Compiling\ Tag.swift,\ Typedef.swift /Users/admin/builder/spi-builder-workspace/Sources/APINotes/TopLevelItems/Tag.swift /Users/admin/builder/spi-builder-workspace/Sources/APINotes/TopLevelItems/Typedef.swift (in target 'APINotes' from project 'swift-apinotes')
dyld[1555]: Symbol not found: _swift_initBorrow
Referenced from: <EE7FF0C4-61FA-3DBB-B7F4-3C1E29BA2CDC> /Users/admin/builder/spi-builder-workspace/.derivedData/Build/Products/Debug/MacroPlugin
Expected in: <83794FB3-DE9B-3D23-AB5E-2C1D5D30F134> /usr/lib/swift/libswiftCore.dylib
Assertion failed: (isConcrete()), function getConcrete at ProtocolConformanceRef.h:127.
(to display assertion configuration options: -Xllvm -assert-help)
Please submit a bug report (https://swift.org/contributing/#reporting-bugs) and include the crash backtrace.
Stack dump:
0. Program arguments: /Applications/Xcode-27.0.0-Release.Candidate.app/Contents/Developer/Toolchains/XcodeDefault.xctoolchain/usr/bin/swift-frontend -frontend -c /Users/admin/builder/spi-builder-workspace/Sources/APINotes/Common/CommonEntity.swift /Users/admin/builder/spi-builder-workspace/Sources/APINotes/Common/CommonType.swift /Users/admin/builder/spi-builder-workspace/Sources/APINotes/Common/ObjCMethod.swift /Users/admin/builder/spi-builder-workspace/Sources/APINotes/Common/ObjCProperty.swift /Users/admin/builder/spi-builder-workspace/Sources/APINotes/Common/Parameter.swift /Users/admin/builder/spi-builder-workspace/Sources/APINotes/Common/Variable.swift /Users/admin/builder/spi-builder-workspace/Sources/APINotes/Enums/Availability.swift /Users/admin/builder/spi-builder-workspace/Sources/APINotes/Enums/EnumExtensibility.swift /Users/admin/builder/spi-builder-workspace/Sources/APINotes/Enums/EnumKind.swift /Users/admin/builder/spi-builder-workspace/Sources/APINotes/Enums/Nullability.swift /Users/admin/builder/spi-builder-workspace/Sources/APINotes/Enums/ObjCMemberKind.swift /Users/admin/builder/spi-builder-workspace/Sources/APINotes/Enums/SwiftWrapper.swift /Users/admin/builder/spi-builder-workspace/Sources/APINotes/Module.swift /Users/admin/builder/spi-builder-workspace/Sources/APINotes/TopLevelItems/Enumerator.swift /Users/admin/builder/spi-builder-workspace/Sources/APINotes/TopLevelItems/Function.swift /Users/admin/builder/spi-builder-workspace/Sources/APINotes/TopLevelItems/ObjCContext.swift -primary-file /Users/admin/builder/spi-builder-workspace/Sources/APINotes/TopLevelItems/Tag.swift -primary-file /Users/admin/builder/spi-builder-workspace/Sources/APINotes/TopLevelItems/Typedef.swift /Users/admin/builder/spi-builder-workspace/Sources/APINotes/Version.Tuple.swift /Users/admin/builder/spi-builder-workspace/Sources/APINotes/Version.swift -emit-dependencies-path /Users/admin/builder/spi-builder-workspace/.derivedData/Build/Intermediates.noindex/swift-apinotes.build/Debug-watchos/APINotes-t.build/Objects-normal/arm64/Tag.d -emit-const-values-path /Users/admin/builder/spi-builder-workspace/.derivedData/Build/Intermediates.noindex/swift-apinotes.build/Debug-watchos/APINotes-t.build/Objects-normal/arm64/Tag.swiftconstvalues -emit-reference-dependencies-path /Users/admin/builder/spi-builder-workspace/.derivedData/Build/Intermediates.noindex/swift-apinotes.build/Debug-watchos/APINotes-t.build/Objects-normal/arm64/Tag.swiftdeps -serialize-diagnostics-path /Users/admin/builder/spi-builder-workspace/.derivedData/Build/Intermediates.noindex/swift-apinotes.build/Debug-watchos/APINotes-t.build/Objects-normal/arm64/Tag.dia -emit-dependencies-path /Users/admin/builder/spi-builder-workspace/.derivedData/Build/Intermediates.noindex/swift-apinotes.build/Debug-watchos/APINotes-t.build/Objects-normal/arm64/Typedef.d -emit-const-values-path /Users/admin/builder/spi-builder-workspace/.derivedData/Build/Intermediates.noindex/swift-apinotes.build/Debug-watchos/APINotes-t.build/Objects-normal/arm64/Typedef.swiftconstvalues -emit-reference-dependencies-path /Users/admin/builder/spi-builder-workspace/.derivedData/Build/Intermediates.noindex/swift-apinotes.build/Debug-watchos/APINotes-t.build/Objects-normal/arm64/Typedef.swiftdeps -serialize-diagnostics-path /Users/admin/builder/spi-builder-workspace/.derivedData/Build/Intermediates.noindex/swift-apinotes.build/Debug-watchos/APINotes-t.build/Objects-normal/arm64/Typedef.dia -target arm64-apple-watchos9.0 -disable-cross-import-overlay-search -load-resolved-plugin /Applications/Xcode-27.0.0-Release.Candidate.app/Contents/Developer/Platforms/WatchOS.platform/Developer/usr/lib/swift/host/plugins/libFoundationMacros.dylib#/Applications/Xcode-27.0.0-Release.Candidate.app/Contents/Developer/Platforms/WatchOS.platform/Developer/usr/bin/swift-plugin-server#FoundationMacros -load-resolved-plugin #/Users/admin/builder/spi-builder-workspace/.derivedData/Build/Products/Debug/MacroPlugin#MacroPlugin -load-resolved-plugin /Applications/Xcode-27.0.0-Release.Candidate.app/Contents/Developer/Platforms/WatchOS.platform/Developer/usr/lib/swift/host/plugins/libObservationMacros.dylib#/Applications/Xcode-27.0.0-Release.Candidate.app/Contents/Developer/Platforms/WatchOS.platform/Developer/usr/bin/swift-plugin-server#ObservationMacros -load-resolved-plugin /Applications/Xcode-27.0.0-Release.Candidate.app/Contents/Developer/Platforms/WatchOS.platform/Developer/usr/lib/swift/host/plugins/libSwiftMacros.dylib#/Applications/Xcode-27.0.0-Release.Candidate.app/Contents/Developer/Platforms/WatchOS.platform/Developer/usr/bin/swift-plugin-server#SwiftMacros -disable-implicit-swift-modules -Xcc -fno-implicit-modules -Xcc -fno-implicit-module-maps -explicit-swift-module-map-file /Users/admin/builder/spi-builder-workspace/.derivedData/Build/Intermediates.noindex/swift-apinotes.build/Debug-watchos/APINotes-t.build/Objects-normal/arm64/APINotes-dependencies-2.json -Xllvm -aarch64-use-tbi -enable-objc-interop -stack-check -sdk /Applications/Xcode-27.0.0-Release.Candidate.app/Contents/Developer/Platforms/WatchOS.platform/Developer/SDKs/WatchOS27.0.sdk -I /Users/admin/builder/spi-builder-workspace/.derivedData/Build/Products/Debug-watchos -Isystem /Applications/Xcode-27.0.0-Release.Candidate.app/Contents/Developer/Platforms/WatchOS.platform/Developer/usr/lib -F /Users/admin/builder/spi-builder-workspace/.derivedData/Build/Products/Debug-watchos/PackageFrameworks -F /Users/admin/builder/spi-builder-workspace/.derivedData/Build/Products/Debug-watchos -F /Applications/Xcode-27.0.0-Release.Candidate.app/Contents/Developer/Platforms/WatchOS.platform/Developer/Library/Frameworks -F /Applications/Xcode-27.0.0-Release.Candidate.app/Contents/Developer/Platforms/WatchOS.platform/Developer/SDKs/WatchOS27.0.sdk/Developer/Library/Frameworks -module-cache-path /Users/admin/builder/spi-builder-workspace/.derivedData/Build/Intermediates.noindex/SwiftExplicitPrecompiledModules -no-color-diagnostics -Xcc -fno-color-diagnostics -enable-testing -g -debug-info-format=dwarf -dwarf-version=4 -profile-generate -profile-coverage-mapping -swift-version 5 -Onone -D SWIFT_PACKAGE -D DEBUG -D SWIFT_MODULE_RESOURCE_BUNDLE_UNAVAILABLE -D Xcode -serialize-debugging-options -load-plugin-executable /Users/admin/builder/spi-builder-workspace/.derivedData/Build/Products/Debug/MacroPlugin#MacroPlugin -enable-experimental-feature DebugDescriptionMacro -empty-abi-descriptor -validate-clang-modules-once -clang-build-session-file /Users/admin/builder/spi-builder-workspace/.derivedData/ModuleCache.noindex/Session.modulevalidation -Xcc -working-directory -Xcc /Users/admin/builder/spi-builder-workspace/.swiftpm/xcode -enable-anonymous-context-mangled-names -file-compilation-dir /Users/admin/builder/spi-builder-workspace/.swiftpm/xcode -Xcc -fmodule-map-file=/Users/admin/builder/spi-builder-workspace/.dependencies/checkouts/Yams/Sources/CYaml/include/module.modulemap -Xcc -D_LIBCPP_HARDENING_MODE=_LIBCPP_HARDENING_MODE_DEBUG -Xcc -ivfsstatcache -Xcc /Users/admin/builder/spi-builder-workspace/.derivedData/SDKStatCaches.noindex/watchos27.0-24R360-e829b21a6f8c9b70876ba0858053c04477534ef55a1706bf4c1112bbb242f0a2.sdkstatcache -Xcc -fmodules-prune-interval=86400 -Xcc -fmodules-prune-after=345600 -Xcc -I/Users/admin/builder/spi-builder-workspace/.dependencies/checkouts/Yams/Sources/CYaml/include -Xcc -I/Users/admin/builder/spi-builder-workspace/.derivedData/Build/Products/Debug-watchos/include -Xcc -I/Users/admin/builder/spi-builder-workspace/.derivedData/Build/Intermediates.noindex/swift-apinotes.build/Debug-watchos/APINotes-t.build/DerivedSources-normal/arm64 -Xcc -I/Users/admin/builder/spi-builder-workspace/.derivedData/Build/Intermediates.noindex/swift-apinotes.build/Debug-watchos/APINotes-t.build/DerivedSources/arm64 -Xcc -I/Users/admin/builder/spi-builder-workspace/.derivedData/Build/Intermediates.noindex/swift-apinotes.build/Debug-watchos/APINotes-t.build/DerivedSources -Xcc -DSWIFT_PACKAGE -Xcc -DDEBUG=1 -no-auto-bridging-header-chaining -module-name APINotes -package-name spi_builder_workspace -const-gather-protocols-file /Users/admin/builder/spi-builder-workspace/.derivedData/Build/Intermediates.noindex/swift-apinotes.build/Debug-watchos/APINotes-t.build/Objects-normal/arm64/APINotes_const_extract_protocols.json -disable-clang-spi -clang-target arm64-apple-watchos27.0 -target-sdk-version 27.0 -target-sdk-name watchos27.0 -in-process-plugin-server-path /Applications/Xcode-27.0.0-Release.Candidate.app/Contents/Developer/Toolchains/XcodeDefault.xctoolchain/usr/lib/swift/host/libSwiftInProcPluginServer.dylib -parse-as-library -o /Users/admin/builder/spi-builder-workspace/.derivedData/Build/Intermediates.noindex/swift-apinotes.build/Debug-watchos/APINotes-t.build/Objects-normal/arm64/Tag.o -o /Users/admin/builder/spi-builder-workspace/.derivedData/Build/Intermediates.noindex/swift-apinotes.build/Debug-watchos/APINotes-t.build/Objects-normal/arm64/Typedef.o -debug-module-path /Users/admin/builder/spi-builder-workspace/.derivedData/Build/Intermediates.noindex/swift-apinotes.build/Debug-watchos/APINotes-t.build/Objects-normal/arm64/APINotes.swiftmodule -index-unit-output-path /swift-apinotes.build/Debug-watchos/APINotes-t.build/Objects-normal/arm64/Tag.o -index-unit-output-path /swift-apinotes.build/Debug-watchos/APINotes-t.build/Objects-normal/arm64/Typedef.o -index-store-path /Users/admin/builder/spi-builder-workspace/.derivedData/Index.noindex/DataStore -index-system-modules
1. Apple Swift version 6.4 (swiftlang-6.4.0.34.1 clang-2100.3.34.1)
2. Compiling with effective version 5.10
3. While evaluating request TypeCheckPrimaryFileRequest(source_file "/Users/admin/builder/spi-builder-workspace/Sources/APINotes/TopLevelItems/Tag.swift")
4. While type-checking 'Tag' (at /Users/admin/builder/spi-builder-workspace/Sources/APINotes/TopLevelItems/Tag.swift:5:14)
5. While evaluating request StoredPropertiesRequest(APINotes.(file).Tag@/Users/admin/builder/spi-builder-workspace/Sources/APINotes/TopLevelItems/Tag.swift:5:20)
6. While evaluating request ExpandSynthesizedMemberMacroRequest(APINotes.(file).Tag@/Users/admin/builder/spi-builder-workspace/Sources/APINotes/TopLevelItems/Tag.swift:5:20)
7. Assertion failed: (isConcrete()), function getConcrete at ProtocolConformanceRef.h:127.
| (to display assertion configuration options: -Xllvm -assert-help)
Stack dump without symbol names (ensure you have llvm-symbolizer in your PATH or set the environment var `LLVM_SYMBOLIZER_PATH` to point to it):
0 swift-frontend 0x000000010b1f3bd0 llvm::sys::PrintStackTrace(llvm::raw_ostream&, int) + 56
1 swift-frontend 0x000000010b1f1358 llvm::sys::RunSignalHandlers() + 172
2 swift-frontend 0x000000010b1f41c8 SignalHandler(int, __siginfo*, void*) + 360
3 libsystem_platform.dylib 0x0000000181795744 _sigtramp + 56
4 libsystem_pthread.dylib 0x000000018178b8d8 pthread_kill + 296
5 libsystem_c.dylib 0x0000000181691978 abort + 148
6 swift-frontend 0x00000001069a2bc4 _ABORT(char const*, int, char const*, llvm::function_ref<void (llvm::raw_ostream&)>) + 0
7 swift-frontend 0x00000001069a2b80 _abortWithMessage(llvm::StringRef) + 0
8 swift-frontend 0x000000010667fcf8 swift::ConformanceLookupTable::getConformance(swift::NominalTypeDecl*, swift::ConformanceLookupTable::ConformanceEntry*) + 2004
9 swift-frontend 0x000000010667ff78 swift::ConformanceLookupTable::lookupConformance(swift::NominalTypeDecl*, swift::ProtocolDecl*, llvm::SmallVectorImpl<swift::ProtocolConformance*>&) + 520
10 swift-frontend 0x0000000106283aac getIntroducedConformances(swift::NominalTypeDecl*, swift::MacroRole, swift::MacroDecl*, llvm::SmallVectorImpl<swift::ProtocolDecl*>*) + 168
11 swift-frontend 0x0000000106291bd4 void llvm::function_ref<void (swift::CustomAttr*, swift::MacroDecl*)>::callback_fn<swift::ExpandSynthesizedMemberMacroRequest::evaluate(swift::Evaluator&, swift::Decl*) const::$_0>(long, swift::CustomAttr*, swift::MacroDecl*) + 120
12 swift-frontend 0x0000000106683e7c swift::Decl::forEachAttachedMacro(swift::MacroRole, llvm::function_ref<void (swift::CustomAttr*, swift::MacroDecl*)>) const + 180
13 swift-frontend 0x0000000106280fa8 swift::ExpandSynthesizedMemberMacroRequest::evaluate(swift::Evaluator&, swift::Decl*) const + 84
14 swift-frontend 0x00000001061fa708 swift::ExpandSynthesizedMemberMacroRequest::OutputType swift::Evaluator::getResultUncached<swift::ExpandSynthesizedMemberMacroRequest, swift::ExpandSynthesizedMemberMacroRequest::OutputType swift::evaluateOrDefault<swift::ExpandSynthesizedMemberMacroRequest>(swift::Evaluator&, swift::ExpandSynthesizedMemberMacroRequest, swift::ExpandSynthesizedMemberMacroRequest::OutputType)::'lambda'()>(swift::ExpandSynthesizedMemberMacroRequest const&, swift::ExpandSynthesizedMemberMacroRequest::OutputType swift::evaluateOrDefault<swift::ExpandSynthesizedMemberMacroRequest>(swift::Evaluator&, swift::ExpandSynthesizedMemberMacroRequest, swift::ExpandSynthesizedMemberMacroRequest::OutputType)::'lambda'()) + 436
15 swift-frontend 0x00000001061fa4b8 swift::ExpandSynthesizedMemberMacroRequest::OutputType swift::Evaluator::getResultCached<swift::ExpandSynthesizedMemberMacroRequest, swift::ExpandSynthesizedMemberMacroRequest::OutputType swift::evaluateOrDefault<swift::ExpandSynthesizedMemberMacroRequest>(swift::Evaluator&, swift::ExpandSynthesizedMemberMacroRequest, swift::ExpandSynthesizedMemberMacroRequest::OutputType)::'lambda'(), (void*)0>(swift::ExpandSynthesizedMemberMacroRequest const&, swift::ExpandSynthesizedMemberMacroRequest::OutputType swift::evaluateOrDefault<swift::ExpandSynthesizedMemberMacroRequest>(swift::Evaluator&, swift::ExpandSynthesizedMemberMacroRequest, swift::ExpandSynthesizedMemberMacroRequest::OutputType)::'lambda'()) + 324
16 swift-frontend 0x00000001062f9d24 computeLoweredProperties(swift::NominalTypeDecl*, swift::IterableDeclContext*, (anonymous namespace)::LoweredPropertiesReason) + 156
17 swift-frontend 0x00000001062f9064 swift::StoredPropertiesRequest::evaluate(swift::Evaluator&, swift::NominalTypeDecl*) const + 360
18 swift-frontend 0x00000001066f3644 swift::StoredPropertiesRequest::OutputType swift::Evaluator::getResultCached<swift::StoredPropertiesRequest, swift::StoredPropertiesRequest::OutputType swift::evaluateOrDefault<swift::StoredPropertiesRequest>(swift::Evaluator&, swift::StoredPropertiesRequest, swift::StoredPropertiesRequest::OutputType)::'lambda'(), (void*)0>(swift::StoredPropertiesRequest const&, swift::StoredPropertiesRequest::OutputType swift::evaluateOrDefault<swift::StoredPropertiesRequest>(swift::Evaluator&, swift::StoredPropertiesRequest, swift::StoredPropertiesRequest::OutputType)::'lambda'()) + 1252
19 swift-frontend 0x000000010623fdc4 (anonymous namespace)::DeclChecker::visitClassDecl(swift::ClassDecl*) + 1276
20 swift-frontend 0x0000000106236e58 (anonymous namespace)::DeclChecker::visit(swift::Decl*) + 2380
21 swift-frontend 0x000000010634626c swift::TypeCheckPrimaryFileRequest::evaluate(swift::Evaluator&, swift::SourceFile*) const + 776
22 swift-frontend 0x000000010634f244 swift::TypeCheckPrimaryFileRequest::OutputType swift::Evaluator::getResultUncached<swift::TypeCheckPrimaryFileRequest, swift::TypeCheckPrimaryFileRequest::OutputType swift::evaluateOrDefault<swift::TypeCheckPrimaryFileRequest>(swift::Evaluator&, swift::TypeCheckPrimaryFileRequest, swift::TypeCheckPrimaryFileRequest::OutputType)::'lambda'()>(swift::TypeCheckPrimaryFileRequest const&, swift::TypeCheckPrimaryFileRequest::OutputType swift::evaluateOrDefault<swift::TypeCheckPrimaryFileRequest>(swift::Evaluator&, swift::TypeCheckPrimaryFileRequest, swift::TypeCheckPrimaryFileRequest::OutputType)::'lambda'()) + 648
23 swift-frontend 0x000000010634efa8 swift::TypeCheckPrimaryFileRequest::OutputType swift::Evaluator::getResultCached<swift::TypeCheckPrimaryFileRequest, swift::TypeCheckPrimaryFileRequest::OutputType swift::evaluateOrDefault<swift::TypeCheckPrimaryFileRequest>(swift::Evaluator&, swift::TypeCheckPrimaryFileRequest, swift::TypeCheckPrimaryFileRequest::OutputType)::'lambda'(), (void*)0>(swift::TypeCheckPrimaryFileRequest const&, swift::TypeCheckPrimaryFileRequest::OutputType swift::evaluateOrDefault<swift::TypeCheckPrimaryFileRequest>(swift::Evaluator&, swift::TypeCheckPrimaryFileRequest, swift::TypeCheckPrimaryFileRequest::OutputType)::'lambda'()) + 184
24 swift-frontend 0x00000001051481a4 bool llvm::function_ref<bool (swift::SourceFile&)>::callback_fn<swift::CompilerInstance::performSema()::$_0>(long, swift::SourceFile&) + 116
25 swift-frontend 0x000000010514111c swift::CompilerInstance::forEachFileToTypeCheck(llvm::function_ref<bool (swift::SourceFile&)>) + 176
26 swift-frontend 0x000000010514103c swift::CompilerInstance::performSema() + 456
27 swift-frontend 0x0000000104d08918 performCompile(swift::CompilerInstance&, int&, swift::FrontendObserver*, llvm::ArrayRef<char const*>) + 556
28 swift-frontend 0x0000000104d05dc4 swift::performFrontend(llvm::ArrayRef<char const*>, char const*, void*, swift::FrontendObserver*) + 3776
29 swift-frontend 0x0000000104c85008 swift::mainEntry(int, char const**) + 5600
30 dyld 0x00000001813c04e4 start + 6992
Failed frontend command:
/Applications/Xcode-27.0.0-Release.Candidate.app/Contents/Developer/Toolchains/XcodeDefault.xctoolchain/usr/bin/swift-frontend -frontend -c /Users/admin/builder/spi-builder-workspace/Sources/APINotes/Common/CommonEntity.swift /Users/admin/builder/spi-builder-workspace/Sources/APINotes/Common/CommonType.swift /Users/admin/builder/spi-builder-workspace/Sources/APINotes/Common/ObjCMethod.swift /Users/admin/builder/spi-builder-workspace/Sources/APINotes/Common/ObjCProperty.swift /Users/admin/builder/spi-builder-workspace/Sources/APINotes/Common/Parameter.swift /Users/admin/builder/spi-builder-workspace/Sources/APINotes/Common/Variable.swift /Users/admin/builder/spi-builder-workspace/Sources/APINotes/Enums/Availability.swift /Users/admin/builder/spi-builder-workspace/Sources/APINotes/Enums/EnumExtensibility.swift /Users/admin/builder/spi-builder-workspace/Sources/APINotes/Enums/EnumKind.swift /Users/admin/builder/spi-builder-workspace/Sources/APINotes/Enums/Nullability.swift /Users/admin/builder/spi-builder-workspace/Sources/APINotes/Enums/ObjCMemberKind.swift /Users/admin/builder/spi-builder-workspace/Sources/APINotes/Enums/SwiftWrapper.swift /Users/admin/builder/spi-builder-workspace/Sources/APINotes/Module.swift /Users/admin/builder/spi-builder-workspace/Sources/APINotes/TopLevelItems/Enumerator.swift /Users/admin/builder/spi-builder-workspace/Sources/APINotes/TopLevelItems/Function.swift /Users/admin/builder/spi-builder-workspace/Sources/APINotes/TopLevelItems/ObjCContext.swift -primary-file /Users/admin/builder/spi-builder-workspace/Sources/APINotes/TopLevelItems/Tag.swift -primary-file /Users/admin/builder/spi-builder-workspace/Sources/APINotes/TopLevelItems/Typedef.swift /Users/admin/builder/spi-builder-workspace/Sources/APINotes/Version.Tuple.swift /Users/admin/builder/spi-builder-workspace/Sources/APINotes/Version.swift -emit-dependencies-path /Users/admin/builder/spi-builder-workspace/.derivedData/Build/Intermediates.noindex/swift-apinotes.build/Debug-watchos/APINotes-t.build/Objects-normal/arm64/Tag.d -emit-const-values-path /Users/admin/builder/spi-builder-workspace/.derivedData/Build/Intermediates.noindex/swift-apinotes.build/Debug-watchos/APINotes-t.build/Objects-normal/arm64/Tag.swiftconstvalues -emit-reference-dependencies-path /Users/admin/builder/spi-builder-workspace/.derivedData/Build/Intermediates.noindex/swift-apinotes.build/Debug-watchos/APINotes-t.build/Objects-normal/arm64/Tag.swiftdeps -serialize-diagnostics-path /Users/admin/builder/spi-builder-workspace/.derivedData/Build/Intermediates.noindex/swift-apinotes.build/Debug-watchos/APINotes-t.build/Objects-normal/arm64/Tag.dia -emit-dependencies-path /Users/admin/builder/spi-builder-workspace/.derivedData/Build/Intermediates.noindex/swift-apinotes.build/Debug-watchos/APINotes-t.build/Objects-normal/arm64/Typedef.d -emit-const-values-path /Users/admin/builder/spi-builder-workspace/.derivedData/Build/Intermediates.noindex/swift-apinotes.build/Debug-watchos/APINotes-t.build/Objects-normal/arm64/Typedef.swiftconstvalues -emit-reference-dependencies-path /Users/admin/builder/spi-builder-workspace/.derivedData/Build/Intermediates.noindex/swift-apinotes.build/Debug-watchos/APINotes-t.build/Objects-normal/arm64/Typedef.swiftdeps -serialize-diagnostics-path /Users/admin/builder/spi-builder-workspace/.derivedData/Build/Intermediates.noindex/swift-apinotes.build/Debug-watchos/APINotes-t.build/Objects-normal/arm64/Typedef.dia -target arm64-apple-watchos9.0 -disable-cross-import-overlay-search -load-resolved-plugin /Applications/Xcode-27.0.0-Release.Candidate.app/Contents/Developer/Platforms/WatchOS.platform/Developer/usr/lib/swift/host/plugins/libFoundationMacros.dylib\#/Applications/Xcode-27.0.0-Release.Candidate.app/Contents/Developer/Platforms/WatchOS.platform/Developer/usr/bin/swift-plugin-server\#FoundationMacros -load-resolved-plugin \#/Users/admin/builder/spi-builder-workspace/.derivedData/Build/Products/Debug/MacroPlugin\#MacroPlugin -load-resolved-plugin /Applications/Xcode-27.0.0-Release.Candidate.app/Contents/Developer/Platforms/WatchOS.platform/Developer/usr/lib/swift/host/plugins/libObservationMacros.dylib\#/Applications/Xcode-27.0.0-Release.Candidate.app/Contents/Developer/Platforms/WatchOS.platform/Developer/usr/bin/swift-plugin-server\#ObservationMacros -load-resolved-plugin /Applications/Xcode-27.0.0-Release.Candidate.app/Contents/Developer/Platforms/WatchOS.platform/Developer/usr/lib/swift/host/plugins/libSwiftMacros.dylib\#/Applications/Xcode-27.0.0-Release.Candidate.app/Contents/Developer/Platforms/WatchOS.platform/Developer/usr/bin/swift-plugin-server\#SwiftMacros -disable-implicit-swift-modules -Xcc -fno-implicit-modules -Xcc -fno-implicit-module-maps -explicit-swift-module-map-file /Users/admin/builder/spi-builder-workspace/.derivedData/Build/Intermediates.noindex/swift-apinotes.build/Debug-watchos/APINotes-t.build/Objects-normal/arm64/APINotes-dependencies-2.json -Xllvm -aarch64-use-tbi -enable-objc-interop -stack-check -sdk /Applications/Xcode-27.0.0-Release.Candidate.app/Contents/Developer/Platforms/WatchOS.platform/Developer/SDKs/WatchOS27.0.sdk -I /Users/admin/builder/spi-builder-workspace/.derivedData/Build/Products/Debug-watchos -Isystem /Applications/Xcode-27.0.0-Release.Candidate.app/Contents/Developer/Platforms/WatchOS.platform/Developer/usr/lib -F /Users/admin/builder/spi-builder-workspace/.derivedData/Build/Products/Debug-watchos/PackageFrameworks -F /Users/admin/builder/spi-builder-workspace/.derivedData/Build/Products/Debug-watchos -F /Applications/Xcode-27.0.0-Release.Candidate.app/Contents/Developer/Platforms/WatchOS.platform/Developer/Library/Frameworks -F /Applications/Xcode-27.0.0-Release.Candidate.app/Contents/Developer/Platforms/WatchOS.platform/Developer/SDKs/WatchOS27.0.sdk/Developer/Library/Frameworks -module-cache-path /Users/admin/builder/spi-builder-workspace/.derivedData/Build/Intermediates.noindex/SwiftExplicitPrecompiledModules -no-color-diagnostics -Xcc -fno-color-diagnostics -enable-testing -g -debug-info-format\=dwarf -dwarf-version\=4 -profile-generate -profile-coverage-mapping -swift-version 5 -Onone -D SWIFT_PACKAGE -D DEBUG -D SWIFT_MODULE_RESOURCE_BUNDLE_UNAVAILABLE -D Xcode -serialize-debugging-options -load-plugin-executable /Users/admin/builder/spi-builder-workspace/.derivedData/Build/Products/Debug/MacroPlugin\#MacroPlugin -enable-experimental-feature DebugDescriptionMacro -empty-abi-descriptor -validate-clang-modules-once -clang-build-session-file /Users/admin/builder/spi-builder-workspace/.derivedData/ModuleCache.noindex/Session.modulevalidation -Xcc -working-directory -Xcc /Users/admin/builder/spi-builder-workspace/.swiftpm/xcode -enable-anonymous-context-mangled-names -file-compilation-dir /Users/admin/builder/spi-builder-workspace/.swiftpm/xcode -Xcc -fmodule-map-file\=/Users/admin/builder/spi-builder-workspace/.dependencies/checkouts/Yams/Sources/CYaml/include/module.modulemap -Xcc -D_LIBCPP_HARDENING_MODE\=_LIBCPP_HARDENING_MODE_DEBUG -Xcc -ivfsstatcache -Xcc /Users/admin/builder/spi-builder-workspace/.derivedData/SDKStatCaches.noindex/watchos27.0-24R360-e829b21a6f8c9b70876ba0858053c04477534ef55a1706bf4c1112bbb242f0a2.sdkstatcache -Xcc -fmodules-prune-interval\=86400 -Xcc -fmodules-prune-after\=345600 -Xcc -I/Users/admin/builder/spi-builder-workspace/.dependencies/checkouts/Yams/Sources/CYaml/include -Xcc -I/Users/admin/builder/spi-builder-workspace/.derivedData/Build/Products/Debug-watchos/include -Xcc -I/Users/admin/builder/spi-builder-workspace/.derivedData/Build/Intermediates.noindex/swift-apinotes.build/Debug-watchos/APINotes-t.build/DerivedSources-normal/arm64 -Xcc -I/Users/admin/builder/spi-builder-workspace/.derivedData/Build/Intermediates.noindex/swift-apinotes.build/Debug-watchos/APINotes-t.build/DerivedSources/arm64 -Xcc -I/Users/admin/builder/spi-builder-workspace/.derivedData/Build/Intermediates.noindex/swift-apinotes.build/Debug-watchos/APINotes-t.build/DerivedSources -Xcc -DSWIFT_PACKAGE -Xcc -DDEBUG\=1 -no-auto-bridging-header-chaining -module-name APINotes -package-name spi_builder_workspace -const-gather-protocols-file /Users/admin/builder/spi-builder-workspace/.derivedData/Build/Intermediates.noindex/swift-apinotes.build/Debug-watchos/APINotes-t.build/Objects-normal/arm64/APINotes_const_extract_protocols.json -disable-clang-spi -clang-target arm64-apple-watchos27.0 -target-sdk-version 27.0 -target-sdk-name watchos27.0 -in-process-plugin-server-path /Applications/Xcode-27.0.0-Release.Candidate.app/Contents/Developer/Toolchains/XcodeDefault.xctoolchain/usr/lib/swift/host/libSwiftInProcPluginServer.dylib -parse-as-library -o /Users/admin/builder/spi-builder-workspace/.derivedData/Build/Intermediates.noindex/swift-apinotes.build/Debug-watchos/APINotes-t.build/Objects-normal/arm64/Tag.o -o /Users/admin/builder/spi-builder-workspace/.derivedData/Build/Intermediates.noindex/swift-apinotes.build/Debug-watchos/APINotes-t.build/Objects-normal/arm64/Typedef.o -debug-module-path /Users/admin/builder/spi-builder-workspace/.derivedData/Build/Intermediates.noindex/swift-apinotes.build/Debug-watchos/APINotes-t.build/Objects-normal/arm64/APINotes.swiftmodule -index-unit-output-path /swift-apinotes.build/Debug-watchos/APINotes-t.build/Objects-normal/arm64/Tag.o -index-unit-output-path /swift-apinotes.build/Debug-watchos/APINotes-t.build/Objects-normal/arm64/Typedef.o -index-store-path /Users/admin/builder/spi-builder-workspace/.derivedData/Index.noindex/DataStore -index-system-modules
Command SwiftCompile failed with a nonzero exit code
SwiftCompile normal arm64 /Users/admin/builder/spi-builder-workspace/Sources/APINotes/TopLevelItems/Tag.swift (in target 'APINotes' from project 'swift-apinotes')
cd /Users/admin/builder/spi-builder-workspace/.swiftpm/xcode
builtin-SwiftPerFileCompile Tag.swift
/Users/admin/builder/spi-builder-workspace/.derivedData/Build/Intermediates.noindex/swift-apinotes.build/Debug-watchos/APINotes-t.build/Objects-normal/arm64/Tag.dia:1:1: warning: Could not read serialized diagnostics file: Error Domain=NSCocoaErrorDomain Code=260 "The file “Tag.dia” couldn’t be opened because there is no such file." UserInfo={NSFilePath=/Users/admin/builder/spi-builder-workspace/.derivedData/Build/Intermediates.noindex/swift-apinotes.build/Debug-watchos/APINotes-t.build/Objects-normal/arm64/Tag.dia, NSURL=file:///Users/admin/builder/spi-builder-workspace/.derivedData/Build/Intermediates.noindex/swift-apinotes.build/Debug-watchos/APINotes-t.build/Objects-normal/arm64/Tag.dia, NSUnderlyingError=0x94123c6f0 {Error Domain=NSPOSIXErrorDomain Code=2 "No such file or directory"}} (in target 'APINotes' from project 'swift-apinotes')
SwiftCompile normal arm64 /Users/admin/builder/spi-builder-workspace/Sources/APINotes/TopLevelItems/Typedef.swift (in target 'APINotes' from project 'swift-apinotes')
cd /Users/admin/builder/spi-builder-workspace/.swiftpm/xcode
builtin-SwiftPerFileCompile Typedef.swift
/Users/admin/builder/spi-builder-workspace/.derivedData/Build/Intermediates.noindex/swift-apinotes.build/Debug-watchos/APINotes-t.build/Objects-normal/arm64/Typedef.dia:1:1: warning: Could not read serialized diagnostics file: Error Domain=NSCocoaErrorDomain Code=260 "The file “Typedef.dia” couldn’t be opened because there is no such file." UserInfo={NSFilePath=/Users/admin/builder/spi-builder-workspace/.derivedData/Build/Intermediates.noindex/swift-apinotes.build/Debug-watchos/APINotes-t.build/Objects-normal/arm64/Typedef.dia, NSURL=file:///Users/admin/builder/spi-builder-workspace/.derivedData/Build/Intermediates.noindex/swift-apinotes.build/Debug-watchos/APINotes-t.build/Objects-normal/arm64/Typedef.dia, NSUnderlyingError=0x94123e730 {Error Domain=NSPOSIXErrorDomain Code=2 "No such file or directory"}} (in target 'APINotes' from project 'swift-apinotes')
SwiftCompile normal arm64 Compiling\ Availability.swift,\ EnumExtensibility.swift /Users/admin/builder/spi-builder-workspace/Sources/APINotes/Enums/Availability.swift /Users/admin/builder/spi-builder-workspace/Sources/APINotes/Enums/EnumExtensibility.swift (in target 'APINotes' from project 'swift-apinotes')
SwiftCompile normal arm64 /Users/admin/builder/spi-builder-workspace/Sources/APINotes/Enums/Availability.swift (in target 'APINotes' from project 'swift-apinotes')
cd /Users/admin/builder/spi-builder-workspace/.swiftpm/xcode
builtin-SwiftPerFileCompile Availability.swift
SwiftCompile normal arm64 /Users/admin/builder/spi-builder-workspace/Sources/APINotes/Enums/EnumExtensibility.swift (in target 'APINotes' from project 'swift-apinotes')
cd /Users/admin/builder/spi-builder-workspace/.swiftpm/xcode
builtin-SwiftPerFileCompile EnumExtensibility.swift
SwiftEmitModule normal arm64 Emitting\ module\ for\ APINotes (in target 'APINotes' from project 'swift-apinotes')
dyld[1561]: Symbol not found: _swift_initBorrow
Referenced from: <EE7FF0C4-61FA-3DBB-B7F4-3C1E29BA2CDC> /Users/admin/builder/spi-builder-workspace/.derivedData/Build/Products/Debug/MacroPlugin
Expected in: <83794FB3-DE9B-3D23-AB5E-2C1D5D30F134> /usr/lib/swift/libswiftCore.dylib
/Users/admin/builder/spi-builder-workspace/Sources/APINotes/Common/CommonEntity.swift:29:14: error: external macro implementation type 'MacroPlugin.Inherits' could not be found for macro 'Inherits(decodable:encodable:)'; '/Users/admin/builder/spi-builder-workspace/.derivedData/Build/Products/Debug/MacroPlugin' produced malformed response
27 | @Codable
28 | @Inherits(decodable: false, encodable: false)
29 | public class CommonEntity {
| `- error: external macro implementation type 'MacroPlugin.Inherits' could not be found for macro 'Inherits(decodable:encodable:)'; '/Users/admin/builder/spi-builder-workspace/.derivedData/Build/Products/Debug/MacroPlugin' produced malformed response
30 | @CodedAt("Name")
31 | @CodedBy(NameCoder())
MetaCodable.Inherits:2:30: note: 'Inherits(decodable:encodable:)' declared here
1 | @available(swift 5.9)
2 | @attached(peer) public macro Inherits(decodable: Bool, encodable: Bool) = #externalMacro(module: "MacroPlugin", type: "Inherits")
| `- note: 'Inherits(decodable:encodable:)' declared here
/Users/admin/builder/spi-builder-workspace/Sources/APINotes/Common/CommonEntity.swift:29:14: error: external macro implementation type 'MacroPlugin.Codable' could not be found for macro 'Codable(commonStrategies:)'; '/Users/admin/builder/spi-builder-workspace/.derivedData/Build/Products/Debug/MacroPlugin' produced malformed response
27 | @Codable
28 | @Inherits(decodable: false, encodable: false)
29 | public class CommonEntity {
| `- error: external macro implementation type 'MacroPlugin.Codable' could not be found for macro 'Codable(commonStrategies:)'; '/Users/admin/builder/spi-builder-workspace/.derivedData/Build/Products/Debug/MacroPlugin' produced malformed response
30 | @CodedAt("Name")
31 | @CodedBy(NameCoder())
MetaCodable.Codable:2:278: note: 'Codable(commonStrategies:)' declared here
1 | @available(swift 5.9)
2 | @attached(extension, conformances: Decodable, Encodable, names: named(CodingKeys), named(DecodingKeys), named(init(from:)), named(encode(to:))) @attached(member, conformances: Decodable, Encodable, names: named(CodingKeys), named(init(from:)), named(encode(to:))) public macro Codable(commonStrategies: [MetaCodable.CodableCommonStrategy] = []) = #externalMacro(module: "MacroPlugin", type: "Codable")
| `- note: 'Codable(commonStrategies:)' declared here
/Users/admin/builder/spi-builder-workspace/Sources/APINotes/Common/CommonEntity.swift:32:16: error: external macro implementation type 'MacroPlugin.CodedBy' could not be found for macro 'CodedBy'; '/Users/admin/builder/spi-builder-workspace/.derivedData/Build/Products/Debug/MacroPlugin' produced malformed response
30 | @CodedAt("Name")
31 | @CodedBy(NameCoder())
32 | public var name: String
| `- error: external macro implementation type 'MacroPlugin.CodedBy' could not be found for macro 'CodedBy'; '/Users/admin/builder/spi-builder-workspace/.derivedData/Build/Products/Debug/MacroPlugin' produced malformed response
33 |
34 | @CodedAt("SwiftName")
MetaCodable.CodedBy:2:30: note: 'CodedBy' declared here
1 | @available(swift 5.9)
2 | @attached(peer) public macro CodedBy<T>(_ helper: T) = #externalMacro(module: "MacroPlugin", type: "CodedBy") where T : MetaCodable.HelperCoder
| `- note: 'CodedBy' declared here
/Users/admin/builder/spi-builder-workspace/Sources/APINotes/Common/CommonEntity.swift:32:16: error: external macro implementation type 'MacroPlugin.CodedAt' could not be found for macro 'CodedAt'; '/Users/admin/builder/spi-builder-workspace/.derivedData/Build/Products/Debug/MacroPlugin' produced malformed response
30 | @CodedAt("Name")
31 | @CodedBy(NameCoder())
32 | public var name: String
| `- error: external macro implementation type 'MacroPlugin.CodedAt' could not be found for macro 'CodedAt'; '/Users/admin/builder/spi-builder-workspace/.derivedData/Build/Products/Debug/MacroPlugin' produced malformed response
33 |
34 | @CodedAt("SwiftName")
MetaCodable.CodedAt:2:30: note: 'CodedAt' declared here
1 | @available(swift 5.9)
2 | @attached(peer) public macro CodedAt(_ path: StaticString...) = #externalMacro(module: "MacroPlugin", type: "CodedAt")
| `- note: 'CodedAt' declared here
/Users/admin/builder/spi-builder-workspace/Sources/APINotes/Common/CommonEntity.swift:35:16: error: external macro implementation type 'MacroPlugin.CodedAt' could not be found for macro 'CodedAt'; '/Users/admin/builder/spi-builder-workspace/.derivedData/Build/Products/Debug/MacroPlugin' produced malformed response
33 |
34 | @CodedAt("SwiftName")
35 | public var swiftName: String?
| `- error: external macro implementation type 'MacroPlugin.CodedAt' could not be found for macro 'CodedAt'; '/Users/admin/builder/spi-builder-workspace/.derivedData/Build/Products/Debug/MacroPlugin' produced malformed response
36 |
37 | @CodedAt("SwiftPrivate")
MetaCodable.CodedAt:2:30: note: 'CodedAt' declared here
1 | @available(swift 5.9)
2 | @attached(peer) public macro CodedAt(_ path: StaticString...) = #externalMacro(module: "MacroPlugin", type: "CodedAt")
| `- note: 'CodedAt' declared here
/Users/admin/builder/spi-builder-workspace/Sources/APINotes/Common/CommonEntity.swift:38:16: error: external macro implementation type 'MacroPlugin.CodedAt' could not be found for macro 'CodedAt'; '/Users/admin/builder/spi-builder-workspace/.derivedData/Build/Products/Debug/MacroPlugin' produced malformed response
36 |
37 | @CodedAt("SwiftPrivate")
38 | public var isSwiftPrivate: Bool?
| `- error: external macro implementation type 'MacroPlugin.CodedAt' could not be found for macro 'CodedAt'; '/Users/admin/builder/spi-builder-workspace/.derivedData/Build/Products/Debug/MacroPlugin' produced malformed response
39 |
40 | @CodedAt("Availability")
MetaCodable.CodedAt:2:30: note: 'CodedAt' declared here
1 | @available(swift 5.9)
2 | @attached(peer) public macro CodedAt(_ path: StaticString...) = #externalMacro(module: "MacroPlugin", type: "CodedAt")
| `- note: 'CodedAt' declared here
/Users/admin/builder/spi-builder-workspace/Sources/APINotes/Common/CommonEntity.swift:41:16: error: external macro implementation type 'MacroPlugin.CodedAt' could not be found for macro 'CodedAt'; '/Users/admin/builder/spi-builder-workspace/.derivedData/Build/Products/Debug/MacroPlugin' produced malformed response
39 |
40 | @CodedAt("Availability")
41 | public var availability: Availability?
| `- error: external macro implementation type 'MacroPlugin.CodedAt' could not be found for macro 'CodedAt'; '/Users/admin/builder/spi-builder-workspace/.derivedData/Build/Products/Debug/MacroPlugin' produced malformed response
42 |
43 | @CodedAt("AvailabilityMsg")
MetaCodable.CodedAt:2:30: note: 'CodedAt' declared here
1 | @available(swift 5.9)
2 | @attached(peer) public macro CodedAt(_ path: StaticString...) = #externalMacro(module: "MacroPlugin", type: "CodedAt")
| `- note: 'CodedAt' declared here
/Users/admin/builder/spi-builder-workspace/Sources/APINotes/Common/CommonEntity.swift:44:16: error: external macro implementation type 'MacroPlugin.CodedAt' could not be found for macro 'CodedAt'; '/Users/admin/builder/spi-builder-workspace/.derivedData/Build/Products/Debug/MacroPlugin' produced malformed response
42 |
43 | @CodedAt("AvailabilityMsg")
44 | public var availabilityMessage: String?
| `- error: external macro implementation type 'MacroPlugin.CodedAt' could not be found for macro 'CodedAt'; '/Users/admin/builder/spi-builder-workspace/.derivedData/Build/Products/Debug/MacroPlugin' produced malformed response
45 |
46 | public init(
MetaCodable.CodedAt:2:30: note: 'CodedAt' declared here
1 | @available(swift 5.9)
2 | @attached(peer) public macro CodedAt(_ path: StaticString...) = #externalMacro(module: "MacroPlugin", type: "CodedAt")
| `- note: 'CodedAt' declared here
Assertion failed: (isConcrete()), function getConcrete at ProtocolConformanceRef.h:127.
(to display assertion configuration options: -Xllvm -assert-help)
Please submit a bug report (https://swift.org/contributing/#reporting-bugs) and include the crash backtrace.
Stack dump:
0. Program arguments: /Applications/Xcode-27.0.0-Release.Candidate.app/Contents/Developer/Toolchains/XcodeDefault.xctoolchain/usr/bin/swift-frontend -frontend -emit-module -experimental-skip-non-inlinable-function-bodies-without-types /Users/admin/builder/spi-builder-workspace/Sources/APINotes/Common/CommonEntity.swift /Users/admin/builder/spi-builder-workspace/Sources/APINotes/Common/CommonType.swift /Users/admin/builder/spi-builder-workspace/Sources/APINotes/Common/ObjCMethod.swift /Users/admin/builder/spi-builder-workspace/Sources/APINotes/Common/ObjCProperty.swift /Users/admin/builder/spi-builder-workspace/Sources/APINotes/Common/Parameter.swift /Users/admin/builder/spi-builder-workspace/Sources/APINotes/Common/Variable.swift /Users/admin/builder/spi-builder-workspace/Sources/APINotes/Enums/Availability.swift /Users/admin/builder/spi-builder-workspace/Sources/APINotes/Enums/EnumExtensibility.swift /Users/admin/builder/spi-builder-workspace/Sources/APINotes/Enums/EnumKind.swift /Users/admin/builder/spi-builder-workspace/Sources/APINotes/Enums/Nullability.swift /Users/admin/builder/spi-builder-workspace/Sources/APINotes/Enums/ObjCMemberKind.swift /Users/admin/builder/spi-builder-workspace/Sources/APINotes/Enums/SwiftWrapper.swift /Users/admin/builder/spi-builder-workspace/Sources/APINotes/Module.swift /Users/admin/builder/spi-builder-workspace/Sources/APINotes/TopLevelItems/Enumerator.swift /Users/admin/builder/spi-builder-workspace/Sources/APINotes/TopLevelItems/Function.swift /Users/admin/builder/spi-builder-workspace/Sources/APINotes/TopLevelItems/ObjCContext.swift /Users/admin/builder/spi-builder-workspace/Sources/APINotes/TopLevelItems/Tag.swift /Users/admin/builder/spi-builder-workspace/Sources/APINotes/TopLevelItems/Typedef.swift /Users/admin/builder/spi-builder-workspace/Sources/APINotes/Version.Tuple.swift /Users/admin/builder/spi-builder-workspace/Sources/APINotes/Version.swift -target arm64-apple-watchos9.0 -disable-cross-import-overlay-search -load-resolved-plugin /Applications/Xcode-27.0.0-Release.Candidate.app/Contents/Developer/Platforms/WatchOS.platform/Developer/usr/lib/swift/host/plugins/libFoundationMacros.dylib#/Applications/Xcode-27.0.0-Release.Candidate.app/Contents/Developer/Platforms/WatchOS.platform/Developer/usr/bin/swift-plugin-server#FoundationMacros -load-resolved-plugin #/Users/admin/builder/spi-builder-workspace/.derivedData/Build/Products/Debug/MacroPlugin#MacroPlugin -load-resolved-plugin /Applications/Xcode-27.0.0-Release.Candidate.app/Contents/Developer/Platforms/WatchOS.platform/Developer/usr/lib/swift/host/plugins/libObservationMacros.dylib#/Applications/Xcode-27.0.0-Release.Candidate.app/Contents/Developer/Platforms/WatchOS.platform/Developer/usr/bin/swift-plugin-server#ObservationMacros -load-resolved-plugin /Applications/Xcode-27.0.0-Release.Candidate.app/Contents/Developer/Platforms/WatchOS.platform/Developer/usr/lib/swift/host/plugins/libSwiftMacros.dylib#/Applications/Xcode-27.0.0-Release.Candidate.app/Contents/Developer/Platforms/WatchOS.platform/Developer/usr/bin/swift-plugin-server#SwiftMacros -disable-implicit-swift-modules -Xcc -fno-implicit-modules -Xcc -fno-implicit-module-maps -explicit-swift-module-map-file /Users/admin/builder/spi-builder-workspace/.derivedData/Build/Intermediates.noindex/swift-apinotes.build/Debug-watchos/APINotes-t.build/Objects-normal/arm64/APINotes-dependencies-2.json -Xllvm -aarch64-use-tbi -enable-objc-interop -stack-check -sdk /Applications/Xcode-27.0.0-Release.Candidate.app/Contents/Developer/Platforms/WatchOS.platform/Developer/SDKs/WatchOS27.0.sdk -I /Users/admin/builder/spi-builder-workspace/.derivedData/Build/Products/Debug-watchos -Isystem /Applications/Xcode-27.0.0-Release.Candidate.app/Contents/Developer/Platforms/WatchOS.platform/Developer/usr/lib -F /Users/admin/builder/spi-builder-workspace/.derivedData/Build/Products/Debug-watchos/PackageFrameworks -F /Users/admin/builder/spi-builder-workspace/.derivedData/Build/Products/Debug-watchos -F /Applications/Xcode-27.0.0-Release.Candidate.app/Contents/Developer/Platforms/WatchOS.platform/Developer/Library/Frameworks -F /Applications/Xcode-27.0.0-Release.Candidate.app/Contents/Developer/Platforms/WatchOS.platform/Developer/SDKs/WatchOS27.0.sdk/Developer/Library/Frameworks -module-cache-path /Users/admin/builder/spi-builder-workspace/.derivedData/Build/Intermediates.noindex/SwiftExplicitPrecompiledModules -no-color-diagnostics -Xcc -fno-color-diagnostics -enable-testing -g -debug-info-format=dwarf -dwarf-version=4 -profile-generate -profile-coverage-mapping -swift-version 5 -Onone -D SWIFT_PACKAGE -D DEBUG -D SWIFT_MODULE_RESOURCE_BUNDLE_UNAVAILABLE -D Xcode -serialize-debugging-options -load-plugin-executable /Users/admin/builder/spi-builder-workspace/.derivedData/Build/Products/Debug/MacroPlugin#MacroPlugin -enable-experimental-feature DebugDescriptionMacro -empty-abi-descriptor -validate-clang-modules-once -clang-build-session-file /Users/admin/builder/spi-builder-workspace/.derivedData/ModuleCache.noindex/Session.modulevalidation -Xcc -working-directory -Xcc /Users/admin/builder/spi-builder-workspace/.swiftpm/xcode -enable-anonymous-context-mangled-names -file-compilation-dir /Users/admin/builder/spi-builder-workspace/.swiftpm/xcode -Xcc -fmodule-map-file=/Users/admin/builder/spi-builder-workspace/.dependencies/checkouts/Yams/Sources/CYaml/include/module.modulemap -Xcc -D_LIBCPP_HARDENING_MODE=_LIBCPP_HARDENING_MODE_DEBUG -Xcc -ivfsstatcache -Xcc /Users/admin/builder/spi-builder-workspace/.derivedData/SDKStatCaches.noindex/watchos27.0-24R360-e829b21a6f8c9b70876ba0858053c04477534ef55a1706bf4c1112bbb242f0a2.sdkstatcache -Xcc -fmodules-prune-interval=86400 -Xcc -fmodules-prune-after=345600 -Xcc -I/Users/admin/builder/spi-builder-workspace/.dependencies/checkouts/Yams/Sources/CYaml/include -Xcc -I/Users/admin/builder/spi-builder-workspace/.derivedData/Build/Products/Debug-watchos/include -Xcc -I/Users/admin/builder/spi-builder-workspace/.derivedData/Build/Intermediates.noindex/swift-apinotes.build/Debug-watchos/APINotes-t.build/DerivedSources-normal/arm64 -Xcc -I/Users/admin/builder/spi-builder-workspace/.derivedData/Build/Intermediates.noindex/swift-apinotes.build/Debug-watchos/APINotes-t.build/DerivedSources/arm64 -Xcc -I/Users/admin/builder/spi-builder-workspace/.derivedData/Build/Intermediates.noindex/swift-apinotes.build/Debug-watchos/APINotes-t.build/DerivedSources -Xcc -DSWIFT_PACKAGE -Xcc -DDEBUG=1 -no-auto-bridging-header-chaining -module-name APINotes -package-name spi_builder_workspace -const-gather-protocols-file /Users/admin/builder/spi-builder-workspace/.derivedData/Build/Intermediates.noindex/swift-apinotes.build/Debug-watchos/APINotes-t.build/Objects-normal/arm64/APINotes_const_extract_protocols.json -disable-clang-spi -clang-target arm64-apple-watchos27.0 -target-sdk-version 27.0 -target-sdk-name watchos27.0 -in-process-plugin-server-path /Applications/Xcode-27.0.0-Release.Candidate.app/Contents/Developer/Toolchains/XcodeDefault.xctoolchain/usr/lib/swift/host/libSwiftInProcPluginServer.dylib -emit-module-doc-path /Users/admin/builder/spi-builder-workspace/.derivedData/Build/Intermediates.noindex/swift-apinotes.build/Debug-watchos/APINotes-t.build/Objects-normal/arm64/APINotes.swiftdoc -emit-module-source-info-path /Users/admin/builder/spi-builder-workspace/.derivedData/Build/Intermediates.noindex/swift-apinotes.build/Debug-watchos/APINotes-t.build/Objects-normal/arm64/APINotes.swiftsourceinfo -emit-objc-header-path /Users/admin/builder/spi-builder-workspace/.derivedData/Build/Intermediates.noindex/swift-apinotes.build/Debug-watchos/APINotes-t.build/Objects-normal/arm64/APINotes-Swift.h -serialize-diagnostics-path /Users/admin/builder/spi-builder-workspace/.derivedData/Build/Intermediates.noindex/swift-apinotes.build/Debug-watchos/APINotes-t.build/Objects-normal/arm64/APINotes-primary-emit-module.dia -emit-dependencies-path /Users/admin/builder/spi-builder-workspace/.derivedData/Build/Intermediates.noindex/swift-apinotes.build/Debug-watchos/APINotes-t.build/Objects-normal/arm64/APINotes-primary-emit-module.d -parse-as-library -o /Users/admin/builder/spi-builder-workspace/.derivedData/Build/Intermediates.noindex/swift-apinotes.build/Debug-watchos/APINotes-t.build/Objects-normal/arm64/APINotes.swiftmodule -emit-abi-descriptor-path /Users/admin/builder/spi-builder-workspace/.derivedData/Build/Intermediates.noindex/swift-apinotes.build/Debug-watchos/APINotes-t.build/Objects-normal/arm64/APINotes.abi.json
1. Apple Swift version 6.4 (swiftlang-6.4.0.34.1 clang-2100.3.34.1)
2. Compiling with effective version 5.10
3. While evaluating request TypeCheckPrimaryFileRequest(source_file "/Users/admin/builder/spi-builder-workspace/Sources/APINotes/Common/CommonType.swift")
4. While type-checking 'CommonType' (at /Users/admin/builder/spi-builder-workspace/Sources/APINotes/Common/CommonType.swift:4:8)
5. While evaluating request StoredPropertiesRequest(APINotes.(file).CommonType@/Users/admin/builder/spi-builder-workspace/Sources/APINotes/Common/CommonType.swift:4:14)
6. While evaluating request ExpandSynthesizedMemberMacroRequest(APINotes.(file).CommonType@/Users/admin/builder/spi-builder-workspace/Sources/APINotes/Common/CommonType.swift:4:14)
7. Assertion failed: (isConcrete()), function getConcrete at ProtocolConformanceRef.h:127.
| (to display assertion configuration options: -Xllvm -assert-help)
Stack dump without symbol names (ensure you have llvm-symbolizer in your PATH or set the environment var `LLVM_SYMBOLIZER_PATH` to point to it):
0 swift-frontend 0x0000000109297bd0 llvm::sys::PrintStackTrace(llvm::raw_ostream&, int) + 56
1 swift-frontend 0x0000000109295358 llvm::sys::RunSignalHandlers() + 172
2 swift-frontend 0x00000001092981c8 SignalHandler(int, __siginfo*, void*) + 360
3 libsystem_platform.dylib 0x0000000181795744 _sigtramp + 56
4 libsystem_pthread.dylib 0x000000018178b8d8 pthread_kill + 296
5 libsystem_c.dylib 0x0000000181691978 abort + 148
6 swift-frontend 0x0000000104a46bc4 _ABORT(char const*, int, char const*, llvm::function_ref<void (llvm::raw_ostream&)>) + 0
7
swift-frontend 0x0000000104a46b80 _abortWithMessage(llvm::StringRef) + 0
8 swift-frontend 0x0000000104723cf8 swift::ConformanceLookupTable::getConformance(swift::NominalTypeDecl*, swift::ConformanceLookupTable::ConformanceEntry*) + 2004
9 swift-frontend 0x0000000104723f78 swift::ConformanceLookupTable::lookupConformance(swift::NominalTypeDecl*, swift::ProtocolDecl*, llvm::SmallVectorImpl<swift::ProtocolConformance*>&) + 520
10 swift-frontend 0x0000000104327aac getIntroducedConformances(swift::NominalTypeDecl*, swift::MacroRole, swift::MacroDecl*, llvm::SmallVectorImpl<swift::ProtocolDecl*>*) + 168
11 swift-frontend 0x0000000104335bd4 void llvm::function_ref<void (swift::CustomAttr*, swift::MacroDecl*)>::callback_fn<swift::ExpandSynthesizedMemberMacroRequest::evaluate(swift::Evaluator&, swift::Decl*) const::$_0>(long, swift::CustomAttr*, swift::MacroDecl*) + 120
12 swift-frontend 0x0000000104727e7c swift::Decl::forEachAttachedMacro(swift::MacroRole, llvm::function_ref<void (swift::CustomAttr*, swift::MacroDecl*)>) const + 180
13 swift-frontend 0x0000000104324fa8 swift::ExpandSynthesizedMemberMacroRequest::evaluate(swift::Evaluator&, swift::Decl*) const + 84
14 swift-frontend 0x000000010429e708 swift::ExpandSynthesizedMemberMacroRequest::OutputType swift::Evaluator::getResultUncached<swift::ExpandSynthesizedMemberMacroRequest, swift::ExpandSynthesizedMemberMacroRequest::OutputType swift::evaluateOrDefault<swift::ExpandSynthesizedMemberMacroRequest>(swift::Evaluator&, swift::ExpandSynthesizedMemberMacroRequest, swift::ExpandSynthesizedMemberMacroRequest::OutputType)::'lambda'()>(swift::ExpandSynthesizedMemberMacroRequest const&, swift::ExpandSynthesizedMemberMacroRequest::OutputType swift::evaluateOrDefault<swift::ExpandSynthesizedMemberMacroRequest>(swift::Evaluator&, swift::ExpandSynthesizedMemberMacroRequest, swift::ExpandSynthesizedMemberMacroRequest::OutputType)::'lambda'()) + 436
15 swift-frontend 0x000000010429e4b8 swift::ExpandSynthesizedMemberMacroRequest::OutputType swift::Evaluator::getResultCached<swift::ExpandSynthesizedMemberMacroRequest, swift::ExpandSynthesizedMemberMacroRequest::OutputType swift::evaluateOrDefault<swift::ExpandSynthesizedMemberMacroRequest>(swift::Evaluator&, swift::ExpandSynthesizedMemberMacroRequest, swift::ExpandSynthesizedMemberMacroRequest::OutputType)::'lambda'(), (void*)0>(swift::ExpandSynthesizedMemberMacroRequest const&, swift::ExpandSynthesizedMemberMacroRequest::OutputType swift::evaluateOrDefault<swift::ExpandSynthesizedMemberMacroRequest>(swift::Evaluator&, swift::ExpandSynthesizedMemberMacroRequest, swift::ExpandSynthesizedMemberMacroRequest::OutputType)::'lambda'()) + 324
16 swift-frontend 0x000000010439dd24 computeLoweredProperties(swift::NominalTypeDecl*, swift::IterableDeclContext*, (anonymous namespace)::LoweredPropertiesReason) + 156
17 swift-frontend 0x000000010439d064 swift::StoredPropertiesRequest::evaluate(swift::Evaluator&, swift::NominalTypeDecl*) const + 360
18 swift-frontend 0x0000000104797644 swift::StoredPropertiesRequest::OutputType swift::Evaluator::getResultCached<swift::StoredPropertiesRequest, swift::StoredPropertiesRequest::OutputType swift::evaluateOrDefault<swift::StoredPropertiesRequest>(swift::Evaluator&, swift::StoredPropertiesRequest, swift::StoredPropertiesRequest::OutputType)::'lambda'(), (void*)0>(swift::StoredPropertiesRequest const&, swift::StoredPropertiesRequest::OutputType swift::evaluateOrDefault<swift::StoredPropertiesRequest>(swift::Evaluator&, swift::StoredPropertiesRequest, swift::StoredPropertiesRequest::OutputType)::'lambda'()) + 1252
19 swift-frontend 0x00000001042e3dc4 (anonymous namespace)::DeclChecker::visitClassDecl(swift::ClassDecl*) + 1276
20 swift-frontend 0x00000001042dae58 (anonymous namespace)::DeclChecker::visit(swift::Decl*) + 2380
21 swift-frontend 0x00000001043ea26c swift::TypeCheckPrimaryFileRequest::evaluate(swift::Evaluator&, swift::SourceFile*) const + 776
22 swift-frontend 0x00000001043f3244 swift::TypeCheckPrimaryFileRequest::OutputType swift::Evaluator::getResultUncached<swift::TypeCheckPrimaryFileRequest, swift::TypeCheckPrimaryFileRequest::OutputType swift::evaluateOrDefault<swift::TypeCheckPrimaryFileRequest>(swift::Evaluator&, swift::TypeCheckPrimaryFileRequest, swift::TypeCheckPrimaryFileRequest::OutputType)::'lambda'()>(swift::TypeCheckPrimaryFileRequest const&, swift::TypeCheckPrimaryFileRequest::OutputType swift::evaluateOrDefault<swift::TypeCheckPrimaryFileRequest>(swift::Evaluator&, swift::TypeCheckPrimaryFileRequest, swift::TypeCheckPrimaryFileRequest::OutputType)::'lambda'()) + 648
23 swift-frontend 0x00000001043f2fa8 swift::TypeCheckPrimaryFileRequest::OutputType swift::Evaluator::getResultCached<swift::TypeCheckPrimaryFileRequest, swift::TypeCheckPrimaryFileRequest::OutputType swift::evaluateOrDefault<swift::TypeCheckPrimaryFileRequest>(swift::Evaluator&, swift::TypeCheckPrimaryFileRequest, swift::TypeCheckPrimaryFileRequest::OutputType)::'lambda'(), (void*)0>(swift::TypeCheckPrimaryFileRequest const&, swift::TypeCheckPrimaryFileRequest::OutputType swift::evaluateOrDefault<swift::TypeCheckPrimaryFileRequest>(swift::Evaluator&, swift::TypeCheckPrimaryFileRequest, swift::TypeCheckPrimaryFileRequest::OutputType)::'lambda'()) + 184
24 swift-frontend 0x00000001031ec1a4 bool llvm::function_ref<bool (swift::SourceFile&)>::callback_fn<swift::CompilerInstance::performSema()::$_0>(long, swift::SourceFile&) + 116
25 swift-frontend 0x00000001031e5188 swift::CompilerInstance::forEachFileToTypeCheck(llvm::function_ref<bool (swift::SourceFile&)>) + 284
26 swift-frontend 0x00000001031e503c swift::CompilerInstance::performSema() + 456
27 swift-frontend 0x0000000102dac918 performCompile(swift::CompilerInstance&, int&, swift::FrontendObserver*, llvm::ArrayRef<char const*>) + 556
28 swift-frontend 0x0000000102da9dc4 swift::performFrontend(llvm::ArrayRef<char const*>, char const*, void*, swift::FrontendObserver*) + 3776
29 swift-frontend 0x0000000102d29008 swift::mainEntry(int, char const**) + 5600
30 dyld 0x00000001813c04e4 start + 6992
Failed frontend command:
SwiftCompile normal arm64 (in target 'APINotes' from project 'swift-apinotes')
cd /Users/admin/builder/spi-builder-workspace/.swiftpm/xcode
/Users/admin/builder/spi-builder-workspace/.derivedData/Build/Intermediates.noindex/swift-apinotes.build/Debug-watchos/APINotes-t.build/Objects-normal/arm64/APINotes-primary-emit-module.dia:1:1: warning: Could not read serialized diagnostics file: Error Domain=NSCocoaErrorDomain Code=260 "The file “APINotes-primary-emit-module.dia” couldn’t be opened because there is no such file." UserInfo={NSFilePath=/Users/admin/builder/spi-builder-workspace/.derivedData/Build/Intermediates.noindex/swift-apinotes.build/Debug-watchos/APINotes-t.build/Objects-normal/arm64/APINotes-primary-emit-module.dia, NSURL=file:///Users/admin/builder/spi-builder-workspace/.derivedData/Build/Intermediates.noindex/swift-apinotes.build/Debug-watchos/APINotes-t.build/Objects-normal/arm64/APINotes-primary-emit-module.dia, NSUnderlyingError=0x94123c870 {Error Domain=NSPOSIXErrorDomain Code=2 "No such file or directory"}} (in target 'APINotes' from project 'swift-apinotes')
/Applications/Xcode-27.0.0-Release.Candidate.app/Contents/Developer/Toolchains/XcodeDefault.xctoolchain/usr/bin/swift-frontend -frontend -emit-module -experimental-skip-non-inlinable-function-bodies-without-types /Users/admin/builder/spi-builder-workspace/Sources/APINotes/Common/CommonEntity.swift /Users/admin/builder/spi-builder-workspace/Sources/APINotes/Common/CommonType.swift /Users/admin/builder/spi-builder-workspace/Sources/APINotes/Common/ObjCMethod.swift /Users/admin/builder/spi-builder-workspace/Sources/APINotes/Common/ObjCProperty.swift /Users/admin/builder/spi-builder-workspace/Sources/APINotes/Common/Parameter.swift /Users/admin/builder/spi-builder-workspace/Sources/APINotes/Common/Variable.swift /Users/admin/builder/spi-builder-workspace/Sources/APINotes/Enums/Availability.swift /Users/admin/builder/spi-builder-workspace/Sources/APINotes/Enums/EnumExtensibility.swift /Users/admin/builder/spi-builder-workspace/Sources/APINotes/Enums/EnumKind.swift /Users/admin/builder/spi-builder-workspace/Sources/APINotes/Enums/Nullability.swift /Users/admin/builder/spi-builder-workspace/Sources/APINotes/Enums/ObjCMemberKind.swift /Users/admin/builder/spi-builder-workspace/Sources/APINotes/Enums/SwiftWrapper.swift /Users/admin/builder/spi-builder-workspace/Sources/APINotes/Module.swift /Users/admin/builder/spi-builder-workspace/Sources/APINotes/TopLevelItems/Enumerator.swift /Users/admin/builder/spi-builder-workspace/Sources/APINotes/TopLevelItems/Function.swift /Users/admin/builder/spi-builder-workspace/Sources/APINotes/TopLevelItems/ObjCContext.swift /Users/admin/builder/spi-builder-workspace/Sources/APINotes/TopLevelItems/Tag.swift /Users/admin/builder/spi-builder-workspace/Sources/APINotes/TopLevelItems/Typedef.swift /Users/admin/builder/spi-builder-workspace/Sources/APINotes/Version.Tuple.swift /Users/admin/builder/spi-builder-workspace/Sources/APINotes/Version.swift -target arm64-apple-watchos9.0 -disable-cross-import-overlay-search -load-resolved-plugin /Applications/Xcode-27.0.0-Release.Candidate.app/Contents/Developer/Platforms/WatchOS.platform/Developer/usr/lib/swift/host/plugins/libFoundationMacros.dylib\#/Applications/Xcode-27.0.0-Release.Candidate.app/Contents/Developer/Platforms/WatchOS.platform/Developer/usr/bin/swift-plugin-server\#FoundationMacros -load-resolved-plugin \#/Users/admin/builder/spi-builder-workspace/.derivedData/Build/Products/Debug/MacroPlugin\#MacroPlugin -load-resolved-plugin /Applications/Xcode-27.0.0-Release.Candidate.app/Contents/Developer/Platforms/WatchOS.platform/Developer/usr/lib/swift/host/plugins/libObservationMacros.dylib\#/Applications/Xcode-27.0.0-Release.Candidate.app/Contents/Developer/Platforms/WatchOS.platform/Developer/usr/bin/swift-plugin-server\#ObservationMacros -load-resolved-plugin /Applications/Xcode-27.0.0-Release.Candidate.app/Contents/Developer/Platforms/WatchOS.platform/Developer/usr/lib/swift/host/plugins/libSwiftMacros.dylib\#/Applications/Xcode-27.0.0-Release.Candidate.app/Contents/Developer/Platforms/WatchOS.platform/Developer/usr/bin/swift-plugin-server\#SwiftMacros -disable-implicit-swift-modules -Xcc -fno-implicit-modules -Xcc -fno-implicit-module-maps -explicit-swift-module-map-file /Users/admin/builder/spi-builder-workspace/.derivedData/Build/Intermediates.noindex/swift-apinotes.build/Debug-watchos/APINotes-t.build/Objects-normal/arm64/APINotes-dependencies-2.json -Xllvm -aarch64-use-tbi -enable-objc-interop -stack-check -sdk /Applications/Xcode-27.0.0-Release.Candidate.app/Contents/Developer/Platforms/WatchOS.platform/Developer/SDKs/WatchOS27.0.sdk -I /Users/admin/builder/spi-builder-workspace/.derivedData/Build/Products/Debug-watchos -Isystem /Applications/Xcode-27.0.0-Release.Candidate.app/Contents/Developer/Platforms/WatchOS.platform/Developer/usr/lib -F /Users/admin/builder/spi-builder-workspace/.derivedData/Build/Products/Debug-watchos/PackageFrameworks -F /Users/admin/builder/spi-builder-workspace/.derivedData/Build/Products/Debug-watchos -F /Applications/Xcode-27.0.0-Release.Candidate.app/Contents/Developer/Platforms/WatchOS.platform/Developer/Library/Frameworks -F /Applications/Xcode-27.0.0-Release.Candidate.app/Contents/Developer/Platforms/WatchOS.platform/Developer/SDKs/WatchOS27.0.sdk/Developer/Library/Frameworks -module-cache-path /Users/admin/builder/spi-builder-workspace/.derivedData/Build/Intermediates.noindex/SwiftExplicitPrecompiledModules -no-color-diagnostics -Xcc -fno-color-diagnostics -enable-testing -g -debug-info-format\=dwarf -dwarf-version\=4 -profile-generate -profile-coverage-mapping -swift-version 5 -Onone -D SWIFT_PACKAGE -D DEBUG -D SWIFT_MODULE_RESOURCE_BUNDLE_UNAVAILABLE -D Xcode -serialize-debugging-options -load-plugin-executable /Users/admin/builder/spi-builder-workspace/.derivedData/Build/Products/Debug/MacroPlugin\#MacroPlugin -enable-experimental-feature DebugDescriptionMacro -empty-abi-descriptor -validate-clang-modules-once -clang-build-session-file /Users/admin/builder/spi-builder-workspace/.derivedData/ModuleCache.noindex/Session.modulevalidation -Xcc -working-directory -Xcc /Users/admin/builder/spi-builder-workspace/.swiftpm/xcode -enable-anonymous-context-mangled-names -file-compilation-dir /Users/admin/builder/spi-builder-workspace/.swiftpm/xcode -Xcc -fmodule-map-file\=/Users/admin/builder/spi-builder-workspace/.dependencies/checkouts/Yams/Sources/CYaml/include/module.modulemap -Xcc -D_LIBCPP_HARDENING_MODE\=_LIBCPP_HARDENING_MODE_DEBUG -Xcc -ivfsstatcache -Xcc /Users/admin/builder/spi-builder-workspace/.derivedData/SDKStatCaches.noindex/watchos27.0-24R360-e829b21a6f8c9b70876ba0858053c04477534ef55a1706bf4c1112bbb242f0a2.sdkstatcache -Xcc -fmodules-prune-interval\=86400 -Xcc -fmodules-prune-after\=345600 -Xcc -I/Users/admin/builder/spi-builder-workspace/.dependencies/checkouts/Yams/Sources/CYaml/include -Xcc -I/Users/admin/builder/spi-builder-workspace/.derivedData/Build/Products/Debug-watchos/include -Xcc -I/Users/admin/builder/spi-builder-workspace/.derivedData/Build/Intermediates.noindex/swift-apinotes.build/Debug-watchos/APINotes-t.build/DerivedSources-normal/arm64 -Xcc -I/Users/admin/builder/spi-builder-workspace/.derivedData/Build/Intermediates.noindex/swift-apinotes.build/Debug-watchos/APINotes-t.build/DerivedSources/arm64 -Xcc -I/Users/admin/builder/spi-builder-workspace/.derivedData/Build/Intermediates.noindex/swift-apinotes.build/Debug-watchos/APINotes-t.build/DerivedSources -Xcc -DSWIFT_PACKAGE -Xcc -DDEBUG\=1 -no-auto-bridging-header-chaining -module-name APINotes -package-name spi_builder_workspace -const-gather-protocols-file /Users/admin/builder/spi-builder-workspace/.derivedData/Build/Intermediates.noindex/swift-apinotes.build/Debug-watchos/APINotes-t.build/Objects-normal/arm64/APINotes_const_extract_protocols.json -disable-clang-spi -clang-target arm64-apple-watchos27.0 -target-sdk-version 27.0 -target-sdk-name watchos27.0 -in-process-plugin-server-path /Applications/Xcode-27.0.0-Release.Candidate.app/Contents/Developer/Toolchains/XcodeDefault.xctoolchain/usr/lib/swift/host/libSwiftInProcPluginServer.dylib -emit-module-doc-path /Users/admin/builder/spi-builder-workspace/.derivedData/Build/Intermediates.noindex/swift-apinotes.build/Debug-watchos/APINotes-t.build/Objects-normal/arm64/APINotes.swiftdoc -emit-module-source-info-path /Users/admin/builder/spi-builder-workspace/.derivedData/Build/Intermediates.noindex/swift-apinotes.build/Debug-watchos/APINotes-t.build/Objects-normal/arm64/APINotes.swiftsourceinfo -emit-objc-header-path /Users/admin/builder/spi-builder-workspace/.derivedData/Build/Intermediates.noindex/swift-apinotes.build/Debug-watchos/APINotes-t.build/Objects-normal/arm64/APINotes-Swift.h -serialize-diagnostics-path /Users/admin/builder/spi-builder-workspace/.derivedData/Build/Intermediates.noindex/swift-apinotes.build/Debug-watchos/APINotes-t.build/Objects-normal/arm64/APINotes-primary-emit-module.dia -emit-dependencies-path /Users/admin/builder/spi-builder-workspace/.derivedData/Build/Intermediates.noindex/swift-apinotes.build/Debug-watchos/APINotes-t.build/Objects-normal/arm64/APINotes-primary-emit-module.d -parse-as-library -o /Users/admin/builder/spi-builder-workspace/.derivedData/Build/Intermediates.noindex/swift-apinotes.build/Debug-watchos/APINotes-t.build/Objects-normal/arm64/APINotes.swiftmodule -emit-abi-descriptor-path /Users/admin/builder/spi-builder-workspace/.derivedData/Build/Intermediates.noindex/swift-apinotes.build/Debug-watchos/APINotes-t.build/Objects-normal/arm64/APINotes.abi.json
Command SwiftEmitModule failed with a nonzero exit code
SwiftCompile normal arm64 Compiling\ Version.Tuple.swift,\ Version.swift /Users/admin/builder/spi-builder-workspace/Sources/APINotes/Version.Tuple.swift /Users/admin/builder/spi-builder-workspace/Sources/APINotes/Version.swift (in target 'APINotes' from project 'swift-apinotes')
dyld[1557]: Symbol not found: _swift_initBorrow
Referenced from: <EE7FF0C4-61FA-3DBB-B7F4-3C1E29BA2CDC> /Users/admin/builder/spi-builder-workspace/.derivedData/Build/Products/Debug/MacroPlugin
Expected in: <83794FB3-DE9B-3D23-AB5E-2C1D5D30F134> /usr/lib/swift/libswiftCore.dylib
SwiftCompile normal arm64 /Users/admin/builder/spi-builder-workspace/Sources/APINotes/Version.Tuple.swift (in target 'APINotes' from project 'swift-apinotes')
cd /Users/admin/builder/spi-builder-workspace/.swiftpm/xcode
builtin-SwiftPerFileCompile Version.Tuple.swift
SwiftCompile normal arm64 /Users/admin/builder/spi-builder-workspace/Sources/APINotes/Version.swift (in target 'APINotes' from project 'swift-apinotes')
cd /Users/admin/builder/spi-builder-workspace/.swiftpm/xcode
builtin-SwiftPerFileCompile Version.swift
SwiftEmitModule normal arm64_32 Emitting\ module\ for\ APINotes (in target 'APINotes' from project 'swift-apinotes')
dyld[1562]: Symbol not found: _swift_initBorrow
Referenced from: <EE7FF0C4-61FA-3DBB-B7F4-3C1E29BA2CDC> /Users/admin/builder/spi-builder-workspace/.derivedData/Build/Products/Debug/MacroPlugin
Expected in: <83794FB3-DE9B-3D23-AB5E-2C1D5D30F134> /usr/lib/swift/libswiftCore.dylib
/Users/admin/builder/spi-builder-workspace/Sources/APINotes/Common/CommonEntity.swift:29:14: error: external macro implementation type 'MacroPlugin.Inherits' could not be found for macro 'Inherits(decodable:encodable:)'; '/Users/admin/builder/spi-builder-workspace/.derivedData/Build/Products/Debug/MacroPlugin' produced malformed response
27 | @Codable
28 | @Inherits(decodable: false, encodable: false)
29 | public class CommonEntity {
| `- error: external macro implementation type 'MacroPlugin.Inherits' could not be found for macro 'Inherits(decodable:encodable:)'; '/Users/admin/builder/spi-builder-workspace/.derivedData/Build/Products/Debug/MacroPlugin' produced malformed response
30 | @CodedAt("Name")
31 | @CodedBy(NameCoder())
MetaCodable.Inherits:2:30: note: 'Inherits(decodable:encodable:)' declared here
1 | @available(swift 5.9)
2 | @attached(peer) public macro Inherits(decodable: Bool, encodable: Bool) = #externalMacro(module: "MacroPlugin", type: "Inherits")
| `- note: 'Inherits(decodable:encodable:)' declared here
/Users/admin/builder/spi-builder-workspace/Sources/APINotes/Common/CommonEntity.swift:29:14: error: external macro implementation type 'MacroPlugin.Codable' could not be found for macro 'Codable(commonStrategies:)'; '/Users/admin/builder/spi-builder-workspace/.derivedData/Build/Products/Debug/MacroPlugin' produced malformed response
27 | @Codable
28 | @Inherits(decodable: false, encodable: false)
29 | public class CommonEntity {
| `- error: external macro implementation type 'MacroPlugin.Codable' could not be found for macro 'Codable(commonStrategies:)'; '/Users/admin/builder/spi-builder-workspace/.derivedData/Build/Products/Debug/MacroPlugin' produced malformed response
30 | @CodedAt("Name")
31 | @CodedBy(NameCoder())
MetaCodable.Codable:2:278: note: 'Codable(commonStrategies:)' declared here
1 | @available(swift 5.9)
2 | @attached(extension, conformances: Decodable, Encodable, names: named(CodingKeys), named(DecodingKeys), named(init(from:)), named(encode(to:))) @attached(member, conformances: Decodable, Encodable, names: named(CodingKeys), named(init(from:)), named(encode(to:))) public macro Codable(commonStrategies: [MetaCodable.CodableCommonStrategy] = []) = #externalMacro(module: "MacroPlugin", type: "Codable")
| `- note: 'Codable(commonStrategies:)' declared here
/Users/admin/builder/spi-builder-workspace/Sources/APINotes/Common/CommonEntity.swift:32:16: error: external macro implementation type 'MacroPlugin.CodedBy' could not be found for macro 'CodedBy'; '/Users/admin/builder/spi-builder-workspace/.derivedData/Build/Products/Debug/MacroPlugin' produced malformed response
30 | @CodedAt("Name")
31 | @CodedBy(NameCoder())
32 | public var name: String
| `- error: external macro implementation type 'MacroPlugin.CodedBy' could not be found for macro 'CodedBy'; '/Users/admin/builder/spi-builder-workspace/.derivedData/Build/Products/Debug/MacroPlugin' produced malformed response
33 |
34 | @CodedAt("SwiftName")
MetaCodable.CodedBy:2:30: note: 'CodedBy' declared here
1 | @available(swift 5.9)
2 | @attached(peer) public macro CodedBy<T>(_ helper: T) = #externalMacro(module: "MacroPlugin", type: "CodedBy") where T : MetaCodable.HelperCoder
| `- note: 'CodedBy' declared here
/Users/admin/builder/spi-builder-workspace/Sources/APINotes/Common/CommonEntity.swift:32:16: error: external macro implementation type 'MacroPlugin.CodedAt' could not be found for macro 'CodedAt'; '/Users/admin/builder/spi-builder-workspace/.derivedData/Build/Products/Debug/MacroPlugin' produced malformed response
30 | @CodedAt("Name")
31 | @CodedBy(NameCoder())
32 | public var name: String
| `- error: external macro implementation type 'MacroPlugin.CodedAt' could not be found for macro 'CodedAt'; '/Users/admin/builder/spi-builder-workspace/.derivedData/Build/Products/Debug/MacroPlugin' produced malformed response
33 |
34 | @CodedAt("SwiftName")
MetaCodable.CodedAt:2:30: note: 'CodedAt' declared here
1 | @available(swift 5.9)
2 | @attached(peer) public macro CodedAt(_ path: StaticString...) = #externalMacro(module: "MacroPlugin", type: "CodedAt")
| `- note: 'CodedAt' declared here
/Users/admin/builder/spi-builder-workspace/Sources/APINotes/Common/CommonEntity.swift:35:16: error: external macro implementation type 'MacroPlugin.CodedAt' could not be found for macro 'CodedAt'; '/Users/admin/builder/spi-builder-workspace/.derivedData/Build/Products/Debug/MacroPlugin' produced malformed response
33 |
34 | @CodedAt("SwiftName")
35 | public var swiftName: String?
| `- error: external macro implementation type 'MacroPlugin.CodedAt' could not be found for macro 'CodedAt'; '/Users/admin/builder/spi-builder-workspace/.derivedData/Build/Products/Debug/MacroPlugin' produced malformed response
36 |
37 | @CodedAt("SwiftPrivate")
MetaCodable.CodedAt:2:30: note: 'CodedAt' declared here
1 | @available(swift 5.9)
2 | @attached(peer) public macro CodedAt(_ path: StaticString...) = #externalMacro(module: "MacroPlugin", type: "CodedAt")
| `- note: 'CodedAt' declared here
/Users/admin/builder/spi-builder-workspace/Sources/APINotes/Common/CommonEntity.swift:38:16: error: external macro implementation type 'MacroPlugin.CodedAt' could not be found for macro 'CodedAt'; '/Users/admin/builder/spi-builder-workspace/.derivedData/Build/Products/Debug/MacroPlugin' produced malformed response
36 |
37 | @CodedAt("SwiftPrivate")
38 | public var isSwiftPrivate: Bool?
| `- error: external macro implementation type 'MacroPlugin.CodedAt' could not be found for macro 'CodedAt'; '/Users/admin/builder/spi-builder-workspace/.derivedData/Build/Products/Debug/MacroPlugin' produced malformed response
39 |
40 | @CodedAt("Availability")
MetaCodable.CodedAt:2:30: note: 'CodedAt' declared here
1 | @available(swift 5.9)
2 | @attached(peer) public macro CodedAt(_ path: StaticString...) = #externalMacro(module: "MacroPlugin", type: "CodedAt")
| `- note: 'CodedAt' declared here
/Users/admin/builder/spi-builder-workspace/Sources/APINotes/Common/CommonEntity.swift:41:16: error: external macro implementation type 'MacroPlugin.CodedAt' could not be found for macro 'CodedAt'; '/Users/admin/builder/spi-builder-workspace/.derivedData/Build/Products/Debug/MacroPlugin' produced malformed response
39 |
40 | @CodedAt("Availability")
41 | public var availability: Availability?
| `- error: external macro implementation type 'MacroPlugin.CodedAt' could not be found for macro 'CodedAt'; '/Users/admin/builder/spi-builder-workspace/.derivedData/Build/Products/Debug/MacroPlugin' produced malformed response
42 |
43 | @CodedAt("AvailabilityMsg")
MetaCodable.CodedAt:2:30: note: 'CodedAt' declared here
1 | @available(swift 5.9)
2 | @attached(peer) public macro CodedAt(_ path: StaticString...) = #externalMacro(module: "MacroPlugin", type: "CodedAt")
| `- note: 'CodedAt' declared here
/Users/admin/builder/spi-builder-workspace/Sources/APINotes/Common/CommonEntity.swift:44:16: error: external macro implementation type 'MacroPlugin.CodedAt' could not be found for macro 'CodedAt'; '/Users/admin/builder/spi-builder-workspace/.derivedData/Build/Products/Debug/MacroPlugin' produced malformed response
42 |
43 | @CodedAt("AvailabilityMsg")
44 | public var availabilityMessage: String?
| `- error: external macro implementation type 'MacroPlugin.CodedAt' could not be found for macro 'CodedAt'; '/Users/admin/builder/spi-builder-workspace/.derivedData/Build/Products/Debug/MacroPlugin' produced malformed response
45 |
46 | public init(
MetaCodable.CodedAt:2:30: note: 'CodedAt' declared here
1 | @available(swift 5.9)
2 | @attached(peer) public macro CodedAt(_ path: StaticString...) = #externalMacro(module: "MacroPlugin", type: "CodedAt")
| `- note: 'CodedAt' declared here
Assertion failed: (isConcrete()), function getConcrete at ProtocolConformanceRef.h:127.
(to display assertion configuration options: -Xllvm -assert-help)
Please submit a bug report (https://swift.org/contributing/#reporting-bugs) and include the crash backtrace.
Stack dump:
0. Program arguments: /Applications/Xcode-27.0.0-Release.Candidate.app/Contents/Developer/Toolchains/XcodeDefault.xctoolchain/usr/bin/swift-frontend -frontend -emit-module -experimental-skip-non-inlinable-function-bodies-without-types /Users/admin/builder/spi-builder-workspace/Sources/APINotes/Common/CommonEntity.swift /Users/admin/builder/spi-builder-workspace/Sources/APINotes/Common/CommonType.swift /Users/admin/builder/spi-builder-workspace/Sources/APINotes/Common/ObjCMethod.swift /Users/admin/builder/spi-builder-workspace/Sources/APINotes/Common/ObjCProperty.swift /Users/admin/builder/spi-builder-workspace/Sources/APINotes/Common/Parameter.swift /Users/admin/builder/spi-builder-workspace/Sources/APINotes/Common/Variable.swift /Users/admin/builder/spi-builder-workspace/Sources/APINotes/Enums/Availability.swift /Users/admin/builder/spi-builder-workspace/Sources/APINotes/Enums/EnumExtensibility.swift /Users/admin/builder/spi-builder-workspace/Sources/APINotes/Enums/EnumKind.swift /Users/admin/builder/spi-builder-workspace/Sources/APINotes/Enums/Nullability.swift /Users/admin/builder/spi-builder-workspace/Sources/APINotes/Enums/ObjCMemberKind.swift /Users/admin/builder/spi-builder-workspace/Sources/APINotes/Enums/SwiftWrapper.swift /Users/admin/builder/spi-builder-workspace/Sources/APINotes/Module.swift /Users/admin/builder/spi-builder-workspace/Sources/APINotes/TopLevelItems/Enumerator.swift /Users/admin/builder/spi-builder-workspace/Sources/APINotes/TopLevelItems/Function.swift /Users/admin/builder/spi-builder-workspace/Sources/APINotes/TopLevelItems/ObjCContext.swift /Users/admin/builder/spi-builder-workspace/Sources/APINotes/TopLevelItems/Tag.swift /Users/admin/builder/spi-builder-workspace/Sources/APINotes/TopLevelItems/Typedef.swift /Users/admin/builder/spi-builder-workspace/Sources/APINotes/Version.Tuple.swift /Users/admin/builder/spi-builder-workspace/Sources/APINotes/Version.swift -target arm64_32-apple-watchos9.0 -disable-cross-import-overlay-search -load-resolved-plugin /Applications/Xcode-27.0.0-Release.Candidate.app/Contents/Developer/Platforms/WatchOS.platform/Developer/usr/lib/swift/host/plugins/libFoundationMacros.dylib#/Applications/Xcode-27.0.0-Release.Candidate.app/Contents/Developer/Platforms/WatchOS.platform/Developer/usr/bin/swift-plugin-server#FoundationMacros -load-resolved-plugin #/Users/admin/builder/spi-builder-workspace/.derivedData/Build/Products/Debug/MacroPlugin#MacroPlugin -load-resolved-plugin /Applications/Xcode-27.0.0-Release.Candidate.app/Contents/Developer/Platforms/WatchOS.platform/Developer/usr/lib/swift/host/plugins/libObservationMacros.dylib#/Applications/Xcode-27.0.0-Release.Candidate.app/Contents/Developer/Platforms/WatchOS.platform/Developer/usr/bin/swift-plugin-server#ObservationMacros -load-resolved-plugin /Applications/Xcode-27.0.0-Release.Candidate.app/Contents/Developer/Platforms/WatchOS.platform/Developer/usr/lib/swift/host/plugins/libSwiftMacros.dylib#/Applications/Xcode-27.0.0-Release.Candidate.app/Contents/Developer/Platforms/WatchOS.platform/Developer/usr/bin/swift-plugin-server#SwiftMacros -disable-implicit-swift-modules -Xcc -fno-implicit-modules -Xcc -fno-implicit-module-maps -explicit-swift-module-map-file /Users/admin/builder/spi-builder-workspace/.derivedData/Build/Intermediates.noindex/swift-apinotes.build/Debug-watchos/APINotes-t.build/Objects-normal/arm64_32/APINotes-dependencies-1.json -enable-objc-interop -sdk /Applications/Xcode-27.0.0-Release.Candidate.app/Contents/Developer/Platforms/WatchOS.platform/Developer/SDKs/WatchOS27.0.sdk -I /Users/admin/builder/spi-builder-workspace/.derivedData/Build/Products/Debug-watchos -Isystem /Applications/Xcode-27.0.0-Release.Candidate.app/Contents/Developer/Platforms/WatchOS.platform/Developer/usr/lib -F /Users/admin/builder/spi-builder-workspace/.derivedData/Build/Products/Debug-watchos/PackageFrameworks -F /Users/admin/builder/spi-builder-workspace/.derivedData/Build/Products/Debug-watchos -F /Applications/Xcode-27.0.0-Release.Candidate.app/Contents/Developer/Platforms/WatchOS.platform/Developer/Library/Frameworks -F /Applications/Xcode-27.0.0-Release.Candidate.app/Contents/Developer/Platforms/WatchOS.platform/Developer/SDKs/WatchOS27.0.sdk/Developer/Library/Frameworks -module-cache-path /Users/admin/builder/spi-builder-workspace/.derivedData/Build/Intermediates.noindex/SwiftExplicitPrecompiledModules -no-color-diagnostics -Xcc -fno-color-diagnostics -enable-testing -g -debug-info-format=dwarf -dwarf-version=4 -profile-generate -profile-coverage-mapping -swift-version 5 -Onone -D SWIFT_PACKAGE -D DEBUG -D SWIFT_MODULE_RESOURCE_BUNDLE_UNAVAILABLE -D Xcode -serialize-debugging-options -load-plugin-executable /Users/admin/builder/spi-builder-workspace/.derivedData/Build/Products/Debug/MacroPlugin#MacroPlugin -enable-experimental-feature DebugDescriptionMacro -empty-abi-descriptor -validate-clang-modules-once -clang-build-session-file /Users/admin/builder/spi-builder-workspace/.derivedData/ModuleCache.noindex/Session.modulevalidation -Xcc -working-directory -Xcc /Users/admin/builder/spi-builder-workspace/.swiftpm/xcode -enable-anonymous-context-mangled-names -file-compilation-dir /Users/admin/builder/spi-builder-workspace/.swiftpm/xcode -Xcc -fmodule-map-file=/Users/admin/builder/spi-builder-workspace/.dependencies/checkouts/Yams/Sources/CYaml/include/module.modulemap -Xcc -D_LIBCPP_HARDENING_MODE=_LIBCPP_HARDENING_MODE_DEBUG -Xcc -ivfsstatcache -Xcc /Users/admin/builder/spi-builder-workspace/.derivedData/SDKStatCaches.noindex/watchos27.0-24R360-e829b21a6f8c9b70876ba0858053c04477534ef55a1706bf4c1112bbb242f0a2.sdkstatcache -Xcc -fmodules-prune-interval=86400 -Xcc -fmodules-prune-after=345600 -Xcc -I/Users/admin/builder/spi-builder-workspace/.dependencies/checkouts/Yams/Sources/CYaml/include -Xcc -I/Users/admin/builder/spi-builder-workspace/.derivedData/Build/Products/Debug-watchos/include -Xcc -I/Users/admin/builder/spi-builder-workspace/.derivedData/Build/Intermediates.noindex/swift-apinotes.build/Debug-watchos/APINotes-t.build/DerivedSources-normal/arm64_32 -Xcc -I/Users/admin/builder/spi-builder-workspace/.derivedData/Build/Intermediates.noindex/swift-apinotes.build/Debug-watchos/APINotes-t.build/DerivedSources/arm64_32 -Xcc -I/Users/admin/builder/spi-builder-workspace/.derivedData/Build/Intermediates.noindex/swift-apinotes.build/Debug-watchos/APINotes-t.build/DerivedSources -Xcc -DSWIFT_PACKAGE -Xcc -DDEBUG=1 -no-auto-bridging-header-chaining -module-name APINotes -package-name spi_builder_workspace -const-gather-protocols-file /Users/admin/builder/spi-builder-workspace/.derivedData/Build/Intermediates.noindex/swift-apinotes.build/Debug-watchos/APINotes-t.build/Objects-normal/arm64_32/APINotes_const_extract_protocols.json -disable-clang-spi -clang-target arm64_32-apple-watchos27.0 -target-sdk-version 27.0 -target-sdk-name watchos27.0 -in-process-plugin-server-path /Applications/Xcode-27.0.0-Release.Candidate.app/Contents/Developer/Toolchains/XcodeDefault.xctoolchain/usr/lib/swift/host/libSwiftInProcPluginServer.dylib -emit-module-doc-path /Users/admin/builder/spi-builder-workspace/.derivedData/Build/Intermediates.noindex/swift-apinotes.build/Debug-watchos/APINotes-t.build/Objects-normal/arm64_32/APINotes.swiftdoc -emit-module-source-info-path /Users/admin/builder/spi-builder-workspace/.derivedData/Build/Intermediates.noindex/swift-apinotes.build/Debug-watchos/APINotes-t.build/Objects-normal/arm64_32/APINotes.swiftsourceinfo -emit-objc-header-path /Users/admin/builder/spi-builder-workspace/.derivedData/Build/Intermediates.noindex/swift-apinotes.build/Debug-watchos/APINotes-t.build/Objects-normal/arm64_32/APINotes-Swift.h -serialize-diagnostics-path /Users/admin/builder/spi-builder-workspace/.derivedData/Build/Intermediates.noindex/swift-apinotes.build/Debug-watchos/APINotes-t.build/Objects-normal/arm64_32/APINotes-primary-emit-module.dia -emit-dependencies-path /Users/admin/builder/spi-builder-workspace/.derivedData/Build/Intermediates.noindex/swift-apinotes.build/Debug-watchos/APINotes-t.build/Objects-normal/arm64_32/APINotes-primary-emit-module.d -parse-as-library -o /Users/admin/builder/spi-builder-workspace/.derivedData/Build/Intermediates.noindex/swift-apinotes.build/Debug-watchos/APINotes-t.build/Objects-normal/arm64_32/APINotes.swiftmodule -emit-abi-descriptor-path /Users/admin/builder/spi-builder-workspace/.derivedData/Build/Intermediates.noindex/swift-apinotes.build/Debug-watchos/APINotes-t.build/Objects-normal/arm64_32/APINotes.abi.json
1. Apple Swift version 6.4 (swiftlang-6.4.0.34.1 clang-2100.3.34.1)
2. Compiling with effective version 5.10
3. While evaluating request TypeCheckPrimaryFileRequest(source_file "/Users/admin/builder/spi-builder-workspace/Sources/APINotes/Common/CommonType.swift")
4. While type-checking 'CommonType' (at /Users/admin/builder/spi-builder-workspace/Sources/APINotes/Common/CommonType.swift:4:8)
5. While evaluating request StoredPropertiesRequest(APINotes.(file).CommonType@/Users/admin/builder/spi-builder-workspace/Sources/APINotes/Common/CommonType.swift:4:14)
6. While evaluating request ExpandSynthesizedMemberMacroRequest(APINotes.(file).CommonType@/Users/admin/builder/spi-builder-workspace/Sources/APINotes/Common/CommonType.swift:4:14)
7. Assertion failed: (isConcrete()), function getConcrete at ProtocolConformanceRef.h:127.
| (to display assertion configuration options: -Xllvm -assert-help)
Stack dump without symbol names (ensure you have llvm-symbolizer in your PATH or set the environment var `LLVM_SYMBOLIZER_PATH` to point to it):
0 swift-frontend 0x0000000106997bd0 llvm::sys::PrintStackTrace(llvm::raw_ostream&, int) + 56
1 swift-frontend 0x0000000106995358 llvm::sys::RunSignalHandlers() + 172
2 swift-frontend 0x00000001069981c8 SignalHandler(int, __siginfo*, void*) + 360
3 libsystem_platform.dylib 0x0000000181795744 _sigtramp + 56
4 libsystem_pthread.dylib 0x000000018178b8d8 pthread_kill + 296
5 libsystem_c.dylib 0x0000000181691978 abort + 148
6 swift-frontend 0x0000000102146bc4 _ABORT(char const*, int, char const*, llvm::function_ref<void (llvm::raw_ostream&)>) + 0
7
swift-frontend 0x0000000102146b80 _abortWithMessage(llvm::StringRef) + 0
8 swift-frontend 0x0000000101e23cf8 swift::ConformanceLookupTable::getConformance(swift::NominalTypeDecl*, swift::ConformanceLookupTable::ConformanceEntry*) + 2004
9 swift-frontend 0x0000000101e23f78 swift::ConformanceLookupTable::lookupConformance(swift::NominalTypeDecl*, swift::ProtocolDecl*, llvm::SmallVectorImpl<swift::ProtocolConformance*>&) + 520
10 swift-frontend 0x0000000101a27aac getIntroducedConformances(swift::NominalTypeDecl*, swift::MacroRole, swift::MacroDecl*, llvm::SmallVectorImpl<swift::ProtocolDecl*>*) + 168
11 swift-frontend 0x0000000101a35bd4 void llvm::function_ref<void (swift::CustomAttr*, swift::MacroDecl*)>::callback_fn<swift::ExpandSynthesizedMemberMacroRequest::evaluate(swift::Evaluator&, swift::Decl*) const::$_0>(long, swift::CustomAttr*, swift::MacroDecl*) + 120
12 swift-frontend 0x0000000101e27e7c swift::Decl::forEachAttachedMacro(swift::MacroRole, llvm::function_ref<void (swift::CustomAttr*, swift::MacroDecl*)>) const + 180
13 swift-frontend 0x0000000101a24fa8 swift::ExpandSynthesizedMemberMacroRequest::evaluate(swift::Evaluator&, swift::Decl*) const + 84
14 swift-frontend 0x000000010199e708 swift::ExpandSynthesizedMemberMacroRequest::OutputType swift::Evaluator::getResultUncached<swift::ExpandSynthesizedMemberMacroRequest, swift::ExpandSynthesizedMemberMacroRequest::OutputType swift::evaluateOrDefault<swift::ExpandSynthesizedMemberMacroRequest>(swift::Evaluator&, swift::ExpandSynthesizedMemberMacroRequest, swift::ExpandSynthesizedMemberMacroRequest::OutputType)::'lambda'()>(swift::ExpandSynthesizedMemberMacroRequest const&, swift::ExpandSynthesizedMemberMacroRequest::OutputType swift::evaluateOrDefault<swift::ExpandSynthesizedMemberMacroRequest>(swift::Evaluator&, swift::ExpandSynthesizedMemberMacroRequest, swift::ExpandSynthesizedMemberMacroRequest::OutputType)::'lambda'()) + 436
15 swift-frontend 0x000000010199e4b8 swift::ExpandSynthesizedMemberMacroRequest::OutputType swift::Evaluator::getResultCached<swift::ExpandSynthesizedMemberMacroRequest, swift::ExpandSynthesizedMemberMacroRequest::OutputType swift::evaluateOrDefault<swift::ExpandSynthesizedMemberMacroRequest>(swift::Evaluator&, swift::ExpandSynthesizedMemberMacroRequest, swift::ExpandSynthesizedMemberMacroRequest::OutputType)::'lambda'(), (void*)0>(swift::ExpandSynthesizedMemberMacroRequest const&, swift::ExpandSynthesizedMemberMacroRequest::OutputType swift::evaluateOrDefault<swift::ExpandSynthesizedMemberMacroRequest>(swift::Evaluator&, swift::ExpandSynthesizedMemberMacroRequest, swift::ExpandSynthesizedMemberMacroRequest::OutputType)::'lambda'()) + 324
16 swift-frontend 0x0000000101a9dd24 computeLoweredProperties(swift::NominalTypeDecl*, swift::IterableDeclContext*, (anonymous namespace)::LoweredPropertiesReason) + 156
17 swift-frontend 0x0000000101a9d064 swift::StoredPropertiesRequest::evaluate(swift::Evaluator&, swift::NominalTypeDecl*) const + 360
18 swift-frontend 0x0000000101e97644 swift::StoredPropertiesRequest::OutputType swift::Evaluator::getResultCached<swift::StoredPropertiesRequest, swift::StoredPropertiesRequest::OutputType swift::evaluateOrDefault<swift::StoredPropertiesRequest>(swift::Evaluator&, swift::StoredPropertiesRequest, swift::StoredPropertiesRequest::OutputType)::'lambda'(), (void*)0>(swift::StoredPropertiesRequest const&, swift::StoredPropertiesRequest::OutputType swift::evaluateOrDefault<swift::StoredPropertiesRequest>(swift::Evaluator&, swift::StoredPropertiesRequest, swift::StoredPropertiesRequest::OutputType)::'lambda'()) + 1252
19 swift-frontend 0x00000001019e3dc4 (anonymous namespace)::DeclChecker::visitClassDecl(swift::ClassDecl*) + 1276
20 swift-frontend 0x00000001019dae58 (anonymous namespace)::DeclChecker::visit(swift::Decl*) + 2380
21 swift-frontend 0x0000000101aea26c swift::TypeCheckPrimaryFileRequest::evaluate(swift::Evaluator&, swift::SourceFile*) const + 776
22 swift-frontend 0x0000000101af3244 swift::TypeCheckPrimaryFileRequest::OutputType swift::Evaluator::getResultUncached<swift::TypeCheckPrimaryFileRequest, swift::TypeCheckPrimaryFileRequest::OutputType swift::evaluateOrDefault<swift::TypeCheckPrimaryFileRequest>(swift::Evaluator&, swift::TypeCheckPrimaryFileRequest, swift::TypeCheckPrimaryFileRequest::OutputType)::'lambda'()>(swift::TypeCheckPrimaryFileRequest const&, swift::TypeCheckPrimaryFileRequest::OutputType swift::evaluateOrDefault<swift::TypeCheckPrimaryFileRequest>(swift::Evaluator&, swift::TypeCheckPrimaryFileRequest, swift::TypeCheckPrimaryFileRequest::OutputType)::'lambda'()) + 648
23 swift-frontend 0x0000000101af2fa8 swift::TypeCheckPrimaryFileRequest::OutputType swift::Evaluator::getResultCached<swift::TypeCheckPrimaryFileRequest, swift::TypeCheckPrimaryFileRequest::OutputType swift::evaluateOrDefault<swift::TypeCheckPrimaryFileRequest>(swift::Evaluator&, swift::TypeCheckPrimaryFileRequest, swift::TypeCheckPrimaryFileRequest::OutputType)::'lambda'(), (void*)0>(swift::TypeCheckPrimaryFileRequest const&, swift::TypeCheckPrimaryFileRequest::OutputType swift::evaluateOrDefault<swift::TypeCheckPrimaryFileRequest>(swift::Evaluator&, swift::TypeCheckPrimaryFileRequest, swift::TypeCheckPrimaryFileRequest::OutputType)::'lambda'()) + 184
24 swift-frontend 0x00000001008ec1a4 bool llvm::function_ref<bool (swift::SourceFile&)>::callback_fn<swift::CompilerInstance::performSema()::$_0>(long, swift::SourceFile&) + 116
25 swift-frontend 0x00000001008e5188 swift::CompilerInstance::forEachFileToTypeCheck(llvm::function_ref<bool (swift::SourceFile&)>) + 284
26 swift-frontend 0x00000001008e503c swift::CompilerInstance::performSema() + 456
27 swift-frontend 0x00000001004ac918 performCompile(swift::CompilerInstance&, int&, swift::FrontendObserver*, llvm::ArrayRef<char const*>) + 556
28 swift-frontend 0x00000001004a9dc4 swift::performFrontend(llvm::ArrayRef<char const*>, char const*, void*, swift::FrontendObserver*) + 3776
29 swift-frontend 0x0000000100429008 swift::mainEntry(int, char const**) + 5600
30 dyld 0x00000001813c04e4 start + 6992
Failed frontend command:
SwiftCompile normal arm64_32 (in target 'APINotes' from project 'swift-apinotes')
cd /Users/admin/builder/spi-builder-workspace/.swiftpm/xcode
/Users/admin/builder/spi-builder-workspace/.derivedData/Build/Intermediates.noindex/swift-apinotes.build/Debug-watchos/APINotes-t.build/Objects-normal/arm64_32/APINotes-primary-emit-module.dia:1:1: warning: Could not read serialized diagnostics file: Error Domain=NSCocoaErrorDomain Code=260 "The file “APINotes-primary-emit-module.dia” couldn’t be opened because there is no such file." UserInfo={NSFilePath=/Users/admin/builder/spi-builder-workspace/.derivedData/Build/Intermediates.noindex/swift-apinotes.build/Debug-watchos/APINotes-t.build/Objects-normal/arm64_32/APINotes-primary-emit-module.dia, NSURL=file:///Users/admin/builder/spi-builder-workspace/.derivedData/Build/Intermediates.noindex/swift-apinotes.build/Debug-watchos/APINotes-t.build/Objects-normal/arm64_32/APINotes-primary-emit-module.dia, NSUnderlyingError=0x94123c6f0 {Error Domain=NSPOSIXErrorDomain Code=2 "No such file or directory"}} (in target 'APINotes' from project 'swift-apinotes')
/Applications/Xcode-27.0.0-Release.Candidate.app/Contents/Developer/Toolchains/XcodeDefault.xctoolchain/usr/bin/swift-frontend -frontend -emit-module -experimental-skip-non-inlinable-function-bodies-without-types /Users/admin/builder/spi-builder-workspace/Sources/APINotes/Common/CommonEntity.swift /Users/admin/builder/spi-builder-workspace/Sources/APINotes/Common/CommonType.swift /Users/admin/builder/spi-builder-workspace/Sources/APINotes/Common/ObjCMethod.swift /Users/admin/builder/spi-builder-workspace/Sources/APINotes/Common/ObjCProperty.swift /Users/admin/builder/spi-builder-workspace/Sources/APINotes/Common/Parameter.swift /Users/admin/builder/spi-builder-workspace/Sources/APINotes/Common/Variable.swift /Users/admin/builder/spi-builder-workspace/Sources/APINotes/Enums/Availability.swift /Users/admin/builder/spi-builder-workspace/Sources/APINotes/Enums/EnumExtensibility.swift /Users/admin/builder/spi-builder-workspace/Sources/APINotes/Enums/EnumKind.swift /Users/admin/builder/spi-builder-workspace/Sources/APINotes/Enums/Nullability.swift /Users/admin/builder/spi-builder-workspace/Sources/APINotes/Enums/ObjCMemberKind.swift /Users/admin/builder/spi-builder-workspace/Sources/APINotes/Enums/SwiftWrapper.swift /Users/admin/builder/spi-builder-workspace/Sources/APINotes/Module.swift /Users/admin/builder/spi-builder-workspace/Sources/APINotes/TopLevelItems/Enumerator.swift /Users/admin/builder/spi-builder-workspace/Sources/APINotes/TopLevelItems/Function.swift /Users/admin/builder/spi-builder-workspace/Sources/APINotes/TopLevelItems/ObjCContext.swift /Users/admin/builder/spi-builder-workspace/Sources/APINotes/TopLevelItems/Tag.swift /Users/admin/builder/spi-builder-workspace/Sources/APINotes/TopLevelItems/Typedef.swift /Users/admin/builder/spi-builder-workspace/Sources/APINotes/Version.Tuple.swift /Users/admin/builder/spi-builder-workspace/Sources/APINotes/Version.swift -target arm64_32-apple-watchos9.0 -disable-cross-import-overlay-search -load-resolved-plugin /Applications/Xcode-27.0.0-Release.Candidate.app/Contents/Developer/Platforms/WatchOS.platform/Developer/usr/lib/swift/host/plugins/libFoundationMacros.dylib\#/Applications/Xcode-27.0.0-Release.Candidate.app/Contents/Developer/Platforms/WatchOS.platform/Developer/usr/bin/swift-plugin-server\#FoundationMacros -load-resolved-plugin \#/Users/admin/builder/spi-builder-workspace/.derivedData/Build/Products/Debug/MacroPlugin\#MacroPlugin -load-resolved-plugin /Applications/Xcode-27.0.0-Release.Candidate.app/Contents/Developer/Platforms/WatchOS.platform/Developer/usr/lib/swift/host/plugins/libObservationMacros.dylib\#/Applications/Xcode-27.0.0-Release.Candidate.app/Contents/Developer/Platforms/WatchOS.platform/Developer/usr/bin/swift-plugin-server\#ObservationMacros -load-resolved-plugin /Applications/Xcode-27.0.0-Release.Candidate.app/Contents/Developer/Platforms/WatchOS.platform/Developer/usr/lib/swift/host/plugins/libSwiftMacros.dylib\#/Applications/Xcode-27.0.0-Release.Candidate.app/Contents/Developer/Platforms/WatchOS.platform/Developer/usr/bin/swift-plugin-server\#SwiftMacros -disable-implicit-swift-modules -Xcc -fno-implicit-modules -Xcc -fno-implicit-module-maps -explicit-swift-module-map-file /Users/admin/builder/spi-builder-workspace/.derivedData/Build/Intermediates.noindex/swift-apinotes.build/Debug-watchos/APINotes-t.build/Objects-normal/arm64_32/APINotes-dependencies-1.json -enable-objc-interop -sdk /Applications/Xcode-27.0.0-Release.Candidate.app/Contents/Developer/Platforms/WatchOS.platform/Developer/SDKs/WatchOS27.0.sdk -I /Users/admin/builder/spi-builder-workspace/.derivedData/Build/Products/Debug-watchos -Isystem /Applications/Xcode-27.0.0-Release.Candidate.app/Contents/Developer/Platforms/WatchOS.platform/Developer/usr/lib -F /Users/admin/builder/spi-builder-workspace/.derivedData/Build/Products/Debug-watchos/PackageFrameworks -F /Users/admin/builder/spi-builder-workspace/.derivedData/Build/Products/Debug-watchos -F /Applications/Xcode-27.0.0-Release.Candidate.app/Contents/Developer/Platforms/WatchOS.platform/Developer/Library/Frameworks -F /Applications/Xcode-27.0.0-Release.Candidate.app/Contents/Developer/Platforms/WatchOS.platform/Developer/SDKs/WatchOS27.0.sdk/Developer/Library/Frameworks -module-cache-path /Users/admin/builder/spi-builder-workspace/.derivedData/Build/Intermediates.noindex/SwiftExplicitPrecompiledModules -no-color-diagnostics -Xcc -fno-color-diagnostics -enable-testing -g -debug-info-format\=dwarf -dwarf-version\=4 -profile-generate -profile-coverage-mapping -swift-version 5 -Onone -D SWIFT_PACKAGE -D DEBUG -D SWIFT_MODULE_RESOURCE_BUNDLE_UNAVAILABLE -D Xcode -serialize-debugging-options -load-plugin-executable /Users/admin/builder/spi-builder-workspace/.derivedData/Build/Products/Debug/MacroPlugin\#MacroPlugin -enable-experimental-feature DebugDescriptionMacro -empty-abi-descriptor -validate-clang-modules-once -clang-build-session-file /Users/admin/builder/spi-builder-workspace/.derivedData/ModuleCache.noindex/Session.modulevalidation -Xcc -working-directory -Xcc /Users/admin/builder/spi-builder-workspace/.swiftpm/xcode -enable-anonymous-context-mangled-names -file-compilation-dir /Users/admin/builder/spi-builder-workspace/.swiftpm/xcode -Xcc -fmodule-map-file\=/Users/admin/builder/spi-builder-workspace/.dependencies/checkouts/Yams/Sources/CYaml/include/module.modulemap -Xcc -D_LIBCPP_HARDENING_MODE\=_LIBCPP_HARDENING_MODE_DEBUG -Xcc -ivfsstatcache -Xcc /Users/admin/builder/spi-builder-workspace/.derivedData/SDKStatCaches.noindex/watchos27.0-24R360-e829b21a6f8c9b70876ba0858053c04477534ef55a1706bf4c1112bbb242f0a2.sdkstatcache -Xcc -fmodules-prune-interval\=86400 -Xcc -fmodules-prune-after\=345600 -Xcc -I/Users/admin/builder/spi-builder-workspace/.dependencies/checkouts/Yams/Sources/CYaml/include -Xcc -I/Users/admin/builder/spi-builder-workspace/.derivedData/Build/Products/Debug-watchos/include -Xcc -I/Users/admin/builder/spi-builder-workspace/.derivedData/Build/Intermediates.noindex/swift-apinotes.build/Debug-watchos/APINotes-t.build/DerivedSources-normal/arm64_32 -Xcc -I/Users/admin/builder/spi-builder-workspace/.derivedData/Build/Intermediates.noindex/swift-apinotes.build/Debug-watchos/APINotes-t.build/DerivedSources/arm64_32 -Xcc -I/Users/admin/builder/spi-builder-workspace/.derivedData/Build/Intermediates.noindex/swift-apinotes.build/Debug-watchos/APINotes-t.build/DerivedSources -Xcc -DSWIFT_PACKAGE -Xcc -DDEBUG\=1 -no-auto-bridging-header-chaining -module-name APINotes -package-name spi_builder_workspace -const-gather-protocols-file /Users/admin/builder/spi-builder-workspace/.derivedData/Build/Intermediates.noindex/swift-apinotes.build/Debug-watchos/APINotes-t.build/Objects-normal/arm64_32/APINotes_const_extract_protocols.json -disable-clang-spi -clang-target arm64_32-apple-watchos27.0 -target-sdk-version 27.0 -target-sdk-name watchos27.0 -in-process-plugin-server-path /Applications/Xcode-27.0.0-Release.Candidate.app/Contents/Developer/Toolchains/XcodeDefault.xctoolchain/usr/lib/swift/host/libSwiftInProcPluginServer.dylib -emit-module-doc-path /Users/admin/builder/spi-builder-workspace/.derivedData/Build/Intermediates.noindex/swift-apinotes.build/Debug-watchos/APINotes-t.build/Objects-normal/arm64_32/APINotes.swiftdoc -emit-module-source-info-path /Users/admin/builder/spi-builder-workspace/.derivedData/Build/Intermediates.noindex/swift-apinotes.build/Debug-watchos/APINotes-t.build/Objects-normal/arm64_32/APINotes.swiftsourceinfo -emit-objc-header-path /Users/admin/builder/spi-builder-workspace/.derivedData/Build/Intermediates.noindex/swift-apinotes.build/Debug-watchos/APINotes-t.build/Objects-normal/arm64_32/APINotes-Swift.h -serialize-diagnostics-path /Users/admin/builder/spi-builder-workspace/.derivedData/Build/Intermediates.noindex/swift-apinotes.build/Debug-watchos/APINotes-t.build/Objects-normal/arm64_32/APINotes-primary-emit-module.dia -emit-dependencies-path /Users/admin/builder/spi-builder-workspace/.derivedData/Build/Intermediates.noindex/swift-apinotes.build/Debug-watchos/APINotes-t.build/Objects-normal/arm64_32/APINotes-primary-emit-module.d -parse-as-library -o /Users/admin/builder/spi-builder-workspace/.derivedData/Build/Intermediates.noindex/swift-apinotes.build/Debug-watchos/APINotes-t.build/Objects-normal/arm64_32/APINotes.swiftmodule -emit-abi-descriptor-path /Users/admin/builder/spi-builder-workspace/.derivedData/Build/Intermediates.noindex/swift-apinotes.build/Debug-watchos/APINotes-t.build/Objects-normal/arm64_32/APINotes.abi.json
Command SwiftEmitModule failed with a nonzero exit code
SwiftCompile normal arm64 Compiling\ Function.swift,\ ObjCContext.swift /Users/admin/builder/spi-builder-workspace/Sources/APINotes/TopLevelItems/Function.swift /Users/admin/builder/spi-builder-workspace/Sources/APINotes/TopLevelItems/ObjCContext.swift (in target 'APINotes' from project 'swift-apinotes')
dyld[1559]: Symbol not found: _swift_initBorrow
Referenced from: <EE7FF0C4-61FA-3DBB-B7F4-3C1E29BA2CDC> /Users/admin/builder/spi-builder-workspace/.derivedData/Build/Products/Debug/MacroPlugin
Expected in: <83794FB3-DE9B-3D23-AB5E-2C1D5D30F134> /usr/lib/swift/libswiftCore.dylib
Assertion failed: (isConcrete()), function getConcrete at ProtocolConformanceRef.h:127.
(to display assertion configuration options: -Xllvm -assert-help)
Please submit a bug report (https://swift.org/contributing/#reporting-bugs) and include the crash backtrace.
Stack dump:
0. Program arguments: /Applications/Xcode-27.0.0-Release.Candidate.app/Contents/Developer/Toolchains/XcodeDefault.xctoolchain/usr/bin/swift-frontend -frontend -c /Users/admin/builder/spi-builder-workspace/Sources/APINotes/Common/CommonEntity.swift /Users/admin/builder/spi-builder-workspace/Sources/APINotes/Common/CommonType.swift /Users/admin/builder/spi-builder-workspace/Sources/APINotes/Common/ObjCMethod.swift /Users/admin/builder/spi-builder-workspace/Sources/APINotes/Common/ObjCProperty.swift /Users/admin/builder/spi-builder-workspace/Sources/APINotes/Common/Parameter.swift /Users/admin/builder/spi-builder-workspace/Sources/APINotes/Common/Variable.swift /Users/admin/builder/spi-builder-workspace/Sources/APINotes/Enums/Availability.swift /Users/admin/builder/spi-builder-workspace/Sources/APINotes/Enums/EnumExtensibility.swift /Users/admin/builder/spi-builder-workspace/Sources/APINotes/Enums/EnumKind.swift /Users/admin/builder/spi-builder-workspace/Sources/APINotes/Enums/Nullability.swift /Users/admin/builder/spi-builder-workspace/Sources/APINotes/Enums/ObjCMemberKind.swift /Users/admin/builder/spi-builder-workspace/Sources/APINotes/Enums/SwiftWrapper.swift /Users/admin/builder/spi-builder-workspace/Sources/APINotes/Module.swift /Users/admin/builder/spi-builder-workspace/Sources/APINotes/TopLevelItems/Enumerator.swift -primary-file /Users/admin/builder/spi-builder-workspace/Sources/APINotes/TopLevelItems/Function.swift -primary-file /Users/admin/builder/spi-builder-workspace/Sources/APINotes/TopLevelItems/ObjCContext.swift /Users/admin/builder/spi-builder-workspace/Sources/APINotes/TopLevelItems/Tag.swift /Users/admin/builder/spi-builder-workspace/Sources/APINotes/TopLevelItems/Typedef.swift /Users/admin/builder/spi-builder-workspace/Sources/APINotes/Version.Tuple.swift /Users/admin/builder/spi-builder-workspace/Sources/APINotes/Version.swift -emit-dependencies-path /Users/admin/builder/spi-builder-workspace/.derivedData/Build/Intermediates.noindex/swift-apinotes.build/Debug-watchos/APINotes-t.build/Objects-normal/arm64/Function.d -emit-const-values-path /Users/admin/builder/spi-builder-workspace/.derivedData/Build/Intermediates.noindex/swift-apinotes.build/Debug-watchos/APINotes-t.build/Objects-normal/arm64/Function.swiftconstvalues -emit-reference-dependencies-path /Users/admin/builder/spi-builder-workspace/.derivedData/Build/Intermediates.noindex/swift-apinotes.build/Debug-watchos/APINotes-t.build/Objects-normal/arm64/Function.swiftdeps -serialize-diagnostics-path /Users/admin/builder/spi-builder-workspace/.derivedData/Build/Intermediates.noindex/swift-apinotes.build/Debug-watchos/APINotes-t.build/Objects-normal/arm64/Function.dia -emit-dependencies-path /Users/admin/builder/spi-builder-workspace/.derivedData/Build/Intermediates.noindex/swift-apinotes.build/Debug-watchos/APINotes-t.build/Objects-normal/arm64/ObjCContext.d -emit-const-values-path /Users/admin/builder/spi-builder-workspace/.derivedData/Build/Intermediates.noindex/swift-apinotes.build/Debug-watchos/APINotes-t.build/Objects-normal/arm64/ObjCContext.swiftconstvalues -emit-reference-dependencies-path /Users/admin/builder/spi-builder-workspace/.derivedData/Build/Intermediates.noindex/swift-apinotes.build/Debug-watchos/APINotes-t.build/Objects-normal/arm64/ObjCContext.swiftdeps -serialize-diagnostics-path /Users/admin/builder/spi-builder-workspace/.derivedData/Build/Intermediates.noindex/swift-apinotes.build/Debug-watchos/APINotes-t.build/Objects-normal/arm64/ObjCContext.dia -target arm64-apple-watchos9.0 -disable-cross-import-overlay-search -load-resolved-plugin /Applications/Xcode-27.0.0-Release.Candidate.app/Contents/Developer/Platforms/WatchOS.platform/Developer/usr/lib/swift/host/plugins/libFoundationMacros.dylib#/Applications/Xcode-27.0.0-Release.Candidate.app/Contents/Developer/Platforms/WatchOS.platform/Developer/usr/bin/swift-plugin-server#FoundationMacros -load-resolved-plugin #/Users/admin/builder/spi-builder-workspace/.derivedData/Build/Products/Debug/MacroPlugin#MacroPlugin -load-resolved-plugin /Applications/Xcode-27.0.0-Release.Candidate.app/Contents/Developer/Platforms/WatchOS.platform/Developer/usr/lib/swift/host/plugins/libObservationMacros.dylib#/Applications/Xcode-27.0.0-Release.Candidate.app/Contents/Developer/Platforms/WatchOS.platform/Developer/usr/bin/swift-plugin-server#ObservationMacros -load-resolved-plugin /Applications/Xcode-27.0.0-Release.Candidate.app/Contents/Developer/Platforms/WatchOS.platform/Developer/usr/lib/swift/host/plugins/libSwiftMacros.dylib#/Applications/Xcode-27.0.0-Release.Candidate.app/Contents/Developer/Platforms/WatchOS.platform/Developer/usr/bin/swift-plugin-server#SwiftMacros -disable-implicit-swift-modules -Xcc -fno-implicit-modules -Xcc -fno-implicit-module-maps -explicit-swift-module-map-file /Users/admin/builder/spi-builder-workspace/.derivedData/Build/Intermediates.noindex/swift-apinotes.build/Debug-watchos/APINotes-t.build/Objects-normal/arm64/APINotes-dependencies-2.json -Xllvm -aarch64-use-tbi -enable-objc-interop -stack-check -sdk /Applications/Xcode-27.0.0-Release.Candidate.app/Contents/Developer/Platforms/WatchOS.platform/Developer/SDKs/WatchOS27.0.sdk -I /Users/admin/builder/spi-builder-workspace/.derivedData/Build/Products/Debug-watchos -Isystem /Applications/Xcode-27.0.0-Release.Candidate.app/Contents/Developer/Platforms/WatchOS.platform/Developer/usr/lib -F /Users/admin/builder/spi-builder-workspace/.derivedData/Build/Products/Debug-watchos/PackageFrameworks -F /Users/admin/builder/spi-builder-workspace/.derivedData/Build/Products/Debug-watchos -F /Applications/Xcode-27.0.0-Release.Candidate.app/Contents/Developer/Platforms/WatchOS.platform/Developer/Library/Frameworks -F /Applications/Xcode-27.0.0-Release.Candidate.app/Contents/Developer/Platforms/WatchOS.platform/Developer/SDKs/WatchOS27.0.sdk/Developer/Library/Frameworks -module-cache-path /Users/admin/builder/spi-builder-workspace/.derivedData/Build/Intermediates.noindex/SwiftExplicitPrecompiledModules -no-color-diagnostics -Xcc -fno-color-diagnostics -enable-testing -g -debug-info-format=dwarf -dwarf-version=4 -profile-generate -profile-coverage-mapping -swift-version 5 -Onone -D SWIFT_PACKAGE -D DEBUG -D SWIFT_MODULE_RESOURCE_BUNDLE_UNAVAILABLE -D Xcode -serialize-debugging-options -load-plugin-executable /Users/admin/builder/spi-builder-workspace/.derivedData/Build/Products/Debug/MacroPlugin#MacroPlugin -enable-experimental-feature DebugDescriptionMacro -empty-abi-descriptor -validate-clang-modules-once -clang-build-session-file /Users/admin/builder/spi-builder-workspace/.derivedData/ModuleCache.noindex/Session.modulevalidation -Xcc -working-directory -Xcc /Users/admin/builder/spi-builder-workspace/.swiftpm/xcode -enable-anonymous-context-mangled-names -file-compilation-dir /Users/admin/builder/spi-builder-workspace/.swiftpm/xcode -Xcc -fmodule-map-file=/Users/admin/builder/spi-builder-workspace/.dependencies/checkouts/Yams/Sources/CYaml/include/module.modulemap -Xcc -D_LIBCPP_HARDENING_MODE=_LIBCPP_HARDENING_MODE_DEBUG -Xcc -ivfsstatcache -Xcc /Users/admin/builder/spi-builder-workspace/.derivedData/SDKStatCaches.noindex/watchos27.0-24R360-e829b21a6f8c9b70876ba0858053c04477534ef55a1706bf4c1112bbb242f0a2.sdkstatcache -Xcc -fmodules-prune-interval=86400 -Xcc -fmodules-prune-after=345600 -Xcc -I/Users/admin/builder/spi-builder-workspace/.dependencies/checkouts/Yams/Sources/CYaml/include -Xcc -I/Users/admin/builder/spi-builder-workspace/.derivedData/Build/Products/Debug-watchos/include -Xcc -I/Users/admin/builder/spi-builder-workspace/.derivedData/Build/Intermediates.noindex/swift-apinotes.build/Debug-watchos/APINotes-t.build/DerivedSources-normal/arm64 -Xcc -I/Users/admin/builder/spi-builder-workspace/.derivedData/Build/Intermediates.noindex/swift-apinotes.build/Debug-watchos/APINotes-t.build/DerivedSources/arm64 -Xcc -I/Users/admin/builder/spi-builder-workspace/.derivedData/Build/Intermediates.noindex/swift-apinotes.build/Debug-watchos/APINotes-t.build/DerivedSources -Xcc -DSWIFT_PACKAGE -Xcc -DDEBUG=1 -no-auto-bridging-header-chaining -module-name APINotes -package-name spi_builder_workspace -const-gather-protocols-file /Users/admin/builder/spi-builder-workspace/.derivedData/Build/Intermediates.noindex/swift-apinotes.build/Debug-watchos/APINotes-t.build/Objects-normal/arm64/APINotes_const_extract_protocols.json -disable-clang-spi -clang-target arm64-apple-watchos27.0 -target-sdk-version 27.0 -target-sdk-name watchos27.0 -in-process-plugin-server-path /Applications/Xcode-27.0.0-Release.Candidate.app/Contents/Developer/Toolchains/XcodeDefault.xctoolchain/usr/lib/swift/host/libSwiftInProcPluginServer.dylib -parse-as-library -o /Users/admin/builder/spi-builder-workspace/.derivedData/Build/Intermediates.noindex/swift-apinotes.build/Debug-watchos/APINotes-t.build/Objects-normal/arm64/Function.o -o /Users/admin/builder/spi-builder-workspace/.derivedData/Build/Intermediates.noindex/swift-apinotes.build/Debug-watchos/APINotes-t.build/Objects-normal/arm64/ObjCContext.o -debug-module-path /Users/admin/builder/spi-builder-workspace/.derivedData/Build/Intermediates.noindex/swift-apinotes.build/Debug-watchos/APINotes-t.build/Objects-normal/arm64/APINotes.swiftmodule -index-unit-output-path /swift-apinotes.build/Debug-watchos/APINotes-t.build/Objects-normal/arm64/Function.o -index-unit-output-path /swift-apinotes.build/Debug-watchos/APINotes-t.build/Objects-normal/arm64/ObjCContext.o -index-store-path /Users/admin/builder/spi-builder-workspace/.derivedData/Index.noindex/DataStore -index-system-modules
1. Apple Swift version 6.4 (swiftlang-6.4.0.34.1 clang-2100.3.34.1)
2. Compiling with effective version 5.10
3. While evaluating request TypeCheckPrimaryFileRequest(source_file "/Users/admin/builder/spi-builder-workspace/Sources/APINotes/TopLevelItems/Function.swift")
4. While type-checking 'Function' (at /Users/admin/builder/spi-builder-workspace/Sources/APINotes/TopLevelItems/Function.swift:10:8)
5. While evaluating request StoredPropertiesRequest(APINotes.(file).Function@/Users/admin/builder/spi-builder-workspace/Sources/APINotes/TopLevelItems/Function.swift:10:14)
6. While evaluating request ExpandSynthesizedMemberMacroRequest(APINotes.(file).Function@/Users/admin/builder/spi-builder-workspace/Sources/APINotes/TopLevelItems/Function.swift:10:14)
7. Assertion failed: (isConcrete()), function getConcrete at ProtocolConformanceRef.h:127.
| (to display assertion configuration options: -Xllvm -assert-help)
Stack dump without symbol names (ensure you have llvm-symbolizer in your PATH or set the environment var `LLVM_SYMBOLIZER_PATH` to point to it):
0 swift-frontend 0x000000010ab63bd0 llvm::sys::PrintStackTrace(llvm::raw_ostream&, int) + 56
1 swift-frontend 0x000000010ab61358 llvm::sys::RunSignalHandlers() + 172
2 swift-frontend 0x000000010ab641c8 SignalHandler(int, __siginfo*, void*) + 360
3 libsystem_platform.dylib 0x0000000181795744 _sigtramp + 56
4 libsystem_pthread.dylib 0x000000018178b8d8 pthread_kill + 296
5 libsystem_c.dylib 0x0000000181691978 abort + 148
6 swift-frontend 0x0000000106312bc4 _ABORT(char const*, int, char const*, llvm::function_ref<void (llvm::raw_ostream&)>) + 0
7 swift-frontend 0x0000000106312b80 _abortWithMessage(llvm::StringRef) + 0
8 swift-frontend 0x0000000105fefcf8 swift::ConformanceLookupTable::getConformance(swift::NominalTypeDecl*, swift::ConformanceLookupTable::ConformanceEntry*) + 2004
9 swift-frontend 0x0000000105feff78 swift::ConformanceLookupTable::lookupConformance(swift::NominalTypeDecl*, swift::ProtocolDecl*, llvm::SmallVectorImpl<swift::ProtocolConformance*>&) + 520
10 swift-frontend 0x0000000105bf3aac getIntroducedConformances(swift::NominalTypeDecl*, swift::MacroRole, swift::MacroDecl*, llvm::SmallVectorImpl<swift::ProtocolDecl*>*) + 168
11 swift-frontend 0x0000000105c01bd4 void llvm::function_ref<void (swift::CustomAttr*, swift::MacroDecl*)>::callback_fn<swift::ExpandSynthesizedMemberMacroRequest::evaluate(swift::Evaluator&, swift::Decl*) const::$_0>(long, swift::CustomAttr*, swift::MacroDecl*) + 120
12 swift-frontend 0x0000000105ff3e7c swift::Decl::forEachAttachedMacro(swift::MacroRole, llvm::function_ref<void (swift::CustomAttr*, swift::MacroDecl*)>) const + 180
13 swift-frontend 0x0000000105bf0fa8 swift::ExpandSynthesizedMemberMacroRequest::evaluate(swift::Evaluator&, swift::Decl*) const + 84
14 swift-frontend 0x0000000105b6a708 swift::ExpandSynthesizedMemberMacroRequest::OutputType swift::Evaluator::getResultUncached<swift::ExpandSynthesizedMemberMacroRequest, swift::ExpandSynthesizedMemberMacroRequest::OutputType swift::evaluateOrDefault<swift::ExpandSynthesizedMemberMacroRequest>(swift::Evaluator&, swift::ExpandSynthesizedMemberMacroRequest, swift::ExpandSynthesizedMemberMacroRequest::OutputType)::'lambda'()>(swift::ExpandSynthesizedMemberMacroRequest const&, swift::ExpandSynthesizedMemberMacroRequest::OutputType swift::evaluateOrDefault<swift::ExpandSynthesizedMemberMacroRequest>(swift::Evaluator&, swift::ExpandSynthesizedMemberMacroRequest, swift::ExpandSynthesizedMemberMacroRequest::OutputType)::'lambda'()) + 436
15 swift-frontend 0x0000000105b6a4b8 swift::ExpandSynthesizedMemberMacroRequest::OutputType swift::Evaluator::getResultCached<swift::ExpandSynthesizedMemberMacroRequest, swift::ExpandSynthesizedMemberMacroRequest::OutputType swift::evaluateOrDefault<swift::ExpandSynthesizedMemberMacroRequest>(swift::Evaluator&, swift::ExpandSynthesizedMemberMacroRequest, swift::ExpandSynthesizedMemberMacroRequest::OutputType)::'lambda'(), (void*)0>(swift::ExpandSynthesizedMemberMacroRequest const&, swift::ExpandSynthesizedMemberMacroRequest::OutputType swift::evaluateOrDefault<swift::ExpandSynthesizedMemberMacroRequest>(swift::Evaluator&, swift::ExpandSynthesizedMemberMacroRequest, swift::ExpandSynthesizedMemberMacroRequest::OutputType)::'lambda'()) + 324
16 swift-frontend 0x0000000105c69d24 computeLoweredProperties(swift::NominalTypeDecl*, swift::IterableDeclContext*, (anonymous namespace)::LoweredPropertiesReason) + 156
17 swift-frontend 0x0000000105c69064 swift::StoredPropertiesRequest::evaluate(swift::Evaluator&, swift::NominalTypeDecl*) const + 360
18 swift-frontend 0x0000000106063644 swift::StoredPropertiesRequest::OutputType swift::Evaluator::getResultCached<swift::StoredPropertiesRequest, swift::StoredPropertiesRequest::OutputType swift::evaluateOrDefault<swift::StoredPropertiesRequest>(swift::Evaluator&, swift::StoredPropertiesRequest, swift::StoredPropertiesRequest::OutputType)::'lambda'(), (void*)0>(swift::StoredPropertiesRequest const&, swift::StoredPropertiesRequest::OutputType swift::evaluateOrDefault<swift::StoredPropertiesRequest>(swift::Evaluator&, swift::StoredPropertiesRequest, swift::StoredPropertiesRequest::OutputType)::'lambda'()) + 1252
19 swift-frontend 0x0000000105bafdc4 (anonymous namespace)::DeclChecker::visitClassDecl(swift::ClassDecl*) + 1276
20 swift-frontend 0x0000000105ba6e58 (anonymous namespace)::DeclChecker::visit(swift::Decl*) + 2380
21 swift-frontend 0x0000000105cb626c swift::TypeCheckPrimaryFileRequest::evaluate(swift::Evaluator&, swift::SourceFile*) const + 776
22 swift-frontend 0x0000000105cbf244 swift::TypeCheckPrimaryFileRequest::OutputType swift::Evaluator::getResultUncached<swift::TypeCheckPrimaryFileRequest, swift::TypeCheckPrimaryFileRequest::OutputType swift::evaluateOrDefault<swift::TypeCheckPrimaryFileRequest>(swift::Evaluator&, swift::TypeCheckPrimaryFileRequest, swift::TypeCheckPrimaryFileRequest::OutputType)::'lambda'()>(swift::TypeCheckPrimaryFileRequest const&, swift::TypeCheckPrimaryFileRequest::OutputType swift::evaluateOrDefault<swift::TypeCheckPrimaryFileRequest>(swift::Evaluator&, swift::TypeCheckPrimaryFileRequest, swift::TypeCheckPrimaryFileRequest::OutputType)::'lambda'()) + 648
23 swift-frontend 0x0000000105cbefa8 swift::TypeCheckPrimaryFileRequest::OutputType swift::Evaluator::getResultCached<swift::TypeCheckPrimaryFileRequest, swift::TypeCheckPrimaryFileRequest::OutputType swift::evaluateOrDefault<swift::TypeCheckPrimaryFileRequest>(swift::Evaluator&, swift::TypeCheckPrimaryFileRequest, swift::TypeCheckPrimaryFileRequest::OutputType)::'lambda'(), (void*)0>(swift::TypeCheckPrimaryFileRequest const&, swift::TypeCheckPrimaryFileRequest::OutputType swift::evaluateOrDefault<swift::TypeCheckPrimaryFileRequest>(swift::Evaluator&, swift::TypeCheckPrimaryFileRequest, swift::TypeCheckPrimaryFileRequest::OutputType)::'lambda'()) + 184
24 swift-frontend 0x0000000104ab81a4 bool llvm::function_ref<bool (swift::SourceFile&)>::callback_fn<swift::CompilerInstance::performSema()::$_0>(long, swift::SourceFile&) + 116
25 swift-frontend 0x0000000104ab111c swift::CompilerInstance::forEachFileToTypeCheck(llvm::function_ref<bool (swift::SourceFile&)>) + 176
26 swift-frontend 0x0000000104ab103c swift::CompilerInstance::performSema() + 456
27 swift-frontend 0x0000000104678918 performCompile(swift::CompilerInstance&, int&, swift::FrontendObserver*, llvm::ArrayRef<char const*>) + 556
28 swift-frontend 0x0000000104675dc4 swift::performFrontend(llvm::ArrayRef<char const*>, char const*, void*, swift::FrontendObserver*) + 3776
29 swift-frontend 0x00000001045f5008 swift::mainEntry(int, char const**) + 5600
30 dyld 0x00000001813c04e4 start + 6992
Failed frontend command:
/Applications/Xcode-27.0.0-Release.Candidate.app/Contents/Developer/Toolchains/XcodeDefault.xctoolchain/usr/bin/swift-frontend -frontend -c /Users/admin/builder/spi-builder-workspace/Sources/APINotes/Common/CommonEntity.swift /Users/admin/builder/spi-builder-workspace/Sources/APINotes/Common/CommonType.swift /Users/admin/builder/spi-builder-workspace/Sources/APINotes/Common/ObjCMethod.swift /Users/admin/builder/spi-builder-workspace/Sources/APINotes/Common/ObjCProperty.swift /Users/admin/builder/spi-builder-workspace/Sources/APINotes/Common/Parameter.swift /Users/admin/builder/spi-builder-workspace/Sources/APINotes/Common/Variable.swift /Users/admin/builder/spi-builder-workspace/Sources/APINotes/Enums/Availability.swift /Users/admin/builder/spi-builder-workspace/Sources/APINotes/Enums/EnumExtensibility.swift /Users/admin/builder/spi-builder-workspace/Sources/APINotes/Enums/EnumKind.swift /Users/admin/builder/spi-builder-workspace/Sources/APINotes/Enums/Nullability.swift /Users/admin/builder/spi-builder-workspace/Sources/APINotes/Enums/ObjCMemberKind.swift /Users/admin/builder/spi-builder-workspace/Sources/APINotes/Enums/SwiftWrapper.swift /Users/admin/builder/spi-builder-workspace/Sources/APINotes/Module.swift /Users/admin/builder/spi-builder-workspace/Sources/APINotes/TopLevelItems/Enumerator.swift -primary-file /Users/admin/builder/spi-builder-workspace/Sources/APINotes/TopLevelItems/Function.swift -primary-file /Users/admin/builder/spi-builder-workspace/Sources/APINotes/TopLevelItems/ObjCContext.swift /Users/admin/builder/spi-builder-workspace/Sources/APINotes/TopLevelItems/Tag.swift /Users/admin/builder/spi-builder-workspace/Sources/APINotes/TopLevelItems/Typedef.swift /Users/admin/builder/spi-builder-workspace/Sources/APINotes/Version.Tuple.swift /Users/admin/builder/spi-builder-workspace/Sources/APINotes/Version.swift -emit-dependencies-path /Users/admin/builder/spi-builder-workspace/.derivedData/Build/Intermediates.noindex/swift-apinotes.build/Debug-watchos/APINotes-t.build/Objects-normal/arm64/Function.d -emit-const-values-path /Users/admin/builder/spi-builder-workspace/.derivedData/Build/Intermediates.noindex/swift-apinotes.build/Debug-watchos/APINotes-t.build/Objects-normal/arm64/Function.swiftconstvalues -emit-reference-dependencies-path /Users/admin/builder/spi-builder-workspace/.derivedData/Build/Intermediates.noindex/swift-apinotes.build/Debug-watchos/APINotes-t.build/Objects-normal/arm64/Function.swiftdeps -serialize-diagnostics-path /Users/admin/builder/spi-builder-workspace/.derivedData/Build/Intermediates.noindex/swift-apinotes.build/Debug-watchos/APINotes-t.build/Objects-normal/arm64/Function.dia -emit-dependencies-path /Users/admin/builder/spi-builder-workspace/.derivedData/Build/Intermediates.noindex/swift-apinotes.build/Debug-watchos/APINotes-t.build/Objects-normal/arm64/ObjCContext.d -emit-const-values-path /Users/admin/builder/spi-builder-workspace/.derivedData/Build/Intermediates.noindex/swift-apinotes.build/Debug-watchos/APINotes-t.build/Objects-normal/arm64/ObjCContext.swiftconstvalues -emit-reference-dependencies-path /Users/admin/builder/spi-builder-workspace/.derivedData/Build/Intermediates.noindex/swift-apinotes.build/Debug-watchos/APINotes-t.build/Objects-normal/arm64/ObjCContext.swiftdeps -serialize-diagnostics-path /Users/admin/builder/spi-builder-workspace/.derivedData/Build/Intermediates.noindex/swift-apinotes.build/Debug-watchos/APINotes-t.build/Objects-normal/arm64/ObjCContext.dia -target arm64-apple-watchos9.0 -disable-cross-import-overlay-search -load-resolved-plugin /Applications/Xcode-27.0.0-Release.Candidate.app/Contents/Developer/Platforms/WatchOS.platform/Developer/usr/lib/swift/host/plugins/libFoundationMacros.dylib\#/Applications/Xcode-27.0.0-Release.Candidate.app/Contents/Developer/Platforms/WatchOS.platform/Developer/usr/bin/swift-plugin-server\#FoundationMacros -load-resolved-plugin \#/Users/admin/builder/spi-builder-workspace/.derivedData/Build/Products/Debug/MacroPlugin\#MacroPlugin -load-resolved-plugin /Applications/Xcode-27.0.0-Release.Candidate.app/Contents/Developer/Platforms/WatchOS.platform/Developer/usr/lib/swift/host/plugins/libObservationMacros.dylib\#/Applications/Xcode-27.0.0-Release.Candidate.app/Contents/Developer/Platforms/WatchOS.platform/Developer/usr/bin/swift-plugin-server\#ObservationMacros -load-resolved-plugin /Applications/Xcode-27.0.0-Release.Candidate.app/Contents/Developer/Platforms/WatchOS.platform/Developer/usr/lib/swift/host/plugins/libSwiftMacros.dylib\#/Applications/Xcode-27.0.0-Release.Candidate.app/Contents/Developer/Platforms/WatchOS.platform/Developer/usr/bin/swift-plugin-server\#SwiftMacros -disable-implicit-swift-modules -Xcc -fno-implicit-modules -Xcc -fno-implicit-module-maps -explicit-swift-module-map-file /Users/admin/builder/spi-builder-workspace/.derivedData/Build/Intermediates.noindex/swift-apinotes.build/Debug-watchos/APINotes-t.build/Objects-normal/arm64/APINotes-dependencies-2.json -Xllvm -aarch64-use-tbi -enable-objc-interop -stack-check -sdk /Applications/Xcode-27.0.0-Release.Candidate.app/Contents/Developer/Platforms/WatchOS.platform/Developer/SDKs/WatchOS27.0.sdk -I /Users/admin/builder/spi-builder-workspace/.derivedData/Build/Products/Debug-watchos -Isystem /Applications/Xcode-27.0.0-Release.Candidate.app/Contents/Developer/Platforms/WatchOS.platform/Developer/usr/lib -F /Users/admin/builder/spi-builder-workspace/.derivedData/Build/Products/Debug-watchos/PackageFrameworks -F /Users/admin/builder/spi-builder-workspace/.derivedData/Build/Products/Debug-watchos -F /Applications/Xcode-27.0.0-Release.Candidate.app/Contents/Developer/Platforms/WatchOS.platform/Developer/Library/Frameworks -F /Applications/Xcode-27.0.0-Release.Candidate.app/Contents/Developer/Platforms/WatchOS.platform/Developer/SDKs/WatchOS27.0.sdk/Developer/Library/Frameworks -module-cache-path /Users/admin/builder/spi-builder-workspace/.derivedData/Build/Intermediates.noindex/SwiftExplicitPrecompiledModules -no-color-diagnostics -Xcc -fno-color-diagnostics -enable-testing -g -debug-info-format\=dwarf -dwarf-version\=4 -profile-generate -profile-coverage-mapping -swift-version 5 -Onone -D SWIFT_PACKAGE -D DEBUG -D SWIFT_MODULE_RESOURCE_BUNDLE_UNAVAILABLE -D Xcode -serialize-debugging-options -load-plugin-executable /Users/admin/builder/spi-builder-workspace/.derivedData/Build/Products/Debug/MacroPlugin\#MacroPlugin -enable-experimental-feature DebugDescriptionMacro -empty-abi-descriptor -validate-clang-modules-once -clang-build-session-file /Users/admin/builder/spi-builder-workspace/.derivedData/ModuleCache.noindex/Session.modulevalidation -Xcc -working-directory -Xcc /Users/admin/builder/spi-builder-workspace/.swiftpm/xcode -enable-anonymous-context-mangled-names -file-compilation-dir /Users/admin/builder/spi-builder-workspace/.swiftpm/xcode -Xcc -fmodule-map-file\=/Users/admin/builder/spi-builder-workspace/.dependencies/checkouts/Yams/Sources/CYaml/include/module.modulemap -Xcc -D_LIBCPP_HARDENING_MODE\=_LIBCPP_HARDENING_MODE_DEBUG -Xcc -ivfsstatcache -Xcc /Users/admin/builder/spi-builder-workspace/.derivedData/SDKStatCaches.noindex/watchos27.0-24R360-e829b21a6f8c9b70876ba0858053c04477534ef55a1706bf4c1112bbb242f0a2.sdkstatcache -Xcc -fmodules-prune-interval\=86400 -Xcc -fmodules-prune-after\=345600 -Xcc -I/Users/admin/builder/spi-builder-workspace/.dependencies/checkouts/Yams/Sources/CYaml/include -Xcc -I/Users/admin/builder/spi-builder-workspace/.derivedData/Build/Products/Debug-watchos/include -Xcc -I/Users/admin/builder/spi-builder-workspace/.derivedData/Build/Intermediates.noindex/swift-apinotes.build/Debug-watchos/APINotes-t.build/DerivedSources-normal/arm64 -Xcc -I/Users/admin/builder/spi-builder-workspace/.derivedData/Build/Intermediates.noindex/swift-apinotes.build/Debug-watchos/APINotes-t.build/DerivedSources/arm64 -Xcc -I/Users/admin/builder/spi-builder-workspace/.derivedData/Build/Intermediates.noindex/swift-apinotes.build/Debug-watchos/APINotes-t.build/DerivedSources -Xcc -DSWIFT_PACKAGE -Xcc -DDEBUG\=1 -no-auto-bridging-header-chaining -module-name APINotes -package-name spi_builder_workspace -const-gather-protocols-file /Users/admin/builder/spi-builder-workspace/.derivedData/Build/Intermediates.noindex/swift-apinotes.build/Debug-watchos/APINotes-t.build/Objects-normal/arm64/APINotes_const_extract_protocols.json -disable-clang-spi -clang-target arm64-apple-watchos27.0 -target-sdk-version 27.0 -target-sdk-name watchos27.0 -in-process-plugin-server-path /Applications/Xcode-27.0.0-Release.Candidate.app/Contents/Developer/Toolchains/XcodeDefault.xctoolchain/usr/lib/swift/host/libSwiftInProcPluginServer.dylib -parse-as-library -o /Users/admin/builder/spi-builder-workspace/.derivedData/Build/Intermediates.noindex/swift-apinotes.build/Debug-watchos/APINotes-t.build/Objects-normal/arm64/Function.o -o /Users/admin/builder/spi-builder-workspace/.derivedData/Build/Intermediates.noindex/swift-apinotes.build/Debug-watchos/APINotes-t.build/Objects-normal/arm64/ObjCContext.o -debug-module-path /Users/admin/builder/spi-builder-workspace/.derivedData/Build/Intermediates.noindex/swift-apinotes.build/Debug-watchos/APINotes-t.build/Objects-normal/arm64/APINotes.swiftmodule -index-unit-output-path /swift-apinotes.build/Debug-watchos/APINotes-t.build/Objects-normal/arm64/Function.o -index-unit-output-path /swift-apinotes.build/Debug-watchos/APINotes-t.build/Objects-normal/arm64/ObjCContext.o -index-store-path /Users/admin/builder/spi-builder-workspace/.derivedData/Index.noindex/DataStore -index-system-modules
Command SwiftCompile failed with a nonzero exit code
SwiftCompile normal arm64 /Users/admin/builder/spi-builder-workspace/Sources/APINotes/TopLevelItems/Function.swift (in target 'APINotes' from project 'swift-apinotes')
cd /Users/admin/builder/spi-builder-workspace/.swiftpm/xcode
builtin-SwiftPerFileCompile Function.swift
/Users/admin/builder/spi-builder-workspace/.derivedData/Build/Intermediates.noindex/swift-apinotes.build/Debug-watchos/APINotes-t.build/Objects-normal/arm64/Function.dia:1:1: warning: Could not read serialized diagnostics file: Error Domain=NSCocoaErrorDomain Code=260 "The file “Function.dia” couldn’t be opened because there is no such file." UserInfo={NSFilePath=/Users/admin/builder/spi-builder-workspace/.derivedData/Build/Intermediates.noindex/swift-apinotes.build/Debug-watchos/APINotes-t.build/Objects-normal/arm64/Function.dia, NSURL=file:///Users/admin/builder/spi-builder-workspace/.derivedData/Build/Intermediates.noindex/swift-apinotes.build/Debug-watchos/APINotes-t.build/Objects-normal/arm64/Function.dia, NSUnderlyingError=0x94123c870 {Error Domain=NSPOSIXErrorDomain Code=2 "No such file or directory"}} (in target 'APINotes' from project 'swift-apinotes')
SwiftCompile normal arm64 /Users/admin/builder/spi-builder-workspace/Sources/APINotes/TopLevelItems/ObjCContext.swift (in target 'APINotes' from project 'swift-apinotes')
cd /Users/admin/builder/spi-builder-workspace/.swiftpm/xcode
builtin-SwiftPerFileCompile ObjCContext.swift
/Users/admin/builder/spi-builder-workspace/.derivedData/Build/Intermediates.noindex/swift-apinotes.build/Debug-watchos/APINotes-t.build/Objects-normal/arm64/ObjCContext.dia:1:1: warning: Could not read serialized diagnostics file: Error Domain=NSCocoaErrorDomain Code=260 "The file “ObjCContext.dia” couldn’t be opened because there is no such file." UserInfo={NSFilePath=/Users/admin/builder/spi-builder-workspace/.derivedData/Build/Intermediates.noindex/swift-apinotes.build/Debug-watchos/APINotes-t.build/Objects-normal/arm64/ObjCContext.dia, NSURL=file:///Users/admin/builder/spi-builder-workspace/.derivedData/Build/Intermediates.noindex/swift-apinotes.build/Debug-watchos/APINotes-t.build/Objects-normal/arm64/ObjCContext.dia, NSUnderlyingError=0x94123c630 {Error Domain=NSPOSIXErrorDomain Code=2 "No such file or directory"}} (in target 'APINotes' from project 'swift-apinotes')
PruneExplicitPrecompiledModules /Users/admin/builder/spi-builder-workspace/.derivedData/Build/Intermediates.noindex/SwiftExplicitPrecompiledModules
PruneExplicitPrecompiledModules /Users/admin/builder/spi-builder-workspace/.derivedData/SDKExplicitPrecompiledModules
PruneExplicitPrecompiledModules /Users/admin/builder/spi-builder-workspace/.derivedData/Build/Intermediates.noindex/ExplicitPrecompiledModules
2026-09-24 05:31:10.451 xcodebuild[1525:8379] [MT] IDERunDestination: Supported platforms for the buildables in the current scheme is empty.
** BUILD FAILED **
The following build commands failed:
SwiftCompile normal arm64 Compiling\ Parameter.swift,\ Variable.swift /Users/admin/builder/spi-builder-workspace/Sources/APINotes/Common/Parameter.swift /Users/admin/builder/spi-builder-workspace/Sources/APINotes/Common/Variable.swift (in target 'APINotes' from project 'swift-apinotes')
SwiftCompile normal arm64 Compiling\ Tag.swift,\ Typedef.swift /Users/admin/builder/spi-builder-workspace/Sources/APINotes/TopLevelItems/Tag.swift /Users/admin/builder/spi-builder-workspace/Sources/APINotes/TopLevelItems/Typedef.swift (in target 'APINotes' from project 'swift-apinotes')
SwiftEmitModule normal arm64 Emitting\ module\ for\ APINotes (in target 'APINotes' from project 'swift-apinotes')
SwiftEmitModule normal arm64_32 Emitting\ module\ for\ APINotes (in target 'APINotes' from project 'swift-apinotes')
SwiftCompile normal arm64 Compiling\ Function.swift,\ ObjCContext.swift /Users/admin/builder/spi-builder-workspace/Sources/APINotes/TopLevelItems/Function.swift /Users/admin/builder/spi-builder-workspace/Sources/APINotes/TopLevelItems/ObjCContext.swift (in target 'APINotes' from project 'swift-apinotes')
Building workspace swift-apinotes with scheme swift-apinotes
(6 failures)
BUILD FAILURE 6.4 watchOS